{"id":6238,"date":"2024-05-16T15:29:17","date_gmt":"2024-05-16T18:29:17","guid":{"rendered":"https:\/\/deputadotaveirajr.com.br\/?page_id=6238"},"modified":"2024-05-16T15:29:17","modified_gmt":"2024-05-16T18:29:17","slug":"juri-popular-condena-homem-a-22-anos-de-prisao-pelo-assassinato-da-ex-esposa-a-facadas-na-grande-natal","status":"publish","type":"page","link":"https:\/\/deputadotaveirajr.com.br\/index.php\/juri-popular-condena-homem-a-22-anos-de-prisao-pelo-assassinato-da-ex-esposa-a-facadas-na-grande-natal\/","title":{"rendered":"J\u00fari popular condena homem a 22 anos de pris\u00e3o pelo assassinato da ex-esposa a facadas na Grande Natal"},"content":{"rendered":"<p>     Crime aconteceu em junho de 2021 no condom\u00ednio onde a v\u00edtima morava. Anailzy Suany Marques da Costa, de 32 anos, foi morta a facadas em junho de 2021<br \/>\nReprodu\u00e7\u00e3o<br \/>\nO Tribunal do J\u00fari de Parnamirim condenou nesta quarta (15) o r\u00e9u Gilson Bruno da Costa, de 30 anos, a 22 anos e 6 meses de pris\u00e3o pelo assassinato da ex-esposa dele Anailzy Suany Marques da Costa.<br \/>\nO crime aconteceu em junho de 2021. Anailzy Suany Marques da Costa, de 32 anos, foi atacada pelo ex-marido na \u00e1rea comum do condom\u00ednio onde morava em Parnamirim, na Grande Natal. Vizinhos ouviram os gritos de socorro dela e quando chegaram ao local encontraram a v\u00edtima ca\u00edda pr\u00f3ximo \u00e0 quadra do condom\u00ednio. Ela morreu no local, antes da chegada do socorro m\u00e9dico.<br \/>\n\ud83d\udcf3Participe do canal do g1 RN no WhatsApp<br \/>\nNa \u00e9poca do crime, Anailzy e Gilson estavam separados h\u00e1 3 meses. Eles foram casados por 12 anos.  O ex-marido tinha se mudado para o pr\u00e9dio havia 3 semanas. Sem que a ex-mulher soubesse, ele alugou um apartamento ao lado do bloco dela.<br \/>\nAp\u00f3s o crime, Gilson Bruno da Costa fugiu. Cinco dias depois ele se apresentou \u00e0 pol\u00edcia e confessou o crime.<br \/>\nV\u00cdDEOS: Mais vistos do RN nos \u00faltimos 7 dias<\/p>","protected":false},"excerpt":{"rendered":"<p>Crime aconteceu em junho de 2021 no condom\u00ednio onde a v\u00edtima morava. Anailzy Suany Marques da Costa, de 32 anos, foi morta a facadas em junho de 2021 Reprodu\u00e7\u00e3o O &#8230;<\/p>\n","protected":false},"author":0,"featured_media":6239,"parent":0,"menu_order":0,"comment_status":"closed","ping_status":"closed","template":"","meta":{"footnotes":""},"class_list":["post-6238","page","type-page","status-publish","has-post-thumbnail","hentry"],"yoast_head":"<!-- This site is optimized with the Yoast SEO plugin v27.1.1 - https:\/\/yoast.com\/product\/yoast-seo-wordpress\/ -->\n<title>J\u00fari popular condena homem a 22 anos de pris\u00e3o pelo assassinato da ex-esposa a facadas na Grande Natal - Taveira Jr<\/title>\n<meta name=\"robots\" content=\"index, follow, max-snippet:-1, max-image-preview:large, max-video-preview:-1\" \/>\n<link rel=\"canonical\" href=\"https:\/\/deputadotaveirajr.com.br\/index.php\/juri-popular-condena-homem-a-22-anos-de-prisao-pelo-assassinato-da-ex-esposa-a-facadas-na-grande-natal\/\" \/>\n<meta property=\"og:locale\" content=\"pt_BR\" \/>\n<meta property=\"og:type\" content=\"article\" \/>\n<meta property=\"og:title\" content=\"J\u00fari popular condena homem a 22 anos de pris\u00e3o pelo assassinato da ex-esposa a facadas na Grande Natal - Taveira Jr\" \/>\n<meta property=\"og:description\" content=\"Crime aconteceu em junho de 2021 no condom\u00ednio onde a v\u00edtima morava. Anailzy Suany Marques da Costa, de 32 anos, foi morta a facadas em junho de 2021 Reprodu\u00e7\u00e3o O ...\" \/>\n<meta property=\"og:url\" content=\"https:\/\/deputadotaveirajr.com.br\/index.php\/juri-popular-condena-homem-a-22-anos-de-prisao-pelo-assassinato-da-ex-esposa-a-facadas-na-grande-natal\/\" \/>\n<meta property=\"og:site_name\" content=\"Taveira Jr\" \/>\n<meta property=\"og:image\" content=\"https:\/\/deputadotaveirajr.com.br\/wp-content\/uploads\/2024\/05\/whatsapp-image-2021-06-28-at-23.32.20-3igLvN.jpeg\" \/>\n\t<meta property=\"og:image:width\" content=\"540\" \/>\n\t<meta property=\"og:image:height\" content=\"546\" \/>\n\t<meta property=\"og:image:type\" content=\"image\/jpeg\" \/>\n<meta name=\"twitter:card\" content=\"summary_large_image\" \/>\n<meta name=\"twitter:label1\" content=\"Est. tempo de leitura\" \/>\n\t<meta name=\"twitter:data1\" content=\"1 minuto\" \/>\n<script type=\"application\/ld+json\" class=\"yoast-schema-graph\">{\"@context\":\"https:\/\/schema.org\",\"@graph\":[{\"@type\":\"WebPage\",\"@id\":\"https:\/\/deputadotaveirajr.com.br\/index.php\/juri-popular-condena-homem-a-22-anos-de-prisao-pelo-assassinato-da-ex-esposa-a-facadas-na-grande-natal\/\",\"url\":\"https:\/\/deputadotaveirajr.com.br\/index.php\/juri-popular-condena-homem-a-22-anos-de-prisao-pelo-assassinato-da-ex-esposa-a-facadas-na-grande-natal\/\",\"name\":\"J\u00fari popular condena homem a 22 anos de pris\u00e3o pelo assassinato da ex-esposa a facadas na Grande Natal - Taveira Jr\",\"isPartOf\":{\"@id\":\"https:\/\/deputadotaveirajr.com.br\/#website\"},\"primaryImageOfPage\":{\"@id\":\"https:\/\/deputadotaveirajr.com.br\/index.php\/juri-popular-condena-homem-a-22-anos-de-prisao-pelo-assassinato-da-ex-esposa-a-facadas-na-grande-natal\/#primaryimage\"},\"image\":{\"@id\":\"https:\/\/deputadotaveirajr.com.br\/index.php\/juri-popular-condena-homem-a-22-anos-de-prisao-pelo-assassinato-da-ex-esposa-a-facadas-na-grande-natal\/#primaryimage\"},\"thumbnailUrl\":\"https:\/\/deputadotaveirajr.com.br\/wp-content\/uploads\/2024\/05\/whatsapp-image-2021-06-28-at-23.32.20-3igLvN.jpeg\",\"datePublished\":\"2024-05-16T18:29:17+00:00\",\"breadcrumb\":{\"@id\":\"https:\/\/deputadotaveirajr.com.br\/index.php\/juri-popular-condena-homem-a-22-anos-de-prisao-pelo-assassinato-da-ex-esposa-a-facadas-na-grande-natal\/#breadcrumb\"},\"inLanguage\":\"pt-BR\",\"potentialAction\":[{\"@type\":\"ReadAction\",\"target\":[\"https:\/\/deputadotaveirajr.com.br\/index.php\/juri-popular-condena-homem-a-22-anos-de-prisao-pelo-assassinato-da-ex-esposa-a-facadas-na-grande-natal\/\"]}]},{\"@type\":\"ImageObject\",\"inLanguage\":\"pt-BR\",\"@id\":\"https:\/\/deputadotaveirajr.com.br\/index.php\/juri-popular-condena-homem-a-22-anos-de-prisao-pelo-assassinato-da-ex-esposa-a-facadas-na-grande-natal\/#primaryimage\",\"url\":\"https:\/\/deputadotaveirajr.com.br\/wp-content\/uploads\/2024\/05\/whatsapp-image-2021-06-28-at-23.32.20-3igLvN.jpeg\",\"contentUrl\":\"https:\/\/deputadotaveirajr.com.br\/wp-content\/uploads\/2024\/05\/whatsapp-image-2021-06-28-at-23.32.20-3igLvN.jpeg\",\"width\":540,\"height\":546},{\"@type\":\"BreadcrumbList\",\"@id\":\"https:\/\/deputadotaveirajr.com.br\/index.php\/juri-popular-condena-homem-a-22-anos-de-prisao-pelo-assassinato-da-ex-esposa-a-facadas-na-grande-natal\/#breadcrumb\",\"itemListElement\":[{\"@type\":\"ListItem\",\"position\":1,\"name\":\"In\u00edcio\",\"item\":\"https:\/\/deputadotaveirajr.com.br\/\"},{\"@type\":\"ListItem\",\"position\":2,\"name\":\"J\u00fari popular condena homem a 22 anos de pris\u00e3o pelo assassinato da ex-esposa a facadas na Grande Natal\"}]},{\"@type\":\"WebSite\",\"@id\":\"https:\/\/deputadotaveirajr.com.br\/#website\",\"url\":\"https:\/\/deputadotaveirajr.com.br\/\",\"name\":\"Taveira Jr\",\"description\":\"Deputado Estadual\",\"publisher\":{\"@id\":\"https:\/\/deputadotaveirajr.com.br\/#organization\"},\"potentialAction\":[{\"@type\":\"SearchAction\",\"target\":{\"@type\":\"EntryPoint\",\"urlTemplate\":\"https:\/\/deputadotaveirajr.com.br\/?s={search_term_string}\"},\"query-input\":{\"@type\":\"PropertyValueSpecification\",\"valueRequired\":true,\"valueName\":\"search_term_string\"}}],\"inLanguage\":\"pt-BR\"},{\"@type\":\"Organization\",\"@id\":\"https:\/\/deputadotaveirajr.com.br\/#organization\",\"name\":\"Taveira Jr\",\"url\":\"https:\/\/deputadotaveirajr.com.br\/\",\"logo\":{\"@type\":\"ImageObject\",\"inLanguage\":\"pt-BR\",\"@id\":\"https:\/\/deputadotaveirajr.com.br\/#\/schema\/logo\/image\/\",\"url\":\"https:\/\/deputadotaveirajr.com.br\/wp-content\/uploads\/2026\/01\/logolow2a.png\",\"contentUrl\":\"https:\/\/deputadotaveirajr.com.br\/wp-content\/uploads\/2026\/01\/logolow2a.png\",\"width\":290,\"height\":80,\"caption\":\"Taveira Jr\"},\"image\":{\"@id\":\"https:\/\/deputadotaveirajr.com.br\/#\/schema\/logo\/image\/\"}}]}<\/script>\n<!-- \/ Yoast SEO plugin. -->","yoast_head_json":{"title":"J\u00fari popular condena homem a 22 anos de pris\u00e3o pelo assassinato da ex-esposa a facadas na Grande Natal - Taveira Jr","robots":{"index":"index","follow":"follow","max-snippet":"max-snippet:-1","max-image-preview":"max-image-preview:large","max-video-preview":"max-video-preview:-1"},"canonical":"https:\/\/deputadotaveirajr.com.br\/index.php\/juri-popular-condena-homem-a-22-anos-de-prisao-pelo-assassinato-da-ex-esposa-a-facadas-na-grande-natal\/","og_locale":"pt_BR","og_type":"article","og_title":"J\u00fari popular condena homem a 22 anos de pris\u00e3o pelo assassinato da ex-esposa a facadas na Grande Natal - Taveira Jr","og_description":"Crime aconteceu em junho de 2021 no condom\u00ednio onde a v\u00edtima morava. Anailzy Suany Marques da Costa, de 32 anos, foi morta a facadas em junho de 2021 Reprodu\u00e7\u00e3o O ...","og_url":"https:\/\/deputadotaveirajr.com.br\/index.php\/juri-popular-condena-homem-a-22-anos-de-prisao-pelo-assassinato-da-ex-esposa-a-facadas-na-grande-natal\/","og_site_name":"Taveira Jr","og_image":[{"width":540,"height":546,"url":"https:\/\/deputadotaveirajr.com.br\/wp-content\/uploads\/2024\/05\/whatsapp-image-2021-06-28-at-23.32.20-3igLvN.jpeg","type":"image\/jpeg"}],"twitter_card":"summary_large_image","twitter_misc":{"Est. tempo de leitura":"1 minuto"},"schema":{"@context":"https:\/\/schema.org","@graph":[{"@type":"WebPage","@id":"https:\/\/deputadotaveirajr.com.br\/index.php\/juri-popular-condena-homem-a-22-anos-de-prisao-pelo-assassinato-da-ex-esposa-a-facadas-na-grande-natal\/","url":"https:\/\/deputadotaveirajr.com.br\/index.php\/juri-popular-condena-homem-a-22-anos-de-prisao-pelo-assassinato-da-ex-esposa-a-facadas-na-grande-natal\/","name":"J\u00fari popular condena homem a 22 anos de pris\u00e3o pelo assassinato da ex-esposa a facadas na Grande Natal - Taveira Jr","isPartOf":{"@id":"https:\/\/deputadotaveirajr.com.br\/#website"},"primaryImageOfPage":{"@id":"https:\/\/deputadotaveirajr.com.br\/index.php\/juri-popular-condena-homem-a-22-anos-de-prisao-pelo-assassinato-da-ex-esposa-a-facadas-na-grande-natal\/#primaryimage"},"image":{"@id":"https:\/\/deputadotaveirajr.com.br\/index.php\/juri-popular-condena-homem-a-22-anos-de-prisao-pelo-assassinato-da-ex-esposa-a-facadas-na-grande-natal\/#primaryimage"},"thumbnailUrl":"https:\/\/deputadotaveirajr.com.br\/wp-content\/uploads\/2024\/05\/whatsapp-image-2021-06-28-at-23.32.20-3igLvN.jpeg","datePublished":"2024-05-16T18:29:17+00:00","breadcrumb":{"@id":"https:\/\/deputadotaveirajr.com.br\/index.php\/juri-popular-condena-homem-a-22-anos-de-prisao-pelo-assassinato-da-ex-esposa-a-facadas-na-grande-natal\/#breadcrumb"},"inLanguage":"pt-BR","potentialAction":[{"@type":"ReadAction","target":["https:\/\/deputadotaveirajr.com.br\/index.php\/juri-popular-condena-homem-a-22-anos-de-prisao-pelo-assassinato-da-ex-esposa-a-facadas-na-grande-natal\/"]}]},{"@type":"ImageObject","inLanguage":"pt-BR","@id":"https:\/\/deputadotaveirajr.com.br\/index.php\/juri-popular-condena-homem-a-22-anos-de-prisao-pelo-assassinato-da-ex-esposa-a-facadas-na-grande-natal\/#primaryimage","url":"https:\/\/deputadotaveirajr.com.br\/wp-content\/uploads\/2024\/05\/whatsapp-image-2021-06-28-at-23.32.20-3igLvN.jpeg","contentUrl":"https:\/\/deputadotaveirajr.com.br\/wp-content\/uploads\/2024\/05\/whatsapp-image-2021-06-28-at-23.32.20-3igLvN.jpeg","width":540,"height":546},{"@type":"BreadcrumbList","@id":"https:\/\/deputadotaveirajr.com.br\/index.php\/juri-popular-condena-homem-a-22-anos-de-prisao-pelo-assassinato-da-ex-esposa-a-facadas-na-grande-natal\/#breadcrumb","itemListElement":[{"@type":"ListItem","position":1,"name":"In\u00edcio","item":"https:\/\/deputadotaveirajr.com.br\/"},{"@type":"ListItem","position":2,"name":"J\u00fari popular condena homem a 22 anos de pris\u00e3o pelo assassinato da ex-esposa a facadas na Grande Natal"}]},{"@type":"WebSite","@id":"https:\/\/deputadotaveirajr.com.br\/#website","url":"https:\/\/deputadotaveirajr.com.br\/","name":"Taveira Jr","description":"Deputado Estadual","publisher":{"@id":"https:\/\/deputadotaveirajr.com.br\/#organization"},"potentialAction":[{"@type":"SearchAction","target":{"@type":"EntryPoint","urlTemplate":"https:\/\/deputadotaveirajr.com.br\/?s={search_term_string}"},"query-input":{"@type":"PropertyValueSpecification","valueRequired":true,"valueName":"search_term_string"}}],"inLanguage":"pt-BR"},{"@type":"Organization","@id":"https:\/\/deputadotaveirajr.com.br\/#organization","name":"Taveira Jr","url":"https:\/\/deputadotaveirajr.com.br\/","logo":{"@type":"ImageObject","inLanguage":"pt-BR","@id":"https:\/\/deputadotaveirajr.com.br\/#\/schema\/logo\/image\/","url":"https:\/\/deputadotaveirajr.com.br\/wp-content\/uploads\/2026\/01\/logolow2a.png","contentUrl":"https:\/\/deputadotaveirajr.com.br\/wp-content\/uploads\/2026\/01\/logolow2a.png","width":290,"height":80,"caption":"Taveira Jr"},"image":{"@id":"https:\/\/deputadotaveirajr.com.br\/#\/schema\/logo\/image\/"}}]}},"_links":{"self":[{"href":"https:\/\/deputadotaveirajr.com.br\/index.php\/wp-json\/wp\/v2\/pages\/6238","targetHints":{"allow":["GET"]}}],"collection":[{"href":"https:\/\/deputadotaveirajr.com.br\/index.php\/wp-json\/wp\/v2\/pages"}],"about":[{"href":"https:\/\/deputadotaveirajr.com.br\/index.php\/wp-json\/wp\/v2\/types\/page"}],"replies":[{"embeddable":true,"href":"https:\/\/deputadotaveirajr.com.br\/index.php\/wp-json\/wp\/v2\/comments?post=6238"}],"version-history":[{"count":1,"href":"https:\/\/deputadotaveirajr.com.br\/index.php\/wp-json\/wp\/v2\/pages\/6238\/revisions"}],"predecessor-version":[{"id":6244,"href":"https:\/\/deputadotaveirajr.com.br\/index.php\/wp-json\/wp\/v2\/pages\/6238\/revisions\/6244"}],"wp:featuredmedia":[{"embeddable":true,"href":"https:\/\/deputadotaveirajr.com.br\/index.php\/wp-json\/wp\/v2\/media\/6239"}],"wp:attachment":[{"href":"https:\/\/deputadotaveirajr.com.br\/index.php\/wp-json\/wp\/v2\/media?parent=6238"}],"curies":[{"name":"wp","href":"https:\/\/api.w.org\/{rel}","templated":true}]}}