{"id":6269,"date":"2024-05-17T15:26:21","date_gmt":"2024-05-17T18:26:21","guid":{"rendered":"https:\/\/deputadotaveirajr.com.br\/?page_id=6269"},"modified":"2024-05-17T15:26:21","modified_gmt":"2024-05-17T18:26:21","slug":"em-parnamirim-ruas-alagam-e-lagoas-de-captacao-transbordam-apos-chuvas","status":"publish","type":"page","link":"https:\/\/deputadotaveirajr.com.br\/index.php\/em-parnamirim-ruas-alagam-e-lagoas-de-captacao-transbordam-apos-chuvas\/","title":{"rendered":"Em Parnamirim, ruas alagam e lagoas de capta\u00e7\u00e3o transbordam ap\u00f3s chuvas"},"content":{"rendered":"<p>     Pelo menos tr\u00eas lagoas de capta\u00e7\u00e3o transbordaram, segundo a Defesa Civil do munic\u00edpio. Lagoa do Aderbal, em Parnamirim transbordou<br \/>\nCedida<br \/>\nEm Parnamirim, na Grande Natal, pelo menos tr\u00eas lagoas de capta\u00e7\u00e3o transbordaram por causa do volume de chuvas: Lagoa do Aderbal, em Boa Esperan\u00e7a; Lagoa de Nova Esperan\u00e7a; e Lagoa Ant\u00f4nio Pontes, no bairro Parque de Exposi\u00e7\u00f5es.<br \/>\nDe acordo com a Empresa de Pesquisa Agropecu\u00e1ria do Rio Grande do Norte (Emparn), das 7h de quinta (16) at\u00e9 7h de sexta (17) choveu 66,5 mm em Parnamirim. O volume \u00e9 considerado muito intenso j\u00e1 que a m\u00e9dia para o m\u00eas inteiro \u00e9 de 115 mm.<br \/>\nInmet emite alerta de acumulado de chuvas para todo o RN<br \/>\nO cemit\u00e9rio de Parnamirim tamb\u00e9m alagou. Assim como a Rua das Ac\u00e1cias, em Pium, e a Avenida Olavo Montenegro, em Nova Parnamirim. Na Olavo Montenegro a lama tomou conta da pista. Sem conseguir passar alguns carros retornavam na contram\u00e3o.<br \/>\nTrecho da Avenida Olavo Montenegro, em Parnamirim, ficou alagado<\/p>","protected":false},"excerpt":{"rendered":"<p>Pelo menos tr\u00eas lagoas de capta\u00e7\u00e3o transbordaram, segundo a Defesa Civil do munic\u00edpio. Lagoa do Aderbal, em Parnamirim transbordou Cedida Em Parnamirim, na Grande Natal, pelo menos tr\u00eas lagoas de &#8230;<\/p>\n","protected":false},"author":0,"featured_media":6270,"parent":0,"menu_order":0,"comment_status":"closed","ping_status":"closed","template":"","meta":{"footnotes":""},"class_list":["post-6269","page","type-page","status-publish","has-post-thumbnail","hentry"],"yoast_head":"<!-- This site is optimized with the Yoast SEO plugin v27.1.1 - https:\/\/yoast.com\/product\/yoast-seo-wordpress\/ -->\n<title>Em Parnamirim, ruas alagam e lagoas de capta\u00e7\u00e3o transbordam ap\u00f3s chuvas - Taveira Jr<\/title>\n<meta name=\"robots\" content=\"index, follow, max-snippet:-1, max-image-preview:large, max-video-preview:-1\" \/>\n<link rel=\"canonical\" href=\"https:\/\/deputadotaveirajr.com.br\/index.php\/em-parnamirim-ruas-alagam-e-lagoas-de-captacao-transbordam-apos-chuvas\/\" \/>\n<meta property=\"og:locale\" content=\"pt_BR\" \/>\n<meta property=\"og:type\" content=\"article\" \/>\n<meta property=\"og:title\" content=\"Em Parnamirim, ruas alagam e lagoas de capta\u00e7\u00e3o transbordam ap\u00f3s chuvas - Taveira Jr\" \/>\n<meta property=\"og:description\" content=\"Pelo menos tr\u00eas lagoas de capta\u00e7\u00e3o transbordaram, segundo a Defesa Civil do munic\u00edpio. Lagoa do Aderbal, em Parnamirim transbordou Cedida Em Parnamirim, na Grande Natal, pelo menos tr\u00eas lagoas de ...\" \/>\n<meta property=\"og:url\" content=\"https:\/\/deputadotaveirajr.com.br\/index.php\/em-parnamirim-ruas-alagam-e-lagoas-de-captacao-transbordam-apos-chuvas\/\" \/>\n<meta property=\"og:site_name\" content=\"Taveira Jr\" \/>\n<meta property=\"og:image\" content=\"https:\/\/deputadotaveirajr.com.br\/wp-content\/uploads\/2024\/05\/whatsapp-image-2024-05-17-at-11.58.26-inKXat.jpeg\" \/>\n\t<meta property=\"og:image:width\" content=\"1600\" \/>\n\t<meta property=\"og:image:height\" content=\"1200\" \/>\n\t<meta property=\"og:image:type\" content=\"image\/jpeg\" \/>\n<meta name=\"twitter:card\" content=\"summary_large_image\" \/>\n<meta name=\"twitter:label1\" content=\"Est. tempo de leitura\" \/>\n\t<meta name=\"twitter:data1\" content=\"1 minuto\" \/>\n<script type=\"application\/ld+json\" class=\"yoast-schema-graph\">{\"@context\":\"https:\/\/schema.org\",\"@graph\":[{\"@type\":\"WebPage\",\"@id\":\"https:\/\/deputadotaveirajr.com.br\/index.php\/em-parnamirim-ruas-alagam-e-lagoas-de-captacao-transbordam-apos-chuvas\/\",\"url\":\"https:\/\/deputadotaveirajr.com.br\/index.php\/em-parnamirim-ruas-alagam-e-lagoas-de-captacao-transbordam-apos-chuvas\/\",\"name\":\"Em Parnamirim, ruas alagam e lagoas de capta\u00e7\u00e3o transbordam ap\u00f3s chuvas - Taveira Jr\",\"isPartOf\":{\"@id\":\"https:\/\/deputadotaveirajr.com.br\/#website\"},\"primaryImageOfPage\":{\"@id\":\"https:\/\/deputadotaveirajr.com.br\/index.php\/em-parnamirim-ruas-alagam-e-lagoas-de-captacao-transbordam-apos-chuvas\/#primaryimage\"},\"image\":{\"@id\":\"https:\/\/deputadotaveirajr.com.br\/index.php\/em-parnamirim-ruas-alagam-e-lagoas-de-captacao-transbordam-apos-chuvas\/#primaryimage\"},\"thumbnailUrl\":\"https:\/\/deputadotaveirajr.com.br\/wp-content\/uploads\/2024\/05\/whatsapp-image-2024-05-17-at-11.58.26-inKXat.jpeg\",\"datePublished\":\"2024-05-17T18:26:21+00:00\",\"breadcrumb\":{\"@id\":\"https:\/\/deputadotaveirajr.com.br\/index.php\/em-parnamirim-ruas-alagam-e-lagoas-de-captacao-transbordam-apos-chuvas\/#breadcrumb\"},\"inLanguage\":\"pt-BR\",\"potentialAction\":[{\"@type\":\"ReadAction\",\"target\":[\"https:\/\/deputadotaveirajr.com.br\/index.php\/em-parnamirim-ruas-alagam-e-lagoas-de-captacao-transbordam-apos-chuvas\/\"]}]},{\"@type\":\"ImageObject\",\"inLanguage\":\"pt-BR\",\"@id\":\"https:\/\/deputadotaveirajr.com.br\/index.php\/em-parnamirim-ruas-alagam-e-lagoas-de-captacao-transbordam-apos-chuvas\/#primaryimage\",\"url\":\"https:\/\/deputadotaveirajr.com.br\/wp-content\/uploads\/2024\/05\/whatsapp-image-2024-05-17-at-11.58.26-inKXat.jpeg\",\"contentUrl\":\"https:\/\/deputadotaveirajr.com.br\/wp-content\/uploads\/2024\/05\/whatsapp-image-2024-05-17-at-11.58.26-inKXat.jpeg\",\"width\":1600,\"height\":1200},{\"@type\":\"BreadcrumbList\",\"@id\":\"https:\/\/deputadotaveirajr.com.br\/index.php\/em-parnamirim-ruas-alagam-e-lagoas-de-captacao-transbordam-apos-chuvas\/#breadcrumb\",\"itemListElement\":[{\"@type\":\"ListItem\",\"position\":1,\"name\":\"In\u00edcio\",\"item\":\"https:\/\/deputadotaveirajr.com.br\/\"},{\"@type\":\"ListItem\",\"position\":2,\"name\":\"Em Parnamirim, ruas alagam e lagoas de capta\u00e7\u00e3o transbordam ap\u00f3s chuvas\"}]},{\"@type\":\"WebSite\",\"@id\":\"https:\/\/deputadotaveirajr.com.br\/#website\",\"url\":\"https:\/\/deputadotaveirajr.com.br\/\",\"name\":\"Taveira Jr\",\"description\":\"Deputado Estadual\",\"publisher\":{\"@id\":\"https:\/\/deputadotaveirajr.com.br\/#organization\"},\"potentialAction\":[{\"@type\":\"SearchAction\",\"target\":{\"@type\":\"EntryPoint\",\"urlTemplate\":\"https:\/\/deputadotaveirajr.com.br\/?s={search_term_string}\"},\"query-input\":{\"@type\":\"PropertyValueSpecification\",\"valueRequired\":true,\"valueName\":\"search_term_string\"}}],\"inLanguage\":\"pt-BR\"},{\"@type\":\"Organization\",\"@id\":\"https:\/\/deputadotaveirajr.com.br\/#organization\",\"name\":\"Taveira Jr\",\"url\":\"https:\/\/deputadotaveirajr.com.br\/\",\"logo\":{\"@type\":\"ImageObject\",\"inLanguage\":\"pt-BR\",\"@id\":\"https:\/\/deputadotaveirajr.com.br\/#\/schema\/logo\/image\/\",\"url\":\"https:\/\/deputadotaveirajr.com.br\/wp-content\/uploads\/2026\/01\/logolow2a.png\",\"contentUrl\":\"https:\/\/deputadotaveirajr.com.br\/wp-content\/uploads\/2026\/01\/logolow2a.png\",\"width\":290,\"height\":80,\"caption\":\"Taveira Jr\"},\"image\":{\"@id\":\"https:\/\/deputadotaveirajr.com.br\/#\/schema\/logo\/image\/\"}}]}<\/script>\n<!-- \/ Yoast SEO plugin. -->","yoast_head_json":{"title":"Em Parnamirim, ruas alagam e lagoas de capta\u00e7\u00e3o transbordam ap\u00f3s chuvas - Taveira Jr","robots":{"index":"index","follow":"follow","max-snippet":"max-snippet:-1","max-image-preview":"max-image-preview:large","max-video-preview":"max-video-preview:-1"},"canonical":"https:\/\/deputadotaveirajr.com.br\/index.php\/em-parnamirim-ruas-alagam-e-lagoas-de-captacao-transbordam-apos-chuvas\/","og_locale":"pt_BR","og_type":"article","og_title":"Em Parnamirim, ruas alagam e lagoas de capta\u00e7\u00e3o transbordam ap\u00f3s chuvas - Taveira Jr","og_description":"Pelo menos tr\u00eas lagoas de capta\u00e7\u00e3o transbordaram, segundo a Defesa Civil do munic\u00edpio. Lagoa do Aderbal, em Parnamirim transbordou Cedida Em Parnamirim, na Grande Natal, pelo menos tr\u00eas lagoas de ...","og_url":"https:\/\/deputadotaveirajr.com.br\/index.php\/em-parnamirim-ruas-alagam-e-lagoas-de-captacao-transbordam-apos-chuvas\/","og_site_name":"Taveira Jr","og_image":[{"width":1600,"height":1200,"url":"https:\/\/deputadotaveirajr.com.br\/wp-content\/uploads\/2024\/05\/whatsapp-image-2024-05-17-at-11.58.26-inKXat.jpeg","type":"image\/jpeg"}],"twitter_card":"summary_large_image","twitter_misc":{"Est. tempo de leitura":"1 minuto"},"schema":{"@context":"https:\/\/schema.org","@graph":[{"@type":"WebPage","@id":"https:\/\/deputadotaveirajr.com.br\/index.php\/em-parnamirim-ruas-alagam-e-lagoas-de-captacao-transbordam-apos-chuvas\/","url":"https:\/\/deputadotaveirajr.com.br\/index.php\/em-parnamirim-ruas-alagam-e-lagoas-de-captacao-transbordam-apos-chuvas\/","name":"Em Parnamirim, ruas alagam e lagoas de capta\u00e7\u00e3o transbordam ap\u00f3s chuvas - Taveira Jr","isPartOf":{"@id":"https:\/\/deputadotaveirajr.com.br\/#website"},"primaryImageOfPage":{"@id":"https:\/\/deputadotaveirajr.com.br\/index.php\/em-parnamirim-ruas-alagam-e-lagoas-de-captacao-transbordam-apos-chuvas\/#primaryimage"},"image":{"@id":"https:\/\/deputadotaveirajr.com.br\/index.php\/em-parnamirim-ruas-alagam-e-lagoas-de-captacao-transbordam-apos-chuvas\/#primaryimage"},"thumbnailUrl":"https:\/\/deputadotaveirajr.com.br\/wp-content\/uploads\/2024\/05\/whatsapp-image-2024-05-17-at-11.58.26-inKXat.jpeg","datePublished":"2024-05-17T18:26:21+00:00","breadcrumb":{"@id":"https:\/\/deputadotaveirajr.com.br\/index.php\/em-parnamirim-ruas-alagam-e-lagoas-de-captacao-transbordam-apos-chuvas\/#breadcrumb"},"inLanguage":"pt-BR","potentialAction":[{"@type":"ReadAction","target":["https:\/\/deputadotaveirajr.com.br\/index.php\/em-parnamirim-ruas-alagam-e-lagoas-de-captacao-transbordam-apos-chuvas\/"]}]},{"@type":"ImageObject","inLanguage":"pt-BR","@id":"https:\/\/deputadotaveirajr.com.br\/index.php\/em-parnamirim-ruas-alagam-e-lagoas-de-captacao-transbordam-apos-chuvas\/#primaryimage","url":"https:\/\/deputadotaveirajr.com.br\/wp-content\/uploads\/2024\/05\/whatsapp-image-2024-05-17-at-11.58.26-inKXat.jpeg","contentUrl":"https:\/\/deputadotaveirajr.com.br\/wp-content\/uploads\/2024\/05\/whatsapp-image-2024-05-17-at-11.58.26-inKXat.jpeg","width":1600,"height":1200},{"@type":"BreadcrumbList","@id":"https:\/\/deputadotaveirajr.com.br\/index.php\/em-parnamirim-ruas-alagam-e-lagoas-de-captacao-transbordam-apos-chuvas\/#breadcrumb","itemListElement":[{"@type":"ListItem","position":1,"name":"In\u00edcio","item":"https:\/\/deputadotaveirajr.com.br\/"},{"@type":"ListItem","position":2,"name":"Em Parnamirim, ruas alagam e lagoas de capta\u00e7\u00e3o transbordam ap\u00f3s chuvas"}]},{"@type":"WebSite","@id":"https:\/\/deputadotaveirajr.com.br\/#website","url":"https:\/\/deputadotaveirajr.com.br\/","name":"Taveira Jr","description":"Deputado Estadual","publisher":{"@id":"https:\/\/deputadotaveirajr.com.br\/#organization"},"potentialAction":[{"@type":"SearchAction","target":{"@type":"EntryPoint","urlTemplate":"https:\/\/deputadotaveirajr.com.br\/?s={search_term_string}"},"query-input":{"@type":"PropertyValueSpecification","valueRequired":true,"valueName":"search_term_string"}}],"inLanguage":"pt-BR"},{"@type":"Organization","@id":"https:\/\/deputadotaveirajr.com.br\/#organization","name":"Taveira Jr","url":"https:\/\/deputadotaveirajr.com.br\/","logo":{"@type":"ImageObject","inLanguage":"pt-BR","@id":"https:\/\/deputadotaveirajr.com.br\/#\/schema\/logo\/image\/","url":"https:\/\/deputadotaveirajr.com.br\/wp-content\/uploads\/2026\/01\/logolow2a.png","contentUrl":"https:\/\/deputadotaveirajr.com.br\/wp-content\/uploads\/2026\/01\/logolow2a.png","width":290,"height":80,"caption":"Taveira Jr"},"image":{"@id":"https:\/\/deputadotaveirajr.com.br\/#\/schema\/logo\/image\/"}}]}},"_links":{"self":[{"href":"https:\/\/deputadotaveirajr.com.br\/index.php\/wp-json\/wp\/v2\/pages\/6269","targetHints":{"allow":["GET"]}}],"collection":[{"href":"https:\/\/deputadotaveirajr.com.br\/index.php\/wp-json\/wp\/v2\/pages"}],"about":[{"href":"https:\/\/deputadotaveirajr.com.br\/index.php\/wp-json\/wp\/v2\/types\/page"}],"replies":[{"embeddable":true,"href":"https:\/\/deputadotaveirajr.com.br\/index.php\/wp-json\/wp\/v2\/comments?post=6269"}],"version-history":[{"count":1,"href":"https:\/\/deputadotaveirajr.com.br\/index.php\/wp-json\/wp\/v2\/pages\/6269\/revisions"}],"predecessor-version":[{"id":6273,"href":"https:\/\/deputadotaveirajr.com.br\/index.php\/wp-json\/wp\/v2\/pages\/6269\/revisions\/6273"}],"wp:featuredmedia":[{"embeddable":true,"href":"https:\/\/deputadotaveirajr.com.br\/index.php\/wp-json\/wp\/v2\/media\/6270"}],"wp:attachment":[{"href":"https:\/\/deputadotaveirajr.com.br\/index.php\/wp-json\/wp\/v2\/media?parent=6269"}],"curies":[{"name":"wp","href":"https:\/\/api.w.org\/{rel}","templated":true}]}}

Em Parnamirim, ruas alagam e lagoas de captação transbordam após chuvas

<p>     Pelo menos três lagoas de captação transbordaram, segundo a Defesa Civil do município. Lagoa do Aderbal, em Parnamirim transbordou<br />
Cedida<br />
Em Parnamirim, na Grande Natal, pelo menos três lagoas de captação transbordaram por causa do volume de chuvas: Lagoa do Aderbal, em Boa Esperança; Lagoa de Nova Esperança; e Lagoa Antônio Pontes, no bairro Parque de Exposições.<br />
De acordo com a Empresa de Pesquisa Agropecuária do Rio Grande do Norte (Emparn), das 7h de quinta (16) até 7h de sexta (17) choveu 66,5 mm em Parnamirim. O volume é considerado muito intenso já que a média para o mês inteiro é de 115 mm.<br />
Inmet emite alerta de acumulado de chuvas para todo o RN<br />
O cemitério de Parnamirim também alagou. Assim como a Rua das Acácias, em Pium, e a Avenida Olavo Montenegro, em Nova Parnamirim. Na Olavo Montenegro a lama tomou conta da pista. Sem conseguir passar alguns carros retornavam na contramão.<br />
Trecho da Avenida Olavo Montenegro, em Parnamirim, ficou alagado</p>

<p>Pelo menos três lagoas de captação transbordaram, segundo a Defesa Civil do município. Lagoa do Aderbal, em Parnamirim transbordou Cedida Em Parnamirim, na Grande Natal, pelo menos três lagoas de &#8230;</p>

<!-- This site is optimized with the Yoast SEO plugin v27.1.1 - https://yoast.com/product/yoast-seo-wordpress/ -->
<title>Em Parnamirim, ruas alagam e lagoas de captação transbordam após chuvas - Taveira Jr</title>
<meta name="robots" content="index, follow, max-snippet:-1, max-image-preview:large, max-video-preview:-1" />
<link rel="canonical" href="https://deputadotaveirajr.com.br/index.php/em-parnamirim-ruas-alagam-e-lagoas-de-captacao-transbordam-apos-chuvas/" />
<meta property="og:locale" content="pt_BR" />
<meta property="og:type" content="article" />
<meta property="og:title" content="Em Parnamirim, ruas alagam e lagoas de captação transbordam após chuvas - Taveira Jr" />
<meta property="og:description" content="Pelo menos três lagoas de captação transbordaram, segundo a Defesa Civil do município. Lagoa do Aderbal, em Parnamirim transbordou Cedida Em Parnamirim, na Grande Natal, pelo menos três lagoas de ..." />
<meta property="og:url" content="https://deputadotaveirajr.com.br/index.php/em-parnamirim-ruas-alagam-e-lagoas-de-captacao-transbordam-apos-chuvas/" />
<meta property="og:site_name" content="Taveira Jr" />
<meta property="og:image" content="https://deputadotaveirajr.com.br/wp-content/uploads/2024/05/whatsapp-image-2024-05-17-at-11.58.26-inKXat.jpeg" />
	<meta property="og:image:width" content="1600" />
	<meta property="og:image:height" content="1200" />
	<meta property="og:image:type" content="image/jpeg" />
<meta name="twitter:card" content="summary_large_image" />
<meta name="twitter:label1" content="Est. tempo de leitura" />
	<meta name="twitter:data1" content="1 minuto" />
<script type="application/ld+json" class="yoast-schema-graph">{"@context":"https://schema.org","@graph":[{"@type":"WebPage","@id":"https://deputadotaveirajr.com.br/index.php/em-parnamirim-ruas-alagam-e-lagoas-de-captacao-transbordam-apos-chuvas/","url":"https://deputadotaveirajr.com.br/index.php/em-parnamirim-ruas-alagam-e-lagoas-de-captacao-transbordam-apos-chuvas/","name":"Em Parnamirim, ruas alagam e lagoas de captação transbordam após chuvas - Taveira Jr","isPartOf":{"@id":"https://deputadotaveirajr.com.br/#website"},"primaryImageOfPage":{"@id":"https://deputadotaveirajr.com.br/index.php/em-parnamirim-ruas-alagam-e-lagoas-de-captacao-transbordam-apos-chuvas/#primaryimage"},"image":{"@id":"https://deputadotaveirajr.com.br/index.php/em-parnamirim-ruas-alagam-e-lagoas-de-captacao-transbordam-apos-chuvas/#primaryimage"},"thumbnailUrl":"https://deputadotaveirajr.com.br/wp-content/uploads/2024/05/whatsapp-image-2024-05-17-at-11.58.26-inKXat.jpeg","datePublished":"2024-05-17T18:26:21+00:00","breadcrumb":{"@id":"https://deputadotaveirajr.com.br/index.php/em-parnamirim-ruas-alagam-e-lagoas-de-captacao-transbordam-apos-chuvas/#breadcrumb"},"inLanguage":"pt-BR","potentialAction":[{"@type":"ReadAction","target":["https://deputadotaveirajr.com.br/index.php/em-parnamirim-ruas-alagam-e-lagoas-de-captacao-transbordam-apos-chuvas/"]}]},{"@type":"ImageObject","inLanguage":"pt-BR","@id":"https://deputadotaveirajr.com.br/index.php/em-parnamirim-ruas-alagam-e-lagoas-de-captacao-transbordam-apos-chuvas/#primaryimage","url":"https://deputadotaveirajr.com.br/wp-content/uploads/2024/05/whatsapp-image-2024-05-17-at-11.58.26-inKXat.jpeg","contentUrl":"https://deputadotaveirajr.com.br/wp-content/uploads/2024/05/whatsapp-image-2024-05-17-at-11.58.26-inKXat.jpeg","width":1600,"height":1200},{"@type":"BreadcrumbList","@id":"https://deputadotaveirajr.com.br/index.php/em-parnamirim-ruas-alagam-e-lagoas-de-captacao-transbordam-apos-chuvas/#breadcrumb","itemListElement":[{"@type":"ListItem","position":1,"name":"Início","item":"https://deputadotaveirajr.com.br/"},{"@type":"ListItem","position":2,"name":"Em Parnamirim, ruas alagam e lagoas de captação transbordam após chuvas"}]},{"@type":"WebSite","@id":"https://deputadotaveirajr.com.br/#website","url":"https://deputadotaveirajr.com.br/","name":"Taveira Jr","description":"Deputado Estadual","publisher":{"@id":"https://deputadotaveirajr.com.br/#organization"},"potentialAction":[{"@type":"SearchAction","target":{"@type":"EntryPoint","urlTemplate":"https://deputadotaveirajr.com.br/?s={search_term_string}"},"query-input":{"@type":"PropertyValueSpecification","valueRequired":true,"valueName":"search_term_string"}}],"inLanguage":"pt-BR"},{"@type":"Organization","@id":"https://deputadotaveirajr.com.br/#organization","name":"Taveira Jr","url":"https://deputadotaveirajr.com.br/","logo":{"@type":"ImageObject","inLanguage":"pt-BR","@id":"https://deputadotaveirajr.com.br/#/schema/logo/image/","url":"https://deputadotaveirajr.com.br/wp-content/uploads/2026/01/logolow2a.png","contentUrl":"https://deputadotaveirajr.com.br/wp-content/uploads/2026/01/logolow2a.png","width":290,"height":80,"caption":"Taveira Jr"},"image":{"@id":"https://deputadotaveirajr.com.br/#/schema/logo/image/"}}]}</script>
<!-- / Yoast SEO plugin. -->

Em Parnamirim, ruas alagam e lagoas de captação transbordam após chuvas - Taveira Jr

Pelo menos três lagoas de captação transbordaram, segundo a Defesa Civil do município. Lagoa do Aderbal, em Parnamirim transbordou Cedida Em Parnamirim, na Grande Natal, pelo menos três lagoas de ...

Início
