{"id":6313,"date":"2024-05-19T14:23:13","date_gmt":"2024-05-19T17:23:13","guid":{"rendered":"https:\/\/deputadotaveirajr.com.br\/?page_id=6313"},"modified":"2024-05-19T14:23:13","modified_gmt":"2024-05-19T17:23:13","slug":"homem-morre-apos-colisao-frontal-de-carros-na-br-304-no-rn","status":"publish","type":"page","link":"https:\/\/deputadotaveirajr.com.br\/index.php\/homem-morre-apos-colisao-frontal-de-carros-na-br-304-no-rn\/","title":{"rendered":"Homem morre ap\u00f3s colis\u00e3o frontal de carros na BR-304, no RN"},"content":{"rendered":"<p>     Acidente ocorreu na noite de s\u00e1bado (18), pr\u00f3ximo \u00e0 rotat\u00f3ria de Tibau. Homem morre ap\u00f3s colis\u00e3o frontal de carros na BR-304, em Tibau<br \/>\nCedida\/Corpo de Bombeiros Militar<br \/>\nUm homem morreu e outro ficou ferido ap\u00f3s colis\u00e3o frontal entre dois carros na BR-304, no interior do Rio Grande do Norte. O acidente foi registrado na noite de s\u00e1bado (18), pr\u00f3ximo \u00e0 rotat\u00f3ria de Tibau.<br \/>\nO condutor do carro modelo Gol ficou preso \u00e0s ferragens, n\u00e3o resistiu ao impacto do acidente e morreu no local.<br \/>\n\ud83d\udcf3Participe do canal do g1 RN no WhatsApp<br \/>\nO Corpo de Bombeiros Militar foi acionado por volta das 22h40 para atender a ocorr\u00eancia e precisou usar t\u00e9cnicas de desencarceramento para retirar a v\u00edtima do ve\u00edculo.<br \/>\nO motorista do carro modelo Corolla foi socorrido pelo Samu e transferido para um hospital de Mossor\u00f3.<br \/>\nV\u00eddeos mais assistidos do g1 RN<br \/>\nV\u00cdDEOS: Mais assistidos do Rio Grande do Norte nos \u00faltimos 7 dias| em G1 \/ RN \/ Rio Grande do Norte<\/p>","protected":false},"excerpt":{"rendered":"<p>Acidente ocorreu na noite de s\u00e1bado (18), pr\u00f3ximo \u00e0 rotat\u00f3ria de Tibau. Homem morre ap\u00f3s colis\u00e3o frontal de carros na BR-304, em Tibau Cedida\/Corpo de Bombeiros Militar Um homem morreu &#8230;<\/p>\n","protected":false},"author":0,"featured_media":6314,"parent":0,"menu_order":0,"comment_status":"closed","ping_status":"closed","template":"","meta":{"footnotes":""},"class_list":["post-6313","page","type-page","status-publish","has-post-thumbnail","hentry"],"yoast_head":"<!-- This site is optimized with the Yoast SEO plugin v27.1.1 - https:\/\/yoast.com\/product\/yoast-seo-wordpress\/ -->\n<title>Homem morre ap\u00f3s colis\u00e3o frontal de carros na BR-304, no RN - Taveira Jr<\/title>\n<meta name=\"robots\" content=\"index, follow, max-snippet:-1, max-image-preview:large, max-video-preview:-1\" \/>\n<link rel=\"canonical\" href=\"https:\/\/deputadotaveirajr.com.br\/index.php\/homem-morre-apos-colisao-frontal-de-carros-na-br-304-no-rn\/\" \/>\n<meta property=\"og:locale\" content=\"pt_BR\" \/>\n<meta property=\"og:type\" content=\"article\" \/>\n<meta property=\"og:title\" content=\"Homem morre ap\u00f3s colis\u00e3o frontal de carros na BR-304, no RN - Taveira Jr\" \/>\n<meta property=\"og:description\" content=\"Acidente ocorreu na noite de s\u00e1bado (18), pr\u00f3ximo \u00e0 rotat\u00f3ria de Tibau. Homem morre ap\u00f3s colis\u00e3o frontal de carros na BR-304, em Tibau Cedida\/Corpo de Bombeiros Militar Um homem morreu ...\" \/>\n<meta property=\"og:url\" content=\"https:\/\/deputadotaveirajr.com.br\/index.php\/homem-morre-apos-colisao-frontal-de-carros-na-br-304-no-rn\/\" \/>\n<meta property=\"og:site_name\" content=\"Taveira Jr\" \/>\n<meta property=\"og:image\" content=\"https:\/\/deputadotaveirajr.com.br\/wp-content\/uploads\/2024\/05\/acidente-tibau-1JRIwC.jpeg\" \/>\n\t<meta property=\"og:image:width\" content=\"717\" \/>\n\t<meta property=\"og:image:height\" content=\"717\" \/>\n\t<meta property=\"og:image:type\" content=\"image\/jpeg\" \/>\n<meta name=\"twitter:card\" content=\"summary_large_image\" \/>\n<meta name=\"twitter:label1\" content=\"Est. tempo de leitura\" \/>\n\t<meta name=\"twitter:data1\" content=\"1 minuto\" \/>\n<script type=\"application\/ld+json\" class=\"yoast-schema-graph\">{\"@context\":\"https:\/\/schema.org\",\"@graph\":[{\"@type\":\"WebPage\",\"@id\":\"https:\/\/deputadotaveirajr.com.br\/index.php\/homem-morre-apos-colisao-frontal-de-carros-na-br-304-no-rn\/\",\"url\":\"https:\/\/deputadotaveirajr.com.br\/index.php\/homem-morre-apos-colisao-frontal-de-carros-na-br-304-no-rn\/\",\"name\":\"Homem morre ap\u00f3s colis\u00e3o frontal de carros na BR-304, no RN - Taveira Jr\",\"isPartOf\":{\"@id\":\"https:\/\/deputadotaveirajr.com.br\/#website\"},\"primaryImageOfPage\":{\"@id\":\"https:\/\/deputadotaveirajr.com.br\/index.php\/homem-morre-apos-colisao-frontal-de-carros-na-br-304-no-rn\/#primaryimage\"},\"image\":{\"@id\":\"https:\/\/deputadotaveirajr.com.br\/index.php\/homem-morre-apos-colisao-frontal-de-carros-na-br-304-no-rn\/#primaryimage\"},\"thumbnailUrl\":\"https:\/\/deputadotaveirajr.com.br\/wp-content\/uploads\/2024\/05\/acidente-tibau-1JRIwC.jpeg\",\"datePublished\":\"2024-05-19T17:23:13+00:00\",\"breadcrumb\":{\"@id\":\"https:\/\/deputadotaveirajr.com.br\/index.php\/homem-morre-apos-colisao-frontal-de-carros-na-br-304-no-rn\/#breadcrumb\"},\"inLanguage\":\"pt-BR\",\"potentialAction\":[{\"@type\":\"ReadAction\",\"target\":[\"https:\/\/deputadotaveirajr.com.br\/index.php\/homem-morre-apos-colisao-frontal-de-carros-na-br-304-no-rn\/\"]}]},{\"@type\":\"ImageObject\",\"inLanguage\":\"pt-BR\",\"@id\":\"https:\/\/deputadotaveirajr.com.br\/index.php\/homem-morre-apos-colisao-frontal-de-carros-na-br-304-no-rn\/#primaryimage\",\"url\":\"https:\/\/deputadotaveirajr.com.br\/wp-content\/uploads\/2024\/05\/acidente-tibau-1JRIwC.jpeg\",\"contentUrl\":\"https:\/\/deputadotaveirajr.com.br\/wp-content\/uploads\/2024\/05\/acidente-tibau-1JRIwC.jpeg\",\"width\":717,\"height\":717},{\"@type\":\"BreadcrumbList\",\"@id\":\"https:\/\/deputadotaveirajr.com.br\/index.php\/homem-morre-apos-colisao-frontal-de-carros-na-br-304-no-rn\/#breadcrumb\",\"itemListElement\":[{\"@type\":\"ListItem\",\"position\":1,\"name\":\"In\u00edcio\",\"item\":\"https:\/\/deputadotaveirajr.com.br\/\"},{\"@type\":\"ListItem\",\"position\":2,\"name\":\"Homem morre ap\u00f3s colis\u00e3o frontal de carros na BR-304, no RN\"}]},{\"@type\":\"WebSite\",\"@id\":\"https:\/\/deputadotaveirajr.com.br\/#website\",\"url\":\"https:\/\/deputadotaveirajr.com.br\/\",\"name\":\"Taveira Jr\",\"description\":\"Deputado Estadual\",\"publisher\":{\"@id\":\"https:\/\/deputadotaveirajr.com.br\/#organization\"},\"potentialAction\":[{\"@type\":\"SearchAction\",\"target\":{\"@type\":\"EntryPoint\",\"urlTemplate\":\"https:\/\/deputadotaveirajr.com.br\/?s={search_term_string}\"},\"query-input\":{\"@type\":\"PropertyValueSpecification\",\"valueRequired\":true,\"valueName\":\"search_term_string\"}}],\"inLanguage\":\"pt-BR\"},{\"@type\":\"Organization\",\"@id\":\"https:\/\/deputadotaveirajr.com.br\/#organization\",\"name\":\"Taveira Jr\",\"url\":\"https:\/\/deputadotaveirajr.com.br\/\",\"logo\":{\"@type\":\"ImageObject\",\"inLanguage\":\"pt-BR\",\"@id\":\"https:\/\/deputadotaveirajr.com.br\/#\/schema\/logo\/image\/\",\"url\":\"https:\/\/deputadotaveirajr.com.br\/wp-content\/uploads\/2026\/01\/logolow2a.png\",\"contentUrl\":\"https:\/\/deputadotaveirajr.com.br\/wp-content\/uploads\/2026\/01\/logolow2a.png\",\"width\":290,\"height\":80,\"caption\":\"Taveira Jr\"},\"image\":{\"@id\":\"https:\/\/deputadotaveirajr.com.br\/#\/schema\/logo\/image\/\"}}]}<\/script>\n<!-- \/ Yoast SEO plugin. -->","yoast_head_json":{"title":"Homem morre ap\u00f3s colis\u00e3o frontal de carros na BR-304, no RN - Taveira Jr","robots":{"index":"index","follow":"follow","max-snippet":"max-snippet:-1","max-image-preview":"max-image-preview:large","max-video-preview":"max-video-preview:-1"},"canonical":"https:\/\/deputadotaveirajr.com.br\/index.php\/homem-morre-apos-colisao-frontal-de-carros-na-br-304-no-rn\/","og_locale":"pt_BR","og_type":"article","og_title":"Homem morre ap\u00f3s colis\u00e3o frontal de carros na BR-304, no RN - Taveira Jr","og_description":"Acidente ocorreu na noite de s\u00e1bado (18), pr\u00f3ximo \u00e0 rotat\u00f3ria de Tibau. Homem morre ap\u00f3s colis\u00e3o frontal de carros na BR-304, em Tibau Cedida\/Corpo de Bombeiros Militar Um homem morreu ...","og_url":"https:\/\/deputadotaveirajr.com.br\/index.php\/homem-morre-apos-colisao-frontal-de-carros-na-br-304-no-rn\/","og_site_name":"Taveira Jr","og_image":[{"width":717,"height":717,"url":"https:\/\/deputadotaveirajr.com.br\/wp-content\/uploads\/2024\/05\/acidente-tibau-1JRIwC.jpeg","type":"image\/jpeg"}],"twitter_card":"summary_large_image","twitter_misc":{"Est. tempo de leitura":"1 minuto"},"schema":{"@context":"https:\/\/schema.org","@graph":[{"@type":"WebPage","@id":"https:\/\/deputadotaveirajr.com.br\/index.php\/homem-morre-apos-colisao-frontal-de-carros-na-br-304-no-rn\/","url":"https:\/\/deputadotaveirajr.com.br\/index.php\/homem-morre-apos-colisao-frontal-de-carros-na-br-304-no-rn\/","name":"Homem morre ap\u00f3s colis\u00e3o frontal de carros na BR-304, no RN - Taveira Jr","isPartOf":{"@id":"https:\/\/deputadotaveirajr.com.br\/#website"},"primaryImageOfPage":{"@id":"https:\/\/deputadotaveirajr.com.br\/index.php\/homem-morre-apos-colisao-frontal-de-carros-na-br-304-no-rn\/#primaryimage"},"image":{"@id":"https:\/\/deputadotaveirajr.com.br\/index.php\/homem-morre-apos-colisao-frontal-de-carros-na-br-304-no-rn\/#primaryimage"},"thumbnailUrl":"https:\/\/deputadotaveirajr.com.br\/wp-content\/uploads\/2024\/05\/acidente-tibau-1JRIwC.jpeg","datePublished":"2024-05-19T17:23:13+00:00","breadcrumb":{"@id":"https:\/\/deputadotaveirajr.com.br\/index.php\/homem-morre-apos-colisao-frontal-de-carros-na-br-304-no-rn\/#breadcrumb"},"inLanguage":"pt-BR","potentialAction":[{"@type":"ReadAction","target":["https:\/\/deputadotaveirajr.com.br\/index.php\/homem-morre-apos-colisao-frontal-de-carros-na-br-304-no-rn\/"]}]},{"@type":"ImageObject","inLanguage":"pt-BR","@id":"https:\/\/deputadotaveirajr.com.br\/index.php\/homem-morre-apos-colisao-frontal-de-carros-na-br-304-no-rn\/#primaryimage","url":"https:\/\/deputadotaveirajr.com.br\/wp-content\/uploads\/2024\/05\/acidente-tibau-1JRIwC.jpeg","contentUrl":"https:\/\/deputadotaveirajr.com.br\/wp-content\/uploads\/2024\/05\/acidente-tibau-1JRIwC.jpeg","width":717,"height":717},{"@type":"BreadcrumbList","@id":"https:\/\/deputadotaveirajr.com.br\/index.php\/homem-morre-apos-colisao-frontal-de-carros-na-br-304-no-rn\/#breadcrumb","itemListElement":[{"@type":"ListItem","position":1,"name":"In\u00edcio","item":"https:\/\/deputadotaveirajr.com.br\/"},{"@type":"ListItem","position":2,"name":"Homem morre ap\u00f3s colis\u00e3o frontal de carros na BR-304, no RN"}]},{"@type":"WebSite","@id":"https:\/\/deputadotaveirajr.com.br\/#website","url":"https:\/\/deputadotaveirajr.com.br\/","name":"Taveira Jr","description":"Deputado Estadual","publisher":{"@id":"https:\/\/deputadotaveirajr.com.br\/#organization"},"potentialAction":[{"@type":"SearchAction","target":{"@type":"EntryPoint","urlTemplate":"https:\/\/deputadotaveirajr.com.br\/?s={search_term_string}"},"query-input":{"@type":"PropertyValueSpecification","valueRequired":true,"valueName":"search_term_string"}}],"inLanguage":"pt-BR"},{"@type":"Organization","@id":"https:\/\/deputadotaveirajr.com.br\/#organization","name":"Taveira Jr","url":"https:\/\/deputadotaveirajr.com.br\/","logo":{"@type":"ImageObject","inLanguage":"pt-BR","@id":"https:\/\/deputadotaveirajr.com.br\/#\/schema\/logo\/image\/","url":"https:\/\/deputadotaveirajr.com.br\/wp-content\/uploads\/2026\/01\/logolow2a.png","contentUrl":"https:\/\/deputadotaveirajr.com.br\/wp-content\/uploads\/2026\/01\/logolow2a.png","width":290,"height":80,"caption":"Taveira Jr"},"image":{"@id":"https:\/\/deputadotaveirajr.com.br\/#\/schema\/logo\/image\/"}}]}},"_links":{"self":[{"href":"https:\/\/deputadotaveirajr.com.br\/index.php\/wp-json\/wp\/v2\/pages\/6313","targetHints":{"allow":["GET"]}}],"collection":[{"href":"https:\/\/deputadotaveirajr.com.br\/index.php\/wp-json\/wp\/v2\/pages"}],"about":[{"href":"https:\/\/deputadotaveirajr.com.br\/index.php\/wp-json\/wp\/v2\/types\/page"}],"replies":[{"embeddable":true,"href":"https:\/\/deputadotaveirajr.com.br\/index.php\/wp-json\/wp\/v2\/comments?post=6313"}],"version-history":[{"count":1,"href":"https:\/\/deputadotaveirajr.com.br\/index.php\/wp-json\/wp\/v2\/pages\/6313\/revisions"}],"predecessor-version":[{"id":6316,"href":"https:\/\/deputadotaveirajr.com.br\/index.php\/wp-json\/wp\/v2\/pages\/6313\/revisions\/6316"}],"wp:featuredmedia":[{"embeddable":true,"href":"https:\/\/deputadotaveirajr.com.br\/index.php\/wp-json\/wp\/v2\/media\/6314"}],"wp:attachment":[{"href":"https:\/\/deputadotaveirajr.com.br\/index.php\/wp-json\/wp\/v2\/media?parent=6313"}],"curies":[{"name":"wp","href":"https:\/\/api.w.org\/{rel}","templated":true}]}}

Homem morre após colisão frontal de carros na BR-304, no RN

<p>     Acidente ocorreu na noite de sábado (18), próximo à rotatória de Tibau. Homem morre após colisão frontal de carros na BR-304, em Tibau<br />
Cedida/Corpo de Bombeiros Militar<br />
Um homem morreu e outro ficou ferido após colisão frontal entre dois carros na BR-304, no interior do Rio Grande do Norte. O acidente foi registrado na noite de sábado (18), próximo à rotatória de Tibau.<br />
O condutor do carro modelo Gol ficou preso às ferragens, não resistiu ao impacto do acidente e morreu no local.<br />
📳Participe do canal do g1 RN no WhatsApp<br />
O Corpo de Bombeiros Militar foi acionado por volta das 22h40 para atender a ocorrência e precisou usar técnicas de desencarceramento para retirar a vítima do veículo.<br />
O motorista do carro modelo Corolla foi socorrido pelo Samu e transferido para um hospital de Mossoró.<br />
Vídeos mais assistidos do g1 RN<br />
VÍDEOS: Mais assistidos do Rio Grande do Norte nos últimos 7 dias| em G1 / RN / Rio Grande do Norte</p>

<p>Acidente ocorreu na noite de sábado (18), próximo à rotatória de Tibau. Homem morre após colisão frontal de carros na BR-304, em Tibau Cedida/Corpo de Bombeiros Militar Um homem morreu &#8230;</p>

<!-- This site is optimized with the Yoast SEO plugin v27.1.1 - https://yoast.com/product/yoast-seo-wordpress/ -->
<title>Homem morre após colisão frontal de carros na BR-304, no RN - Taveira Jr</title>
<meta name="robots" content="index, follow, max-snippet:-1, max-image-preview:large, max-video-preview:-1" />
<link rel="canonical" href="https://deputadotaveirajr.com.br/index.php/homem-morre-apos-colisao-frontal-de-carros-na-br-304-no-rn/" />
<meta property="og:locale" content="pt_BR" />
<meta property="og:type" content="article" />
<meta property="og:title" content="Homem morre após colisão frontal de carros na BR-304, no RN - Taveira Jr" />
<meta property="og:description" content="Acidente ocorreu na noite de sábado (18), próximo à rotatória de Tibau. Homem morre após colisão frontal de carros na BR-304, em Tibau Cedida/Corpo de Bombeiros Militar Um homem morreu ..." />
<meta property="og:url" content="https://deputadotaveirajr.com.br/index.php/homem-morre-apos-colisao-frontal-de-carros-na-br-304-no-rn/" />
<meta property="og:site_name" content="Taveira Jr" />
<meta property="og:image" content="https://deputadotaveirajr.com.br/wp-content/uploads/2024/05/acidente-tibau-1JRIwC.jpeg" />
	<meta property="og:image:width" content="717" />
	<meta property="og:image:height" content="717" />
	<meta property="og:image:type" content="image/jpeg" />
<meta name="twitter:card" content="summary_large_image" />
<meta name="twitter:label1" content="Est. tempo de leitura" />
	<meta name="twitter:data1" content="1 minuto" />
<script type="application/ld+json" class="yoast-schema-graph">{"@context":"https://schema.org","@graph":[{"@type":"WebPage","@id":"https://deputadotaveirajr.com.br/index.php/homem-morre-apos-colisao-frontal-de-carros-na-br-304-no-rn/","url":"https://deputadotaveirajr.com.br/index.php/homem-morre-apos-colisao-frontal-de-carros-na-br-304-no-rn/","name":"Homem morre após colisão frontal de carros na BR-304, no RN - Taveira Jr","isPartOf":{"@id":"https://deputadotaveirajr.com.br/#website"},"primaryImageOfPage":{"@id":"https://deputadotaveirajr.com.br/index.php/homem-morre-apos-colisao-frontal-de-carros-na-br-304-no-rn/#primaryimage"},"image":{"@id":"https://deputadotaveirajr.com.br/index.php/homem-morre-apos-colisao-frontal-de-carros-na-br-304-no-rn/#primaryimage"},"thumbnailUrl":"https://deputadotaveirajr.com.br/wp-content/uploads/2024/05/acidente-tibau-1JRIwC.jpeg","datePublished":"2024-05-19T17:23:13+00:00","breadcrumb":{"@id":"https://deputadotaveirajr.com.br/index.php/homem-morre-apos-colisao-frontal-de-carros-na-br-304-no-rn/#breadcrumb"},"inLanguage":"pt-BR","potentialAction":[{"@type":"ReadAction","target":["https://deputadotaveirajr.com.br/index.php/homem-morre-apos-colisao-frontal-de-carros-na-br-304-no-rn/"]}]},{"@type":"ImageObject","inLanguage":"pt-BR","@id":"https://deputadotaveirajr.com.br/index.php/homem-morre-apos-colisao-frontal-de-carros-na-br-304-no-rn/#primaryimage","url":"https://deputadotaveirajr.com.br/wp-content/uploads/2024/05/acidente-tibau-1JRIwC.jpeg","contentUrl":"https://deputadotaveirajr.com.br/wp-content/uploads/2024/05/acidente-tibau-1JRIwC.jpeg","width":717,"height":717},{"@type":"BreadcrumbList","@id":"https://deputadotaveirajr.com.br/index.php/homem-morre-apos-colisao-frontal-de-carros-na-br-304-no-rn/#breadcrumb","itemListElement":[{"@type":"ListItem","position":1,"name":"Início","item":"https://deputadotaveirajr.com.br/"},{"@type":"ListItem","position":2,"name":"Homem morre após colisão frontal de carros na BR-304, no RN"}]},{"@type":"WebSite","@id":"https://deputadotaveirajr.com.br/#website","url":"https://deputadotaveirajr.com.br/","name":"Taveira Jr","description":"Deputado Estadual","publisher":{"@id":"https://deputadotaveirajr.com.br/#organization"},"potentialAction":[{"@type":"SearchAction","target":{"@type":"EntryPoint","urlTemplate":"https://deputadotaveirajr.com.br/?s={search_term_string}"},"query-input":{"@type":"PropertyValueSpecification","valueRequired":true,"valueName":"search_term_string"}}],"inLanguage":"pt-BR"},{"@type":"Organization","@id":"https://deputadotaveirajr.com.br/#organization","name":"Taveira Jr","url":"https://deputadotaveirajr.com.br/","logo":{"@type":"ImageObject","inLanguage":"pt-BR","@id":"https://deputadotaveirajr.com.br/#/schema/logo/image/","url":"https://deputadotaveirajr.com.br/wp-content/uploads/2026/01/logolow2a.png","contentUrl":"https://deputadotaveirajr.com.br/wp-content/uploads/2026/01/logolow2a.png","width":290,"height":80,"caption":"Taveira Jr"},"image":{"@id":"https://deputadotaveirajr.com.br/#/schema/logo/image/"}}]}</script>
<!-- / Yoast SEO plugin. -->

Homem morre após colisão frontal de carros na BR-304, no RN - Taveira Jr

Acidente ocorreu na noite de sábado (18), próximo à rotatória de Tibau. Homem morre após colisão frontal de carros na BR-304, em Tibau Cedida/Corpo de Bombeiros Militar Um homem morreu ...

Início
