{"id":6318,"date":"2024-05-20T10:47:07","date_gmt":"2024-05-20T13:47:07","guid":{"rendered":"https:\/\/deputadotaveirajr.com.br\/?page_id=6318"},"modified":"2024-05-20T10:47:07","modified_gmt":"2024-05-20T13:47:07","slug":"pai-e-filho-morrem-apos-carro-e-moto-baterem-de-frente-no-interior-do-rn","status":"publish","type":"page","link":"https:\/\/deputadotaveirajr.com.br\/index.php\/pai-e-filho-morrem-apos-carro-e-moto-baterem-de-frente-no-interior-do-rn\/","title":{"rendered":"Pai e filho morrem ap\u00f3s carro e moto baterem de frente no interior do RN"},"content":{"rendered":"<p>     Caso aconteceu na tarde de domingo (19) na rodovia RN-117, em Paran\u00e1, no Alto Oeste potiguar. Causa do acidente ser\u00e1 investigada pela Pol\u00edcia Civil. Moto onde estavam pai e filho que morreram em acidente no munic\u00edpio do Paran\u00e1, no Alto Oeste potiguar<br \/>\nCedida<br \/>\nPai e filho morreram em um acidente que aconteceu na tarde deste domingo (19) na RN-117, no munic\u00edpio de Paran\u00e1, no Alto Oeste potiguar. As v\u00edtimas estavam em uma moto que bateu de frente com um carro.<br \/>\nDe acordo com a Pol\u00edcia Militar, Francisco Alcimar Dantas, de 40 anos, e Yure Rocha Dantas, de 14 anos, n\u00e3o usavam capacetes, n\u00e3o resistiram aos ferimentos, e morreram no local do acidente ap\u00f3s a colis\u00e3o.<br \/>\nO ocupante do carro tipo Cobalt &#8211; usado como t\u00e1xi &#8211; permaneceu no local e fez teste o etil\u00f4metro, que n\u00e3o constatou uso de bebidas alco\u00f3licas. O motorista prestou depoimento na delegacia de Alexandria, tamb\u00e9m no Alto Oeste.<br \/>\nAinda segundo a PM, as causas do acidente ser\u00e3o apuradas pela Pol\u00edcia Civil de Alexandria.<br \/>\nVeja os v\u00eddeos mais assistidos no g1 RN<\/p>","protected":false},"excerpt":{"rendered":"<p>Caso aconteceu na tarde de domingo (19) na rodovia RN-117, em Paran\u00e1, no Alto Oeste potiguar. Causa do acidente ser\u00e1 investigada pela Pol\u00edcia Civil. Moto onde estavam pai e filho &#8230;<\/p>\n","protected":false},"author":0,"featured_media":6319,"parent":0,"menu_order":0,"comment_status":"closed","ping_status":"closed","template":"","meta":{"footnotes":""},"class_list":["post-6318","page","type-page","status-publish","has-post-thumbnail","hentry"],"yoast_head":"<!-- This site is optimized with the Yoast SEO plugin v27.1.1 - https:\/\/yoast.com\/product\/yoast-seo-wordpress\/ -->\n<title>Pai e filho morrem ap\u00f3s carro e moto baterem de frente no interior do RN - Taveira Jr<\/title>\n<meta name=\"robots\" content=\"index, follow, max-snippet:-1, max-image-preview:large, max-video-preview:-1\" \/>\n<link rel=\"canonical\" href=\"https:\/\/deputadotaveirajr.com.br\/index.php\/pai-e-filho-morrem-apos-carro-e-moto-baterem-de-frente-no-interior-do-rn\/\" \/>\n<meta property=\"og:locale\" content=\"pt_BR\" \/>\n<meta property=\"og:type\" content=\"article\" \/>\n<meta property=\"og:title\" content=\"Pai e filho morrem ap\u00f3s carro e moto baterem de frente no interior do RN - Taveira Jr\" \/>\n<meta property=\"og:description\" content=\"Caso aconteceu na tarde de domingo (19) na rodovia RN-117, em Paran\u00e1, no Alto Oeste potiguar. Causa do acidente ser\u00e1 investigada pela Pol\u00edcia Civil. Moto onde estavam pai e filho ...\" \/>\n<meta property=\"og:url\" content=\"https:\/\/deputadotaveirajr.com.br\/index.php\/pai-e-filho-morrem-apos-carro-e-moto-baterem-de-frente-no-interior-do-rn\/\" \/>\n<meta property=\"og:site_name\" content=\"Taveira Jr\" \/>\n<meta property=\"og:image\" content=\"https:\/\/deputadotaveirajr.com.br\/wp-content\/uploads\/2024\/05\/whatsapp-image-2024-05-20-at-05.20.02-pIbbT0.jpeg\" \/>\n\t<meta property=\"og:image:width\" content=\"720\" \/>\n\t<meta property=\"og:image:height\" content=\"720\" \/>\n\t<meta property=\"og:image:type\" content=\"image\/jpeg\" \/>\n<meta name=\"twitter:card\" content=\"summary_large_image\" \/>\n<meta name=\"twitter:label1\" content=\"Est. tempo de leitura\" \/>\n\t<meta name=\"twitter:data1\" content=\"1 minuto\" \/>\n<script type=\"application\/ld+json\" class=\"yoast-schema-graph\">{\"@context\":\"https:\/\/schema.org\",\"@graph\":[{\"@type\":\"WebPage\",\"@id\":\"https:\/\/deputadotaveirajr.com.br\/index.php\/pai-e-filho-morrem-apos-carro-e-moto-baterem-de-frente-no-interior-do-rn\/\",\"url\":\"https:\/\/deputadotaveirajr.com.br\/index.php\/pai-e-filho-morrem-apos-carro-e-moto-baterem-de-frente-no-interior-do-rn\/\",\"name\":\"Pai e filho morrem ap\u00f3s carro e moto baterem de frente no interior do RN - Taveira Jr\",\"isPartOf\":{\"@id\":\"https:\/\/deputadotaveirajr.com.br\/#website\"},\"primaryImageOfPage\":{\"@id\":\"https:\/\/deputadotaveirajr.com.br\/index.php\/pai-e-filho-morrem-apos-carro-e-moto-baterem-de-frente-no-interior-do-rn\/#primaryimage\"},\"image\":{\"@id\":\"https:\/\/deputadotaveirajr.com.br\/index.php\/pai-e-filho-morrem-apos-carro-e-moto-baterem-de-frente-no-interior-do-rn\/#primaryimage\"},\"thumbnailUrl\":\"https:\/\/deputadotaveirajr.com.br\/wp-content\/uploads\/2024\/05\/whatsapp-image-2024-05-20-at-05.20.02-pIbbT0.jpeg\",\"datePublished\":\"2024-05-20T13:47:07+00:00\",\"breadcrumb\":{\"@id\":\"https:\/\/deputadotaveirajr.com.br\/index.php\/pai-e-filho-morrem-apos-carro-e-moto-baterem-de-frente-no-interior-do-rn\/#breadcrumb\"},\"inLanguage\":\"pt-BR\",\"potentialAction\":[{\"@type\":\"ReadAction\",\"target\":[\"https:\/\/deputadotaveirajr.com.br\/index.php\/pai-e-filho-morrem-apos-carro-e-moto-baterem-de-frente-no-interior-do-rn\/\"]}]},{\"@type\":\"ImageObject\",\"inLanguage\":\"pt-BR\",\"@id\":\"https:\/\/deputadotaveirajr.com.br\/index.php\/pai-e-filho-morrem-apos-carro-e-moto-baterem-de-frente-no-interior-do-rn\/#primaryimage\",\"url\":\"https:\/\/deputadotaveirajr.com.br\/wp-content\/uploads\/2024\/05\/whatsapp-image-2024-05-20-at-05.20.02-pIbbT0.jpeg\",\"contentUrl\":\"https:\/\/deputadotaveirajr.com.br\/wp-content\/uploads\/2024\/05\/whatsapp-image-2024-05-20-at-05.20.02-pIbbT0.jpeg\",\"width\":720,\"height\":720},{\"@type\":\"BreadcrumbList\",\"@id\":\"https:\/\/deputadotaveirajr.com.br\/index.php\/pai-e-filho-morrem-apos-carro-e-moto-baterem-de-frente-no-interior-do-rn\/#breadcrumb\",\"itemListElement\":[{\"@type\":\"ListItem\",\"position\":1,\"name\":\"In\u00edcio\",\"item\":\"https:\/\/deputadotaveirajr.com.br\/\"},{\"@type\":\"ListItem\",\"position\":2,\"name\":\"Pai e filho morrem ap\u00f3s carro e moto baterem de frente no interior do RN\"}]},{\"@type\":\"WebSite\",\"@id\":\"https:\/\/deputadotaveirajr.com.br\/#website\",\"url\":\"https:\/\/deputadotaveirajr.com.br\/\",\"name\":\"Taveira Jr\",\"description\":\"Deputado Estadual\",\"publisher\":{\"@id\":\"https:\/\/deputadotaveirajr.com.br\/#organization\"},\"potentialAction\":[{\"@type\":\"SearchAction\",\"target\":{\"@type\":\"EntryPoint\",\"urlTemplate\":\"https:\/\/deputadotaveirajr.com.br\/?s={search_term_string}\"},\"query-input\":{\"@type\":\"PropertyValueSpecification\",\"valueRequired\":true,\"valueName\":\"search_term_string\"}}],\"inLanguage\":\"pt-BR\"},{\"@type\":\"Organization\",\"@id\":\"https:\/\/deputadotaveirajr.com.br\/#organization\",\"name\":\"Taveira Jr\",\"url\":\"https:\/\/deputadotaveirajr.com.br\/\",\"logo\":{\"@type\":\"ImageObject\",\"inLanguage\":\"pt-BR\",\"@id\":\"https:\/\/deputadotaveirajr.com.br\/#\/schema\/logo\/image\/\",\"url\":\"https:\/\/deputadotaveirajr.com.br\/wp-content\/uploads\/2026\/01\/logolow2a.png\",\"contentUrl\":\"https:\/\/deputadotaveirajr.com.br\/wp-content\/uploads\/2026\/01\/logolow2a.png\",\"width\":290,\"height\":80,\"caption\":\"Taveira Jr\"},\"image\":{\"@id\":\"https:\/\/deputadotaveirajr.com.br\/#\/schema\/logo\/image\/\"}}]}<\/script>\n<!-- \/ Yoast SEO plugin. -->","yoast_head_json":{"title":"Pai e filho morrem ap\u00f3s carro e moto baterem de frente no interior do RN - Taveira Jr","robots":{"index":"index","follow":"follow","max-snippet":"max-snippet:-1","max-image-preview":"max-image-preview:large","max-video-preview":"max-video-preview:-1"},"canonical":"https:\/\/deputadotaveirajr.com.br\/index.php\/pai-e-filho-morrem-apos-carro-e-moto-baterem-de-frente-no-interior-do-rn\/","og_locale":"pt_BR","og_type":"article","og_title":"Pai e filho morrem ap\u00f3s carro e moto baterem de frente no interior do RN - Taveira Jr","og_description":"Caso aconteceu na tarde de domingo (19) na rodovia RN-117, em Paran\u00e1, no Alto Oeste potiguar. Causa do acidente ser\u00e1 investigada pela Pol\u00edcia Civil. Moto onde estavam pai e filho ...","og_url":"https:\/\/deputadotaveirajr.com.br\/index.php\/pai-e-filho-morrem-apos-carro-e-moto-baterem-de-frente-no-interior-do-rn\/","og_site_name":"Taveira Jr","og_image":[{"width":720,"height":720,"url":"https:\/\/deputadotaveirajr.com.br\/wp-content\/uploads\/2024\/05\/whatsapp-image-2024-05-20-at-05.20.02-pIbbT0.jpeg","type":"image\/jpeg"}],"twitter_card":"summary_large_image","twitter_misc":{"Est. tempo de leitura":"1 minuto"},"schema":{"@context":"https:\/\/schema.org","@graph":[{"@type":"WebPage","@id":"https:\/\/deputadotaveirajr.com.br\/index.php\/pai-e-filho-morrem-apos-carro-e-moto-baterem-de-frente-no-interior-do-rn\/","url":"https:\/\/deputadotaveirajr.com.br\/index.php\/pai-e-filho-morrem-apos-carro-e-moto-baterem-de-frente-no-interior-do-rn\/","name":"Pai e filho morrem ap\u00f3s carro e moto baterem de frente no interior do RN - Taveira Jr","isPartOf":{"@id":"https:\/\/deputadotaveirajr.com.br\/#website"},"primaryImageOfPage":{"@id":"https:\/\/deputadotaveirajr.com.br\/index.php\/pai-e-filho-morrem-apos-carro-e-moto-baterem-de-frente-no-interior-do-rn\/#primaryimage"},"image":{"@id":"https:\/\/deputadotaveirajr.com.br\/index.php\/pai-e-filho-morrem-apos-carro-e-moto-baterem-de-frente-no-interior-do-rn\/#primaryimage"},"thumbnailUrl":"https:\/\/deputadotaveirajr.com.br\/wp-content\/uploads\/2024\/05\/whatsapp-image-2024-05-20-at-05.20.02-pIbbT0.jpeg","datePublished":"2024-05-20T13:47:07+00:00","breadcrumb":{"@id":"https:\/\/deputadotaveirajr.com.br\/index.php\/pai-e-filho-morrem-apos-carro-e-moto-baterem-de-frente-no-interior-do-rn\/#breadcrumb"},"inLanguage":"pt-BR","potentialAction":[{"@type":"ReadAction","target":["https:\/\/deputadotaveirajr.com.br\/index.php\/pai-e-filho-morrem-apos-carro-e-moto-baterem-de-frente-no-interior-do-rn\/"]}]},{"@type":"ImageObject","inLanguage":"pt-BR","@id":"https:\/\/deputadotaveirajr.com.br\/index.php\/pai-e-filho-morrem-apos-carro-e-moto-baterem-de-frente-no-interior-do-rn\/#primaryimage","url":"https:\/\/deputadotaveirajr.com.br\/wp-content\/uploads\/2024\/05\/whatsapp-image-2024-05-20-at-05.20.02-pIbbT0.jpeg","contentUrl":"https:\/\/deputadotaveirajr.com.br\/wp-content\/uploads\/2024\/05\/whatsapp-image-2024-05-20-at-05.20.02-pIbbT0.jpeg","width":720,"height":720},{"@type":"BreadcrumbList","@id":"https:\/\/deputadotaveirajr.com.br\/index.php\/pai-e-filho-morrem-apos-carro-e-moto-baterem-de-frente-no-interior-do-rn\/#breadcrumb","itemListElement":[{"@type":"ListItem","position":1,"name":"In\u00edcio","item":"https:\/\/deputadotaveirajr.com.br\/"},{"@type":"ListItem","position":2,"name":"Pai e filho morrem ap\u00f3s carro e moto baterem de frente no interior do RN"}]},{"@type":"WebSite","@id":"https:\/\/deputadotaveirajr.com.br\/#website","url":"https:\/\/deputadotaveirajr.com.br\/","name":"Taveira Jr","description":"Deputado Estadual","publisher":{"@id":"https:\/\/deputadotaveirajr.com.br\/#organization"},"potentialAction":[{"@type":"SearchAction","target":{"@type":"EntryPoint","urlTemplate":"https:\/\/deputadotaveirajr.com.br\/?s={search_term_string}"},"query-input":{"@type":"PropertyValueSpecification","valueRequired":true,"valueName":"search_term_string"}}],"inLanguage":"pt-BR"},{"@type":"Organization","@id":"https:\/\/deputadotaveirajr.com.br\/#organization","name":"Taveira Jr","url":"https:\/\/deputadotaveirajr.com.br\/","logo":{"@type":"ImageObject","inLanguage":"pt-BR","@id":"https:\/\/deputadotaveirajr.com.br\/#\/schema\/logo\/image\/","url":"https:\/\/deputadotaveirajr.com.br\/wp-content\/uploads\/2026\/01\/logolow2a.png","contentUrl":"https:\/\/deputadotaveirajr.com.br\/wp-content\/uploads\/2026\/01\/logolow2a.png","width":290,"height":80,"caption":"Taveira Jr"},"image":{"@id":"https:\/\/deputadotaveirajr.com.br\/#\/schema\/logo\/image\/"}}]}},"_links":{"self":[{"href":"https:\/\/deputadotaveirajr.com.br\/index.php\/wp-json\/wp\/v2\/pages\/6318","targetHints":{"allow":["GET"]}}],"collection":[{"href":"https:\/\/deputadotaveirajr.com.br\/index.php\/wp-json\/wp\/v2\/pages"}],"about":[{"href":"https:\/\/deputadotaveirajr.com.br\/index.php\/wp-json\/wp\/v2\/types\/page"}],"replies":[{"embeddable":true,"href":"https:\/\/deputadotaveirajr.com.br\/index.php\/wp-json\/wp\/v2\/comments?post=6318"}],"version-history":[{"count":1,"href":"https:\/\/deputadotaveirajr.com.br\/index.php\/wp-json\/wp\/v2\/pages\/6318\/revisions"}],"predecessor-version":[{"id":6320,"href":"https:\/\/deputadotaveirajr.com.br\/index.php\/wp-json\/wp\/v2\/pages\/6318\/revisions\/6320"}],"wp:featuredmedia":[{"embeddable":true,"href":"https:\/\/deputadotaveirajr.com.br\/index.php\/wp-json\/wp\/v2\/media\/6319"}],"wp:attachment":[{"href":"https:\/\/deputadotaveirajr.com.br\/index.php\/wp-json\/wp\/v2\/media?parent=6318"}],"curies":[{"name":"wp","href":"https:\/\/api.w.org\/{rel}","templated":true}]}}

Pai e filho morrem após carro e moto baterem de frente no interior do RN

<p>     Caso aconteceu na tarde de domingo (19) na rodovia RN-117, em Paraná, no Alto Oeste potiguar. Causa do acidente será investigada pela Polícia Civil. Moto onde estavam pai e filho que morreram em acidente no município do Paraná, no Alto Oeste potiguar<br />
Cedida<br />
Pai e filho morreram em um acidente que aconteceu na tarde deste domingo (19) na RN-117, no município de Paraná, no Alto Oeste potiguar. As vítimas estavam em uma moto que bateu de frente com um carro.<br />
De acordo com a Polícia Militar, Francisco Alcimar Dantas, de 40 anos, e Yure Rocha Dantas, de 14 anos, não usavam capacetes, não resistiram aos ferimentos, e morreram no local do acidente após a colisão.<br />
O ocupante do carro tipo Cobalt &#8211; usado como táxi &#8211; permaneceu no local e fez teste o etilômetro, que não constatou uso de bebidas alcoólicas. O motorista prestou depoimento na delegacia de Alexandria, também no Alto Oeste.<br />
Ainda segundo a PM, as causas do acidente serão apuradas pela Polícia Civil de Alexandria.<br />
Veja os vídeos mais assistidos no g1 RN</p>

<p>Caso aconteceu na tarde de domingo (19) na rodovia RN-117, em Paraná, no Alto Oeste potiguar. Causa do acidente será investigada pela Polícia Civil. Moto onde estavam pai e filho &#8230;</p>

<!-- This site is optimized with the Yoast SEO plugin v27.1.1 - https://yoast.com/product/yoast-seo-wordpress/ -->
<title>Pai e filho morrem após carro e moto baterem de frente no interior do RN - Taveira Jr</title>
<meta name="robots" content="index, follow, max-snippet:-1, max-image-preview:large, max-video-preview:-1" />
<link rel="canonical" href="https://deputadotaveirajr.com.br/index.php/pai-e-filho-morrem-apos-carro-e-moto-baterem-de-frente-no-interior-do-rn/" />
<meta property="og:locale" content="pt_BR" />
<meta property="og:type" content="article" />
<meta property="og:title" content="Pai e filho morrem após carro e moto baterem de frente no interior do RN - Taveira Jr" />
<meta property="og:description" content="Caso aconteceu na tarde de domingo (19) na rodovia RN-117, em Paraná, no Alto Oeste potiguar. Causa do acidente será investigada pela Polícia Civil. Moto onde estavam pai e filho ..." />
<meta property="og:url" content="https://deputadotaveirajr.com.br/index.php/pai-e-filho-morrem-apos-carro-e-moto-baterem-de-frente-no-interior-do-rn/" />
<meta property="og:site_name" content="Taveira Jr" />
<meta property="og:image" content="https://deputadotaveirajr.com.br/wp-content/uploads/2024/05/whatsapp-image-2024-05-20-at-05.20.02-pIbbT0.jpeg" />
	<meta property="og:image:width" content="720" />
	<meta property="og:image:height" content="720" />
	<meta property="og:image:type" content="image/jpeg" />
<meta name="twitter:card" content="summary_large_image" />
<meta name="twitter:label1" content="Est. tempo de leitura" />
	<meta name="twitter:data1" content="1 minuto" />
<script type="application/ld+json" class="yoast-schema-graph">{"@context":"https://schema.org","@graph":[{"@type":"WebPage","@id":"https://deputadotaveirajr.com.br/index.php/pai-e-filho-morrem-apos-carro-e-moto-baterem-de-frente-no-interior-do-rn/","url":"https://deputadotaveirajr.com.br/index.php/pai-e-filho-morrem-apos-carro-e-moto-baterem-de-frente-no-interior-do-rn/","name":"Pai e filho morrem após carro e moto baterem de frente no interior do RN - Taveira Jr","isPartOf":{"@id":"https://deputadotaveirajr.com.br/#website"},"primaryImageOfPage":{"@id":"https://deputadotaveirajr.com.br/index.php/pai-e-filho-morrem-apos-carro-e-moto-baterem-de-frente-no-interior-do-rn/#primaryimage"},"image":{"@id":"https://deputadotaveirajr.com.br/index.php/pai-e-filho-morrem-apos-carro-e-moto-baterem-de-frente-no-interior-do-rn/#primaryimage"},"thumbnailUrl":"https://deputadotaveirajr.com.br/wp-content/uploads/2024/05/whatsapp-image-2024-05-20-at-05.20.02-pIbbT0.jpeg","datePublished":"2024-05-20T13:47:07+00:00","breadcrumb":{"@id":"https://deputadotaveirajr.com.br/index.php/pai-e-filho-morrem-apos-carro-e-moto-baterem-de-frente-no-interior-do-rn/#breadcrumb"},"inLanguage":"pt-BR","potentialAction":[{"@type":"ReadAction","target":["https://deputadotaveirajr.com.br/index.php/pai-e-filho-morrem-apos-carro-e-moto-baterem-de-frente-no-interior-do-rn/"]}]},{"@type":"ImageObject","inLanguage":"pt-BR","@id":"https://deputadotaveirajr.com.br/index.php/pai-e-filho-morrem-apos-carro-e-moto-baterem-de-frente-no-interior-do-rn/#primaryimage","url":"https://deputadotaveirajr.com.br/wp-content/uploads/2024/05/whatsapp-image-2024-05-20-at-05.20.02-pIbbT0.jpeg","contentUrl":"https://deputadotaveirajr.com.br/wp-content/uploads/2024/05/whatsapp-image-2024-05-20-at-05.20.02-pIbbT0.jpeg","width":720,"height":720},{"@type":"BreadcrumbList","@id":"https://deputadotaveirajr.com.br/index.php/pai-e-filho-morrem-apos-carro-e-moto-baterem-de-frente-no-interior-do-rn/#breadcrumb","itemListElement":[{"@type":"ListItem","position":1,"name":"Início","item":"https://deputadotaveirajr.com.br/"},{"@type":"ListItem","position":2,"name":"Pai e filho morrem após carro e moto baterem de frente no interior do RN"}]},{"@type":"WebSite","@id":"https://deputadotaveirajr.com.br/#website","url":"https://deputadotaveirajr.com.br/","name":"Taveira Jr","description":"Deputado Estadual","publisher":{"@id":"https://deputadotaveirajr.com.br/#organization"},"potentialAction":[{"@type":"SearchAction","target":{"@type":"EntryPoint","urlTemplate":"https://deputadotaveirajr.com.br/?s={search_term_string}"},"query-input":{"@type":"PropertyValueSpecification","valueRequired":true,"valueName":"search_term_string"}}],"inLanguage":"pt-BR"},{"@type":"Organization","@id":"https://deputadotaveirajr.com.br/#organization","name":"Taveira Jr","url":"https://deputadotaveirajr.com.br/","logo":{"@type":"ImageObject","inLanguage":"pt-BR","@id":"https://deputadotaveirajr.com.br/#/schema/logo/image/","url":"https://deputadotaveirajr.com.br/wp-content/uploads/2026/01/logolow2a.png","contentUrl":"https://deputadotaveirajr.com.br/wp-content/uploads/2026/01/logolow2a.png","width":290,"height":80,"caption":"Taveira Jr"},"image":{"@id":"https://deputadotaveirajr.com.br/#/schema/logo/image/"}}]}</script>
<!-- / Yoast SEO plugin. -->

Pai e filho morrem após carro e moto baterem de frente no interior do RN - Taveira Jr

Caso aconteceu na tarde de domingo (19) na rodovia RN-117, em Paraná, no Alto Oeste potiguar. Causa do acidente será investigada pela Polícia Civil. Moto onde estavam pai e filho ...

Início
