{"id":6369,"date":"2024-05-21T18:58:20","date_gmt":"2024-05-21T21:58:20","guid":{"rendered":"https:\/\/deputadotaveirajr.com.br\/?page_id=6369"},"modified":"2024-05-21T18:58:20","modified_gmt":"2024-05-21T21:58:20","slug":"imposto-de-renda-32-dos-contribuintes-do-rn-ainda-nao-fizeram-a-declaracao","status":"publish","type":"page","link":"https:\/\/deputadotaveirajr.com.br\/index.php\/imposto-de-renda-32-dos-contribuintes-do-rn-ainda-nao-fizeram-a-declaracao\/","title":{"rendered":"Imposto de Renda: 32% dos contribuintes do RN ainda n\u00e3o fizeram a declara\u00e7\u00e3o"},"content":{"rendered":"<p>     Prazo termina em 31 de maio. S\u00e3o esperadas 438.968 declara\u00e7\u00f5es no Rio Grande do Norte. Imposto de Renda<br \/>\nLUIS LIMA JR\/FOTOARENA\/FOTOARENA\/ESTAD\u00c3O CONTE\u00daDO<br \/>\nO prazo para a declara\u00e7\u00e3o do Imposto de Renda Pessoa F\u00edsica (IRPF) de 2024 termina no dia 31 de maio e no Rio Grande do Norte pelo menos 32% dos contribuintes ainda n\u00e3o prestaram contas \u00e0 Receita Federal.<br \/>\nSegundo a Receita Federal, s\u00e3o esperadas 438.968 declara\u00e7\u00f5es no Rio Grande do Norte. At\u00e9 \u00e0s 15h desta ter\u00e7a-feira (21), 297.325 foram entregues.<br \/>\nEm todo o pa\u00eds s\u00e3o esperadas 43 milh\u00f5es de documentos.<br \/>\nImposto de Renda 2024: o que acontece se eu n\u00e3o declarar?<br \/>\nQuem n\u00e3o enviar dentro do prazo fixado, est\u00e1 sujeito a uma multa m\u00ednima de R$ 165,74 e valor m\u00e1ximo correspondente a 20% do Imposto sobre a Renda devido.<br \/>\nQuem \u00e9 obrigado a declarar o Imposto de Renda em 2024<br \/>\nquem recebeu rendimentos tribut\u00e1veis acima de R$ 30.639,90 em 2023. O valor \u00e9 um pouco maior do que o da declara\u00e7\u00e3o do IR do ano passado (R$ 28.559,70) por conta da amplia\u00e7\u00e3o da faixa de isen\u00e7\u00e3o desde maio do ano passado;<br \/>\ncontribuintes que receberam rendimentos isentos, n\u00e3o-tribut\u00e1veis ou tributados exclusivamente na fonte, cuja soma tenha sido superior a R$ 200 mil no ano passado;<br \/>\nquem obteve, em qualquer m\u00eas de 2023, ganho de capital na aliena\u00e7\u00e3o de bens ou direitos, sujeito \u00e0 incid\u00eancia do imposto, ou realizou opera\u00e7\u00f5es em bolsas de valores, de mercadorias, de futuros e assemelhadas cuja soma foi superior a R$ 40 mil, ou com apura\u00e7\u00e3o de ganhos l\u00edquidos sujeitas \u00e0 incid\u00eancia do imposto;<br \/>\nquem teve isen\u00e7\u00e3o de imposto sobre o ganho de capital na venda de im\u00f3veis residenciais, seguido de aquisi\u00e7\u00e3o de outro im\u00f3vel residencial no prazo de 180 dias;<br \/>\nquem teve, em 2023, receita bruta em valor superior a R$ 153.199,50 em atividade rural (contra R$ R$ 142.798,50 em 2022);<br \/>\nquem tinha, at\u00e9 31 de dezembro de 2023, a posse ou a propriedade de bens ou direitos, inclusive terra nua, de valor total superior a R$ 800 mil (contra R$ 300 mil em 2022);<br \/>\nquem passou para a condi\u00e7\u00e3o de residente no Brasil em qualquer m\u00eas e se encontrava nessa condi\u00e7\u00e3o at\u00e9 31 de dezembro de 2023;<br \/>\nquem optou por declarar os bens, direitos e obriga\u00e7\u00f5es detidos pela entidade controlada, direta ou indireta, no exterior como se fossem detidos diretamente pela pessoa f\u00edsica;<br \/>\nPossui trust no exterior;<br \/>\nDeseja atualizar bens no exterior.<\/p>","protected":false},"excerpt":{"rendered":"<p>Prazo termina em 31 de maio. S\u00e3o esperadas 438.968 declara\u00e7\u00f5es no Rio Grande do Norte. Imposto de Renda LUIS LIMA JR\/FOTOARENA\/FOTOARENA\/ESTAD\u00c3O CONTE\u00daDO O prazo para a declara\u00e7\u00e3o do Imposto de &#8230;<\/p>\n","protected":false},"author":0,"featured_media":0,"parent":0,"menu_order":0,"comment_status":"closed","ping_status":"closed","template":"","meta":{"footnotes":""},"class_list":["post-6369","page","type-page","status-publish","hentry"],"yoast_head":"<!-- This site is optimized with the Yoast SEO plugin v27.1.1 - https:\/\/yoast.com\/product\/yoast-seo-wordpress\/ -->\n<title>Imposto de Renda: 32% dos contribuintes do RN ainda n\u00e3o fizeram a declara\u00e7\u00e3o - Taveira Jr<\/title>\n<meta name=\"robots\" content=\"index, follow, max-snippet:-1, max-image-preview:large, max-video-preview:-1\" \/>\n<link rel=\"canonical\" href=\"https:\/\/deputadotaveirajr.com.br\/index.php\/imposto-de-renda-32-dos-contribuintes-do-rn-ainda-nao-fizeram-a-declaracao\/\" \/>\n<meta property=\"og:locale\" content=\"pt_BR\" \/>\n<meta property=\"og:type\" content=\"article\" \/>\n<meta property=\"og:title\" content=\"Imposto de Renda: 32% dos contribuintes do RN ainda n\u00e3o fizeram a declara\u00e7\u00e3o - Taveira Jr\" \/>\n<meta property=\"og:description\" content=\"Prazo termina em 31 de maio. S\u00e3o esperadas 438.968 declara\u00e7\u00f5es no Rio Grande do Norte. Imposto de Renda LUIS LIMA JR\/FOTOARENA\/FOTOARENA\/ESTAD\u00c3O CONTE\u00daDO O prazo para a declara\u00e7\u00e3o do Imposto de ...\" \/>\n<meta property=\"og:url\" content=\"https:\/\/deputadotaveirajr.com.br\/index.php\/imposto-de-renda-32-dos-contribuintes-do-rn-ainda-nao-fizeram-a-declaracao\/\" \/>\n<meta property=\"og:site_name\" content=\"Taveira Jr\" \/>\n<meta name=\"twitter:card\" content=\"summary_large_image\" \/>\n<meta name=\"twitter:label1\" content=\"Est. tempo de leitura\" \/>\n\t<meta name=\"twitter:data1\" content=\"2 minutos\" \/>\n<script type=\"application\/ld+json\" class=\"yoast-schema-graph\">{\"@context\":\"https:\/\/schema.org\",\"@graph\":[{\"@type\":\"WebPage\",\"@id\":\"https:\/\/deputadotaveirajr.com.br\/index.php\/imposto-de-renda-32-dos-contribuintes-do-rn-ainda-nao-fizeram-a-declaracao\/\",\"url\":\"https:\/\/deputadotaveirajr.com.br\/index.php\/imposto-de-renda-32-dos-contribuintes-do-rn-ainda-nao-fizeram-a-declaracao\/\",\"name\":\"Imposto de Renda: 32% dos contribuintes do RN ainda n\u00e3o fizeram a declara\u00e7\u00e3o - Taveira Jr\",\"isPartOf\":{\"@id\":\"https:\/\/deputadotaveirajr.com.br\/#website\"},\"datePublished\":\"2024-05-21T21:58:20+00:00\",\"breadcrumb\":{\"@id\":\"https:\/\/deputadotaveirajr.com.br\/index.php\/imposto-de-renda-32-dos-contribuintes-do-rn-ainda-nao-fizeram-a-declaracao\/#breadcrumb\"},\"inLanguage\":\"pt-BR\",\"potentialAction\":[{\"@type\":\"ReadAction\",\"target\":[\"https:\/\/deputadotaveirajr.com.br\/index.php\/imposto-de-renda-32-dos-contribuintes-do-rn-ainda-nao-fizeram-a-declaracao\/\"]}]},{\"@type\":\"BreadcrumbList\",\"@id\":\"https:\/\/deputadotaveirajr.com.br\/index.php\/imposto-de-renda-32-dos-contribuintes-do-rn-ainda-nao-fizeram-a-declaracao\/#breadcrumb\",\"itemListElement\":[{\"@type\":\"ListItem\",\"position\":1,\"name\":\"In\u00edcio\",\"item\":\"https:\/\/deputadotaveirajr.com.br\/\"},{\"@type\":\"ListItem\",\"position\":2,\"name\":\"Imposto de Renda: 32% dos contribuintes do RN ainda n\u00e3o fizeram a declara\u00e7\u00e3o\"}]},{\"@type\":\"WebSite\",\"@id\":\"https:\/\/deputadotaveirajr.com.br\/#website\",\"url\":\"https:\/\/deputadotaveirajr.com.br\/\",\"name\":\"Taveira Jr\",\"description\":\"Deputado Estadual\",\"publisher\":{\"@id\":\"https:\/\/deputadotaveirajr.com.br\/#organization\"},\"potentialAction\":[{\"@type\":\"SearchAction\",\"target\":{\"@type\":\"EntryPoint\",\"urlTemplate\":\"https:\/\/deputadotaveirajr.com.br\/?s={search_term_string}\"},\"query-input\":{\"@type\":\"PropertyValueSpecification\",\"valueRequired\":true,\"valueName\":\"search_term_string\"}}],\"inLanguage\":\"pt-BR\"},{\"@type\":\"Organization\",\"@id\":\"https:\/\/deputadotaveirajr.com.br\/#organization\",\"name\":\"Taveira Jr\",\"url\":\"https:\/\/deputadotaveirajr.com.br\/\",\"logo\":{\"@type\":\"ImageObject\",\"inLanguage\":\"pt-BR\",\"@id\":\"https:\/\/deputadotaveirajr.com.br\/#\/schema\/logo\/image\/\",\"url\":\"https:\/\/deputadotaveirajr.com.br\/wp-content\/uploads\/2026\/01\/logolow2a.png\",\"contentUrl\":\"https:\/\/deputadotaveirajr.com.br\/wp-content\/uploads\/2026\/01\/logolow2a.png\",\"width\":290,\"height\":80,\"caption\":\"Taveira Jr\"},\"image\":{\"@id\":\"https:\/\/deputadotaveirajr.com.br\/#\/schema\/logo\/image\/\"}}]}<\/script>\n<!-- \/ Yoast SEO plugin. -->","yoast_head_json":{"title":"Imposto de Renda: 32% dos contribuintes do RN ainda n\u00e3o fizeram a declara\u00e7\u00e3o - Taveira Jr","robots":{"index":"index","follow":"follow","max-snippet":"max-snippet:-1","max-image-preview":"max-image-preview:large","max-video-preview":"max-video-preview:-1"},"canonical":"https:\/\/deputadotaveirajr.com.br\/index.php\/imposto-de-renda-32-dos-contribuintes-do-rn-ainda-nao-fizeram-a-declaracao\/","og_locale":"pt_BR","og_type":"article","og_title":"Imposto de Renda: 32% dos contribuintes do RN ainda n\u00e3o fizeram a declara\u00e7\u00e3o - Taveira Jr","og_description":"Prazo termina em 31 de maio. S\u00e3o esperadas 438.968 declara\u00e7\u00f5es no Rio Grande do Norte. Imposto de Renda LUIS LIMA JR\/FOTOARENA\/FOTOARENA\/ESTAD\u00c3O CONTE\u00daDO O prazo para a declara\u00e7\u00e3o do Imposto de ...","og_url":"https:\/\/deputadotaveirajr.com.br\/index.php\/imposto-de-renda-32-dos-contribuintes-do-rn-ainda-nao-fizeram-a-declaracao\/","og_site_name":"Taveira Jr","twitter_card":"summary_large_image","twitter_misc":{"Est. tempo de leitura":"2 minutos"},"schema":{"@context":"https:\/\/schema.org","@graph":[{"@type":"WebPage","@id":"https:\/\/deputadotaveirajr.com.br\/index.php\/imposto-de-renda-32-dos-contribuintes-do-rn-ainda-nao-fizeram-a-declaracao\/","url":"https:\/\/deputadotaveirajr.com.br\/index.php\/imposto-de-renda-32-dos-contribuintes-do-rn-ainda-nao-fizeram-a-declaracao\/","name":"Imposto de Renda: 32% dos contribuintes do RN ainda n\u00e3o fizeram a declara\u00e7\u00e3o - Taveira Jr","isPartOf":{"@id":"https:\/\/deputadotaveirajr.com.br\/#website"},"datePublished":"2024-05-21T21:58:20+00:00","breadcrumb":{"@id":"https:\/\/deputadotaveirajr.com.br\/index.php\/imposto-de-renda-32-dos-contribuintes-do-rn-ainda-nao-fizeram-a-declaracao\/#breadcrumb"},"inLanguage":"pt-BR","potentialAction":[{"@type":"ReadAction","target":["https:\/\/deputadotaveirajr.com.br\/index.php\/imposto-de-renda-32-dos-contribuintes-do-rn-ainda-nao-fizeram-a-declaracao\/"]}]},{"@type":"BreadcrumbList","@id":"https:\/\/deputadotaveirajr.com.br\/index.php\/imposto-de-renda-32-dos-contribuintes-do-rn-ainda-nao-fizeram-a-declaracao\/#breadcrumb","itemListElement":[{"@type":"ListItem","position":1,"name":"In\u00edcio","item":"https:\/\/deputadotaveirajr.com.br\/"},{"@type":"ListItem","position":2,"name":"Imposto de Renda: 32% dos contribuintes do RN ainda n\u00e3o fizeram a declara\u00e7\u00e3o"}]},{"@type":"WebSite","@id":"https:\/\/deputadotaveirajr.com.br\/#website","url":"https:\/\/deputadotaveirajr.com.br\/","name":"Taveira Jr","description":"Deputado Estadual","publisher":{"@id":"https:\/\/deputadotaveirajr.com.br\/#organization"},"potentialAction":[{"@type":"SearchAction","target":{"@type":"EntryPoint","urlTemplate":"https:\/\/deputadotaveirajr.com.br\/?s={search_term_string}"},"query-input":{"@type":"PropertyValueSpecification","valueRequired":true,"valueName":"search_term_string"}}],"inLanguage":"pt-BR"},{"@type":"Organization","@id":"https:\/\/deputadotaveirajr.com.br\/#organization","name":"Taveira Jr","url":"https:\/\/deputadotaveirajr.com.br\/","logo":{"@type":"ImageObject","inLanguage":"pt-BR","@id":"https:\/\/deputadotaveirajr.com.br\/#\/schema\/logo\/image\/","url":"https:\/\/deputadotaveirajr.com.br\/wp-content\/uploads\/2026\/01\/logolow2a.png","contentUrl":"https:\/\/deputadotaveirajr.com.br\/wp-content\/uploads\/2026\/01\/logolow2a.png","width":290,"height":80,"caption":"Taveira Jr"},"image":{"@id":"https:\/\/deputadotaveirajr.com.br\/#\/schema\/logo\/image\/"}}]}},"_links":{"self":[{"href":"https:\/\/deputadotaveirajr.com.br\/index.php\/wp-json\/wp\/v2\/pages\/6369","targetHints":{"allow":["GET"]}}],"collection":[{"href":"https:\/\/deputadotaveirajr.com.br\/index.php\/wp-json\/wp\/v2\/pages"}],"about":[{"href":"https:\/\/deputadotaveirajr.com.br\/index.php\/wp-json\/wp\/v2\/types\/page"}],"replies":[{"embeddable":true,"href":"https:\/\/deputadotaveirajr.com.br\/index.php\/wp-json\/wp\/v2\/comments?post=6369"}],"version-history":[{"count":1,"href":"https:\/\/deputadotaveirajr.com.br\/index.php\/wp-json\/wp\/v2\/pages\/6369\/revisions"}],"predecessor-version":[{"id":6372,"href":"https:\/\/deputadotaveirajr.com.br\/index.php\/wp-json\/wp\/v2\/pages\/6369\/revisions\/6372"}],"wp:attachment":[{"href":"https:\/\/deputadotaveirajr.com.br\/index.php\/wp-json\/wp\/v2\/media?parent=6369"}],"curies":[{"name":"wp","href":"https:\/\/api.w.org\/{rel}","templated":true}]}}

Imposto de Renda: 32% dos contribuintes do RN ainda não fizeram a declaração

<p>     Prazo termina em 31 de maio. São esperadas 438.968 declarações no Rio Grande do Norte. Imposto de Renda<br />
LUIS LIMA JR/FOTOARENA/FOTOARENA/ESTADÃO CONTEÚDO<br />
O prazo para a declaração do Imposto de Renda Pessoa Física (IRPF) de 2024 termina no dia 31 de maio e no Rio Grande do Norte pelo menos 32% dos contribuintes ainda não prestaram contas à Receita Federal.<br />
Segundo a Receita Federal, são esperadas 438.968 declarações no Rio Grande do Norte. Até às 15h desta terça-feira (21), 297.325 foram entregues.<br />
Em todo o país são esperadas 43 milhões de documentos.<br />
Imposto de Renda 2024: o que acontece se eu não declarar?<br />
Quem não enviar dentro do prazo fixado, está sujeito a uma multa mínima de R$ 165,74 e valor máximo correspondente a 20% do Imposto sobre a Renda devido.<br />
Quem é obrigado a declarar o Imposto de Renda em 2024<br />
quem recebeu rendimentos tributáveis acima de R$ 30.639,90 em 2023. O valor é um pouco maior do que o da declaração do IR do ano passado (R$ 28.559,70) por conta da ampliação da faixa de isenção desde maio do ano passado;<br />
contribuintes que receberam rendimentos isentos, não-tributáveis ou tributados exclusivamente na fonte, cuja soma tenha sido superior a R$ 200 mil no ano passado;<br />
quem obteve, em qualquer mês de 2023, ganho de capital na alienação de bens ou direitos, sujeito à incidência do imposto, ou realizou operações em bolsas de valores, de mercadorias, de futuros e assemelhadas cuja soma foi superior a R$ 40 mil, ou com apuração de ganhos líquidos sujeitas à incidência do imposto;<br />
quem teve isenção de imposto sobre o ganho de capital na venda de imóveis residenciais, seguido de aquisição de outro imóvel residencial no prazo de 180 dias;<br />
quem teve, em 2023, receita bruta em valor superior a R$ 153.199,50 em atividade rural (contra R$ R$ 142.798,50 em 2022);<br />
quem tinha, até 31 de dezembro de 2023, a posse ou a propriedade de bens ou direitos, inclusive terra nua, de valor total superior a R$ 800 mil (contra R$ 300 mil em 2022);<br />
quem passou para a condição de residente no Brasil em qualquer mês e se encontrava nessa condição até 31 de dezembro de 2023;<br />
quem optou por declarar os bens, direitos e obrigações detidos pela entidade controlada, direta ou indireta, no exterior como se fossem detidos diretamente pela pessoa física;<br />
Possui trust no exterior;<br />
Deseja atualizar bens no exterior.</p>

<p>Prazo termina em 31 de maio. São esperadas 438.968 declarações no Rio Grande do Norte. Imposto de Renda LUIS LIMA JR/FOTOARENA/FOTOARENA/ESTADÃO CONTEÚDO O prazo para a declaração do Imposto de &#8230;</p>

<!-- This site is optimized with the Yoast SEO plugin v27.1.1 - https://yoast.com/product/yoast-seo-wordpress/ -->
<title>Imposto de Renda: 32% dos contribuintes do RN ainda não fizeram a declaração - Taveira Jr</title>
<meta name="robots" content="index, follow, max-snippet:-1, max-image-preview:large, max-video-preview:-1" />
<link rel="canonical" href="https://deputadotaveirajr.com.br/index.php/imposto-de-renda-32-dos-contribuintes-do-rn-ainda-nao-fizeram-a-declaracao/" />
<meta property="og:locale" content="pt_BR" />
<meta property="og:type" content="article" />
<meta property="og:title" content="Imposto de Renda: 32% dos contribuintes do RN ainda não fizeram a declaração - Taveira Jr" />
<meta property="og:description" content="Prazo termina em 31 de maio. São esperadas 438.968 declarações no Rio Grande do Norte. Imposto de Renda LUIS LIMA JR/FOTOARENA/FOTOARENA/ESTADÃO CONTEÚDO O prazo para a declaração do Imposto de ..." />
<meta property="og:url" content="https://deputadotaveirajr.com.br/index.php/imposto-de-renda-32-dos-contribuintes-do-rn-ainda-nao-fizeram-a-declaracao/" />
<meta property="og:site_name" content="Taveira Jr" />
<meta name="twitter:card" content="summary_large_image" />
<meta name="twitter:label1" content="Est. tempo de leitura" />
	<meta name="twitter:data1" content="2 minutos" />
<script type="application/ld+json" class="yoast-schema-graph">{"@context":"https://schema.org","@graph":[{"@type":"WebPage","@id":"https://deputadotaveirajr.com.br/index.php/imposto-de-renda-32-dos-contribuintes-do-rn-ainda-nao-fizeram-a-declaracao/","url":"https://deputadotaveirajr.com.br/index.php/imposto-de-renda-32-dos-contribuintes-do-rn-ainda-nao-fizeram-a-declaracao/","name":"Imposto de Renda: 32% dos contribuintes do RN ainda não fizeram a declaração - Taveira Jr","isPartOf":{"@id":"https://deputadotaveirajr.com.br/#website"},"datePublished":"2024-05-21T21:58:20+00:00","breadcrumb":{"@id":"https://deputadotaveirajr.com.br/index.php/imposto-de-renda-32-dos-contribuintes-do-rn-ainda-nao-fizeram-a-declaracao/#breadcrumb"},"inLanguage":"pt-BR","potentialAction":[{"@type":"ReadAction","target":["https://deputadotaveirajr.com.br/index.php/imposto-de-renda-32-dos-contribuintes-do-rn-ainda-nao-fizeram-a-declaracao/"]}]},{"@type":"BreadcrumbList","@id":"https://deputadotaveirajr.com.br/index.php/imposto-de-renda-32-dos-contribuintes-do-rn-ainda-nao-fizeram-a-declaracao/#breadcrumb","itemListElement":[{"@type":"ListItem","position":1,"name":"Início","item":"https://deputadotaveirajr.com.br/"},{"@type":"ListItem","position":2,"name":"Imposto de Renda: 32% dos contribuintes do RN ainda não fizeram a declaração"}]},{"@type":"WebSite","@id":"https://deputadotaveirajr.com.br/#website","url":"https://deputadotaveirajr.com.br/","name":"Taveira Jr","description":"Deputado Estadual","publisher":{"@id":"https://deputadotaveirajr.com.br/#organization"},"potentialAction":[{"@type":"SearchAction","target":{"@type":"EntryPoint","urlTemplate":"https://deputadotaveirajr.com.br/?s={search_term_string}"},"query-input":{"@type":"PropertyValueSpecification","valueRequired":true,"valueName":"search_term_string"}}],"inLanguage":"pt-BR"},{"@type":"Organization","@id":"https://deputadotaveirajr.com.br/#organization","name":"Taveira Jr","url":"https://deputadotaveirajr.com.br/","logo":{"@type":"ImageObject","inLanguage":"pt-BR","@id":"https://deputadotaveirajr.com.br/#/schema/logo/image/","url":"https://deputadotaveirajr.com.br/wp-content/uploads/2026/01/logolow2a.png","contentUrl":"https://deputadotaveirajr.com.br/wp-content/uploads/2026/01/logolow2a.png","width":290,"height":80,"caption":"Taveira Jr"},"image":{"@id":"https://deputadotaveirajr.com.br/#/schema/logo/image/"}}]}</script>
<!-- / Yoast SEO plugin. -->

Imposto de Renda: 32% dos contribuintes do RN ainda não fizeram a declaração - Taveira Jr

Prazo termina em 31 de maio. São esperadas 438.968 declarações no Rio Grande do Norte. Imposto de Renda LUIS LIMA JR/FOTOARENA/FOTOARENA/ESTADÃO CONTEÚDO O prazo para a declaração do Imposto de ...

Início
