{"id":6389,"date":"2024-05-22T15:31:18","date_gmt":"2024-05-22T18:31:18","guid":{"rendered":"https:\/\/deputadotaveirajr.com.br\/?page_id=6389"},"modified":"2024-05-22T15:31:18","modified_gmt":"2024-05-22T18:31:18","slug":"natal-tera-quatro-novas-estacoes-de-trem-anuncia-cbtu","status":"publish","type":"page","link":"https:\/\/deputadotaveirajr.com.br\/index.php\/natal-tera-quatro-novas-estacoes-de-trem-anuncia-cbtu\/","title":{"rendered":"Natal ter\u00e1 quatro novas esta\u00e7\u00f5es de trem, anuncia CBTU"},"content":{"rendered":"<p>     Edital de licita\u00e7\u00e3o dever\u00e1 ser lan\u00e7ado no pr\u00f3ximo s\u00e1bado (25) na capital potiguar. Estruturas ser\u00e3o constru\u00eddas nas Zonas Oeste e Norte.  Trem trens Natal Rio Grande do Norte CBTU trens urbanos VLT<br \/>\nDivulga\u00e7\u00e3o\/CBTU<br \/>\nNatal vai receber a constru\u00e7\u00e3o de quatro novas esta\u00e7\u00f5es de trem, segundo anunciou a Companhia Brasileira de Trens Urbanos. O lan\u00e7amento do edital de licita\u00e7\u00e3o para as obras deve acontecer no pr\u00f3ximo s\u00e1bado (25).<br \/>\nAs novas esta\u00e7\u00f5es, que receber\u00e3o viagens dos ve\u00edculos leves sobre trilhos (VLTs) ser\u00e3o:<br \/>\nCapit\u00e3o-Mor Gouveia, no bairro Cidade da Esperan\u00e7a, Zona Oeste;<br \/>\nBara\u00fanas, no bairro das Quintas, Zona Oeste;<br \/>\nJo\u00e3o Medeiros, no bairro Potengi, Zona Norte;<br \/>\nSoledade, no bairro de mesmo nome, Zona Norte.<br \/>\nAinda segundo a companhia, o or\u00e7amento liberado para obra \u00e9 de R$ 8 milh\u00f5es, oriundo de uma emenda parlamentar da deputada federal Nat\u00e1lia Bonavides.<br \/>\n&#8220;A partir desse investimento, a mobilidade urbana da Regi\u00e3o Metropolitana de Natal receber\u00e1 melhorias para os mais de 8 mil usu\u00e1rios transportados todos os dias&#8221;, informou.<br \/>\nVeja os v\u00eddeos mais assistidos no g1 RN<\/p>","protected":false},"excerpt":{"rendered":"<p>Edital de licita\u00e7\u00e3o dever\u00e1 ser lan\u00e7ado no pr\u00f3ximo s\u00e1bado (25) na capital potiguar. Estruturas ser\u00e3o constru\u00eddas nas Zonas Oeste e Norte. Trem trens Natal Rio Grande do Norte CBTU trens &#8230;<\/p>\n","protected":false},"author":0,"featured_media":6390,"parent":0,"menu_order":0,"comment_status":"closed","ping_status":"closed","template":"","meta":{"footnotes":""},"class_list":["post-6389","page","type-page","status-publish","has-post-thumbnail","hentry"],"yoast_head":"<!-- This site is optimized with the Yoast SEO plugin v27.1.1 - https:\/\/yoast.com\/product\/yoast-seo-wordpress\/ -->\n<title>Natal ter\u00e1 quatro novas esta\u00e7\u00f5es de trem, anuncia CBTU - Taveira Jr<\/title>\n<meta name=\"robots\" content=\"index, follow, max-snippet:-1, max-image-preview:large, max-video-preview:-1\" \/>\n<link rel=\"canonical\" href=\"https:\/\/deputadotaveirajr.com.br\/index.php\/natal-tera-quatro-novas-estacoes-de-trem-anuncia-cbtu\/\" \/>\n<meta property=\"og:locale\" content=\"pt_BR\" \/>\n<meta property=\"og:type\" content=\"article\" \/>\n<meta property=\"og:title\" content=\"Natal ter\u00e1 quatro novas esta\u00e7\u00f5es de trem, anuncia CBTU - Taveira Jr\" \/>\n<meta property=\"og:description\" content=\"Edital de licita\u00e7\u00e3o dever\u00e1 ser lan\u00e7ado no pr\u00f3ximo s\u00e1bado (25) na capital potiguar. Estruturas ser\u00e3o constru\u00eddas nas Zonas Oeste e Norte. Trem trens Natal Rio Grande do Norte CBTU trens ...\" \/>\n<meta property=\"og:url\" content=\"https:\/\/deputadotaveirajr.com.br\/index.php\/natal-tera-quatro-novas-estacoes-de-trem-anuncia-cbtu\/\" \/>\n<meta property=\"og:site_name\" content=\"Taveira Jr\" \/>\n<meta property=\"og:image\" content=\"https:\/\/deputadotaveirajr.com.br\/wp-content\/uploads\/2024\/05\/whatsapp-image-2018-12-21-at-10.53.55-hgWmlh.jpeg\" \/>\n\t<meta property=\"og:image:width\" content=\"1280\" \/>\n\t<meta property=\"og:image:height\" content=\"853\" \/>\n\t<meta property=\"og:image:type\" content=\"image\/jpeg\" \/>\n<meta name=\"twitter:card\" content=\"summary_large_image\" \/>\n<meta name=\"twitter:label1\" content=\"Est. tempo de leitura\" \/>\n\t<meta name=\"twitter:data1\" content=\"1 minuto\" \/>\n<script type=\"application\/ld+json\" class=\"yoast-schema-graph\">{\"@context\":\"https:\/\/schema.org\",\"@graph\":[{\"@type\":\"WebPage\",\"@id\":\"https:\/\/deputadotaveirajr.com.br\/index.php\/natal-tera-quatro-novas-estacoes-de-trem-anuncia-cbtu\/\",\"url\":\"https:\/\/deputadotaveirajr.com.br\/index.php\/natal-tera-quatro-novas-estacoes-de-trem-anuncia-cbtu\/\",\"name\":\"Natal ter\u00e1 quatro novas esta\u00e7\u00f5es de trem, anuncia CBTU - Taveira Jr\",\"isPartOf\":{\"@id\":\"https:\/\/deputadotaveirajr.com.br\/#website\"},\"primaryImageOfPage\":{\"@id\":\"https:\/\/deputadotaveirajr.com.br\/index.php\/natal-tera-quatro-novas-estacoes-de-trem-anuncia-cbtu\/#primaryimage\"},\"image\":{\"@id\":\"https:\/\/deputadotaveirajr.com.br\/index.php\/natal-tera-quatro-novas-estacoes-de-trem-anuncia-cbtu\/#primaryimage\"},\"thumbnailUrl\":\"https:\/\/deputadotaveirajr.com.br\/wp-content\/uploads\/2024\/05\/whatsapp-image-2018-12-21-at-10.53.55-hgWmlh.jpeg\",\"datePublished\":\"2024-05-22T18:31:18+00:00\",\"breadcrumb\":{\"@id\":\"https:\/\/deputadotaveirajr.com.br\/index.php\/natal-tera-quatro-novas-estacoes-de-trem-anuncia-cbtu\/#breadcrumb\"},\"inLanguage\":\"pt-BR\",\"potentialAction\":[{\"@type\":\"ReadAction\",\"target\":[\"https:\/\/deputadotaveirajr.com.br\/index.php\/natal-tera-quatro-novas-estacoes-de-trem-anuncia-cbtu\/\"]}]},{\"@type\":\"ImageObject\",\"inLanguage\":\"pt-BR\",\"@id\":\"https:\/\/deputadotaveirajr.com.br\/index.php\/natal-tera-quatro-novas-estacoes-de-trem-anuncia-cbtu\/#primaryimage\",\"url\":\"https:\/\/deputadotaveirajr.com.br\/wp-content\/uploads\/2024\/05\/whatsapp-image-2018-12-21-at-10.53.55-hgWmlh.jpeg\",\"contentUrl\":\"https:\/\/deputadotaveirajr.com.br\/wp-content\/uploads\/2024\/05\/whatsapp-image-2018-12-21-at-10.53.55-hgWmlh.jpeg\",\"width\":1280,\"height\":853},{\"@type\":\"BreadcrumbList\",\"@id\":\"https:\/\/deputadotaveirajr.com.br\/index.php\/natal-tera-quatro-novas-estacoes-de-trem-anuncia-cbtu\/#breadcrumb\",\"itemListElement\":[{\"@type\":\"ListItem\",\"position\":1,\"name\":\"In\u00edcio\",\"item\":\"https:\/\/deputadotaveirajr.com.br\/\"},{\"@type\":\"ListItem\",\"position\":2,\"name\":\"Natal ter\u00e1 quatro novas esta\u00e7\u00f5es de trem, anuncia CBTU\"}]},{\"@type\":\"WebSite\",\"@id\":\"https:\/\/deputadotaveirajr.com.br\/#website\",\"url\":\"https:\/\/deputadotaveirajr.com.br\/\",\"name\":\"Taveira Jr\",\"description\":\"Deputado Estadual\",\"publisher\":{\"@id\":\"https:\/\/deputadotaveirajr.com.br\/#organization\"},\"potentialAction\":[{\"@type\":\"SearchAction\",\"target\":{\"@type\":\"EntryPoint\",\"urlTemplate\":\"https:\/\/deputadotaveirajr.com.br\/?s={search_term_string}\"},\"query-input\":{\"@type\":\"PropertyValueSpecification\",\"valueRequired\":true,\"valueName\":\"search_term_string\"}}],\"inLanguage\":\"pt-BR\"},{\"@type\":\"Organization\",\"@id\":\"https:\/\/deputadotaveirajr.com.br\/#organization\",\"name\":\"Taveira Jr\",\"url\":\"https:\/\/deputadotaveirajr.com.br\/\",\"logo\":{\"@type\":\"ImageObject\",\"inLanguage\":\"pt-BR\",\"@id\":\"https:\/\/deputadotaveirajr.com.br\/#\/schema\/logo\/image\/\",\"url\":\"https:\/\/deputadotaveirajr.com.br\/wp-content\/uploads\/2026\/01\/logolow2a.png\",\"contentUrl\":\"https:\/\/deputadotaveirajr.com.br\/wp-content\/uploads\/2026\/01\/logolow2a.png\",\"width\":290,\"height\":80,\"caption\":\"Taveira Jr\"},\"image\":{\"@id\":\"https:\/\/deputadotaveirajr.com.br\/#\/schema\/logo\/image\/\"}}]}<\/script>\n<!-- \/ Yoast SEO plugin. -->","yoast_head_json":{"title":"Natal ter\u00e1 quatro novas esta\u00e7\u00f5es de trem, anuncia CBTU - Taveira Jr","robots":{"index":"index","follow":"follow","max-snippet":"max-snippet:-1","max-image-preview":"max-image-preview:large","max-video-preview":"max-video-preview:-1"},"canonical":"https:\/\/deputadotaveirajr.com.br\/index.php\/natal-tera-quatro-novas-estacoes-de-trem-anuncia-cbtu\/","og_locale":"pt_BR","og_type":"article","og_title":"Natal ter\u00e1 quatro novas esta\u00e7\u00f5es de trem, anuncia CBTU - Taveira Jr","og_description":"Edital de licita\u00e7\u00e3o dever\u00e1 ser lan\u00e7ado no pr\u00f3ximo s\u00e1bado (25) na capital potiguar. Estruturas ser\u00e3o constru\u00eddas nas Zonas Oeste e Norte. Trem trens Natal Rio Grande do Norte CBTU trens ...","og_url":"https:\/\/deputadotaveirajr.com.br\/index.php\/natal-tera-quatro-novas-estacoes-de-trem-anuncia-cbtu\/","og_site_name":"Taveira Jr","og_image":[{"width":1280,"height":853,"url":"https:\/\/deputadotaveirajr.com.br\/wp-content\/uploads\/2024\/05\/whatsapp-image-2018-12-21-at-10.53.55-hgWmlh.jpeg","type":"image\/jpeg"}],"twitter_card":"summary_large_image","twitter_misc":{"Est. tempo de leitura":"1 minuto"},"schema":{"@context":"https:\/\/schema.org","@graph":[{"@type":"WebPage","@id":"https:\/\/deputadotaveirajr.com.br\/index.php\/natal-tera-quatro-novas-estacoes-de-trem-anuncia-cbtu\/","url":"https:\/\/deputadotaveirajr.com.br\/index.php\/natal-tera-quatro-novas-estacoes-de-trem-anuncia-cbtu\/","name":"Natal ter\u00e1 quatro novas esta\u00e7\u00f5es de trem, anuncia CBTU - Taveira Jr","isPartOf":{"@id":"https:\/\/deputadotaveirajr.com.br\/#website"},"primaryImageOfPage":{"@id":"https:\/\/deputadotaveirajr.com.br\/index.php\/natal-tera-quatro-novas-estacoes-de-trem-anuncia-cbtu\/#primaryimage"},"image":{"@id":"https:\/\/deputadotaveirajr.com.br\/index.php\/natal-tera-quatro-novas-estacoes-de-trem-anuncia-cbtu\/#primaryimage"},"thumbnailUrl":"https:\/\/deputadotaveirajr.com.br\/wp-content\/uploads\/2024\/05\/whatsapp-image-2018-12-21-at-10.53.55-hgWmlh.jpeg","datePublished":"2024-05-22T18:31:18+00:00","breadcrumb":{"@id":"https:\/\/deputadotaveirajr.com.br\/index.php\/natal-tera-quatro-novas-estacoes-de-trem-anuncia-cbtu\/#breadcrumb"},"inLanguage":"pt-BR","potentialAction":[{"@type":"ReadAction","target":["https:\/\/deputadotaveirajr.com.br\/index.php\/natal-tera-quatro-novas-estacoes-de-trem-anuncia-cbtu\/"]}]},{"@type":"ImageObject","inLanguage":"pt-BR","@id":"https:\/\/deputadotaveirajr.com.br\/index.php\/natal-tera-quatro-novas-estacoes-de-trem-anuncia-cbtu\/#primaryimage","url":"https:\/\/deputadotaveirajr.com.br\/wp-content\/uploads\/2024\/05\/whatsapp-image-2018-12-21-at-10.53.55-hgWmlh.jpeg","contentUrl":"https:\/\/deputadotaveirajr.com.br\/wp-content\/uploads\/2024\/05\/whatsapp-image-2018-12-21-at-10.53.55-hgWmlh.jpeg","width":1280,"height":853},{"@type":"BreadcrumbList","@id":"https:\/\/deputadotaveirajr.com.br\/index.php\/natal-tera-quatro-novas-estacoes-de-trem-anuncia-cbtu\/#breadcrumb","itemListElement":[{"@type":"ListItem","position":1,"name":"In\u00edcio","item":"https:\/\/deputadotaveirajr.com.br\/"},{"@type":"ListItem","position":2,"name":"Natal ter\u00e1 quatro novas esta\u00e7\u00f5es de trem, anuncia CBTU"}]},{"@type":"WebSite","@id":"https:\/\/deputadotaveirajr.com.br\/#website","url":"https:\/\/deputadotaveirajr.com.br\/","name":"Taveira Jr","description":"Deputado Estadual","publisher":{"@id":"https:\/\/deputadotaveirajr.com.br\/#organization"},"potentialAction":[{"@type":"SearchAction","target":{"@type":"EntryPoint","urlTemplate":"https:\/\/deputadotaveirajr.com.br\/?s={search_term_string}"},"query-input":{"@type":"PropertyValueSpecification","valueRequired":true,"valueName":"search_term_string"}}],"inLanguage":"pt-BR"},{"@type":"Organization","@id":"https:\/\/deputadotaveirajr.com.br\/#organization","name":"Taveira Jr","url":"https:\/\/deputadotaveirajr.com.br\/","logo":{"@type":"ImageObject","inLanguage":"pt-BR","@id":"https:\/\/deputadotaveirajr.com.br\/#\/schema\/logo\/image\/","url":"https:\/\/deputadotaveirajr.com.br\/wp-content\/uploads\/2026\/01\/logolow2a.png","contentUrl":"https:\/\/deputadotaveirajr.com.br\/wp-content\/uploads\/2026\/01\/logolow2a.png","width":290,"height":80,"caption":"Taveira Jr"},"image":{"@id":"https:\/\/deputadotaveirajr.com.br\/#\/schema\/logo\/image\/"}}]}},"_links":{"self":[{"href":"https:\/\/deputadotaveirajr.com.br\/index.php\/wp-json\/wp\/v2\/pages\/6389","targetHints":{"allow":["GET"]}}],"collection":[{"href":"https:\/\/deputadotaveirajr.com.br\/index.php\/wp-json\/wp\/v2\/pages"}],"about":[{"href":"https:\/\/deputadotaveirajr.com.br\/index.php\/wp-json\/wp\/v2\/types\/page"}],"replies":[{"embeddable":true,"href":"https:\/\/deputadotaveirajr.com.br\/index.php\/wp-json\/wp\/v2\/comments?post=6389"}],"version-history":[{"count":1,"href":"https:\/\/deputadotaveirajr.com.br\/index.php\/wp-json\/wp\/v2\/pages\/6389\/revisions"}],"predecessor-version":[{"id":6398,"href":"https:\/\/deputadotaveirajr.com.br\/index.php\/wp-json\/wp\/v2\/pages\/6389\/revisions\/6398"}],"wp:featuredmedia":[{"embeddable":true,"href":"https:\/\/deputadotaveirajr.com.br\/index.php\/wp-json\/wp\/v2\/media\/6390"}],"wp:attachment":[{"href":"https:\/\/deputadotaveirajr.com.br\/index.php\/wp-json\/wp\/v2\/media?parent=6389"}],"curies":[{"name":"wp","href":"https:\/\/api.w.org\/{rel}","templated":true}]}}

Natal terá quatro novas estações de trem, anuncia CBTU

<p>     Edital de licitação deverá ser lançado no próximo sábado (25) na capital potiguar. Estruturas serão construídas nas Zonas Oeste e Norte.  Trem trens Natal Rio Grande do Norte CBTU trens urbanos VLT<br />
Divulgação/CBTU<br />
Natal vai receber a construção de quatro novas estações de trem, segundo anunciou a Companhia Brasileira de Trens Urbanos. O lançamento do edital de licitação para as obras deve acontecer no próximo sábado (25).<br />
As novas estações, que receberão viagens dos veículos leves sobre trilhos (VLTs) serão:<br />
Capitão-Mor Gouveia, no bairro Cidade da Esperança, Zona Oeste;<br />
Baraúnas, no bairro das Quintas, Zona Oeste;<br />
João Medeiros, no bairro Potengi, Zona Norte;<br />
Soledade, no bairro de mesmo nome, Zona Norte.<br />
Ainda segundo a companhia, o orçamento liberado para obra é de R$ 8 milhões, oriundo de uma emenda parlamentar da deputada federal Natália Bonavides.<br />
&#8220;A partir desse investimento, a mobilidade urbana da Região Metropolitana de Natal receberá melhorias para os mais de 8 mil usuários transportados todos os dias&#8221;, informou.<br />
Veja os vídeos mais assistidos no g1 RN</p>

<p>Edital de licitação deverá ser lançado no próximo sábado (25) na capital potiguar. Estruturas serão construídas nas Zonas Oeste e Norte. Trem trens Natal Rio Grande do Norte CBTU trens &#8230;</p>

<!-- This site is optimized with the Yoast SEO plugin v27.1.1 - https://yoast.com/product/yoast-seo-wordpress/ -->
<title>Natal terá quatro novas estações de trem, anuncia CBTU - Taveira Jr</title>
<meta name="robots" content="index, follow, max-snippet:-1, max-image-preview:large, max-video-preview:-1" />
<link rel="canonical" href="https://deputadotaveirajr.com.br/index.php/natal-tera-quatro-novas-estacoes-de-trem-anuncia-cbtu/" />
<meta property="og:locale" content="pt_BR" />
<meta property="og:type" content="article" />
<meta property="og:title" content="Natal terá quatro novas estações de trem, anuncia CBTU - Taveira Jr" />
<meta property="og:description" content="Edital de licitação deverá ser lançado no próximo sábado (25) na capital potiguar. Estruturas serão construídas nas Zonas Oeste e Norte. Trem trens Natal Rio Grande do Norte CBTU trens ..." />
<meta property="og:url" content="https://deputadotaveirajr.com.br/index.php/natal-tera-quatro-novas-estacoes-de-trem-anuncia-cbtu/" />
<meta property="og:site_name" content="Taveira Jr" />
<meta property="og:image" content="https://deputadotaveirajr.com.br/wp-content/uploads/2024/05/whatsapp-image-2018-12-21-at-10.53.55-hgWmlh.jpeg" />
	<meta property="og:image:width" content="1280" />
	<meta property="og:image:height" content="853" />
	<meta property="og:image:type" content="image/jpeg" />
<meta name="twitter:card" content="summary_large_image" />
<meta name="twitter:label1" content="Est. tempo de leitura" />
	<meta name="twitter:data1" content="1 minuto" />
<script type="application/ld+json" class="yoast-schema-graph">{"@context":"https://schema.org","@graph":[{"@type":"WebPage","@id":"https://deputadotaveirajr.com.br/index.php/natal-tera-quatro-novas-estacoes-de-trem-anuncia-cbtu/","url":"https://deputadotaveirajr.com.br/index.php/natal-tera-quatro-novas-estacoes-de-trem-anuncia-cbtu/","name":"Natal terá quatro novas estações de trem, anuncia CBTU - Taveira Jr","isPartOf":{"@id":"https://deputadotaveirajr.com.br/#website"},"primaryImageOfPage":{"@id":"https://deputadotaveirajr.com.br/index.php/natal-tera-quatro-novas-estacoes-de-trem-anuncia-cbtu/#primaryimage"},"image":{"@id":"https://deputadotaveirajr.com.br/index.php/natal-tera-quatro-novas-estacoes-de-trem-anuncia-cbtu/#primaryimage"},"thumbnailUrl":"https://deputadotaveirajr.com.br/wp-content/uploads/2024/05/whatsapp-image-2018-12-21-at-10.53.55-hgWmlh.jpeg","datePublished":"2024-05-22T18:31:18+00:00","breadcrumb":{"@id":"https://deputadotaveirajr.com.br/index.php/natal-tera-quatro-novas-estacoes-de-trem-anuncia-cbtu/#breadcrumb"},"inLanguage":"pt-BR","potentialAction":[{"@type":"ReadAction","target":["https://deputadotaveirajr.com.br/index.php/natal-tera-quatro-novas-estacoes-de-trem-anuncia-cbtu/"]}]},{"@type":"ImageObject","inLanguage":"pt-BR","@id":"https://deputadotaveirajr.com.br/index.php/natal-tera-quatro-novas-estacoes-de-trem-anuncia-cbtu/#primaryimage","url":"https://deputadotaveirajr.com.br/wp-content/uploads/2024/05/whatsapp-image-2018-12-21-at-10.53.55-hgWmlh.jpeg","contentUrl":"https://deputadotaveirajr.com.br/wp-content/uploads/2024/05/whatsapp-image-2018-12-21-at-10.53.55-hgWmlh.jpeg","width":1280,"height":853},{"@type":"BreadcrumbList","@id":"https://deputadotaveirajr.com.br/index.php/natal-tera-quatro-novas-estacoes-de-trem-anuncia-cbtu/#breadcrumb","itemListElement":[{"@type":"ListItem","position":1,"name":"Início","item":"https://deputadotaveirajr.com.br/"},{"@type":"ListItem","position":2,"name":"Natal terá quatro novas estações de trem, anuncia CBTU"}]},{"@type":"WebSite","@id":"https://deputadotaveirajr.com.br/#website","url":"https://deputadotaveirajr.com.br/","name":"Taveira Jr","description":"Deputado Estadual","publisher":{"@id":"https://deputadotaveirajr.com.br/#organization"},"potentialAction":[{"@type":"SearchAction","target":{"@type":"EntryPoint","urlTemplate":"https://deputadotaveirajr.com.br/?s={search_term_string}"},"query-input":{"@type":"PropertyValueSpecification","valueRequired":true,"valueName":"search_term_string"}}],"inLanguage":"pt-BR"},{"@type":"Organization","@id":"https://deputadotaveirajr.com.br/#organization","name":"Taveira Jr","url":"https://deputadotaveirajr.com.br/","logo":{"@type":"ImageObject","inLanguage":"pt-BR","@id":"https://deputadotaveirajr.com.br/#/schema/logo/image/","url":"https://deputadotaveirajr.com.br/wp-content/uploads/2026/01/logolow2a.png","contentUrl":"https://deputadotaveirajr.com.br/wp-content/uploads/2026/01/logolow2a.png","width":290,"height":80,"caption":"Taveira Jr"},"image":{"@id":"https://deputadotaveirajr.com.br/#/schema/logo/image/"}}]}</script>
<!-- / Yoast SEO plugin. -->

Natal terá quatro novas estações de trem, anuncia CBTU - Taveira Jr

Edital de licitação deverá ser lançado no próximo sábado (25) na capital potiguar. Estruturas serão construídas nas Zonas Oeste e Norte. Trem trens Natal Rio Grande do Norte CBTU trens ...

Início
