{"id":6395,"date":"2024-05-22T17:02:59","date_gmt":"2024-05-22T20:02:59","guid":{"rendered":"https:\/\/deputadotaveirajr.com.br\/?page_id=6395"},"modified":"2024-05-22T17:02:59","modified_gmt":"2024-05-22T20:02:59","slug":"policia-prende-homem-apontado-como-integrante-de-grupo-de-exterminio-na-grande-natal","status":"publish","type":"page","link":"https:\/\/deputadotaveirajr.com.br\/index.php\/policia-prende-homem-apontado-como-integrante-de-grupo-de-exterminio-na-grande-natal\/","title":{"rendered":"Pol\u00edcia prende homem apontado como integrante de grupo de exterm\u00ednio na Grande Natal"},"content":{"rendered":"<p>     Pris\u00e3o aconteceu nesta quarta (22) em Extremoz. Pol\u00edcia prende homem apontado como integrante de grupo de exterm\u00ednio em Natal<br \/>\nReprodu\u00e7\u00e3o\/Pol\u00edcia Civil<br \/>\nUm homem apontado pela Pol\u00edcia Civil como integrante de um grupo de exterm\u00ednio foi preso nesta quarta-feira (22) em Extremoz, na Grande Natal.<br \/>\nA pris\u00e3o \u00e9 resultado da segunda fase da &#8220;Opera\u00e7\u00e3o Hydra&#8221;, que investiga as atividades de um grupo de exterm\u00ednio apontado como respons\u00e1vel por diversos assassinatos na Zona Norte de Natal e na Grande Natal.<br \/>\nDurante a primeira fase da opera\u00e7\u00e3o, ocorrida no dia 1\u00ba de abril de 2024, a Pol\u00edcia Civil cumpriu mandados de busca e apreens\u00e3o e quatro mandados de pris\u00e3o contra integrantes deste mesmo grupo de exterm\u00ednio. O homem preso nesta quarta n\u00e3o foi localizado nesta \u00e9poca.<br \/>\nSegundo investiga\u00e7\u00f5es realizadas pela 7\u00aa Delegacia da DHPP, os suspeitos presos s\u00e3o considerados de extrema periculosidade.<br \/>\nDe acordo com a Pol\u00edcia Civil, as investiga\u00e7\u00f5es continuam no intuito de identificar mais integrantes e, assim, desarticular a organiza\u00e7\u00e3o criminosa respons\u00e1vel por v\u00e1rios delitos de homic\u00eddio.<\/p>","protected":false},"excerpt":{"rendered":"<p>Pris\u00e3o aconteceu nesta quarta (22) em Extremoz. Pol\u00edcia prende homem apontado como integrante de grupo de exterm\u00ednio em Natal Reprodu\u00e7\u00e3o\/Pol\u00edcia Civil Um homem apontado pela Pol\u00edcia Civil como integrante de &#8230;<\/p>\n","protected":false},"author":0,"featured_media":6396,"parent":0,"menu_order":0,"comment_status":"closed","ping_status":"closed","template":"","meta":{"footnotes":""},"class_list":["post-6395","page","type-page","status-publish","has-post-thumbnail","hentry"],"yoast_head":"<!-- This site is optimized with the Yoast SEO plugin v27.1.1 - https:\/\/yoast.com\/product\/yoast-seo-wordpress\/ -->\n<title>Pol\u00edcia prende homem apontado como integrante de grupo de exterm\u00ednio na Grande Natal - Taveira Jr<\/title>\n<meta name=\"robots\" content=\"index, follow, max-snippet:-1, max-image-preview:large, max-video-preview:-1\" \/>\n<link rel=\"canonical\" href=\"https:\/\/deputadotaveirajr.com.br\/index.php\/policia-prende-homem-apontado-como-integrante-de-grupo-de-exterminio-na-grande-natal\/\" \/>\n<meta property=\"og:locale\" content=\"pt_BR\" \/>\n<meta property=\"og:type\" content=\"article\" \/>\n<meta property=\"og:title\" content=\"Pol\u00edcia prende homem apontado como integrante de grupo de exterm\u00ednio na Grande Natal - Taveira Jr\" \/>\n<meta property=\"og:description\" content=\"Pris\u00e3o aconteceu nesta quarta (22) em Extremoz. Pol\u00edcia prende homem apontado como integrante de grupo de exterm\u00ednio em Natal Reprodu\u00e7\u00e3o\/Pol\u00edcia Civil Um homem apontado pela Pol\u00edcia Civil como integrante de ...\" \/>\n<meta property=\"og:url\" content=\"https:\/\/deputadotaveirajr.com.br\/index.php\/policia-prende-homem-apontado-como-integrante-de-grupo-de-exterminio-na-grande-natal\/\" \/>\n<meta property=\"og:site_name\" content=\"Taveira Jr\" \/>\n<meta property=\"og:image\" content=\"https:\/\/deputadotaveirajr.com.br\/wp-content\/uploads\/2024\/05\/prisao2-fALusD.jpeg\" \/>\n\t<meta property=\"og:image:width\" content=\"1100\" \/>\n\t<meta property=\"og:image:height\" content=\"609\" \/>\n\t<meta property=\"og:image:type\" content=\"image\/jpeg\" \/>\n<meta name=\"twitter:card\" content=\"summary_large_image\" \/>\n<meta name=\"twitter:label1\" content=\"Est. tempo de leitura\" \/>\n\t<meta name=\"twitter:data1\" content=\"1 minuto\" \/>\n<script type=\"application\/ld+json\" class=\"yoast-schema-graph\">{\"@context\":\"https:\/\/schema.org\",\"@graph\":[{\"@type\":\"WebPage\",\"@id\":\"https:\/\/deputadotaveirajr.com.br\/index.php\/policia-prende-homem-apontado-como-integrante-de-grupo-de-exterminio-na-grande-natal\/\",\"url\":\"https:\/\/deputadotaveirajr.com.br\/index.php\/policia-prende-homem-apontado-como-integrante-de-grupo-de-exterminio-na-grande-natal\/\",\"name\":\"Pol\u00edcia prende homem apontado como integrante de grupo de exterm\u00ednio na Grande Natal - Taveira Jr\",\"isPartOf\":{\"@id\":\"https:\/\/deputadotaveirajr.com.br\/#website\"},\"primaryImageOfPage\":{\"@id\":\"https:\/\/deputadotaveirajr.com.br\/index.php\/policia-prende-homem-apontado-como-integrante-de-grupo-de-exterminio-na-grande-natal\/#primaryimage\"},\"image\":{\"@id\":\"https:\/\/deputadotaveirajr.com.br\/index.php\/policia-prende-homem-apontado-como-integrante-de-grupo-de-exterminio-na-grande-natal\/#primaryimage\"},\"thumbnailUrl\":\"https:\/\/deputadotaveirajr.com.br\/wp-content\/uploads\/2024\/05\/prisao2-fALusD.jpeg\",\"datePublished\":\"2024-05-22T20:02:59+00:00\",\"breadcrumb\":{\"@id\":\"https:\/\/deputadotaveirajr.com.br\/index.php\/policia-prende-homem-apontado-como-integrante-de-grupo-de-exterminio-na-grande-natal\/#breadcrumb\"},\"inLanguage\":\"pt-BR\",\"potentialAction\":[{\"@type\":\"ReadAction\",\"target\":[\"https:\/\/deputadotaveirajr.com.br\/index.php\/policia-prende-homem-apontado-como-integrante-de-grupo-de-exterminio-na-grande-natal\/\"]}]},{\"@type\":\"ImageObject\",\"inLanguage\":\"pt-BR\",\"@id\":\"https:\/\/deputadotaveirajr.com.br\/index.php\/policia-prende-homem-apontado-como-integrante-de-grupo-de-exterminio-na-grande-natal\/#primaryimage\",\"url\":\"https:\/\/deputadotaveirajr.com.br\/wp-content\/uploads\/2024\/05\/prisao2-fALusD.jpeg\",\"contentUrl\":\"https:\/\/deputadotaveirajr.com.br\/wp-content\/uploads\/2024\/05\/prisao2-fALusD.jpeg\",\"width\":1100,\"height\":609},{\"@type\":\"BreadcrumbList\",\"@id\":\"https:\/\/deputadotaveirajr.com.br\/index.php\/policia-prende-homem-apontado-como-integrante-de-grupo-de-exterminio-na-grande-natal\/#breadcrumb\",\"itemListElement\":[{\"@type\":\"ListItem\",\"position\":1,\"name\":\"In\u00edcio\",\"item\":\"https:\/\/deputadotaveirajr.com.br\/\"},{\"@type\":\"ListItem\",\"position\":2,\"name\":\"Pol\u00edcia prende homem apontado como integrante de grupo de exterm\u00ednio na Grande Natal\"}]},{\"@type\":\"WebSite\",\"@id\":\"https:\/\/deputadotaveirajr.com.br\/#website\",\"url\":\"https:\/\/deputadotaveirajr.com.br\/\",\"name\":\"Taveira Jr\",\"description\":\"Deputado Estadual\",\"publisher\":{\"@id\":\"https:\/\/deputadotaveirajr.com.br\/#organization\"},\"potentialAction\":[{\"@type\":\"SearchAction\",\"target\":{\"@type\":\"EntryPoint\",\"urlTemplate\":\"https:\/\/deputadotaveirajr.com.br\/?s={search_term_string}\"},\"query-input\":{\"@type\":\"PropertyValueSpecification\",\"valueRequired\":true,\"valueName\":\"search_term_string\"}}],\"inLanguage\":\"pt-BR\"},{\"@type\":\"Organization\",\"@id\":\"https:\/\/deputadotaveirajr.com.br\/#organization\",\"name\":\"Taveira Jr\",\"url\":\"https:\/\/deputadotaveirajr.com.br\/\",\"logo\":{\"@type\":\"ImageObject\",\"inLanguage\":\"pt-BR\",\"@id\":\"https:\/\/deputadotaveirajr.com.br\/#\/schema\/logo\/image\/\",\"url\":\"https:\/\/deputadotaveirajr.com.br\/wp-content\/uploads\/2026\/01\/logolow2a.png\",\"contentUrl\":\"https:\/\/deputadotaveirajr.com.br\/wp-content\/uploads\/2026\/01\/logolow2a.png\",\"width\":290,\"height\":80,\"caption\":\"Taveira Jr\"},\"image\":{\"@id\":\"https:\/\/deputadotaveirajr.com.br\/#\/schema\/logo\/image\/\"}}]}<\/script>\n<!-- \/ Yoast SEO plugin. -->","yoast_head_json":{"title":"Pol\u00edcia prende homem apontado como integrante de grupo de exterm\u00ednio na Grande Natal - Taveira Jr","robots":{"index":"index","follow":"follow","max-snippet":"max-snippet:-1","max-image-preview":"max-image-preview:large","max-video-preview":"max-video-preview:-1"},"canonical":"https:\/\/deputadotaveirajr.com.br\/index.php\/policia-prende-homem-apontado-como-integrante-de-grupo-de-exterminio-na-grande-natal\/","og_locale":"pt_BR","og_type":"article","og_title":"Pol\u00edcia prende homem apontado como integrante de grupo de exterm\u00ednio na Grande Natal - Taveira Jr","og_description":"Pris\u00e3o aconteceu nesta quarta (22) em Extremoz. Pol\u00edcia prende homem apontado como integrante de grupo de exterm\u00ednio em Natal Reprodu\u00e7\u00e3o\/Pol\u00edcia Civil Um homem apontado pela Pol\u00edcia Civil como integrante de ...","og_url":"https:\/\/deputadotaveirajr.com.br\/index.php\/policia-prende-homem-apontado-como-integrante-de-grupo-de-exterminio-na-grande-natal\/","og_site_name":"Taveira Jr","og_image":[{"width":1100,"height":609,"url":"https:\/\/deputadotaveirajr.com.br\/wp-content\/uploads\/2024\/05\/prisao2-fALusD.jpeg","type":"image\/jpeg"}],"twitter_card":"summary_large_image","twitter_misc":{"Est. tempo de leitura":"1 minuto"},"schema":{"@context":"https:\/\/schema.org","@graph":[{"@type":"WebPage","@id":"https:\/\/deputadotaveirajr.com.br\/index.php\/policia-prende-homem-apontado-como-integrante-de-grupo-de-exterminio-na-grande-natal\/","url":"https:\/\/deputadotaveirajr.com.br\/index.php\/policia-prende-homem-apontado-como-integrante-de-grupo-de-exterminio-na-grande-natal\/","name":"Pol\u00edcia prende homem apontado como integrante de grupo de exterm\u00ednio na Grande Natal - Taveira Jr","isPartOf":{"@id":"https:\/\/deputadotaveirajr.com.br\/#website"},"primaryImageOfPage":{"@id":"https:\/\/deputadotaveirajr.com.br\/index.php\/policia-prende-homem-apontado-como-integrante-de-grupo-de-exterminio-na-grande-natal\/#primaryimage"},"image":{"@id":"https:\/\/deputadotaveirajr.com.br\/index.php\/policia-prende-homem-apontado-como-integrante-de-grupo-de-exterminio-na-grande-natal\/#primaryimage"},"thumbnailUrl":"https:\/\/deputadotaveirajr.com.br\/wp-content\/uploads\/2024\/05\/prisao2-fALusD.jpeg","datePublished":"2024-05-22T20:02:59+00:00","breadcrumb":{"@id":"https:\/\/deputadotaveirajr.com.br\/index.php\/policia-prende-homem-apontado-como-integrante-de-grupo-de-exterminio-na-grande-natal\/#breadcrumb"},"inLanguage":"pt-BR","potentialAction":[{"@type":"ReadAction","target":["https:\/\/deputadotaveirajr.com.br\/index.php\/policia-prende-homem-apontado-como-integrante-de-grupo-de-exterminio-na-grande-natal\/"]}]},{"@type":"ImageObject","inLanguage":"pt-BR","@id":"https:\/\/deputadotaveirajr.com.br\/index.php\/policia-prende-homem-apontado-como-integrante-de-grupo-de-exterminio-na-grande-natal\/#primaryimage","url":"https:\/\/deputadotaveirajr.com.br\/wp-content\/uploads\/2024\/05\/prisao2-fALusD.jpeg","contentUrl":"https:\/\/deputadotaveirajr.com.br\/wp-content\/uploads\/2024\/05\/prisao2-fALusD.jpeg","width":1100,"height":609},{"@type":"BreadcrumbList","@id":"https:\/\/deputadotaveirajr.com.br\/index.php\/policia-prende-homem-apontado-como-integrante-de-grupo-de-exterminio-na-grande-natal\/#breadcrumb","itemListElement":[{"@type":"ListItem","position":1,"name":"In\u00edcio","item":"https:\/\/deputadotaveirajr.com.br\/"},{"@type":"ListItem","position":2,"name":"Pol\u00edcia prende homem apontado como integrante de grupo de exterm\u00ednio na Grande Natal"}]},{"@type":"WebSite","@id":"https:\/\/deputadotaveirajr.com.br\/#website","url":"https:\/\/deputadotaveirajr.com.br\/","name":"Taveira Jr","description":"Deputado Estadual","publisher":{"@id":"https:\/\/deputadotaveirajr.com.br\/#organization"},"potentialAction":[{"@type":"SearchAction","target":{"@type":"EntryPoint","urlTemplate":"https:\/\/deputadotaveirajr.com.br\/?s={search_term_string}"},"query-input":{"@type":"PropertyValueSpecification","valueRequired":true,"valueName":"search_term_string"}}],"inLanguage":"pt-BR"},{"@type":"Organization","@id":"https:\/\/deputadotaveirajr.com.br\/#organization","name":"Taveira Jr","url":"https:\/\/deputadotaveirajr.com.br\/","logo":{"@type":"ImageObject","inLanguage":"pt-BR","@id":"https:\/\/deputadotaveirajr.com.br\/#\/schema\/logo\/image\/","url":"https:\/\/deputadotaveirajr.com.br\/wp-content\/uploads\/2026\/01\/logolow2a.png","contentUrl":"https:\/\/deputadotaveirajr.com.br\/wp-content\/uploads\/2026\/01\/logolow2a.png","width":290,"height":80,"caption":"Taveira Jr"},"image":{"@id":"https:\/\/deputadotaveirajr.com.br\/#\/schema\/logo\/image\/"}}]}},"_links":{"self":[{"href":"https:\/\/deputadotaveirajr.com.br\/index.php\/wp-json\/wp\/v2\/pages\/6395","targetHints":{"allow":["GET"]}}],"collection":[{"href":"https:\/\/deputadotaveirajr.com.br\/index.php\/wp-json\/wp\/v2\/pages"}],"about":[{"href":"https:\/\/deputadotaveirajr.com.br\/index.php\/wp-json\/wp\/v2\/types\/page"}],"replies":[{"embeddable":true,"href":"https:\/\/deputadotaveirajr.com.br\/index.php\/wp-json\/wp\/v2\/comments?post=6395"}],"version-history":[{"count":1,"href":"https:\/\/deputadotaveirajr.com.br\/index.php\/wp-json\/wp\/v2\/pages\/6395\/revisions"}],"predecessor-version":[{"id":6399,"href":"https:\/\/deputadotaveirajr.com.br\/index.php\/wp-json\/wp\/v2\/pages\/6395\/revisions\/6399"}],"wp:featuredmedia":[{"embeddable":true,"href":"https:\/\/deputadotaveirajr.com.br\/index.php\/wp-json\/wp\/v2\/media\/6396"}],"wp:attachment":[{"href":"https:\/\/deputadotaveirajr.com.br\/index.php\/wp-json\/wp\/v2\/media?parent=6395"}],"curies":[{"name":"wp","href":"https:\/\/api.w.org\/{rel}","templated":true}]}}

Polícia prende homem apontado como integrante de grupo de extermínio na Grande Natal

<p>     Prisão aconteceu nesta quarta (22) em Extremoz. Polícia prende homem apontado como integrante de grupo de extermínio em Natal<br />
Reprodução/Polícia Civil<br />
Um homem apontado pela Polícia Civil como integrante de um grupo de extermínio foi preso nesta quarta-feira (22) em Extremoz, na Grande Natal.<br />
A prisão é resultado da segunda fase da &#8220;Operação Hydra&#8221;, que investiga as atividades de um grupo de extermínio apontado como responsável por diversos assassinatos na Zona Norte de Natal e na Grande Natal.<br />
Durante a primeira fase da operação, ocorrida no dia 1º de abril de 2024, a Polícia Civil cumpriu mandados de busca e apreensão e quatro mandados de prisão contra integrantes deste mesmo grupo de extermínio. O homem preso nesta quarta não foi localizado nesta época.<br />
Segundo investigações realizadas pela 7ª Delegacia da DHPP, os suspeitos presos são considerados de extrema periculosidade.<br />
De acordo com a Polícia Civil, as investigações continuam no intuito de identificar mais integrantes e, assim, desarticular a organização criminosa responsável por vários delitos de homicídio.</p>

<p>Prisão aconteceu nesta quarta (22) em Extremoz. Polícia prende homem apontado como integrante de grupo de extermínio em Natal Reprodução/Polícia Civil Um homem apontado pela Polícia Civil como integrante de &#8230;</p>

<!-- This site is optimized with the Yoast SEO plugin v27.1.1 - https://yoast.com/product/yoast-seo-wordpress/ -->
<title>Polícia prende homem apontado como integrante de grupo de extermínio na Grande Natal - Taveira Jr</title>
<meta name="robots" content="index, follow, max-snippet:-1, max-image-preview:large, max-video-preview:-1" />
<link rel="canonical" href="https://deputadotaveirajr.com.br/index.php/policia-prende-homem-apontado-como-integrante-de-grupo-de-exterminio-na-grande-natal/" />
<meta property="og:locale" content="pt_BR" />
<meta property="og:type" content="article" />
<meta property="og:title" content="Polícia prende homem apontado como integrante de grupo de extermínio na Grande Natal - Taveira Jr" />
<meta property="og:description" content="Prisão aconteceu nesta quarta (22) em Extremoz. Polícia prende homem apontado como integrante de grupo de extermínio em Natal Reprodução/Polícia Civil Um homem apontado pela Polícia Civil como integrante de ..." />
<meta property="og:url" content="https://deputadotaveirajr.com.br/index.php/policia-prende-homem-apontado-como-integrante-de-grupo-de-exterminio-na-grande-natal/" />
<meta property="og:site_name" content="Taveira Jr" />
<meta property="og:image" content="https://deputadotaveirajr.com.br/wp-content/uploads/2024/05/prisao2-fALusD.jpeg" />
	<meta property="og:image:width" content="1100" />
	<meta property="og:image:height" content="609" />
	<meta property="og:image:type" content="image/jpeg" />
<meta name="twitter:card" content="summary_large_image" />
<meta name="twitter:label1" content="Est. tempo de leitura" />
	<meta name="twitter:data1" content="1 minuto" />
<script type="application/ld+json" class="yoast-schema-graph">{"@context":"https://schema.org","@graph":[{"@type":"WebPage","@id":"https://deputadotaveirajr.com.br/index.php/policia-prende-homem-apontado-como-integrante-de-grupo-de-exterminio-na-grande-natal/","url":"https://deputadotaveirajr.com.br/index.php/policia-prende-homem-apontado-como-integrante-de-grupo-de-exterminio-na-grande-natal/","name":"Polícia prende homem apontado como integrante de grupo de extermínio na Grande Natal - Taveira Jr","isPartOf":{"@id":"https://deputadotaveirajr.com.br/#website"},"primaryImageOfPage":{"@id":"https://deputadotaveirajr.com.br/index.php/policia-prende-homem-apontado-como-integrante-de-grupo-de-exterminio-na-grande-natal/#primaryimage"},"image":{"@id":"https://deputadotaveirajr.com.br/index.php/policia-prende-homem-apontado-como-integrante-de-grupo-de-exterminio-na-grande-natal/#primaryimage"},"thumbnailUrl":"https://deputadotaveirajr.com.br/wp-content/uploads/2024/05/prisao2-fALusD.jpeg","datePublished":"2024-05-22T20:02:59+00:00","breadcrumb":{"@id":"https://deputadotaveirajr.com.br/index.php/policia-prende-homem-apontado-como-integrante-de-grupo-de-exterminio-na-grande-natal/#breadcrumb"},"inLanguage":"pt-BR","potentialAction":[{"@type":"ReadAction","target":["https://deputadotaveirajr.com.br/index.php/policia-prende-homem-apontado-como-integrante-de-grupo-de-exterminio-na-grande-natal/"]}]},{"@type":"ImageObject","inLanguage":"pt-BR","@id":"https://deputadotaveirajr.com.br/index.php/policia-prende-homem-apontado-como-integrante-de-grupo-de-exterminio-na-grande-natal/#primaryimage","url":"https://deputadotaveirajr.com.br/wp-content/uploads/2024/05/prisao2-fALusD.jpeg","contentUrl":"https://deputadotaveirajr.com.br/wp-content/uploads/2024/05/prisao2-fALusD.jpeg","width":1100,"height":609},{"@type":"BreadcrumbList","@id":"https://deputadotaveirajr.com.br/index.php/policia-prende-homem-apontado-como-integrante-de-grupo-de-exterminio-na-grande-natal/#breadcrumb","itemListElement":[{"@type":"ListItem","position":1,"name":"Início","item":"https://deputadotaveirajr.com.br/"},{"@type":"ListItem","position":2,"name":"Polícia prende homem apontado como integrante de grupo de extermínio na Grande Natal"}]},{"@type":"WebSite","@id":"https://deputadotaveirajr.com.br/#website","url":"https://deputadotaveirajr.com.br/","name":"Taveira Jr","description":"Deputado Estadual","publisher":{"@id":"https://deputadotaveirajr.com.br/#organization"},"potentialAction":[{"@type":"SearchAction","target":{"@type":"EntryPoint","urlTemplate":"https://deputadotaveirajr.com.br/?s={search_term_string}"},"query-input":{"@type":"PropertyValueSpecification","valueRequired":true,"valueName":"search_term_string"}}],"inLanguage":"pt-BR"},{"@type":"Organization","@id":"https://deputadotaveirajr.com.br/#organization","name":"Taveira Jr","url":"https://deputadotaveirajr.com.br/","logo":{"@type":"ImageObject","inLanguage":"pt-BR","@id":"https://deputadotaveirajr.com.br/#/schema/logo/image/","url":"https://deputadotaveirajr.com.br/wp-content/uploads/2026/01/logolow2a.png","contentUrl":"https://deputadotaveirajr.com.br/wp-content/uploads/2026/01/logolow2a.png","width":290,"height":80,"caption":"Taveira Jr"},"image":{"@id":"https://deputadotaveirajr.com.br/#/schema/logo/image/"}}]}</script>
<!-- / Yoast SEO plugin. -->

Polícia prende homem apontado como integrante de grupo de extermínio na Grande Natal - Taveira Jr

Prisão aconteceu nesta quarta (22) em Extremoz. Polícia prende homem apontado como integrante de grupo de extermínio em Natal Reprodução/Polícia Civil Um homem apontado pela Polícia Civil como integrante de ...

Início
