{"id":6420,"date":"2024-05-23T21:31:57","date_gmt":"2024-05-24T00:31:57","guid":{"rendered":"https:\/\/deputadotaveirajr.com.br\/?page_id=6420"},"modified":"2024-05-23T21:31:57","modified_gmt":"2024-05-24T00:31:57","slug":"dois-voos-sao-desviados-do-aeroporto-de-natal-por-conta-das-chuvas","status":"publish","type":"page","link":"https:\/\/deputadotaveirajr.com.br\/index.php\/dois-voos-sao-desviados-do-aeroporto-de-natal-por-conta-das-chuvas\/","title":{"rendered":"Dois voos s\u00e3o desviados do Aeroporto de Natal por conta das chuvas"},"content":{"rendered":"<p>     Avi\u00f5es precisaram pousar nos aeroportos de Jo\u00e3o Pessoa e Recife. Segundo concession\u00e1ria do terminal, ap\u00f3s isso, opera\u00e7\u00e3o voltou ao normal e n\u00e3o houve mais altera\u00e7\u00f5es nos voos. Aeroporto de Natal, Aeroporto Internacional Aluizio Alves<br \/>\nAugusto C\u00e9sar Gomes<br \/>\nDois voos que pousariam nesta quinta-feira (23) no Aeroporto de Natal precisaram ser desviados por conta das chuvas que ca\u00edram na capital potiguar e na Regi\u00e3o Metropolitana. O terminal fica na cidade de S\u00e3o Gon\u00e7alo do Amarante.<br \/>\nDe acordo com a concession\u00e1ria do aeroporto, a medida aconteceu devido \u00e0s &#8220;condi\u00e7\u00f5es meteorol\u00f3gicas&#8221;.<br \/>\n\ud83d\udcf3Participe do canal do g1 RN no WhatsApp<br \/>\nOs voos foram:<br \/>\nLatam 3758, que saiu de Bras\u00edlia (DF) e foi desviado para o Aeoporto de Jo\u00e3o Pessoa (PB); e<br \/>\nGol 2054, que saiu do Rio de Janeiro (RJ) e foi pousou no Aeroporto de Recife (PE).<br \/>\nOs dois voos tinham previs\u00e3o de chegada por volta das 11h30.<br \/>\nA assessoria da Zurich Airport Brasil, que administra o Aeroporto de Natal, informou que o terminal potiguar operou normalmente depois desses desvios, sem outras altera\u00e7\u00f5es.<br \/>\nO Instituto Nacional de Meteorologia (Inmet) havia emitido para esta quinta-feira (23) alertas com possibilidade de acumulados de chuvas de at\u00e9 100 mil\u00edmetros no dia.<br \/>\nV\u00eddeos mais assistidos do g1 RN<\/p>","protected":false},"excerpt":{"rendered":"<p>Avi\u00f5es precisaram pousar nos aeroportos de Jo\u00e3o Pessoa e Recife. Segundo concession\u00e1ria do terminal, ap\u00f3s isso, opera\u00e7\u00e3o voltou ao normal e n\u00e3o houve mais altera\u00e7\u00f5es nos voos. Aeroporto de Natal, &#8230;<\/p>\n","protected":false},"author":0,"featured_media":6421,"parent":0,"menu_order":0,"comment_status":"closed","ping_status":"closed","template":"","meta":{"footnotes":""},"class_list":["post-6420","page","type-page","status-publish","has-post-thumbnail","hentry"],"yoast_head":"<!-- This site is optimized with the Yoast SEO plugin v27.1.1 - https:\/\/yoast.com\/product\/yoast-seo-wordpress\/ -->\n<title>Dois voos s\u00e3o desviados do Aeroporto de Natal por conta das chuvas - Taveira Jr<\/title>\n<meta name=\"robots\" content=\"index, follow, max-snippet:-1, max-image-preview:large, max-video-preview:-1\" \/>\n<link rel=\"canonical\" href=\"https:\/\/deputadotaveirajr.com.br\/index.php\/dois-voos-sao-desviados-do-aeroporto-de-natal-por-conta-das-chuvas\/\" \/>\n<meta property=\"og:locale\" content=\"pt_BR\" \/>\n<meta property=\"og:type\" content=\"article\" \/>\n<meta property=\"og:title\" content=\"Dois voos s\u00e3o desviados do Aeroporto de Natal por conta das chuvas - Taveira Jr\" \/>\n<meta property=\"og:description\" content=\"Avi\u00f5es precisaram pousar nos aeroportos de Jo\u00e3o Pessoa e Recife. Segundo concession\u00e1ria do terminal, ap\u00f3s isso, opera\u00e7\u00e3o voltou ao normal e n\u00e3o houve mais altera\u00e7\u00f5es nos voos. Aeroporto de Natal, ...\" \/>\n<meta property=\"og:url\" content=\"https:\/\/deputadotaveirajr.com.br\/index.php\/dois-voos-sao-desviados-do-aeroporto-de-natal-por-conta-das-chuvas\/\" \/>\n<meta property=\"og:site_name\" content=\"Taveira Jr\" \/>\n<meta property=\"og:image\" content=\"https:\/\/deputadotaveirajr.com.br\/wp-content\/uploads\/2024\/05\/aeroporto-3-6AZvPv.jpeg\" \/>\n\t<meta property=\"og:image:width\" content=\"1024\" \/>\n\t<meta property=\"og:image:height\" content=\"768\" \/>\n\t<meta property=\"og:image:type\" content=\"image\/jpeg\" \/>\n<meta name=\"twitter:card\" content=\"summary_large_image\" \/>\n<meta name=\"twitter:label1\" content=\"Est. tempo de leitura\" \/>\n\t<meta name=\"twitter:data1\" content=\"1 minuto\" \/>\n<script type=\"application\/ld+json\" class=\"yoast-schema-graph\">{\"@context\":\"https:\/\/schema.org\",\"@graph\":[{\"@type\":\"WebPage\",\"@id\":\"https:\/\/deputadotaveirajr.com.br\/index.php\/dois-voos-sao-desviados-do-aeroporto-de-natal-por-conta-das-chuvas\/\",\"url\":\"https:\/\/deputadotaveirajr.com.br\/index.php\/dois-voos-sao-desviados-do-aeroporto-de-natal-por-conta-das-chuvas\/\",\"name\":\"Dois voos s\u00e3o desviados do Aeroporto de Natal por conta das chuvas - Taveira Jr\",\"isPartOf\":{\"@id\":\"https:\/\/deputadotaveirajr.com.br\/#website\"},\"primaryImageOfPage\":{\"@id\":\"https:\/\/deputadotaveirajr.com.br\/index.php\/dois-voos-sao-desviados-do-aeroporto-de-natal-por-conta-das-chuvas\/#primaryimage\"},\"image\":{\"@id\":\"https:\/\/deputadotaveirajr.com.br\/index.php\/dois-voos-sao-desviados-do-aeroporto-de-natal-por-conta-das-chuvas\/#primaryimage\"},\"thumbnailUrl\":\"https:\/\/deputadotaveirajr.com.br\/wp-content\/uploads\/2024\/05\/aeroporto-3-6AZvPv.jpeg\",\"datePublished\":\"2024-05-24T00:31:57+00:00\",\"breadcrumb\":{\"@id\":\"https:\/\/deputadotaveirajr.com.br\/index.php\/dois-voos-sao-desviados-do-aeroporto-de-natal-por-conta-das-chuvas\/#breadcrumb\"},\"inLanguage\":\"pt-BR\",\"potentialAction\":[{\"@type\":\"ReadAction\",\"target\":[\"https:\/\/deputadotaveirajr.com.br\/index.php\/dois-voos-sao-desviados-do-aeroporto-de-natal-por-conta-das-chuvas\/\"]}]},{\"@type\":\"ImageObject\",\"inLanguage\":\"pt-BR\",\"@id\":\"https:\/\/deputadotaveirajr.com.br\/index.php\/dois-voos-sao-desviados-do-aeroporto-de-natal-por-conta-das-chuvas\/#primaryimage\",\"url\":\"https:\/\/deputadotaveirajr.com.br\/wp-content\/uploads\/2024\/05\/aeroporto-3-6AZvPv.jpeg\",\"contentUrl\":\"https:\/\/deputadotaveirajr.com.br\/wp-content\/uploads\/2024\/05\/aeroporto-3-6AZvPv.jpeg\",\"width\":1024,\"height\":768},{\"@type\":\"BreadcrumbList\",\"@id\":\"https:\/\/deputadotaveirajr.com.br\/index.php\/dois-voos-sao-desviados-do-aeroporto-de-natal-por-conta-das-chuvas\/#breadcrumb\",\"itemListElement\":[{\"@type\":\"ListItem\",\"position\":1,\"name\":\"In\u00edcio\",\"item\":\"https:\/\/deputadotaveirajr.com.br\/\"},{\"@type\":\"ListItem\",\"position\":2,\"name\":\"Dois voos s\u00e3o desviados do Aeroporto de Natal por conta das chuvas\"}]},{\"@type\":\"WebSite\",\"@id\":\"https:\/\/deputadotaveirajr.com.br\/#website\",\"url\":\"https:\/\/deputadotaveirajr.com.br\/\",\"name\":\"Taveira Jr\",\"description\":\"Deputado Estadual\",\"publisher\":{\"@id\":\"https:\/\/deputadotaveirajr.com.br\/#organization\"},\"potentialAction\":[{\"@type\":\"SearchAction\",\"target\":{\"@type\":\"EntryPoint\",\"urlTemplate\":\"https:\/\/deputadotaveirajr.com.br\/?s={search_term_string}\"},\"query-input\":{\"@type\":\"PropertyValueSpecification\",\"valueRequired\":true,\"valueName\":\"search_term_string\"}}],\"inLanguage\":\"pt-BR\"},{\"@type\":\"Organization\",\"@id\":\"https:\/\/deputadotaveirajr.com.br\/#organization\",\"name\":\"Taveira Jr\",\"url\":\"https:\/\/deputadotaveirajr.com.br\/\",\"logo\":{\"@type\":\"ImageObject\",\"inLanguage\":\"pt-BR\",\"@id\":\"https:\/\/deputadotaveirajr.com.br\/#\/schema\/logo\/image\/\",\"url\":\"https:\/\/deputadotaveirajr.com.br\/wp-content\/uploads\/2026\/01\/logolow2a.png\",\"contentUrl\":\"https:\/\/deputadotaveirajr.com.br\/wp-content\/uploads\/2026\/01\/logolow2a.png\",\"width\":290,\"height\":80,\"caption\":\"Taveira Jr\"},\"image\":{\"@id\":\"https:\/\/deputadotaveirajr.com.br\/#\/schema\/logo\/image\/\"}}]}<\/script>\n<!-- \/ Yoast SEO plugin. -->","yoast_head_json":{"title":"Dois voos s\u00e3o desviados do Aeroporto de Natal por conta das chuvas - Taveira Jr","robots":{"index":"index","follow":"follow","max-snippet":"max-snippet:-1","max-image-preview":"max-image-preview:large","max-video-preview":"max-video-preview:-1"},"canonical":"https:\/\/deputadotaveirajr.com.br\/index.php\/dois-voos-sao-desviados-do-aeroporto-de-natal-por-conta-das-chuvas\/","og_locale":"pt_BR","og_type":"article","og_title":"Dois voos s\u00e3o desviados do Aeroporto de Natal por conta das chuvas - Taveira Jr","og_description":"Avi\u00f5es precisaram pousar nos aeroportos de Jo\u00e3o Pessoa e Recife. Segundo concession\u00e1ria do terminal, ap\u00f3s isso, opera\u00e7\u00e3o voltou ao normal e n\u00e3o houve mais altera\u00e7\u00f5es nos voos. Aeroporto de Natal, ...","og_url":"https:\/\/deputadotaveirajr.com.br\/index.php\/dois-voos-sao-desviados-do-aeroporto-de-natal-por-conta-das-chuvas\/","og_site_name":"Taveira Jr","og_image":[{"width":1024,"height":768,"url":"https:\/\/deputadotaveirajr.com.br\/wp-content\/uploads\/2024\/05\/aeroporto-3-6AZvPv.jpeg","type":"image\/jpeg"}],"twitter_card":"summary_large_image","twitter_misc":{"Est. tempo de leitura":"1 minuto"},"schema":{"@context":"https:\/\/schema.org","@graph":[{"@type":"WebPage","@id":"https:\/\/deputadotaveirajr.com.br\/index.php\/dois-voos-sao-desviados-do-aeroporto-de-natal-por-conta-das-chuvas\/","url":"https:\/\/deputadotaveirajr.com.br\/index.php\/dois-voos-sao-desviados-do-aeroporto-de-natal-por-conta-das-chuvas\/","name":"Dois voos s\u00e3o desviados do Aeroporto de Natal por conta das chuvas - Taveira Jr","isPartOf":{"@id":"https:\/\/deputadotaveirajr.com.br\/#website"},"primaryImageOfPage":{"@id":"https:\/\/deputadotaveirajr.com.br\/index.php\/dois-voos-sao-desviados-do-aeroporto-de-natal-por-conta-das-chuvas\/#primaryimage"},"image":{"@id":"https:\/\/deputadotaveirajr.com.br\/index.php\/dois-voos-sao-desviados-do-aeroporto-de-natal-por-conta-das-chuvas\/#primaryimage"},"thumbnailUrl":"https:\/\/deputadotaveirajr.com.br\/wp-content\/uploads\/2024\/05\/aeroporto-3-6AZvPv.jpeg","datePublished":"2024-05-24T00:31:57+00:00","breadcrumb":{"@id":"https:\/\/deputadotaveirajr.com.br\/index.php\/dois-voos-sao-desviados-do-aeroporto-de-natal-por-conta-das-chuvas\/#breadcrumb"},"inLanguage":"pt-BR","potentialAction":[{"@type":"ReadAction","target":["https:\/\/deputadotaveirajr.com.br\/index.php\/dois-voos-sao-desviados-do-aeroporto-de-natal-por-conta-das-chuvas\/"]}]},{"@type":"ImageObject","inLanguage":"pt-BR","@id":"https:\/\/deputadotaveirajr.com.br\/index.php\/dois-voos-sao-desviados-do-aeroporto-de-natal-por-conta-das-chuvas\/#primaryimage","url":"https:\/\/deputadotaveirajr.com.br\/wp-content\/uploads\/2024\/05\/aeroporto-3-6AZvPv.jpeg","contentUrl":"https:\/\/deputadotaveirajr.com.br\/wp-content\/uploads\/2024\/05\/aeroporto-3-6AZvPv.jpeg","width":1024,"height":768},{"@type":"BreadcrumbList","@id":"https:\/\/deputadotaveirajr.com.br\/index.php\/dois-voos-sao-desviados-do-aeroporto-de-natal-por-conta-das-chuvas\/#breadcrumb","itemListElement":[{"@type":"ListItem","position":1,"name":"In\u00edcio","item":"https:\/\/deputadotaveirajr.com.br\/"},{"@type":"ListItem","position":2,"name":"Dois voos s\u00e3o desviados do Aeroporto de Natal por conta das chuvas"}]},{"@type":"WebSite","@id":"https:\/\/deputadotaveirajr.com.br\/#website","url":"https:\/\/deputadotaveirajr.com.br\/","name":"Taveira Jr","description":"Deputado Estadual","publisher":{"@id":"https:\/\/deputadotaveirajr.com.br\/#organization"},"potentialAction":[{"@type":"SearchAction","target":{"@type":"EntryPoint","urlTemplate":"https:\/\/deputadotaveirajr.com.br\/?s={search_term_string}"},"query-input":{"@type":"PropertyValueSpecification","valueRequired":true,"valueName":"search_term_string"}}],"inLanguage":"pt-BR"},{"@type":"Organization","@id":"https:\/\/deputadotaveirajr.com.br\/#organization","name":"Taveira Jr","url":"https:\/\/deputadotaveirajr.com.br\/","logo":{"@type":"ImageObject","inLanguage":"pt-BR","@id":"https:\/\/deputadotaveirajr.com.br\/#\/schema\/logo\/image\/","url":"https:\/\/deputadotaveirajr.com.br\/wp-content\/uploads\/2026\/01\/logolow2a.png","contentUrl":"https:\/\/deputadotaveirajr.com.br\/wp-content\/uploads\/2026\/01\/logolow2a.png","width":290,"height":80,"caption":"Taveira Jr"},"image":{"@id":"https:\/\/deputadotaveirajr.com.br\/#\/schema\/logo\/image\/"}}]}},"_links":{"self":[{"href":"https:\/\/deputadotaveirajr.com.br\/index.php\/wp-json\/wp\/v2\/pages\/6420","targetHints":{"allow":["GET"]}}],"collection":[{"href":"https:\/\/deputadotaveirajr.com.br\/index.php\/wp-json\/wp\/v2\/pages"}],"about":[{"href":"https:\/\/deputadotaveirajr.com.br\/index.php\/wp-json\/wp\/v2\/types\/page"}],"replies":[{"embeddable":true,"href":"https:\/\/deputadotaveirajr.com.br\/index.php\/wp-json\/wp\/v2\/comments?post=6420"}],"version-history":[{"count":1,"href":"https:\/\/deputadotaveirajr.com.br\/index.php\/wp-json\/wp\/v2\/pages\/6420\/revisions"}],"predecessor-version":[{"id":6426,"href":"https:\/\/deputadotaveirajr.com.br\/index.php\/wp-json\/wp\/v2\/pages\/6420\/revisions\/6426"}],"wp:featuredmedia":[{"embeddable":true,"href":"https:\/\/deputadotaveirajr.com.br\/index.php\/wp-json\/wp\/v2\/media\/6421"}],"wp:attachment":[{"href":"https:\/\/deputadotaveirajr.com.br\/index.php\/wp-json\/wp\/v2\/media?parent=6420"}],"curies":[{"name":"wp","href":"https:\/\/api.w.org\/{rel}","templated":true}]}}

Dois voos são desviados do Aeroporto de Natal por conta das chuvas

<p>     Aviões precisaram pousar nos aeroportos de João Pessoa e Recife. Segundo concessionária do terminal, após isso, operação voltou ao normal e não houve mais alterações nos voos. Aeroporto de Natal, Aeroporto Internacional Aluizio Alves<br />
Augusto César Gomes<br />
Dois voos que pousariam nesta quinta-feira (23) no Aeroporto de Natal precisaram ser desviados por conta das chuvas que caíram na capital potiguar e na Região Metropolitana. O terminal fica na cidade de São Gonçalo do Amarante.<br />
De acordo com a concessionária do aeroporto, a medida aconteceu devido às &#8220;condições meteorológicas&#8221;.<br />
📳Participe do canal do g1 RN no WhatsApp<br />
Os voos foram:<br />
Latam 3758, que saiu de Brasília (DF) e foi desviado para o Aeoporto de João Pessoa (PB); e<br />
Gol 2054, que saiu do Rio de Janeiro (RJ) e foi pousou no Aeroporto de Recife (PE).<br />
Os dois voos tinham previsão de chegada por volta das 11h30.<br />
A assessoria da Zurich Airport Brasil, que administra o Aeroporto de Natal, informou que o terminal potiguar operou normalmente depois desses desvios, sem outras alterações.<br />
O Instituto Nacional de Meteorologia (Inmet) havia emitido para esta quinta-feira (23) alertas com possibilidade de acumulados de chuvas de até 100 milímetros no dia.<br />
Vídeos mais assistidos do g1 RN</p>

<p>Aviões precisaram pousar nos aeroportos de João Pessoa e Recife. Segundo concessionária do terminal, após isso, operação voltou ao normal e não houve mais alterações nos voos. Aeroporto de Natal, &#8230;</p>

<!-- This site is optimized with the Yoast SEO plugin v27.1.1 - https://yoast.com/product/yoast-seo-wordpress/ -->
<title>Dois voos são desviados do Aeroporto de Natal por conta das chuvas - Taveira Jr</title>
<meta name="robots" content="index, follow, max-snippet:-1, max-image-preview:large, max-video-preview:-1" />
<link rel="canonical" href="https://deputadotaveirajr.com.br/index.php/dois-voos-sao-desviados-do-aeroporto-de-natal-por-conta-das-chuvas/" />
<meta property="og:locale" content="pt_BR" />
<meta property="og:type" content="article" />
<meta property="og:title" content="Dois voos são desviados do Aeroporto de Natal por conta das chuvas - Taveira Jr" />
<meta property="og:description" content="Aviões precisaram pousar nos aeroportos de João Pessoa e Recife. Segundo concessionária do terminal, após isso, operação voltou ao normal e não houve mais alterações nos voos. Aeroporto de Natal, ..." />
<meta property="og:url" content="https://deputadotaveirajr.com.br/index.php/dois-voos-sao-desviados-do-aeroporto-de-natal-por-conta-das-chuvas/" />
<meta property="og:site_name" content="Taveira Jr" />
<meta property="og:image" content="https://deputadotaveirajr.com.br/wp-content/uploads/2024/05/aeroporto-3-6AZvPv.jpeg" />
	<meta property="og:image:width" content="1024" />
	<meta property="og:image:height" content="768" />
	<meta property="og:image:type" content="image/jpeg" />
<meta name="twitter:card" content="summary_large_image" />
<meta name="twitter:label1" content="Est. tempo de leitura" />
	<meta name="twitter:data1" content="1 minuto" />
<script type="application/ld+json" class="yoast-schema-graph">{"@context":"https://schema.org","@graph":[{"@type":"WebPage","@id":"https://deputadotaveirajr.com.br/index.php/dois-voos-sao-desviados-do-aeroporto-de-natal-por-conta-das-chuvas/","url":"https://deputadotaveirajr.com.br/index.php/dois-voos-sao-desviados-do-aeroporto-de-natal-por-conta-das-chuvas/","name":"Dois voos são desviados do Aeroporto de Natal por conta das chuvas - Taveira Jr","isPartOf":{"@id":"https://deputadotaveirajr.com.br/#website"},"primaryImageOfPage":{"@id":"https://deputadotaveirajr.com.br/index.php/dois-voos-sao-desviados-do-aeroporto-de-natal-por-conta-das-chuvas/#primaryimage"},"image":{"@id":"https://deputadotaveirajr.com.br/index.php/dois-voos-sao-desviados-do-aeroporto-de-natal-por-conta-das-chuvas/#primaryimage"},"thumbnailUrl":"https://deputadotaveirajr.com.br/wp-content/uploads/2024/05/aeroporto-3-6AZvPv.jpeg","datePublished":"2024-05-24T00:31:57+00:00","breadcrumb":{"@id":"https://deputadotaveirajr.com.br/index.php/dois-voos-sao-desviados-do-aeroporto-de-natal-por-conta-das-chuvas/#breadcrumb"},"inLanguage":"pt-BR","potentialAction":[{"@type":"ReadAction","target":["https://deputadotaveirajr.com.br/index.php/dois-voos-sao-desviados-do-aeroporto-de-natal-por-conta-das-chuvas/"]}]},{"@type":"ImageObject","inLanguage":"pt-BR","@id":"https://deputadotaveirajr.com.br/index.php/dois-voos-sao-desviados-do-aeroporto-de-natal-por-conta-das-chuvas/#primaryimage","url":"https://deputadotaveirajr.com.br/wp-content/uploads/2024/05/aeroporto-3-6AZvPv.jpeg","contentUrl":"https://deputadotaveirajr.com.br/wp-content/uploads/2024/05/aeroporto-3-6AZvPv.jpeg","width":1024,"height":768},{"@type":"BreadcrumbList","@id":"https://deputadotaveirajr.com.br/index.php/dois-voos-sao-desviados-do-aeroporto-de-natal-por-conta-das-chuvas/#breadcrumb","itemListElement":[{"@type":"ListItem","position":1,"name":"Início","item":"https://deputadotaveirajr.com.br/"},{"@type":"ListItem","position":2,"name":"Dois voos são desviados do Aeroporto de Natal por conta das chuvas"}]},{"@type":"WebSite","@id":"https://deputadotaveirajr.com.br/#website","url":"https://deputadotaveirajr.com.br/","name":"Taveira Jr","description":"Deputado Estadual","publisher":{"@id":"https://deputadotaveirajr.com.br/#organization"},"potentialAction":[{"@type":"SearchAction","target":{"@type":"EntryPoint","urlTemplate":"https://deputadotaveirajr.com.br/?s={search_term_string}"},"query-input":{"@type":"PropertyValueSpecification","valueRequired":true,"valueName":"search_term_string"}}],"inLanguage":"pt-BR"},{"@type":"Organization","@id":"https://deputadotaveirajr.com.br/#organization","name":"Taveira Jr","url":"https://deputadotaveirajr.com.br/","logo":{"@type":"ImageObject","inLanguage":"pt-BR","@id":"https://deputadotaveirajr.com.br/#/schema/logo/image/","url":"https://deputadotaveirajr.com.br/wp-content/uploads/2026/01/logolow2a.png","contentUrl":"https://deputadotaveirajr.com.br/wp-content/uploads/2026/01/logolow2a.png","width":290,"height":80,"caption":"Taveira Jr"},"image":{"@id":"https://deputadotaveirajr.com.br/#/schema/logo/image/"}}]}</script>
<!-- / Yoast SEO plugin. -->

Dois voos são desviados do Aeroporto de Natal por conta das chuvas - Taveira Jr

Aviões precisaram pousar nos aeroportos de João Pessoa e Recife. Segundo concessionária do terminal, após isso, operação voltou ao normal e não houve mais alterações nos voos. Aeroporto de Natal, ...

Início
