{"id":6433,"date":"2024-05-24T13:05:38","date_gmt":"2024-05-24T16:05:38","guid":{"rendered":"https:\/\/deputadotaveirajr.com.br\/?page_id=6433"},"modified":"2024-05-24T13:05:38","modified_gmt":"2024-05-24T16:05:38","slug":"empresarios-sao-presos-em-operacao-contra-sonegacao-fiscal-crimes-causaram-prejuizo-de-r-4-milhoes","status":"publish","type":"page","link":"https:\/\/deputadotaveirajr.com.br\/index.php\/empresarios-sao-presos-em-operacao-contra-sonegacao-fiscal-crimes-causaram-prejuizo-de-r-4-milhoes\/","title":{"rendered":"Empres\u00e1rios s\u00e3o presos em opera\u00e7\u00e3o contra sonega\u00e7\u00e3o fiscal; crimes causaram preju\u00edzo de R$ 4 milh\u00f5es"},"content":{"rendered":"<p>     Investigados foram localizados em apartamento de luxo em Jo\u00e3o Pessoa, nesta quinta-feira (23), segundo a pol\u00edcia.  Bolsas com materiais apreendidos durante opera\u00e7\u00e3o<br \/>\nPol\u00edcia Civil\/Divulga\u00e7\u00e3o<br \/>\nUm casal de empres\u00e1rios foi preso em um apartamento de luxo suspeito de crimes como sonega\u00e7\u00e3o fiscal, apropria\u00e7\u00e3o ind\u00e9bita de tributos, al\u00e9m de outros delitos contra a Ordem Tribut\u00e1ria, durante uma opera\u00e7\u00e3o deflagrada nesta quinta-feira (23) pela Pol\u00edcia Civil do Rio Grande do Norte.<br \/>\nSegundo as investiga\u00e7\u00f5es do Departamento de Combate \u00e0 Corrup\u00e7\u00e3o e \u00e0 Lavagem de Dinheiro, a empresa da dupla investigada causou um preju\u00edzo de R$ 4 milh\u00f5es aos cofres estaduais.<br \/>\nO casal foi localizado e preso em um apartamento de luxo em Cabo Branco, na cidade de Jo\u00e3o Pessoa.<br \/>\nDe acordo com a corpora\u00e7\u00e3o, a &#8220;Opera\u00e7\u00e3o Continuum&#8221; tamb\u00e9m cumpriu seis mandados de busca e apreens\u00e3o em Natal e na capital paraibana.<br \/>\nA empresa de com\u00e9rcio de roupas tinha endere\u00e7os nas duas capitais nordestinas. Conforme as investiga\u00e7\u00f5es, no decorrer do inqu\u00e9rito, ficou constatado que, al\u00e9m dos crimes investigados, diversos documentos foram falsificados visando a abertura de empresas para continuar a comercializa\u00e7\u00e3o da marca em Natal.<br \/>\n&#8220;Assim, ao longo de 14 anos de opera\u00e7\u00e3o da empresa, na capital potiguar, ao menos 20 pessoas tiveram seus dados falsificados e utilizados de forma indevida pelos investigados&#8221;, informou a pol\u00edcia.<br \/>\nDurante as dilig\u00eancias, foram apreendidos celulares, dois ve\u00edculos, muni\u00e7\u00f5es, notas de d\u00f3lar e joias. Tamb\u00e9m foi determinado judicialmente o bloqueio de bens e valores dos investigados.<br \/>\nO nome &#8220;continuum&#8221; deriva do latim e significa continuidade, em alus\u00e3o aos 14 anos de funcionamento da marca sob a gest\u00e3o dos suspeitos.<br \/>\nVeja os v\u00eddeos mais assistidos no g1 RN<\/p>","protected":false},"excerpt":{"rendered":"<p>Investigados foram localizados em apartamento de luxo em Jo\u00e3o Pessoa, nesta quinta-feira (23), segundo a pol\u00edcia. Bolsas com materiais apreendidos durante opera\u00e7\u00e3o Pol\u00edcia Civil\/Divulga\u00e7\u00e3o Um casal de empres\u00e1rios foi preso &#8230;<\/p>\n","protected":false},"author":0,"featured_media":6434,"parent":0,"menu_order":0,"comment_status":"closed","ping_status":"closed","template":"","meta":{"footnotes":""},"class_list":["post-6433","page","type-page","status-publish","has-post-thumbnail","hentry"],"yoast_head":"<!-- This site is optimized with the Yoast SEO plugin v27.1.1 - https:\/\/yoast.com\/product\/yoast-seo-wordpress\/ -->\n<title>Empres\u00e1rios s\u00e3o presos em opera\u00e7\u00e3o contra sonega\u00e7\u00e3o fiscal; crimes causaram preju\u00edzo de R$ 4 milh\u00f5es - Taveira Jr<\/title>\n<meta name=\"robots\" content=\"index, follow, max-snippet:-1, max-image-preview:large, max-video-preview:-1\" \/>\n<link rel=\"canonical\" href=\"https:\/\/deputadotaveirajr.com.br\/index.php\/empresarios-sao-presos-em-operacao-contra-sonegacao-fiscal-crimes-causaram-prejuizo-de-r-4-milhoes\/\" \/>\n<meta property=\"og:locale\" content=\"pt_BR\" \/>\n<meta property=\"og:type\" content=\"article\" \/>\n<meta property=\"og:title\" content=\"Empres\u00e1rios s\u00e3o presos em opera\u00e7\u00e3o contra sonega\u00e7\u00e3o fiscal; crimes causaram preju\u00edzo de R$ 4 milh\u00f5es - Taveira Jr\" \/>\n<meta property=\"og:description\" content=\"Investigados foram localizados em apartamento de luxo em Jo\u00e3o Pessoa, nesta quinta-feira (23), segundo a pol\u00edcia. Bolsas com materiais apreendidos durante opera\u00e7\u00e3o Pol\u00edcia Civil\/Divulga\u00e7\u00e3o Um casal de empres\u00e1rios foi preso ...\" \/>\n<meta property=\"og:url\" content=\"https:\/\/deputadotaveirajr.com.br\/index.php\/empresarios-sao-presos-em-operacao-contra-sonegacao-fiscal-crimes-causaram-prejuizo-de-r-4-milhoes\/\" \/>\n<meta property=\"og:site_name\" content=\"Taveira Jr\" \/>\n<meta property=\"og:image\" content=\"https:\/\/deputadotaveirajr.com.br\/wp-content\/uploads\/2024\/05\/bolsas-com-materiais-apreendidos-6Q8o0y.jpeg\" \/>\n\t<meta property=\"og:image:width\" content=\"1903\" \/>\n\t<meta property=\"og:image:height\" content=\"1072\" \/>\n\t<meta property=\"og:image:type\" content=\"image\/jpeg\" \/>\n<meta name=\"twitter:card\" content=\"summary_large_image\" \/>\n<meta name=\"twitter:label1\" content=\"Est. tempo de leitura\" \/>\n\t<meta name=\"twitter:data1\" content=\"2 minutos\" \/>\n<script type=\"application\/ld+json\" class=\"yoast-schema-graph\">{\"@context\":\"https:\/\/schema.org\",\"@graph\":[{\"@type\":\"WebPage\",\"@id\":\"https:\/\/deputadotaveirajr.com.br\/index.php\/empresarios-sao-presos-em-operacao-contra-sonegacao-fiscal-crimes-causaram-prejuizo-de-r-4-milhoes\/\",\"url\":\"https:\/\/deputadotaveirajr.com.br\/index.php\/empresarios-sao-presos-em-operacao-contra-sonegacao-fiscal-crimes-causaram-prejuizo-de-r-4-milhoes\/\",\"name\":\"Empres\u00e1rios s\u00e3o presos em opera\u00e7\u00e3o contra sonega\u00e7\u00e3o fiscal; crimes causaram preju\u00edzo de R$ 4 milh\u00f5es - Taveira Jr\",\"isPartOf\":{\"@id\":\"https:\/\/deputadotaveirajr.com.br\/#website\"},\"primaryImageOfPage\":{\"@id\":\"https:\/\/deputadotaveirajr.com.br\/index.php\/empresarios-sao-presos-em-operacao-contra-sonegacao-fiscal-crimes-causaram-prejuizo-de-r-4-milhoes\/#primaryimage\"},\"image\":{\"@id\":\"https:\/\/deputadotaveirajr.com.br\/index.php\/empresarios-sao-presos-em-operacao-contra-sonegacao-fiscal-crimes-causaram-prejuizo-de-r-4-milhoes\/#primaryimage\"},\"thumbnailUrl\":\"https:\/\/deputadotaveirajr.com.br\/wp-content\/uploads\/2024\/05\/bolsas-com-materiais-apreendidos-6Q8o0y.jpeg\",\"datePublished\":\"2024-05-24T16:05:38+00:00\",\"breadcrumb\":{\"@id\":\"https:\/\/deputadotaveirajr.com.br\/index.php\/empresarios-sao-presos-em-operacao-contra-sonegacao-fiscal-crimes-causaram-prejuizo-de-r-4-milhoes\/#breadcrumb\"},\"inLanguage\":\"pt-BR\",\"potentialAction\":[{\"@type\":\"ReadAction\",\"target\":[\"https:\/\/deputadotaveirajr.com.br\/index.php\/empresarios-sao-presos-em-operacao-contra-sonegacao-fiscal-crimes-causaram-prejuizo-de-r-4-milhoes\/\"]}]},{\"@type\":\"ImageObject\",\"inLanguage\":\"pt-BR\",\"@id\":\"https:\/\/deputadotaveirajr.com.br\/index.php\/empresarios-sao-presos-em-operacao-contra-sonegacao-fiscal-crimes-causaram-prejuizo-de-r-4-milhoes\/#primaryimage\",\"url\":\"https:\/\/deputadotaveirajr.com.br\/wp-content\/uploads\/2024\/05\/bolsas-com-materiais-apreendidos-6Q8o0y.jpeg\",\"contentUrl\":\"https:\/\/deputadotaveirajr.com.br\/wp-content\/uploads\/2024\/05\/bolsas-com-materiais-apreendidos-6Q8o0y.jpeg\",\"width\":1903,\"height\":1072},{\"@type\":\"BreadcrumbList\",\"@id\":\"https:\/\/deputadotaveirajr.com.br\/index.php\/empresarios-sao-presos-em-operacao-contra-sonegacao-fiscal-crimes-causaram-prejuizo-de-r-4-milhoes\/#breadcrumb\",\"itemListElement\":[{\"@type\":\"ListItem\",\"position\":1,\"name\":\"In\u00edcio\",\"item\":\"https:\/\/deputadotaveirajr.com.br\/\"},{\"@type\":\"ListItem\",\"position\":2,\"name\":\"Empres\u00e1rios s\u00e3o presos em opera\u00e7\u00e3o contra sonega\u00e7\u00e3o fiscal; crimes causaram preju\u00edzo de R$ 4 milh\u00f5es\"}]},{\"@type\":\"WebSite\",\"@id\":\"https:\/\/deputadotaveirajr.com.br\/#website\",\"url\":\"https:\/\/deputadotaveirajr.com.br\/\",\"name\":\"Taveira Jr\",\"description\":\"Deputado Estadual\",\"publisher\":{\"@id\":\"https:\/\/deputadotaveirajr.com.br\/#organization\"},\"potentialAction\":[{\"@type\":\"SearchAction\",\"target\":{\"@type\":\"EntryPoint\",\"urlTemplate\":\"https:\/\/deputadotaveirajr.com.br\/?s={search_term_string}\"},\"query-input\":{\"@type\":\"PropertyValueSpecification\",\"valueRequired\":true,\"valueName\":\"search_term_string\"}}],\"inLanguage\":\"pt-BR\"},{\"@type\":\"Organization\",\"@id\":\"https:\/\/deputadotaveirajr.com.br\/#organization\",\"name\":\"Taveira Jr\",\"url\":\"https:\/\/deputadotaveirajr.com.br\/\",\"logo\":{\"@type\":\"ImageObject\",\"inLanguage\":\"pt-BR\",\"@id\":\"https:\/\/deputadotaveirajr.com.br\/#\/schema\/logo\/image\/\",\"url\":\"https:\/\/deputadotaveirajr.com.br\/wp-content\/uploads\/2026\/01\/logolow2a.png\",\"contentUrl\":\"https:\/\/deputadotaveirajr.com.br\/wp-content\/uploads\/2026\/01\/logolow2a.png\",\"width\":290,\"height\":80,\"caption\":\"Taveira Jr\"},\"image\":{\"@id\":\"https:\/\/deputadotaveirajr.com.br\/#\/schema\/logo\/image\/\"}}]}<\/script>\n<!-- \/ Yoast SEO plugin. -->","yoast_head_json":{"title":"Empres\u00e1rios s\u00e3o presos em opera\u00e7\u00e3o contra sonega\u00e7\u00e3o fiscal; crimes causaram preju\u00edzo de R$ 4 milh\u00f5es - Taveira Jr","robots":{"index":"index","follow":"follow","max-snippet":"max-snippet:-1","max-image-preview":"max-image-preview:large","max-video-preview":"max-video-preview:-1"},"canonical":"https:\/\/deputadotaveirajr.com.br\/index.php\/empresarios-sao-presos-em-operacao-contra-sonegacao-fiscal-crimes-causaram-prejuizo-de-r-4-milhoes\/","og_locale":"pt_BR","og_type":"article","og_title":"Empres\u00e1rios s\u00e3o presos em opera\u00e7\u00e3o contra sonega\u00e7\u00e3o fiscal; crimes causaram preju\u00edzo de R$ 4 milh\u00f5es - Taveira Jr","og_description":"Investigados foram localizados em apartamento de luxo em Jo\u00e3o Pessoa, nesta quinta-feira (23), segundo a pol\u00edcia. Bolsas com materiais apreendidos durante opera\u00e7\u00e3o Pol\u00edcia Civil\/Divulga\u00e7\u00e3o Um casal de empres\u00e1rios foi preso ...","og_url":"https:\/\/deputadotaveirajr.com.br\/index.php\/empresarios-sao-presos-em-operacao-contra-sonegacao-fiscal-crimes-causaram-prejuizo-de-r-4-milhoes\/","og_site_name":"Taveira Jr","og_image":[{"width":1903,"height":1072,"url":"https:\/\/deputadotaveirajr.com.br\/wp-content\/uploads\/2024\/05\/bolsas-com-materiais-apreendidos-6Q8o0y.jpeg","type":"image\/jpeg"}],"twitter_card":"summary_large_image","twitter_misc":{"Est. tempo de leitura":"2 minutos"},"schema":{"@context":"https:\/\/schema.org","@graph":[{"@type":"WebPage","@id":"https:\/\/deputadotaveirajr.com.br\/index.php\/empresarios-sao-presos-em-operacao-contra-sonegacao-fiscal-crimes-causaram-prejuizo-de-r-4-milhoes\/","url":"https:\/\/deputadotaveirajr.com.br\/index.php\/empresarios-sao-presos-em-operacao-contra-sonegacao-fiscal-crimes-causaram-prejuizo-de-r-4-milhoes\/","name":"Empres\u00e1rios s\u00e3o presos em opera\u00e7\u00e3o contra sonega\u00e7\u00e3o fiscal; crimes causaram preju\u00edzo de R$ 4 milh\u00f5es - Taveira Jr","isPartOf":{"@id":"https:\/\/deputadotaveirajr.com.br\/#website"},"primaryImageOfPage":{"@id":"https:\/\/deputadotaveirajr.com.br\/index.php\/empresarios-sao-presos-em-operacao-contra-sonegacao-fiscal-crimes-causaram-prejuizo-de-r-4-milhoes\/#primaryimage"},"image":{"@id":"https:\/\/deputadotaveirajr.com.br\/index.php\/empresarios-sao-presos-em-operacao-contra-sonegacao-fiscal-crimes-causaram-prejuizo-de-r-4-milhoes\/#primaryimage"},"thumbnailUrl":"https:\/\/deputadotaveirajr.com.br\/wp-content\/uploads\/2024\/05\/bolsas-com-materiais-apreendidos-6Q8o0y.jpeg","datePublished":"2024-05-24T16:05:38+00:00","breadcrumb":{"@id":"https:\/\/deputadotaveirajr.com.br\/index.php\/empresarios-sao-presos-em-operacao-contra-sonegacao-fiscal-crimes-causaram-prejuizo-de-r-4-milhoes\/#breadcrumb"},"inLanguage":"pt-BR","potentialAction":[{"@type":"ReadAction","target":["https:\/\/deputadotaveirajr.com.br\/index.php\/empresarios-sao-presos-em-operacao-contra-sonegacao-fiscal-crimes-causaram-prejuizo-de-r-4-milhoes\/"]}]},{"@type":"ImageObject","inLanguage":"pt-BR","@id":"https:\/\/deputadotaveirajr.com.br\/index.php\/empresarios-sao-presos-em-operacao-contra-sonegacao-fiscal-crimes-causaram-prejuizo-de-r-4-milhoes\/#primaryimage","url":"https:\/\/deputadotaveirajr.com.br\/wp-content\/uploads\/2024\/05\/bolsas-com-materiais-apreendidos-6Q8o0y.jpeg","contentUrl":"https:\/\/deputadotaveirajr.com.br\/wp-content\/uploads\/2024\/05\/bolsas-com-materiais-apreendidos-6Q8o0y.jpeg","width":1903,"height":1072},{"@type":"BreadcrumbList","@id":"https:\/\/deputadotaveirajr.com.br\/index.php\/empresarios-sao-presos-em-operacao-contra-sonegacao-fiscal-crimes-causaram-prejuizo-de-r-4-milhoes\/#breadcrumb","itemListElement":[{"@type":"ListItem","position":1,"name":"In\u00edcio","item":"https:\/\/deputadotaveirajr.com.br\/"},{"@type":"ListItem","position":2,"name":"Empres\u00e1rios s\u00e3o presos em opera\u00e7\u00e3o contra sonega\u00e7\u00e3o fiscal; crimes causaram preju\u00edzo de R$ 4 milh\u00f5es"}]},{"@type":"WebSite","@id":"https:\/\/deputadotaveirajr.com.br\/#website","url":"https:\/\/deputadotaveirajr.com.br\/","name":"Taveira Jr","description":"Deputado Estadual","publisher":{"@id":"https:\/\/deputadotaveirajr.com.br\/#organization"},"potentialAction":[{"@type":"SearchAction","target":{"@type":"EntryPoint","urlTemplate":"https:\/\/deputadotaveirajr.com.br\/?s={search_term_string}"},"query-input":{"@type":"PropertyValueSpecification","valueRequired":true,"valueName":"search_term_string"}}],"inLanguage":"pt-BR"},{"@type":"Organization","@id":"https:\/\/deputadotaveirajr.com.br\/#organization","name":"Taveira Jr","url":"https:\/\/deputadotaveirajr.com.br\/","logo":{"@type":"ImageObject","inLanguage":"pt-BR","@id":"https:\/\/deputadotaveirajr.com.br\/#\/schema\/logo\/image\/","url":"https:\/\/deputadotaveirajr.com.br\/wp-content\/uploads\/2026\/01\/logolow2a.png","contentUrl":"https:\/\/deputadotaveirajr.com.br\/wp-content\/uploads\/2026\/01\/logolow2a.png","width":290,"height":80,"caption":"Taveira Jr"},"image":{"@id":"https:\/\/deputadotaveirajr.com.br\/#\/schema\/logo\/image\/"}}]}},"_links":{"self":[{"href":"https:\/\/deputadotaveirajr.com.br\/index.php\/wp-json\/wp\/v2\/pages\/6433","targetHints":{"allow":["GET"]}}],"collection":[{"href":"https:\/\/deputadotaveirajr.com.br\/index.php\/wp-json\/wp\/v2\/pages"}],"about":[{"href":"https:\/\/deputadotaveirajr.com.br\/index.php\/wp-json\/wp\/v2\/types\/page"}],"replies":[{"embeddable":true,"href":"https:\/\/deputadotaveirajr.com.br\/index.php\/wp-json\/wp\/v2\/comments?post=6433"}],"version-history":[{"count":1,"href":"https:\/\/deputadotaveirajr.com.br\/index.php\/wp-json\/wp\/v2\/pages\/6433\/revisions"}],"predecessor-version":[{"id":6442,"href":"https:\/\/deputadotaveirajr.com.br\/index.php\/wp-json\/wp\/v2\/pages\/6433\/revisions\/6442"}],"wp:featuredmedia":[{"embeddable":true,"href":"https:\/\/deputadotaveirajr.com.br\/index.php\/wp-json\/wp\/v2\/media\/6434"}],"wp:attachment":[{"href":"https:\/\/deputadotaveirajr.com.br\/index.php\/wp-json\/wp\/v2\/media?parent=6433"}],"curies":[{"name":"wp","href":"https:\/\/api.w.org\/{rel}","templated":true}]}}