{"id":6501,"date":"2024-05-27T12:44:26","date_gmt":"2024-05-27T15:44:26","guid":{"rendered":"https:\/\/deputadotaveirajr.com.br\/?page_id=6501"},"modified":"2024-05-27T12:44:26","modified_gmt":"2024-05-27T15:44:26","slug":"potiguar-apontado-como-um-dos-10-criminosos-mais-procurados-do-rn-e-preso-com-documentos-falsos-no-peru","status":"publish","type":"page","link":"https:\/\/deputadotaveirajr.com.br\/index.php\/potiguar-apontado-como-um-dos-10-criminosos-mais-procurados-do-rn-e-preso-com-documentos-falsos-no-peru\/","title":{"rendered":"Potiguar apontado como um dos 10 criminosos mais procurados do RN \u00e9 preso com documentos falsos no Peru"},"content":{"rendered":"<p>     Homem \u00e9 condenado a mais de 30 anos de pena no Brasil e foi preso pela pol\u00edcia peruana Pol\u00edcia peruana em flagrante por tr\u00eas tentativas de homic\u00eddio e disparos em via p\u00fablica.  Um potiguar foragido da Justi\u00e7a, condenado a mais de 32 anos de pena, foi preso no \u00faltimo s\u00e1bado (25) no Peru, segundo informou a Pol\u00edcia Federal.<br \/>\nDe acordo com a PF, o homem era um dos dez criminosos mais procurados do Rio Grande do Norte, tinha o nome inclu\u00eddo na difus\u00e3o vermelha da Interpol e estava escondido na cidade de Pucallpa, no Peru. Apesar disso, a corpora\u00e7\u00e3o n\u00e3o informou a identidade do preso.<br \/>\nA pris\u00e3o foi realizada por meio de uma a\u00e7\u00e3o de coopera\u00e7\u00e3o entre a For\u00e7a Integrada de Combate ao Crime Organizado do Rio Grande do Norte (Ficco), a policial internacional e a Pol\u00edcia Nacional Peruana (PNP).<br \/>\n&#8220;A inclus\u00e3o do nome do preso na Difus\u00e3o Vermelha da Interpol foi decorrente de representa\u00e7\u00e3o policial no bojo da Opera\u00e7\u00e3o P\u00e9lagos, na qual foi denunciado pelos crimes de associa\u00e7\u00e3o para o tr\u00e1fico de drogas e por integrar o comando de organiza\u00e7\u00e3o criminosa armada&#8221;, informou a PF.<br \/>\nO homem foi preso pela Pol\u00edcia Nacional Peruana (PNP), que inicialmente o deteve em flagrante por tr\u00eas tentativas de homic\u00eddio, e por ter realizado v\u00e1rios disparos de arma em via p\u00fablica.<br \/>\nLEIA MAIS<br \/>\nOpera\u00e7\u00e3o P\u00e9lagos: PF cumpre 34 mandados de pris\u00e3o contra suspeitos de tr\u00e1fico de drogas no RN e outros seis estados<br \/>\n&#8216;Bibi Perigosa&#8217;, presa no RJ por ataques no Rio Grande do Norte, estava foragida depois de romper tornozeleira eletr\u00f4nica<br \/>\nFor\u00e7a-Tarefa prende no Paraguai um dos homens mais procurados pela Justi\u00e7a do RN<br \/>\nNo entanto, a For\u00e7a Integrada do Rio Grande do Norte suspeitou do uso de documentos de identidade falsa na ocorr\u00eancia e, ap\u00f3s investiga\u00e7\u00e3o, confirmou a verdadeira identidade do foragido.<br \/>\nO preso j\u00e1 tinha realizado fugas do Centro de Deten\u00e7\u00e3o Provis\u00f3ria no Rio Grande do Norte em 2008 e de um pres\u00eddio de seguran\u00e7a m\u00e1xima da Para\u00edba em 2018, inclusive com utiliza\u00e7\u00e3o de explosivos.<br \/>\n&#8220;Al\u00e9m da difus\u00e3o vermelha, existem ainda dois mandados de pris\u00e3o pendentes de cumprimento em seu desfavor emitidos pela 3\u00aa Vara da Comarca de Maca\u00edba\/RN e pela Vara de Execu\u00e7\u00e3o Penal de Jo\u00e3o Pessoa\/PB&#8221;, informou a PF.<br \/>\nSegundo a PF, ser\u00e1 iniciado um processo de extradi\u00e7\u00e3o, que pode ser condicionado ao cumprimento de pena no Peru, j\u00e1 que ele tamb\u00e9m cometeu crimes no pa\u00eds.<br \/>\nAlgemas; pris\u00e3o<br \/>\nBruna Bonfim\/g1<br \/>\nVeja os v\u00eddeos mais assistidos no g1 RN<\/p>","protected":false},"excerpt":{"rendered":"<p>Homem \u00e9 condenado a mais de 30 anos de pena no Brasil e foi preso pela pol\u00edcia peruana Pol\u00edcia peruana em flagrante por tr\u00eas tentativas de homic\u00eddio e disparos em &#8230;<\/p>\n","protected":false},"author":0,"featured_media":6502,"parent":0,"menu_order":0,"comment_status":"closed","ping_status":"closed","template":"","meta":{"footnotes":""},"class_list":["post-6501","page","type-page","status-publish","has-post-thumbnail","hentry"],"yoast_head":"<!-- This site is optimized with the Yoast SEO plugin v27.1.1 - https:\/\/yoast.com\/product\/yoast-seo-wordpress\/ -->\n<title>Potiguar apontado como um dos 10 criminosos mais procurados do RN \u00e9 preso com documentos falsos no Peru - Taveira Jr<\/title>\n<meta name=\"robots\" content=\"index, follow, max-snippet:-1, max-image-preview:large, max-video-preview:-1\" \/>\n<link rel=\"canonical\" href=\"https:\/\/deputadotaveirajr.com.br\/index.php\/potiguar-apontado-como-um-dos-10-criminosos-mais-procurados-do-rn-e-preso-com-documentos-falsos-no-peru\/\" \/>\n<meta property=\"og:locale\" content=\"pt_BR\" \/>\n<meta property=\"og:type\" content=\"article\" \/>\n<meta property=\"og:title\" content=\"Potiguar apontado como um dos 10 criminosos mais procurados do RN \u00e9 preso com documentos falsos no Peru - Taveira Jr\" \/>\n<meta property=\"og:description\" content=\"Homem \u00e9 condenado a mais de 30 anos de pena no Brasil e foi preso pela pol\u00edcia peruana Pol\u00edcia peruana em flagrante por tr\u00eas tentativas de homic\u00eddio e disparos em ...\" \/>\n<meta property=\"og:url\" content=\"https:\/\/deputadotaveirajr.com.br\/index.php\/potiguar-apontado-como-um-dos-10-criminosos-mais-procurados-do-rn-e-preso-com-documentos-falsos-no-peru\/\" \/>\n<meta property=\"og:site_name\" content=\"Taveira Jr\" \/>\n<meta property=\"og:image\" content=\"https:\/\/deputadotaveirajr.com.br\/wp-content\/uploads\/2024\/05\/080eca8e-5423-4539-b27a-1076e4d6158c-20z2Wb-scaled.jpeg\" \/>\n\t<meta property=\"og:image:width\" content=\"2560\" \/>\n\t<meta property=\"og:image:height\" content=\"1440\" \/>\n\t<meta property=\"og:image:type\" content=\"image\/jpeg\" \/>\n<meta name=\"twitter:card\" content=\"summary_large_image\" \/>\n<meta name=\"twitter:label1\" content=\"Est. tempo de leitura\" \/>\n\t<meta name=\"twitter:data1\" content=\"2 minutos\" \/>\n<script type=\"application\/ld+json\" class=\"yoast-schema-graph\">{\"@context\":\"https:\/\/schema.org\",\"@graph\":[{\"@type\":\"WebPage\",\"@id\":\"https:\/\/deputadotaveirajr.com.br\/index.php\/potiguar-apontado-como-um-dos-10-criminosos-mais-procurados-do-rn-e-preso-com-documentos-falsos-no-peru\/\",\"url\":\"https:\/\/deputadotaveirajr.com.br\/index.php\/potiguar-apontado-como-um-dos-10-criminosos-mais-procurados-do-rn-e-preso-com-documentos-falsos-no-peru\/\",\"name\":\"Potiguar apontado como um dos 10 criminosos mais procurados do RN \u00e9 preso com documentos falsos no Peru - Taveira Jr\",\"isPartOf\":{\"@id\":\"https:\/\/deputadotaveirajr.com.br\/#website\"},\"primaryImageOfPage\":{\"@id\":\"https:\/\/deputadotaveirajr.com.br\/index.php\/potiguar-apontado-como-um-dos-10-criminosos-mais-procurados-do-rn-e-preso-com-documentos-falsos-no-peru\/#primaryimage\"},\"image\":{\"@id\":\"https:\/\/deputadotaveirajr.com.br\/index.php\/potiguar-apontado-como-um-dos-10-criminosos-mais-procurados-do-rn-e-preso-com-documentos-falsos-no-peru\/#primaryimage\"},\"thumbnailUrl\":\"https:\/\/deputadotaveirajr.com.br\/wp-content\/uploads\/2024\/05\/080eca8e-5423-4539-b27a-1076e4d6158c-20z2Wb-scaled.jpeg\",\"datePublished\":\"2024-05-27T15:44:26+00:00\",\"breadcrumb\":{\"@id\":\"https:\/\/deputadotaveirajr.com.br\/index.php\/potiguar-apontado-como-um-dos-10-criminosos-mais-procurados-do-rn-e-preso-com-documentos-falsos-no-peru\/#breadcrumb\"},\"inLanguage\":\"pt-BR\",\"potentialAction\":[{\"@type\":\"ReadAction\",\"target\":[\"https:\/\/deputadotaveirajr.com.br\/index.php\/potiguar-apontado-como-um-dos-10-criminosos-mais-procurados-do-rn-e-preso-com-documentos-falsos-no-peru\/\"]}]},{\"@type\":\"ImageObject\",\"inLanguage\":\"pt-BR\",\"@id\":\"https:\/\/deputadotaveirajr.com.br\/index.php\/potiguar-apontado-como-um-dos-10-criminosos-mais-procurados-do-rn-e-preso-com-documentos-falsos-no-peru\/#primaryimage\",\"url\":\"https:\/\/deputadotaveirajr.com.br\/wp-content\/uploads\/2024\/05\/080eca8e-5423-4539-b27a-1076e4d6158c-20z2Wb-scaled.jpeg\",\"contentUrl\":\"https:\/\/deputadotaveirajr.com.br\/wp-content\/uploads\/2024\/05\/080eca8e-5423-4539-b27a-1076e4d6158c-20z2Wb-scaled.jpeg\",\"width\":2560,\"height\":1440},{\"@type\":\"BreadcrumbList\",\"@id\":\"https:\/\/deputadotaveirajr.com.br\/index.php\/potiguar-apontado-como-um-dos-10-criminosos-mais-procurados-do-rn-e-preso-com-documentos-falsos-no-peru\/#breadcrumb\",\"itemListElement\":[{\"@type\":\"ListItem\",\"position\":1,\"name\":\"In\u00edcio\",\"item\":\"https:\/\/deputadotaveirajr.com.br\/\"},{\"@type\":\"ListItem\",\"position\":2,\"name\":\"Potiguar apontado como um dos 10 criminosos mais procurados do RN \u00e9 preso com documentos falsos no Peru\"}]},{\"@type\":\"WebSite\",\"@id\":\"https:\/\/deputadotaveirajr.com.br\/#website\",\"url\":\"https:\/\/deputadotaveirajr.com.br\/\",\"name\":\"Taveira Jr\",\"description\":\"Deputado Estadual\",\"publisher\":{\"@id\":\"https:\/\/deputadotaveirajr.com.br\/#organization\"},\"potentialAction\":[{\"@type\":\"SearchAction\",\"target\":{\"@type\":\"EntryPoint\",\"urlTemplate\":\"https:\/\/deputadotaveirajr.com.br\/?s={search_term_string}\"},\"query-input\":{\"@type\":\"PropertyValueSpecification\",\"valueRequired\":true,\"valueName\":\"search_term_string\"}}],\"inLanguage\":\"pt-BR\"},{\"@type\":\"Organization\",\"@id\":\"https:\/\/deputadotaveirajr.com.br\/#organization\",\"name\":\"Taveira Jr\",\"url\":\"https:\/\/deputadotaveirajr.com.br\/\",\"logo\":{\"@type\":\"ImageObject\",\"inLanguage\":\"pt-BR\",\"@id\":\"https:\/\/deputadotaveirajr.com.br\/#\/schema\/logo\/image\/\",\"url\":\"https:\/\/deputadotaveirajr.com.br\/wp-content\/uploads\/2026\/01\/logolow2a.png\",\"contentUrl\":\"https:\/\/deputadotaveirajr.com.br\/wp-content\/uploads\/2026\/01\/logolow2a.png\",\"width\":290,\"height\":80,\"caption\":\"Taveira Jr\"},\"image\":{\"@id\":\"https:\/\/deputadotaveirajr.com.br\/#\/schema\/logo\/image\/\"}}]}<\/script>\n<!-- \/ Yoast SEO plugin. -->","yoast_head_json":{"title":"Potiguar apontado como um dos 10 criminosos mais procurados do RN \u00e9 preso com documentos falsos no Peru - Taveira Jr","robots":{"index":"index","follow":"follow","max-snippet":"max-snippet:-1","max-image-preview":"max-image-preview:large","max-video-preview":"max-video-preview:-1"},"canonical":"https:\/\/deputadotaveirajr.com.br\/index.php\/potiguar-apontado-como-um-dos-10-criminosos-mais-procurados-do-rn-e-preso-com-documentos-falsos-no-peru\/","og_locale":"pt_BR","og_type":"article","og_title":"Potiguar apontado como um dos 10 criminosos mais procurados do RN \u00e9 preso com documentos falsos no Peru - Taveira Jr","og_description":"Homem \u00e9 condenado a mais de 30 anos de pena no Brasil e foi preso pela pol\u00edcia peruana Pol\u00edcia peruana em flagrante por tr\u00eas tentativas de homic\u00eddio e disparos em ...","og_url":"https:\/\/deputadotaveirajr.com.br\/index.php\/potiguar-apontado-como-um-dos-10-criminosos-mais-procurados-do-rn-e-preso-com-documentos-falsos-no-peru\/","og_site_name":"Taveira Jr","og_image":[{"width":2560,"height":1440,"url":"https:\/\/deputadotaveirajr.com.br\/wp-content\/uploads\/2024\/05\/080eca8e-5423-4539-b27a-1076e4d6158c-20z2Wb-scaled.jpeg","type":"image\/jpeg"}],"twitter_card":"summary_large_image","twitter_misc":{"Est. tempo de leitura":"2 minutos"},"schema":{"@context":"https:\/\/schema.org","@graph":[{"@type":"WebPage","@id":"https:\/\/deputadotaveirajr.com.br\/index.php\/potiguar-apontado-como-um-dos-10-criminosos-mais-procurados-do-rn-e-preso-com-documentos-falsos-no-peru\/","url":"https:\/\/deputadotaveirajr.com.br\/index.php\/potiguar-apontado-como-um-dos-10-criminosos-mais-procurados-do-rn-e-preso-com-documentos-falsos-no-peru\/","name":"Potiguar apontado como um dos 10 criminosos mais procurados do RN \u00e9 preso com documentos falsos no Peru - Taveira Jr","isPartOf":{"@id":"https:\/\/deputadotaveirajr.com.br\/#website"},"primaryImageOfPage":{"@id":"https:\/\/deputadotaveirajr.com.br\/index.php\/potiguar-apontado-como-um-dos-10-criminosos-mais-procurados-do-rn-e-preso-com-documentos-falsos-no-peru\/#primaryimage"},"image":{"@id":"https:\/\/deputadotaveirajr.com.br\/index.php\/potiguar-apontado-como-um-dos-10-criminosos-mais-procurados-do-rn-e-preso-com-documentos-falsos-no-peru\/#primaryimage"},"thumbnailUrl":"https:\/\/deputadotaveirajr.com.br\/wp-content\/uploads\/2024\/05\/080eca8e-5423-4539-b27a-1076e4d6158c-20z2Wb-scaled.jpeg","datePublished":"2024-05-27T15:44:26+00:00","breadcrumb":{"@id":"https:\/\/deputadotaveirajr.com.br\/index.php\/potiguar-apontado-como-um-dos-10-criminosos-mais-procurados-do-rn-e-preso-com-documentos-falsos-no-peru\/#breadcrumb"},"inLanguage":"pt-BR","potentialAction":[{"@type":"ReadAction","target":["https:\/\/deputadotaveirajr.com.br\/index.php\/potiguar-apontado-como-um-dos-10-criminosos-mais-procurados-do-rn-e-preso-com-documentos-falsos-no-peru\/"]}]},{"@type":"ImageObject","inLanguage":"pt-BR","@id":"https:\/\/deputadotaveirajr.com.br\/index.php\/potiguar-apontado-como-um-dos-10-criminosos-mais-procurados-do-rn-e-preso-com-documentos-falsos-no-peru\/#primaryimage","url":"https:\/\/deputadotaveirajr.com.br\/wp-content\/uploads\/2024\/05\/080eca8e-5423-4539-b27a-1076e4d6158c-20z2Wb-scaled.jpeg","contentUrl":"https:\/\/deputadotaveirajr.com.br\/wp-content\/uploads\/2024\/05\/080eca8e-5423-4539-b27a-1076e4d6158c-20z2Wb-scaled.jpeg","width":2560,"height":1440},{"@type":"BreadcrumbList","@id":"https:\/\/deputadotaveirajr.com.br\/index.php\/potiguar-apontado-como-um-dos-10-criminosos-mais-procurados-do-rn-e-preso-com-documentos-falsos-no-peru\/#breadcrumb","itemListElement":[{"@type":"ListItem","position":1,"name":"In\u00edcio","item":"https:\/\/deputadotaveirajr.com.br\/"},{"@type":"ListItem","position":2,"name":"Potiguar apontado como um dos 10 criminosos mais procurados do RN \u00e9 preso com documentos falsos no Peru"}]},{"@type":"WebSite","@id":"https:\/\/deputadotaveirajr.com.br\/#website","url":"https:\/\/deputadotaveirajr.com.br\/","name":"Taveira Jr","description":"Deputado Estadual","publisher":{"@id":"https:\/\/deputadotaveirajr.com.br\/#organization"},"potentialAction":[{"@type":"SearchAction","target":{"@type":"EntryPoint","urlTemplate":"https:\/\/deputadotaveirajr.com.br\/?s={search_term_string}"},"query-input":{"@type":"PropertyValueSpecification","valueRequired":true,"valueName":"search_term_string"}}],"inLanguage":"pt-BR"},{"@type":"Organization","@id":"https:\/\/deputadotaveirajr.com.br\/#organization","name":"Taveira Jr","url":"https:\/\/deputadotaveirajr.com.br\/","logo":{"@type":"ImageObject","inLanguage":"pt-BR","@id":"https:\/\/deputadotaveirajr.com.br\/#\/schema\/logo\/image\/","url":"https:\/\/deputadotaveirajr.com.br\/wp-content\/uploads\/2026\/01\/logolow2a.png","contentUrl":"https:\/\/deputadotaveirajr.com.br\/wp-content\/uploads\/2026\/01\/logolow2a.png","width":290,"height":80,"caption":"Taveira Jr"},"image":{"@id":"https:\/\/deputadotaveirajr.com.br\/#\/schema\/logo\/image\/"}}]}},"_links":{"self":[{"href":"https:\/\/deputadotaveirajr.com.br\/index.php\/wp-json\/wp\/v2\/pages\/6501","targetHints":{"allow":["GET"]}}],"collection":[{"href":"https:\/\/deputadotaveirajr.com.br\/index.php\/wp-json\/wp\/v2\/pages"}],"about":[{"href":"https:\/\/deputadotaveirajr.com.br\/index.php\/wp-json\/wp\/v2\/types\/page"}],"replies":[{"embeddable":true,"href":"https:\/\/deputadotaveirajr.com.br\/index.php\/wp-json\/wp\/v2\/comments?post=6501"}],"version-history":[{"count":1,"href":"https:\/\/deputadotaveirajr.com.br\/index.php\/wp-json\/wp\/v2\/pages\/6501\/revisions"}],"predecessor-version":[{"id":6504,"href":"https:\/\/deputadotaveirajr.com.br\/index.php\/wp-json\/wp\/v2\/pages\/6501\/revisions\/6504"}],"wp:featuredmedia":[{"embeddable":true,"href":"https:\/\/deputadotaveirajr.com.br\/index.php\/wp-json\/wp\/v2\/media\/6502"}],"wp:attachment":[{"href":"https:\/\/deputadotaveirajr.com.br\/index.php\/wp-json\/wp\/v2\/media?parent=6501"}],"curies":[{"name":"wp","href":"https:\/\/api.w.org\/{rel}","templated":true}]}}