{"id":6600,"date":"2024-05-31T13:15:48","date_gmt":"2024-05-31T16:15:48","guid":{"rendered":"https:\/\/deputadotaveirajr.com.br\/?page_id=6600"},"modified":"2024-05-31T13:15:48","modified_gmt":"2024-05-31T16:15:48","slug":"pingo-da-mei-dia-abre-o-mossoro-cidade-junina-neste-sabado-1o-confira-horarios-dos-shows","status":"publish","type":"page","link":"https:\/\/deputadotaveirajr.com.br\/index.php\/pingo-da-mei-dia-abre-o-mossoro-cidade-junina-neste-sabado-1o-confira-horarios-dos-shows\/","title":{"rendered":"Pingo da Mei Dia abre o Mossor\u00f3 Cidade Junina neste s\u00e1bado (1\u00ba); confira hor\u00e1rios dos shows"},"content":{"rendered":"<p>     Evento come\u00e7a ao meio-dia e segue at\u00e9 o fim da noite no corredor cultural montado na Avenida Rio Branco.  Pingo da Mei Dia abre per\u00edodo junino em Mossor\u00f3, no Oeste potiguar (Arquivo)<br \/>\nWilson Moreno\/Prefeitura de Mossor\u00f3<br \/>\nO tradicional \u201cPingo da Mei Dia\u201d abre, neste s\u00e1bado (1\u00ba), o calend\u00e1rio do \u201cMossor\u00f3 Cidade Junina\u201d 2024 &#8211; a festa de S\u00e3o Jo\u00e3o da maior cidade do Oeste potiguar. 14 atra\u00e7\u00f5es nacionais e regionais v\u00e3o animar o p\u00fablico no o corredor Cultural Ant\u00f4nio Gonzaga Chimbinho, na avenida Rio Branco.<br \/>\nA festa come\u00e7a ao meio-dia e segue at\u00e9 as 23h, totalizando 11h de shows.<br \/>\nEntre as atra\u00e7\u00f5es est\u00e3o Bell Marques, Z\u00e9 Vaqueiro, Tarc\u00edsio do Acordeon, Dan Ventura, Forr\u00f3 dos 3, Banda Inala, Aline Reis, Darlan Dias, Guto Fortunato, Caroline Melo, Nilson Viana, entre outros.<br \/>\nNa \u00faltima edi\u00e7\u00e3o, o \u201cPingo da Mei Dia\u201d reuniu mais de 210 mil pessoas na avenida. O \u00e1pice do evento ocorreu na apresenta\u00e7\u00e3o de Bell Marques.<br \/>\nCom a amplia\u00e7\u00e3o do percurso, a prefeitura de Mossor\u00f3 espera recorde de p\u00fablico em 2024. Ser\u00e3o quase 2 mil metros para o foli\u00e3o percorrer em apenas uma volta do Corredor Cultural.<br \/>\nVeja a sequ\u00eancia e hor\u00e1rio das apresenta\u00e7\u00f5es<br \/>\nTrio 1 &#8211; Guto Fortunato &#8211; 12h \u00e0s 14h30<br \/>\nTrio 2 &#8211; Davson Davis &#8211; 12h30 \u00e0s 15h<br \/>\nTrio 3 &#8211; Nataly Vox &#8211; 13h \u00e0s 15h30<br \/>\nTrio 4 &#8211; Aline Reis &#8211; 13h30 \u00e0s 16h<br \/>\nTrio 5 &#8211; Tarc\u00edsio do Acordeon &#8211; 14h \u00e0s 16h30<br \/>\nTrio 1 &#8211; Caroline Melo &#8211; 15h \u00e0s 17h30<br \/>\nTrio 2 &#8211; Forr\u00f3 dos 3 &#8211; 15h30 \u00e0s 18h<br \/>\nTrio 6 &#8211; Bell Marques &#8211; 16h \u00e0s 19h30<br \/>\nTrio 3 &#8211; Nilson Vianna &#8211; 17h \u00e0s 20h<br \/>\nTrio 4 &#8211; Banda Inala &#8211; 17h30 \u00e0s 20h30<br \/>\nTrio 5 &#8211; Z\u00e9 Vaqueiro &#8211; 18h \u00e0s 21h<br \/>\nTrio 1 &#8211; Andr\u00e9 Luv\u00ed &#8211; 19h \u00e0s 22h<br \/>\nTrio 2 &#8211; Darlan Dias &#8211; 19h30 \u00e0s 22h30<br \/>\nTrio 3 &#8211; Dan Ventura &#8211; 20h \u00e0s 23h<br \/>\nPingo da Mei Dia em Mossor\u00f3 (Arquivo)<br \/>\nWilson Moreno\/Prefeitura de Mossor\u00f3<br \/>\nAcesso \u00e0 festa<br \/>\nSegundo a prefeitura de Mossor\u00f3 o n\u00famero de entradas e o percurso do \u201cPingo da Mei Dia\u201d foram ampliados. Os port\u00f5es de entrada e sa\u00edda foram distribu\u00eddos nas seguintes localidades:<br \/>\nPort\u00e3o 1: Avenida Augusto Severo\/Rua Melo Franco.<br \/>\nPort\u00e3o 2: Rua Frei Miguelinho\/Rua Princesa Isabel<br \/>\nPort\u00e3o 3: Rua N\u00edsia Floresta\/Rua Princesa Isabel<br \/>\nPort\u00e3o 4: Rua N\u00edsia Floresta\/Rua Rui Barbosa<br \/>\nPort\u00e3o 5: Rua Felipe Camar\u00e3o\/Rua Rui Barbosa<br \/>\nPort\u00e3o 6: Rua Frei Miguelinho\/Rua Rui Barbosa<br \/>\nPort\u00e3o 7: Avenida Alberto Maranh\u00e3o\/Rua Alfredo Fernandes<br \/>\nPort\u00e3o 8: Avenida Alberto Maranh\u00e3o\/Avenida Augusto Severo<br \/>\nPort\u00e3o 9: Avenida Rio Branco\/Rua Duod\u00e9cimo Rosado<br \/>\nPort\u00e3o 10: Avenida Rio Branco\/Rua Roderick Grandall<br \/>\nO que pode e n\u00e3o pode levar para o &#8216;Pingo da Mei Dia&#8217;<br \/>\nNa festa p\u00fablica \u00e9 proibida a entrada de garrafas de vidro e objetos cortantes. Bebidas em latas e garrafas pet, acondicionadas em cooler ou bolsas t\u00e9rmicas est\u00e3o liberadas.<br \/>\nSeguran\u00e7a<br \/>\nSegundo a organiza\u00e7\u00e3o, mais de 1.400 agentes estar\u00e3o empenhados na seguran\u00e7a do evento, entre policiais militares, bombeiros, guardas civis, policiais civis, policiais de tr\u00e2nsito, entre outros.<br \/>\nA festa tamb\u00e9m conta com sistema de videomonitoramento, com 95 c\u00e2meras, sendo 22 de reconhecimento facial.<br \/>\nSa\u00fade<br \/>\nSeis pontos de atendimento em sa\u00fade ser\u00e3o disponibilizados ao p\u00fablico da festa, localizados nos seguintes pontos:<br \/>\nTeatro Municipal Dix-huit Rosado;<br \/>\nPra\u00e7a de Eventos;<br \/>\nEscola Municipal Professor Manoel Assis;<br \/>\nInstituto Alvorada;<br \/>\nSecretaria Municipal de Desenvolvimento Econ\u00f4mico, Inova\u00e7\u00e3o e Turismo (Sedint);<br \/>\nSecretaria Municipal da Fazenda (Sefaz);<br \/>\nAcessibilidade<br \/>\nO \u201cPingo da Mei Dia\u201d tamb\u00e9m contar\u00e1 com um espa\u00e7o amplo e acess\u00edvel voltado para pessoas com defici\u00eancia (PcD). O \u201cArrai\u00e1 da Inclus\u00e3o&#8221; ser\u00e1 realizado na lateral do Memorial da Resist\u00eancia, com vis\u00e3o privilegiada do evento. Segundo a prefeitura, a estrutura ter\u00e1 seguran\u00e7a, apoio e identifica\u00e7\u00e3o. O espa\u00e7o receber\u00e1 40 PCDs com direito a acompanhante.<br \/>\nTr\u00e2nsito interditado<br \/>\nA Secretaria Municipal de Seguran\u00e7a P\u00fablica, Defesa Civil, Mobilidade Urbana e Tr\u00e2nsito (Sesdem) iniciou interven\u00e7\u00f5es no tr\u00e2nsito nesta quinta-feira (30), no per\u00edmetro do evento no Corredor Cultural, na avenida Rio Branco.<br \/>\nSegundo o munic\u00edpio, a interven\u00e7\u00e3o \u00e9 feita para agilizar a instala\u00e7\u00e3o dos comerciantes, assim como a log\u00edstica para passagem pr\u00e9via dos trios. O acesso \u00e0 avenida ficar\u00e1 restrito, com libera\u00e7\u00e3o parcial e programada entre moradores, comerciantes e o setor de servi\u00e7os.<br \/>\nPopula\u00e7\u00e3o &#8211; n\u00e3o ser\u00e1 permitido a entrada de ve\u00edculos no per\u00edmetro do evento a partir das 20h do dia 31 de maio.<br \/>\nComerciantes &#8211; pessoas envolvidas na montagem das tendas, barracas, camarotes e similares, bem como no abastecimento de insumos.<br \/>\n&#8211; In\u00edcio: 20h, dia 30 de maio de 2024.<br \/>\n&#8211; Prazo final permitido: at\u00e9 17h30 do dia 31 de maio de 2024.<br \/>\nMorador | Acesso autorizado mediante credencial disponibilizada pela Sesdem. Exclusivamente para a guarda do ve\u00edculo em definitivo. Ser\u00e1 proibido o estacionamento no Corredor Cultural.<br \/>\n&#8211; In\u00edcio: 20h, dia 30 de maio de 2024.<br \/>\n&#8211; Prazo final permitido: At\u00e9 \u00e0s 10h do dia 1 de junho de 2024<br \/>\nSegundo a secretaria, ser\u00e1 poss\u00edvel atravessar a avenida Rio Branco por algumas vias at\u00e9 \u00e0s 17h30 desta sexta-feira (31).<br \/>\nAv Augusto Severo<br \/>\nRua Frei Miguelinho<br \/>\nRua Felipe Camar\u00e3o<br \/>\nRua N\u00edsia Floresta<br \/>\nVeja os v\u00eddeos mais assistidos no g1 RN<\/p>","protected":false},"excerpt":{"rendered":"<p>Evento come\u00e7a ao meio-dia e segue at\u00e9 o fim da noite no corredor cultural montado na Avenida Rio Branco. Pingo da Mei Dia abre per\u00edodo junino em Mossor\u00f3, no Oeste &#8230;<\/p>\n","protected":false},"author":0,"featured_media":6601,"parent":0,"menu_order":0,"comment_status":"closed","ping_status":"closed","template":"","meta":{"footnotes":""},"class_list":["post-6600","page","type-page","status-publish","has-post-thumbnail","hentry"],"yoast_head":"<!-- This site is optimized with the Yoast SEO plugin v27.1.1 - https:\/\/yoast.com\/product\/yoast-seo-wordpress\/ -->\n<title>Pingo da Mei Dia abre o Mossor\u00f3 Cidade Junina neste s\u00e1bado (1\u00ba); confira hor\u00e1rios dos shows - Taveira Jr<\/title>\n<meta name=\"robots\" content=\"index, follow, max-snippet:-1, max-image-preview:large, max-video-preview:-1\" \/>\n<link rel=\"canonical\" href=\"https:\/\/deputadotaveirajr.com.br\/index.php\/pingo-da-mei-dia-abre-o-mossoro-cidade-junina-neste-sabado-1o-confira-horarios-dos-shows\/\" \/>\n<meta property=\"og:locale\" content=\"pt_BR\" \/>\n<meta property=\"og:type\" content=\"article\" \/>\n<meta property=\"og:title\" content=\"Pingo da Mei Dia abre o Mossor\u00f3 Cidade Junina neste s\u00e1bado (1\u00ba); confira hor\u00e1rios dos shows - Taveira Jr\" \/>\n<meta property=\"og:description\" content=\"Evento come\u00e7a ao meio-dia e segue at\u00e9 o fim da noite no corredor cultural montado na Avenida Rio Branco. Pingo da Mei Dia abre per\u00edodo junino em Mossor\u00f3, no Oeste ...\" \/>\n<meta property=\"og:url\" content=\"https:\/\/deputadotaveirajr.com.br\/index.php\/pingo-da-mei-dia-abre-o-mossoro-cidade-junina-neste-sabado-1o-confira-horarios-dos-shows\/\" \/>\n<meta property=\"og:site_name\" content=\"Taveira Jr\" \/>\n<meta property=\"og:image\" content=\"https:\/\/deputadotaveirajr.com.br\/wp-content\/uploads\/2024\/05\/pingo1-OMFQRS.jpeg\" \/>\n\t<meta property=\"og:image:width\" content=\"1024\" \/>\n\t<meta property=\"og:image:height\" content=\"576\" \/>\n\t<meta property=\"og:image:type\" content=\"image\/jpeg\" \/>\n<meta name=\"twitter:card\" content=\"summary_large_image\" \/>\n<meta name=\"twitter:label1\" content=\"Est. tempo de leitura\" \/>\n\t<meta name=\"twitter:data1\" content=\"4 minutos\" \/>\n<script type=\"application\/ld+json\" class=\"yoast-schema-graph\">{\"@context\":\"https:\/\/schema.org\",\"@graph\":[{\"@type\":\"WebPage\",\"@id\":\"https:\/\/deputadotaveirajr.com.br\/index.php\/pingo-da-mei-dia-abre-o-mossoro-cidade-junina-neste-sabado-1o-confira-horarios-dos-shows\/\",\"url\":\"https:\/\/deputadotaveirajr.com.br\/index.php\/pingo-da-mei-dia-abre-o-mossoro-cidade-junina-neste-sabado-1o-confira-horarios-dos-shows\/\",\"name\":\"Pingo da Mei Dia abre o Mossor\u00f3 Cidade Junina neste s\u00e1bado (1\u00ba); confira hor\u00e1rios dos shows - Taveira Jr\",\"isPartOf\":{\"@id\":\"https:\/\/deputadotaveirajr.com.br\/#website\"},\"primaryImageOfPage\":{\"@id\":\"https:\/\/deputadotaveirajr.com.br\/index.php\/pingo-da-mei-dia-abre-o-mossoro-cidade-junina-neste-sabado-1o-confira-horarios-dos-shows\/#primaryimage\"},\"image\":{\"@id\":\"https:\/\/deputadotaveirajr.com.br\/index.php\/pingo-da-mei-dia-abre-o-mossoro-cidade-junina-neste-sabado-1o-confira-horarios-dos-shows\/#primaryimage\"},\"thumbnailUrl\":\"https:\/\/deputadotaveirajr.com.br\/wp-content\/uploads\/2024\/05\/pingo1-OMFQRS.jpeg\",\"datePublished\":\"2024-05-31T16:15:48+00:00\",\"breadcrumb\":{\"@id\":\"https:\/\/deputadotaveirajr.com.br\/index.php\/pingo-da-mei-dia-abre-o-mossoro-cidade-junina-neste-sabado-1o-confira-horarios-dos-shows\/#breadcrumb\"},\"inLanguage\":\"pt-BR\",\"potentialAction\":[{\"@type\":\"ReadAction\",\"target\":[\"https:\/\/deputadotaveirajr.com.br\/index.php\/pingo-da-mei-dia-abre-o-mossoro-cidade-junina-neste-sabado-1o-confira-horarios-dos-shows\/\"]}]},{\"@type\":\"ImageObject\",\"inLanguage\":\"pt-BR\",\"@id\":\"https:\/\/deputadotaveirajr.com.br\/index.php\/pingo-da-mei-dia-abre-o-mossoro-cidade-junina-neste-sabado-1o-confira-horarios-dos-shows\/#primaryimage\",\"url\":\"https:\/\/deputadotaveirajr.com.br\/wp-content\/uploads\/2024\/05\/pingo1-OMFQRS.jpeg\",\"contentUrl\":\"https:\/\/deputadotaveirajr.com.br\/wp-content\/uploads\/2024\/05\/pingo1-OMFQRS.jpeg\",\"width\":1024,\"height\":576},{\"@type\":\"BreadcrumbList\",\"@id\":\"https:\/\/deputadotaveirajr.com.br\/index.php\/pingo-da-mei-dia-abre-o-mossoro-cidade-junina-neste-sabado-1o-confira-horarios-dos-shows\/#breadcrumb\",\"itemListElement\":[{\"@type\":\"ListItem\",\"position\":1,\"name\":\"In\u00edcio\",\"item\":\"https:\/\/deputadotaveirajr.com.br\/\"},{\"@type\":\"ListItem\",\"position\":2,\"name\":\"Pingo da Mei Dia abre o Mossor\u00f3 Cidade Junina neste s\u00e1bado (1\u00ba); confira hor\u00e1rios dos shows\"}]},{\"@type\":\"WebSite\",\"@id\":\"https:\/\/deputadotaveirajr.com.br\/#website\",\"url\":\"https:\/\/deputadotaveirajr.com.br\/\",\"name\":\"Taveira Jr\",\"description\":\"Deputado Estadual\",\"publisher\":{\"@id\":\"https:\/\/deputadotaveirajr.com.br\/#organization\"},\"potentialAction\":[{\"@type\":\"SearchAction\",\"target\":{\"@type\":\"EntryPoint\",\"urlTemplate\":\"https:\/\/deputadotaveirajr.com.br\/?s={search_term_string}\"},\"query-input\":{\"@type\":\"PropertyValueSpecification\",\"valueRequired\":true,\"valueName\":\"search_term_string\"}}],\"inLanguage\":\"pt-BR\"},{\"@type\":\"Organization\",\"@id\":\"https:\/\/deputadotaveirajr.com.br\/#organization\",\"name\":\"Taveira Jr\",\"url\":\"https:\/\/deputadotaveirajr.com.br\/\",\"logo\":{\"@type\":\"ImageObject\",\"inLanguage\":\"pt-BR\",\"@id\":\"https:\/\/deputadotaveirajr.com.br\/#\/schema\/logo\/image\/\",\"url\":\"https:\/\/deputadotaveirajr.com.br\/wp-content\/uploads\/2026\/01\/logolow2a.png\",\"contentUrl\":\"https:\/\/deputadotaveirajr.com.br\/wp-content\/uploads\/2026\/01\/logolow2a.png\",\"width\":290,\"height\":80,\"caption\":\"Taveira Jr\"},\"image\":{\"@id\":\"https:\/\/deputadotaveirajr.com.br\/#\/schema\/logo\/image\/\"}}]}<\/script>\n<!-- \/ Yoast SEO plugin. -->","yoast_head_json":{"title":"Pingo da Mei Dia abre o Mossor\u00f3 Cidade Junina neste s\u00e1bado (1\u00ba); confira hor\u00e1rios dos shows - Taveira Jr","robots":{"index":"index","follow":"follow","max-snippet":"max-snippet:-1","max-image-preview":"max-image-preview:large","max-video-preview":"max-video-preview:-1"},"canonical":"https:\/\/deputadotaveirajr.com.br\/index.php\/pingo-da-mei-dia-abre-o-mossoro-cidade-junina-neste-sabado-1o-confira-horarios-dos-shows\/","og_locale":"pt_BR","og_type":"article","og_title":"Pingo da Mei Dia abre o Mossor\u00f3 Cidade Junina neste s\u00e1bado (1\u00ba); confira hor\u00e1rios dos shows - Taveira Jr","og_description":"Evento come\u00e7a ao meio-dia e segue at\u00e9 o fim da noite no corredor cultural montado na Avenida Rio Branco. Pingo da Mei Dia abre per\u00edodo junino em Mossor\u00f3, no Oeste ...","og_url":"https:\/\/deputadotaveirajr.com.br\/index.php\/pingo-da-mei-dia-abre-o-mossoro-cidade-junina-neste-sabado-1o-confira-horarios-dos-shows\/","og_site_name":"Taveira Jr","og_image":[{"width":1024,"height":576,"url":"https:\/\/deputadotaveirajr.com.br\/wp-content\/uploads\/2024\/05\/pingo1-OMFQRS.jpeg","type":"image\/jpeg"}],"twitter_card":"summary_large_image","twitter_misc":{"Est. tempo de leitura":"4 minutos"},"schema":{"@context":"https:\/\/schema.org","@graph":[{"@type":"WebPage","@id":"https:\/\/deputadotaveirajr.com.br\/index.php\/pingo-da-mei-dia-abre-o-mossoro-cidade-junina-neste-sabado-1o-confira-horarios-dos-shows\/","url":"https:\/\/deputadotaveirajr.com.br\/index.php\/pingo-da-mei-dia-abre-o-mossoro-cidade-junina-neste-sabado-1o-confira-horarios-dos-shows\/","name":"Pingo da Mei Dia abre o Mossor\u00f3 Cidade Junina neste s\u00e1bado (1\u00ba); confira hor\u00e1rios dos shows - Taveira Jr","isPartOf":{"@id":"https:\/\/deputadotaveirajr.com.br\/#website"},"primaryImageOfPage":{"@id":"https:\/\/deputadotaveirajr.com.br\/index.php\/pingo-da-mei-dia-abre-o-mossoro-cidade-junina-neste-sabado-1o-confira-horarios-dos-shows\/#primaryimage"},"image":{"@id":"https:\/\/deputadotaveirajr.com.br\/index.php\/pingo-da-mei-dia-abre-o-mossoro-cidade-junina-neste-sabado-1o-confira-horarios-dos-shows\/#primaryimage"},"thumbnailUrl":"https:\/\/deputadotaveirajr.com.br\/wp-content\/uploads\/2024\/05\/pingo1-OMFQRS.jpeg","datePublished":"2024-05-31T16:15:48+00:00","breadcrumb":{"@id":"https:\/\/deputadotaveirajr.com.br\/index.php\/pingo-da-mei-dia-abre-o-mossoro-cidade-junina-neste-sabado-1o-confira-horarios-dos-shows\/#breadcrumb"},"inLanguage":"pt-BR","potentialAction":[{"@type":"ReadAction","target":["https:\/\/deputadotaveirajr.com.br\/index.php\/pingo-da-mei-dia-abre-o-mossoro-cidade-junina-neste-sabado-1o-confira-horarios-dos-shows\/"]}]},{"@type":"ImageObject","inLanguage":"pt-BR","@id":"https:\/\/deputadotaveirajr.com.br\/index.php\/pingo-da-mei-dia-abre-o-mossoro-cidade-junina-neste-sabado-1o-confira-horarios-dos-shows\/#primaryimage","url":"https:\/\/deputadotaveirajr.com.br\/wp-content\/uploads\/2024\/05\/pingo1-OMFQRS.jpeg","contentUrl":"https:\/\/deputadotaveirajr.com.br\/wp-content\/uploads\/2024\/05\/pingo1-OMFQRS.jpeg","width":1024,"height":576},{"@type":"BreadcrumbList","@id":"https:\/\/deputadotaveirajr.com.br\/index.php\/pingo-da-mei-dia-abre-o-mossoro-cidade-junina-neste-sabado-1o-confira-horarios-dos-shows\/#breadcrumb","itemListElement":[{"@type":"ListItem","position":1,"name":"In\u00edcio","item":"https:\/\/deputadotaveirajr.com.br\/"},{"@type":"ListItem","position":2,"name":"Pingo da Mei Dia abre o Mossor\u00f3 Cidade Junina neste s\u00e1bado (1\u00ba); confira hor\u00e1rios dos shows"}]},{"@type":"WebSite","@id":"https:\/\/deputadotaveirajr.com.br\/#website","url":"https:\/\/deputadotaveirajr.com.br\/","name":"Taveira Jr","description":"Deputado Estadual","publisher":{"@id":"https:\/\/deputadotaveirajr.com.br\/#organization"},"potentialAction":[{"@type":"SearchAction","target":{"@type":"EntryPoint","urlTemplate":"https:\/\/deputadotaveirajr.com.br\/?s={search_term_string}"},"query-input":{"@type":"PropertyValueSpecification","valueRequired":true,"valueName":"search_term_string"}}],"inLanguage":"pt-BR"},{"@type":"Organization","@id":"https:\/\/deputadotaveirajr.com.br\/#organization","name":"Taveira Jr","url":"https:\/\/deputadotaveirajr.com.br\/","logo":{"@type":"ImageObject","inLanguage":"pt-BR","@id":"https:\/\/deputadotaveirajr.com.br\/#\/schema\/logo\/image\/","url":"https:\/\/deputadotaveirajr.com.br\/wp-content\/uploads\/2026\/01\/logolow2a.png","contentUrl":"https:\/\/deputadotaveirajr.com.br\/wp-content\/uploads\/2026\/01\/logolow2a.png","width":290,"height":80,"caption":"Taveira Jr"},"image":{"@id":"https:\/\/deputadotaveirajr.com.br\/#\/schema\/logo\/image\/"}}]}},"_links":{"self":[{"href":"https:\/\/deputadotaveirajr.com.br\/index.php\/wp-json\/wp\/v2\/pages\/6600","targetHints":{"allow":["GET"]}}],"collection":[{"href":"https:\/\/deputadotaveirajr.com.br\/index.php\/wp-json\/wp\/v2\/pages"}],"about":[{"href":"https:\/\/deputadotaveirajr.com.br\/index.php\/wp-json\/wp\/v2\/types\/page"}],"replies":[{"embeddable":true,"href":"https:\/\/deputadotaveirajr.com.br\/index.php\/wp-json\/wp\/v2\/comments?post=6600"}],"version-history":[{"count":1,"href":"https:\/\/deputadotaveirajr.com.br\/index.php\/wp-json\/wp\/v2\/pages\/6600\/revisions"}],"predecessor-version":[{"id":6608,"href":"https:\/\/deputadotaveirajr.com.br\/index.php\/wp-json\/wp\/v2\/pages\/6600\/revisions\/6608"}],"wp:featuredmedia":[{"embeddable":true,"href":"https:\/\/deputadotaveirajr.com.br\/index.php\/wp-json\/wp\/v2\/media\/6601"}],"wp:attachment":[{"href":"https:\/\/deputadotaveirajr.com.br\/index.php\/wp-json\/wp\/v2\/media?parent=6600"}],"curies":[{"name":"wp","href":"https:\/\/api.w.org\/{rel}","templated":true}]}}