{"id":6783,"date":"2024-06-08T17:03:52","date_gmt":"2024-06-08T20:03:52","guid":{"rendered":"https:\/\/deputadotaveirajr.com.br\/?page_id=6783"},"modified":"2024-06-08T17:03:52","modified_gmt":"2024-06-08T20:03:52","slug":"idoso-de-81-anos-faz-peregrinacao-com-cruz-de-30-quilos-e-passa-pelo-rn-rumo-ao-maranhao","status":"publish","type":"page","link":"https:\/\/deputadotaveirajr.com.br\/index.php\/idoso-de-81-anos-faz-peregrinacao-com-cruz-de-30-quilos-e-passa-pelo-rn-rumo-ao-maranhao\/","title":{"rendered":"Idoso de 81 anos faz peregrina\u00e7\u00e3o com cruz de 30 quilos e passa pelo RN rumo ao Maranh\u00e3o"},"content":{"rendered":"<p>     Pedro Guedes da Costa saiu de Caruaru em outubro de 2023 e tem como destino final o Santu\u00e1rio de Nossa Senhora do Ros\u00e1rio, em S\u00e3o Lu\u00eds, no Maranh\u00e3o. Idoso de 81 anos faz peregrina\u00e7\u00e3o carregando cruz de 30 quilos<br \/>\nO romeiro Pedro Guedes da Costa, 81 anos, est\u00e1 em peregrina\u00e7\u00e3o rumo ao Santu\u00e1rio de Nossa Senhora do Ros\u00e1rio, em S\u00e3o Lu\u00eds, no Maranh\u00e3o, e passou nesta sexta-feira (7) pela cidade de Currais Novos, na regi\u00e3o Serid\u00f3 do Rio Grande do Norte. Ele carrega uma cruz que pesa 30 quilos, al\u00e9m de um reboque com itens pessoais, como len\u00e7ol, roupa, \u00e1gua, comidas e barraca.<br \/>\n\ud83d\udcf3Participe do canal do g1 RN no WhatsApp<br \/>\nIdoso de 81 anos faz peregrina\u00e7\u00e3o com cruz de 30 quilos e passa pelo RN rumo ao Maranh\u00e3o<br \/>\nHeber Farias\/Sert\u00e3o Serid\u00f3<br \/>\nEle saiu da sua cidade natal, Caruaru, em Pernambuco, em outubro de 2023. Portanto, j\u00e1 est\u00e1 h\u00e1 sete meses nas estradas. A peregrina\u00e7\u00e3o \u00e9 um agradecimento pela cura de uma trombose entre 1999 e 2000.<br \/>\nO idoso percorre em m\u00e9dia 3 quil\u00f4metros por dia, atendendo recomenda\u00e7\u00e3o m\u00e9dica.<br \/>\n&#8220;O m\u00e9dico disse: &#8216;Seu Pedro, sua idade est\u00e1 avan\u00e7ada, voc\u00ea s\u00f3 pode andar 3 quil\u00f4metros por dia, subindo. Na reta, 4 quil\u00f4metros. Mas teve umas horas a\u00ed que exagerei um pouco, e cheguei a andar 7 quil\u00f4metros por dia&#8221;, conta.<br \/>\nEle j\u00e1 pagou outras duas promessas, em peregrina\u00e7\u00f5es at\u00e9 o Santu\u00e1rio Nacional de Nossa Senhora Aparecida, em Aparecida (SP), e ao  Santu\u00e1rio Bas\u00edlica do Divino Pai Eterno, em Trindade (GO).<br \/>\nIdoso de 81 anos faz peregrina\u00e7\u00e3o com cruz de 30 quilos e passa pelo RN rumo ao Maranh\u00e3o<br \/>\nHeber Farias\/Sert\u00e3o Serid\u00f3<br \/>\nV\u00eddeos mais assistidos do g1 RN<\/p>","protected":false},"excerpt":{"rendered":"<p>Pedro Guedes da Costa saiu de Caruaru em outubro de 2023 e tem como destino final o Santu\u00e1rio de Nossa Senhora do Ros\u00e1rio, em S\u00e3o Lu\u00eds, no Maranh\u00e3o. Idoso de &#8230;<\/p>\n","protected":false},"author":0,"featured_media":6784,"parent":0,"menu_order":0,"comment_status":"closed","ping_status":"closed","template":"","meta":{"footnotes":""},"class_list":["post-6783","page","type-page","status-publish","has-post-thumbnail","hentry"],"yoast_head":"<!-- This site is optimized with the Yoast SEO plugin v27.1.1 - https:\/\/yoast.com\/product\/yoast-seo-wordpress\/ -->\n<title>Idoso de 81 anos faz peregrina\u00e7\u00e3o com cruz de 30 quilos e passa pelo RN rumo ao Maranh\u00e3o - Taveira Jr<\/title>\n<meta name=\"robots\" content=\"index, follow, max-snippet:-1, max-image-preview:large, max-video-preview:-1\" \/>\n<link rel=\"canonical\" href=\"https:\/\/deputadotaveirajr.com.br\/index.php\/idoso-de-81-anos-faz-peregrinacao-com-cruz-de-30-quilos-e-passa-pelo-rn-rumo-ao-maranhao\/\" \/>\n<meta property=\"og:locale\" content=\"pt_BR\" \/>\n<meta property=\"og:type\" content=\"article\" \/>\n<meta property=\"og:title\" content=\"Idoso de 81 anos faz peregrina\u00e7\u00e3o com cruz de 30 quilos e passa pelo RN rumo ao Maranh\u00e3o - Taveira Jr\" \/>\n<meta property=\"og:description\" content=\"Pedro Guedes da Costa saiu de Caruaru em outubro de 2023 e tem como destino final o Santu\u00e1rio de Nossa Senhora do Ros\u00e1rio, em S\u00e3o Lu\u00eds, no Maranh\u00e3o. Idoso de ...\" \/>\n<meta property=\"og:url\" content=\"https:\/\/deputadotaveirajr.com.br\/index.php\/idoso-de-81-anos-faz-peregrinacao-com-cruz-de-30-quilos-e-passa-pelo-rn-rumo-ao-maranhao\/\" \/>\n<meta property=\"og:site_name\" content=\"Taveira Jr\" \/>\n<meta property=\"og:image\" content=\"https:\/\/deputadotaveirajr.com.br\/wp-content\/uploads\/2024\/06\/captura-de-tela-2024-06-08-as-12.51.52-mqmcpa-scaled.jpeg\" \/>\n\t<meta property=\"og:image:width\" content=\"2560\" \/>\n\t<meta property=\"og:image:height\" content=\"1259\" \/>\n\t<meta property=\"og:image:type\" content=\"image\/jpeg\" \/>\n<meta name=\"twitter:card\" content=\"summary_large_image\" \/>\n<meta name=\"twitter:label1\" content=\"Est. tempo de leitura\" \/>\n\t<meta name=\"twitter:data1\" content=\"1 minuto\" \/>\n<script type=\"application\/ld+json\" class=\"yoast-schema-graph\">{\"@context\":\"https:\/\/schema.org\",\"@graph\":[{\"@type\":\"WebPage\",\"@id\":\"https:\/\/deputadotaveirajr.com.br\/index.php\/idoso-de-81-anos-faz-peregrinacao-com-cruz-de-30-quilos-e-passa-pelo-rn-rumo-ao-maranhao\/\",\"url\":\"https:\/\/deputadotaveirajr.com.br\/index.php\/idoso-de-81-anos-faz-peregrinacao-com-cruz-de-30-quilos-e-passa-pelo-rn-rumo-ao-maranhao\/\",\"name\":\"Idoso de 81 anos faz peregrina\u00e7\u00e3o com cruz de 30 quilos e passa pelo RN rumo ao Maranh\u00e3o - Taveira Jr\",\"isPartOf\":{\"@id\":\"https:\/\/deputadotaveirajr.com.br\/#website\"},\"primaryImageOfPage\":{\"@id\":\"https:\/\/deputadotaveirajr.com.br\/index.php\/idoso-de-81-anos-faz-peregrinacao-com-cruz-de-30-quilos-e-passa-pelo-rn-rumo-ao-maranhao\/#primaryimage\"},\"image\":{\"@id\":\"https:\/\/deputadotaveirajr.com.br\/index.php\/idoso-de-81-anos-faz-peregrinacao-com-cruz-de-30-quilos-e-passa-pelo-rn-rumo-ao-maranhao\/#primaryimage\"},\"thumbnailUrl\":\"https:\/\/deputadotaveirajr.com.br\/wp-content\/uploads\/2024\/06\/captura-de-tela-2024-06-08-as-12.51.52-mqmcpa-scaled.jpeg\",\"datePublished\":\"2024-06-08T20:03:52+00:00\",\"breadcrumb\":{\"@id\":\"https:\/\/deputadotaveirajr.com.br\/index.php\/idoso-de-81-anos-faz-peregrinacao-com-cruz-de-30-quilos-e-passa-pelo-rn-rumo-ao-maranhao\/#breadcrumb\"},\"inLanguage\":\"pt-BR\",\"potentialAction\":[{\"@type\":\"ReadAction\",\"target\":[\"https:\/\/deputadotaveirajr.com.br\/index.php\/idoso-de-81-anos-faz-peregrinacao-com-cruz-de-30-quilos-e-passa-pelo-rn-rumo-ao-maranhao\/\"]}]},{\"@type\":\"ImageObject\",\"inLanguage\":\"pt-BR\",\"@id\":\"https:\/\/deputadotaveirajr.com.br\/index.php\/idoso-de-81-anos-faz-peregrinacao-com-cruz-de-30-quilos-e-passa-pelo-rn-rumo-ao-maranhao\/#primaryimage\",\"url\":\"https:\/\/deputadotaveirajr.com.br\/wp-content\/uploads\/2024\/06\/captura-de-tela-2024-06-08-as-12.51.52-mqmcpa-scaled.jpeg\",\"contentUrl\":\"https:\/\/deputadotaveirajr.com.br\/wp-content\/uploads\/2024\/06\/captura-de-tela-2024-06-08-as-12.51.52-mqmcpa-scaled.jpeg\",\"width\":2560,\"height\":1259},{\"@type\":\"BreadcrumbList\",\"@id\":\"https:\/\/deputadotaveirajr.com.br\/index.php\/idoso-de-81-anos-faz-peregrinacao-com-cruz-de-30-quilos-e-passa-pelo-rn-rumo-ao-maranhao\/#breadcrumb\",\"itemListElement\":[{\"@type\":\"ListItem\",\"position\":1,\"name\":\"In\u00edcio\",\"item\":\"https:\/\/deputadotaveirajr.com.br\/\"},{\"@type\":\"ListItem\",\"position\":2,\"name\":\"Idoso de 81 anos faz peregrina\u00e7\u00e3o com cruz de 30 quilos e passa pelo RN rumo ao Maranh\u00e3o\"}]},{\"@type\":\"WebSite\",\"@id\":\"https:\/\/deputadotaveirajr.com.br\/#website\",\"url\":\"https:\/\/deputadotaveirajr.com.br\/\",\"name\":\"Taveira Jr\",\"description\":\"Deputado Estadual\",\"publisher\":{\"@id\":\"https:\/\/deputadotaveirajr.com.br\/#organization\"},\"potentialAction\":[{\"@type\":\"SearchAction\",\"target\":{\"@type\":\"EntryPoint\",\"urlTemplate\":\"https:\/\/deputadotaveirajr.com.br\/?s={search_term_string}\"},\"query-input\":{\"@type\":\"PropertyValueSpecification\",\"valueRequired\":true,\"valueName\":\"search_term_string\"}}],\"inLanguage\":\"pt-BR\"},{\"@type\":\"Organization\",\"@id\":\"https:\/\/deputadotaveirajr.com.br\/#organization\",\"name\":\"Taveira Jr\",\"url\":\"https:\/\/deputadotaveirajr.com.br\/\",\"logo\":{\"@type\":\"ImageObject\",\"inLanguage\":\"pt-BR\",\"@id\":\"https:\/\/deputadotaveirajr.com.br\/#\/schema\/logo\/image\/\",\"url\":\"https:\/\/deputadotaveirajr.com.br\/wp-content\/uploads\/2026\/01\/logolow2a.png\",\"contentUrl\":\"https:\/\/deputadotaveirajr.com.br\/wp-content\/uploads\/2026\/01\/logolow2a.png\",\"width\":290,\"height\":80,\"caption\":\"Taveira Jr\"},\"image\":{\"@id\":\"https:\/\/deputadotaveirajr.com.br\/#\/schema\/logo\/image\/\"}}]}<\/script>\n<!-- \/ Yoast SEO plugin. -->","yoast_head_json":{"title":"Idoso de 81 anos faz peregrina\u00e7\u00e3o com cruz de 30 quilos e passa pelo RN rumo ao Maranh\u00e3o - Taveira Jr","robots":{"index":"index","follow":"follow","max-snippet":"max-snippet:-1","max-image-preview":"max-image-preview:large","max-video-preview":"max-video-preview:-1"},"canonical":"https:\/\/deputadotaveirajr.com.br\/index.php\/idoso-de-81-anos-faz-peregrinacao-com-cruz-de-30-quilos-e-passa-pelo-rn-rumo-ao-maranhao\/","og_locale":"pt_BR","og_type":"article","og_title":"Idoso de 81 anos faz peregrina\u00e7\u00e3o com cruz de 30 quilos e passa pelo RN rumo ao Maranh\u00e3o - Taveira Jr","og_description":"Pedro Guedes da Costa saiu de Caruaru em outubro de 2023 e tem como destino final o Santu\u00e1rio de Nossa Senhora do Ros\u00e1rio, em S\u00e3o Lu\u00eds, no Maranh\u00e3o. Idoso de ...","og_url":"https:\/\/deputadotaveirajr.com.br\/index.php\/idoso-de-81-anos-faz-peregrinacao-com-cruz-de-30-quilos-e-passa-pelo-rn-rumo-ao-maranhao\/","og_site_name":"Taveira Jr","og_image":[{"width":2560,"height":1259,"url":"https:\/\/deputadotaveirajr.com.br\/wp-content\/uploads\/2024\/06\/captura-de-tela-2024-06-08-as-12.51.52-mqmcpa-scaled.jpeg","type":"image\/jpeg"}],"twitter_card":"summary_large_image","twitter_misc":{"Est. tempo de leitura":"1 minuto"},"schema":{"@context":"https:\/\/schema.org","@graph":[{"@type":"WebPage","@id":"https:\/\/deputadotaveirajr.com.br\/index.php\/idoso-de-81-anos-faz-peregrinacao-com-cruz-de-30-quilos-e-passa-pelo-rn-rumo-ao-maranhao\/","url":"https:\/\/deputadotaveirajr.com.br\/index.php\/idoso-de-81-anos-faz-peregrinacao-com-cruz-de-30-quilos-e-passa-pelo-rn-rumo-ao-maranhao\/","name":"Idoso de 81 anos faz peregrina\u00e7\u00e3o com cruz de 30 quilos e passa pelo RN rumo ao Maranh\u00e3o - Taveira Jr","isPartOf":{"@id":"https:\/\/deputadotaveirajr.com.br\/#website"},"primaryImageOfPage":{"@id":"https:\/\/deputadotaveirajr.com.br\/index.php\/idoso-de-81-anos-faz-peregrinacao-com-cruz-de-30-quilos-e-passa-pelo-rn-rumo-ao-maranhao\/#primaryimage"},"image":{"@id":"https:\/\/deputadotaveirajr.com.br\/index.php\/idoso-de-81-anos-faz-peregrinacao-com-cruz-de-30-quilos-e-passa-pelo-rn-rumo-ao-maranhao\/#primaryimage"},"thumbnailUrl":"https:\/\/deputadotaveirajr.com.br\/wp-content\/uploads\/2024\/06\/captura-de-tela-2024-06-08-as-12.51.52-mqmcpa-scaled.jpeg","datePublished":"2024-06-08T20:03:52+00:00","breadcrumb":{"@id":"https:\/\/deputadotaveirajr.com.br\/index.php\/idoso-de-81-anos-faz-peregrinacao-com-cruz-de-30-quilos-e-passa-pelo-rn-rumo-ao-maranhao\/#breadcrumb"},"inLanguage":"pt-BR","potentialAction":[{"@type":"ReadAction","target":["https:\/\/deputadotaveirajr.com.br\/index.php\/idoso-de-81-anos-faz-peregrinacao-com-cruz-de-30-quilos-e-passa-pelo-rn-rumo-ao-maranhao\/"]}]},{"@type":"ImageObject","inLanguage":"pt-BR","@id":"https:\/\/deputadotaveirajr.com.br\/index.php\/idoso-de-81-anos-faz-peregrinacao-com-cruz-de-30-quilos-e-passa-pelo-rn-rumo-ao-maranhao\/#primaryimage","url":"https:\/\/deputadotaveirajr.com.br\/wp-content\/uploads\/2024\/06\/captura-de-tela-2024-06-08-as-12.51.52-mqmcpa-scaled.jpeg","contentUrl":"https:\/\/deputadotaveirajr.com.br\/wp-content\/uploads\/2024\/06\/captura-de-tela-2024-06-08-as-12.51.52-mqmcpa-scaled.jpeg","width":2560,"height":1259},{"@type":"BreadcrumbList","@id":"https:\/\/deputadotaveirajr.com.br\/index.php\/idoso-de-81-anos-faz-peregrinacao-com-cruz-de-30-quilos-e-passa-pelo-rn-rumo-ao-maranhao\/#breadcrumb","itemListElement":[{"@type":"ListItem","position":1,"name":"In\u00edcio","item":"https:\/\/deputadotaveirajr.com.br\/"},{"@type":"ListItem","position":2,"name":"Idoso de 81 anos faz peregrina\u00e7\u00e3o com cruz de 30 quilos e passa pelo RN rumo ao Maranh\u00e3o"}]},{"@type":"WebSite","@id":"https:\/\/deputadotaveirajr.com.br\/#website","url":"https:\/\/deputadotaveirajr.com.br\/","name":"Taveira Jr","description":"Deputado Estadual","publisher":{"@id":"https:\/\/deputadotaveirajr.com.br\/#organization"},"potentialAction":[{"@type":"SearchAction","target":{"@type":"EntryPoint","urlTemplate":"https:\/\/deputadotaveirajr.com.br\/?s={search_term_string}"},"query-input":{"@type":"PropertyValueSpecification","valueRequired":true,"valueName":"search_term_string"}}],"inLanguage":"pt-BR"},{"@type":"Organization","@id":"https:\/\/deputadotaveirajr.com.br\/#organization","name":"Taveira Jr","url":"https:\/\/deputadotaveirajr.com.br\/","logo":{"@type":"ImageObject","inLanguage":"pt-BR","@id":"https:\/\/deputadotaveirajr.com.br\/#\/schema\/logo\/image\/","url":"https:\/\/deputadotaveirajr.com.br\/wp-content\/uploads\/2026\/01\/logolow2a.png","contentUrl":"https:\/\/deputadotaveirajr.com.br\/wp-content\/uploads\/2026\/01\/logolow2a.png","width":290,"height":80,"caption":"Taveira Jr"},"image":{"@id":"https:\/\/deputadotaveirajr.com.br\/#\/schema\/logo\/image\/"}}]}},"_links":{"self":[{"href":"https:\/\/deputadotaveirajr.com.br\/index.php\/wp-json\/wp\/v2\/pages\/6783","targetHints":{"allow":["GET"]}}],"collection":[{"href":"https:\/\/deputadotaveirajr.com.br\/index.php\/wp-json\/wp\/v2\/pages"}],"about":[{"href":"https:\/\/deputadotaveirajr.com.br\/index.php\/wp-json\/wp\/v2\/types\/page"}],"replies":[{"embeddable":true,"href":"https:\/\/deputadotaveirajr.com.br\/index.php\/wp-json\/wp\/v2\/comments?post=6783"}],"version-history":[{"count":1,"href":"https:\/\/deputadotaveirajr.com.br\/index.php\/wp-json\/wp\/v2\/pages\/6783\/revisions"}],"predecessor-version":[{"id":6785,"href":"https:\/\/deputadotaveirajr.com.br\/index.php\/wp-json\/wp\/v2\/pages\/6783\/revisions\/6785"}],"wp:featuredmedia":[{"embeddable":true,"href":"https:\/\/deputadotaveirajr.com.br\/index.php\/wp-json\/wp\/v2\/media\/6784"}],"wp:attachment":[{"href":"https:\/\/deputadotaveirajr.com.br\/index.php\/wp-json\/wp\/v2\/media?parent=6783"}],"curies":[{"name":"wp","href":"https:\/\/api.w.org\/{rel}","templated":true}]}}