{"id":6944,"date":"2024-06-12T10:54:29","date_gmt":"2024-06-12T13:54:29","guid":{"rendered":"https:\/\/deputadotaveirajr.com.br\/?page_id=6944"},"modified":"2024-06-12T10:54:29","modified_gmt":"2024-06-12T13:54:29","slug":"procon-apreende-70-quilos-de-alimentos-vencidos-em-supermercado-na-grande-natal","status":"publish","type":"page","link":"https:\/\/deputadotaveirajr.com.br\/index.php\/procon-apreende-70-quilos-de-alimentos-vencidos-em-supermercado-na-grande-natal\/","title":{"rendered":"Procon apreende 70 quilos de alimentos vencidos em supermercado na Grande Natal"},"content":{"rendered":"<p>     Estabelecimento fica em Extremoz. Entre os produtos apreendidos estavam carnes, frangos, queijos, salsichas e outros tipos de alimentos. Procon apreende 70 quilos de alimentos vencidos em supermercado na Grande Natal<br \/>\nProcon\/Divulga\u00e7\u00e3o<br \/>\nO Procon do Rio Grande do Norte apreendeu cerca de 70 quilos de alimentos vencidos em um supermercado localizado na cidade de Extremoz, na Grande Natal. Entre os produtos apreendidos estavam carnes, frangos, queijos, salsichas e outros tipos de alimentos.<br \/>\nDe acordo com o Procon, a apreens\u00e3o aconteceu ap\u00f3s a den\u00fancia de um consumidor. Uma equipe do \u00f3rg\u00e3o foi at\u00e9 o local e constatou a irregularidade.<br \/>\n\ud83d\udcf3Participe do canal do g1 RN no WhatsApp<br \/>\nOs alimentos foram apreendidos e levados para descarte adequado. O supermercado foi autuado e, de acordo com o Procon, ser\u00e3o averiguadas poss\u00edveis puni\u00e7\u00f5es.<br \/>\nAs den\u00fancias para o Procon podem ser feitas atrav\u00e9s do n\u00famero (84) 98147-3498.<br \/>\nProcon apreende 70 quilos de alimentos vencidos em supermercado na Grande Natal<br \/>\nProcon\/Divulga\u00e7\u00e3o<br \/>\nV\u00cdDEOS: Mais vistos do RN nos \u00faltimos 7 dias<\/p>","protected":false},"excerpt":{"rendered":"<p>Estabelecimento fica em Extremoz. Entre os produtos apreendidos estavam carnes, frangos, queijos, salsichas e outros tipos de alimentos. Procon apreende 70 quilos de alimentos vencidos em supermercado na Grande Natal &#8230;<\/p>\n","protected":false},"author":0,"featured_media":6945,"parent":0,"menu_order":0,"comment_status":"closed","ping_status":"closed","template":"","meta":{"footnotes":""},"class_list":["post-6944","page","type-page","status-publish","has-post-thumbnail","hentry"],"yoast_head":"<!-- This site is optimized with the Yoast SEO plugin v27.1.1 - https:\/\/yoast.com\/product\/yoast-seo-wordpress\/ -->\n<title>Procon apreende 70 quilos de alimentos vencidos em supermercado na Grande Natal - Taveira Jr<\/title>\n<meta name=\"robots\" content=\"index, follow, max-snippet:-1, max-image-preview:large, max-video-preview:-1\" \/>\n<link rel=\"canonical\" href=\"https:\/\/deputadotaveirajr.com.br\/index.php\/procon-apreende-70-quilos-de-alimentos-vencidos-em-supermercado-na-grande-natal\/\" \/>\n<meta property=\"og:locale\" content=\"pt_BR\" \/>\n<meta property=\"og:type\" content=\"article\" \/>\n<meta property=\"og:title\" content=\"Procon apreende 70 quilos de alimentos vencidos em supermercado na Grande Natal - Taveira Jr\" \/>\n<meta property=\"og:description\" content=\"Estabelecimento fica em Extremoz. Entre os produtos apreendidos estavam carnes, frangos, queijos, salsichas e outros tipos de alimentos. Procon apreende 70 quilos de alimentos vencidos em supermercado na Grande Natal ...\" \/>\n<meta property=\"og:url\" content=\"https:\/\/deputadotaveirajr.com.br\/index.php\/procon-apreende-70-quilos-de-alimentos-vencidos-em-supermercado-na-grande-natal\/\" \/>\n<meta property=\"og:site_name\" content=\"Taveira Jr\" \/>\n<meta property=\"og:image\" content=\"https:\/\/deputadotaveirajr.com.br\/wp-content\/uploads\/2024\/06\/whatsapp-image-2024-06-10-at-10.05.29-1-b3mVeq.jpeg\" \/>\n\t<meta property=\"og:image:width\" content=\"1200\" \/>\n\t<meta property=\"og:image:height\" content=\"1600\" \/>\n\t<meta property=\"og:image:type\" content=\"image\/jpeg\" \/>\n<meta name=\"twitter:card\" content=\"summary_large_image\" \/>\n<meta name=\"twitter:label1\" content=\"Est. tempo de leitura\" \/>\n\t<meta name=\"twitter:data1\" content=\"1 minuto\" \/>\n<script type=\"application\/ld+json\" class=\"yoast-schema-graph\">{\"@context\":\"https:\/\/schema.org\",\"@graph\":[{\"@type\":\"WebPage\",\"@id\":\"https:\/\/deputadotaveirajr.com.br\/index.php\/procon-apreende-70-quilos-de-alimentos-vencidos-em-supermercado-na-grande-natal\/\",\"url\":\"https:\/\/deputadotaveirajr.com.br\/index.php\/procon-apreende-70-quilos-de-alimentos-vencidos-em-supermercado-na-grande-natal\/\",\"name\":\"Procon apreende 70 quilos de alimentos vencidos em supermercado na Grande Natal - Taveira Jr\",\"isPartOf\":{\"@id\":\"https:\/\/deputadotaveirajr.com.br\/#website\"},\"primaryImageOfPage\":{\"@id\":\"https:\/\/deputadotaveirajr.com.br\/index.php\/procon-apreende-70-quilos-de-alimentos-vencidos-em-supermercado-na-grande-natal\/#primaryimage\"},\"image\":{\"@id\":\"https:\/\/deputadotaveirajr.com.br\/index.php\/procon-apreende-70-quilos-de-alimentos-vencidos-em-supermercado-na-grande-natal\/#primaryimage\"},\"thumbnailUrl\":\"https:\/\/deputadotaveirajr.com.br\/wp-content\/uploads\/2024\/06\/whatsapp-image-2024-06-10-at-10.05.29-1-b3mVeq.jpeg\",\"datePublished\":\"2024-06-12T13:54:29+00:00\",\"breadcrumb\":{\"@id\":\"https:\/\/deputadotaveirajr.com.br\/index.php\/procon-apreende-70-quilos-de-alimentos-vencidos-em-supermercado-na-grande-natal\/#breadcrumb\"},\"inLanguage\":\"pt-BR\",\"potentialAction\":[{\"@type\":\"ReadAction\",\"target\":[\"https:\/\/deputadotaveirajr.com.br\/index.php\/procon-apreende-70-quilos-de-alimentos-vencidos-em-supermercado-na-grande-natal\/\"]}]},{\"@type\":\"ImageObject\",\"inLanguage\":\"pt-BR\",\"@id\":\"https:\/\/deputadotaveirajr.com.br\/index.php\/procon-apreende-70-quilos-de-alimentos-vencidos-em-supermercado-na-grande-natal\/#primaryimage\",\"url\":\"https:\/\/deputadotaveirajr.com.br\/wp-content\/uploads\/2024\/06\/whatsapp-image-2024-06-10-at-10.05.29-1-b3mVeq.jpeg\",\"contentUrl\":\"https:\/\/deputadotaveirajr.com.br\/wp-content\/uploads\/2024\/06\/whatsapp-image-2024-06-10-at-10.05.29-1-b3mVeq.jpeg\",\"width\":1200,\"height\":1600},{\"@type\":\"BreadcrumbList\",\"@id\":\"https:\/\/deputadotaveirajr.com.br\/index.php\/procon-apreende-70-quilos-de-alimentos-vencidos-em-supermercado-na-grande-natal\/#breadcrumb\",\"itemListElement\":[{\"@type\":\"ListItem\",\"position\":1,\"name\":\"In\u00edcio\",\"item\":\"https:\/\/deputadotaveirajr.com.br\/\"},{\"@type\":\"ListItem\",\"position\":2,\"name\":\"Procon apreende 70 quilos de alimentos vencidos em supermercado na Grande Natal\"}]},{\"@type\":\"WebSite\",\"@id\":\"https:\/\/deputadotaveirajr.com.br\/#website\",\"url\":\"https:\/\/deputadotaveirajr.com.br\/\",\"name\":\"Taveira Jr\",\"description\":\"Deputado Estadual\",\"publisher\":{\"@id\":\"https:\/\/deputadotaveirajr.com.br\/#organization\"},\"potentialAction\":[{\"@type\":\"SearchAction\",\"target\":{\"@type\":\"EntryPoint\",\"urlTemplate\":\"https:\/\/deputadotaveirajr.com.br\/?s={search_term_string}\"},\"query-input\":{\"@type\":\"PropertyValueSpecification\",\"valueRequired\":true,\"valueName\":\"search_term_string\"}}],\"inLanguage\":\"pt-BR\"},{\"@type\":\"Organization\",\"@id\":\"https:\/\/deputadotaveirajr.com.br\/#organization\",\"name\":\"Taveira Jr\",\"url\":\"https:\/\/deputadotaveirajr.com.br\/\",\"logo\":{\"@type\":\"ImageObject\",\"inLanguage\":\"pt-BR\",\"@id\":\"https:\/\/deputadotaveirajr.com.br\/#\/schema\/logo\/image\/\",\"url\":\"https:\/\/deputadotaveirajr.com.br\/wp-content\/uploads\/2026\/01\/logolow2a.png\",\"contentUrl\":\"https:\/\/deputadotaveirajr.com.br\/wp-content\/uploads\/2026\/01\/logolow2a.png\",\"width\":290,\"height\":80,\"caption\":\"Taveira Jr\"},\"image\":{\"@id\":\"https:\/\/deputadotaveirajr.com.br\/#\/schema\/logo\/image\/\"}}]}<\/script>\n<!-- \/ Yoast SEO plugin. -->","yoast_head_json":{"title":"Procon apreende 70 quilos de alimentos vencidos em supermercado na Grande Natal - Taveira Jr","robots":{"index":"index","follow":"follow","max-snippet":"max-snippet:-1","max-image-preview":"max-image-preview:large","max-video-preview":"max-video-preview:-1"},"canonical":"https:\/\/deputadotaveirajr.com.br\/index.php\/procon-apreende-70-quilos-de-alimentos-vencidos-em-supermercado-na-grande-natal\/","og_locale":"pt_BR","og_type":"article","og_title":"Procon apreende 70 quilos de alimentos vencidos em supermercado na Grande Natal - Taveira Jr","og_description":"Estabelecimento fica em Extremoz. Entre os produtos apreendidos estavam carnes, frangos, queijos, salsichas e outros tipos de alimentos. Procon apreende 70 quilos de alimentos vencidos em supermercado na Grande Natal ...","og_url":"https:\/\/deputadotaveirajr.com.br\/index.php\/procon-apreende-70-quilos-de-alimentos-vencidos-em-supermercado-na-grande-natal\/","og_site_name":"Taveira Jr","og_image":[{"width":1200,"height":1600,"url":"https:\/\/deputadotaveirajr.com.br\/wp-content\/uploads\/2024\/06\/whatsapp-image-2024-06-10-at-10.05.29-1-b3mVeq.jpeg","type":"image\/jpeg"}],"twitter_card":"summary_large_image","twitter_misc":{"Est. tempo de leitura":"1 minuto"},"schema":{"@context":"https:\/\/schema.org","@graph":[{"@type":"WebPage","@id":"https:\/\/deputadotaveirajr.com.br\/index.php\/procon-apreende-70-quilos-de-alimentos-vencidos-em-supermercado-na-grande-natal\/","url":"https:\/\/deputadotaveirajr.com.br\/index.php\/procon-apreende-70-quilos-de-alimentos-vencidos-em-supermercado-na-grande-natal\/","name":"Procon apreende 70 quilos de alimentos vencidos em supermercado na Grande Natal - Taveira Jr","isPartOf":{"@id":"https:\/\/deputadotaveirajr.com.br\/#website"},"primaryImageOfPage":{"@id":"https:\/\/deputadotaveirajr.com.br\/index.php\/procon-apreende-70-quilos-de-alimentos-vencidos-em-supermercado-na-grande-natal\/#primaryimage"},"image":{"@id":"https:\/\/deputadotaveirajr.com.br\/index.php\/procon-apreende-70-quilos-de-alimentos-vencidos-em-supermercado-na-grande-natal\/#primaryimage"},"thumbnailUrl":"https:\/\/deputadotaveirajr.com.br\/wp-content\/uploads\/2024\/06\/whatsapp-image-2024-06-10-at-10.05.29-1-b3mVeq.jpeg","datePublished":"2024-06-12T13:54:29+00:00","breadcrumb":{"@id":"https:\/\/deputadotaveirajr.com.br\/index.php\/procon-apreende-70-quilos-de-alimentos-vencidos-em-supermercado-na-grande-natal\/#breadcrumb"},"inLanguage":"pt-BR","potentialAction":[{"@type":"ReadAction","target":["https:\/\/deputadotaveirajr.com.br\/index.php\/procon-apreende-70-quilos-de-alimentos-vencidos-em-supermercado-na-grande-natal\/"]}]},{"@type":"ImageObject","inLanguage":"pt-BR","@id":"https:\/\/deputadotaveirajr.com.br\/index.php\/procon-apreende-70-quilos-de-alimentos-vencidos-em-supermercado-na-grande-natal\/#primaryimage","url":"https:\/\/deputadotaveirajr.com.br\/wp-content\/uploads\/2024\/06\/whatsapp-image-2024-06-10-at-10.05.29-1-b3mVeq.jpeg","contentUrl":"https:\/\/deputadotaveirajr.com.br\/wp-content\/uploads\/2024\/06\/whatsapp-image-2024-06-10-at-10.05.29-1-b3mVeq.jpeg","width":1200,"height":1600},{"@type":"BreadcrumbList","@id":"https:\/\/deputadotaveirajr.com.br\/index.php\/procon-apreende-70-quilos-de-alimentos-vencidos-em-supermercado-na-grande-natal\/#breadcrumb","itemListElement":[{"@type":"ListItem","position":1,"name":"In\u00edcio","item":"https:\/\/deputadotaveirajr.com.br\/"},{"@type":"ListItem","position":2,"name":"Procon apreende 70 quilos de alimentos vencidos em supermercado na Grande Natal"}]},{"@type":"WebSite","@id":"https:\/\/deputadotaveirajr.com.br\/#website","url":"https:\/\/deputadotaveirajr.com.br\/","name":"Taveira Jr","description":"Deputado Estadual","publisher":{"@id":"https:\/\/deputadotaveirajr.com.br\/#organization"},"potentialAction":[{"@type":"SearchAction","target":{"@type":"EntryPoint","urlTemplate":"https:\/\/deputadotaveirajr.com.br\/?s={search_term_string}"},"query-input":{"@type":"PropertyValueSpecification","valueRequired":true,"valueName":"search_term_string"}}],"inLanguage":"pt-BR"},{"@type":"Organization","@id":"https:\/\/deputadotaveirajr.com.br\/#organization","name":"Taveira Jr","url":"https:\/\/deputadotaveirajr.com.br\/","logo":{"@type":"ImageObject","inLanguage":"pt-BR","@id":"https:\/\/deputadotaveirajr.com.br\/#\/schema\/logo\/image\/","url":"https:\/\/deputadotaveirajr.com.br\/wp-content\/uploads\/2026\/01\/logolow2a.png","contentUrl":"https:\/\/deputadotaveirajr.com.br\/wp-content\/uploads\/2026\/01\/logolow2a.png","width":290,"height":80,"caption":"Taveira Jr"},"image":{"@id":"https:\/\/deputadotaveirajr.com.br\/#\/schema\/logo\/image\/"}}]}},"_links":{"self":[{"href":"https:\/\/deputadotaveirajr.com.br\/index.php\/wp-json\/wp\/v2\/pages\/6944","targetHints":{"allow":["GET"]}}],"collection":[{"href":"https:\/\/deputadotaveirajr.com.br\/index.php\/wp-json\/wp\/v2\/pages"}],"about":[{"href":"https:\/\/deputadotaveirajr.com.br\/index.php\/wp-json\/wp\/v2\/types\/page"}],"replies":[{"embeddable":true,"href":"https:\/\/deputadotaveirajr.com.br\/index.php\/wp-json\/wp\/v2\/comments?post=6944"}],"version-history":[{"count":1,"href":"https:\/\/deputadotaveirajr.com.br\/index.php\/wp-json\/wp\/v2\/pages\/6944\/revisions"}],"predecessor-version":[{"id":6948,"href":"https:\/\/deputadotaveirajr.com.br\/index.php\/wp-json\/wp\/v2\/pages\/6944\/revisions\/6948"}],"wp:featuredmedia":[{"embeddable":true,"href":"https:\/\/deputadotaveirajr.com.br\/index.php\/wp-json\/wp\/v2\/media\/6945"}],"wp:attachment":[{"href":"https:\/\/deputadotaveirajr.com.br\/index.php\/wp-json\/wp\/v2\/media?parent=6944"}],"curies":[{"name":"wp","href":"https:\/\/api.w.org\/{rel}","templated":true}]}}