{"id":6946,"date":"2024-06-12T12:01:00","date_gmt":"2024-06-12T15:01:00","guid":{"rendered":"https:\/\/deputadotaveirajr.com.br\/?page_id=6946"},"modified":"2024-06-12T12:01:00","modified_gmt":"2024-06-12T15:01:00","slug":"idosa-que-desapareceu-apos-desembarcar-no-aeroporto-de-natal-e-encontrada-em-mata-no-entorno-do-terminal","status":"publish","type":"page","link":"https:\/\/deputadotaveirajr.com.br\/index.php\/idosa-que-desapareceu-apos-desembarcar-no-aeroporto-de-natal-e-encontrada-em-mata-no-entorno-do-terminal\/","title":{"rendered":"Idosa que desapareceu ap\u00f3s desembarcar no Aeroporto de Natal \u00e9 encontrada em mata no entorno do  terminal"},"content":{"rendered":"<p>     Rita Caetano de Souza estava desaparecida desde o \u00faltimo s\u00e1bado (8). Caso \u00e9 investigado pela Pol\u00edcia Civil.  Idosa desaparecida desde s\u00e1bado (8) foi encontrada em \u00e1rea de mata no entorno do Aeroporto de Natal<br \/>\nCedida<br \/>\nA idosa de 67 anos que desapareceu logo ap\u00f3s desembarcar de um voo de S\u00e3o Paulo para Natal, no \u00faltimo s\u00e1bado (8) foi encontrada com vida nesta quarta-feira (12), perto do terminal a\u00e9reo.<br \/>\nA informa\u00e7\u00e3o foi confirmada por familiares de Rita Caetano de Souza, de 67 anos. Segundo a irm\u00e3, Elza Souza, ela foi achada em uma \u00e1rea de mata no entorno do aeroporto, vestida com uma camiseta, e aparentemente debilitada.<br \/>\nEm nota, a Zurich Airport Brasil &#8211; administradora do terminal &#8211; informou que a equipe de vigil\u00e2ncia do aeroporto, ao realizar a ronda de rotina na manh\u00e3 desta quarta-feira, localizou a senhora na \u00e1rea de mata, pr\u00f3xima a Estrada da Produ\u00e7\u00e3o.<br \/>\n&#8220;De imediato, foram realizados os primeiros socorros e, posteriormente, ela foi encaminhada de ambul\u00e2ncia para o Hospital Belarmina Monte, no Centro de S\u00e3o Gon\u00e7alo do Amarante&#8221;.<br \/>\nIdosa que desapareceu ap\u00f3s desembarcar em Natal \u00e9 encontrada e levada para o hospital &#8211; Imagens: Pedro Trindade<br \/>\nA Pol\u00edcia Civil tamb\u00e9m confirmou que a mulher foi encontrada nos arredores do terminal, mas informou que ela ainda ser\u00e1 ouvida pelos investigadores.<br \/>\nDesaparecimento<br \/>\nRita Caetano, de 70 anos, desapareceu ap\u00f3s desembarcar no aeroporto de Natal<br \/>\nCedida<br \/>\nO desaparecimento ocorreu no s\u00e1bado (8). Rita pretendia visitar irm\u00e3os e outros parentes no munic\u00edpio de S\u00e3o Paulo do Potengi, na regi\u00e3o Agreste potiguar. O combinado \u00e9 de que um dos irm\u00e3o iria busc\u00e1-la no aeroporto.<br \/>\nSegundo Elza Souza, irm\u00e3 de Rita, o carro que iria busc\u00e1-la atrasou cerca de meia hora. Quando Elza chegou ao terminal n\u00e3o encontrou a irm\u00e3 e n\u00e3o conseguiu contato por telefone.<br \/>\n&#8220;Fiquei at\u00e9 meia noite no aeroporto indo de um lado para o outro, procurando ela&#8221;, relatou a irm\u00e3<br \/>\nElza ainda informou que no fim da noite teve acesso a imagens das c\u00e2meras do aeroporto e percebeu que houve um desencontro.<br \/>\nElza esperava a irm\u00e3 no setor de desembarque, mas resolveu procurar o guich\u00ea da companhia a\u00e9rea para obter informa\u00e7\u00f5es sobre o voo. Nesse momento, Rita passou na \u00e1rea de desembarque.<br \/>\nPelas c\u00e2meras, a mulher foi vista saindo do terminal e procurando informa\u00e7\u00f5es com taxistas e outras pessoas, mas a fam\u00edlia n\u00e3o conseguiu identificar se ela entrou em algum ve\u00edculo.<br \/>\nEm nota enviada na tarde de ter\u00e7a-feira (11), a Zurich Airport, administradora do terminal, disse que estava \u00e0 disposi\u00e7\u00e3o\u00a0para colaborar com \u00e0s investiga\u00e7\u00f5es.<br \/>\nVeja os v\u00eddeos mais assistidos no g1 RN<\/p>","protected":false},"excerpt":{"rendered":"<p>Rita Caetano de Souza estava desaparecida desde o \u00faltimo s\u00e1bado (8). Caso \u00e9 investigado pela Pol\u00edcia Civil. Idosa desaparecida desde s\u00e1bado (8) foi encontrada em \u00e1rea de mata no entorno &#8230;<\/p>\n","protected":false},"author":0,"featured_media":6947,"parent":0,"menu_order":0,"comment_status":"closed","ping_status":"closed","template":"","meta":{"footnotes":""},"class_list":["post-6946","page","type-page","status-publish","has-post-thumbnail","hentry"],"yoast_head":"<!-- This site is optimized with the Yoast SEO plugin v27.1.1 - https:\/\/yoast.com\/product\/yoast-seo-wordpress\/ -->\n<title>Idosa que desapareceu ap\u00f3s desembarcar no Aeroporto de Natal \u00e9 encontrada em mata no entorno do terminal - Taveira Jr<\/title>\n<meta name=\"robots\" content=\"index, follow, max-snippet:-1, max-image-preview:large, max-video-preview:-1\" \/>\n<link rel=\"canonical\" href=\"https:\/\/deputadotaveirajr.com.br\/index.php\/idosa-que-desapareceu-apos-desembarcar-no-aeroporto-de-natal-e-encontrada-em-mata-no-entorno-do-terminal\/\" \/>\n<meta property=\"og:locale\" content=\"pt_BR\" \/>\n<meta property=\"og:type\" content=\"article\" \/>\n<meta property=\"og:title\" content=\"Idosa que desapareceu ap\u00f3s desembarcar no Aeroporto de Natal \u00e9 encontrada em mata no entorno do terminal - Taveira Jr\" \/>\n<meta property=\"og:description\" content=\"Rita Caetano de Souza estava desaparecida desde o \u00faltimo s\u00e1bado (8). Caso \u00e9 investigado pela Pol\u00edcia Civil. Idosa desaparecida desde s\u00e1bado (8) foi encontrada em \u00e1rea de mata no entorno ...\" \/>\n<meta property=\"og:url\" content=\"https:\/\/deputadotaveirajr.com.br\/index.php\/idosa-que-desapareceu-apos-desembarcar-no-aeroporto-de-natal-e-encontrada-em-mata-no-entorno-do-terminal\/\" \/>\n<meta property=\"og:site_name\" content=\"Taveira Jr\" \/>\n<meta property=\"og:image\" content=\"https:\/\/deputadotaveirajr.com.br\/wp-content\/uploads\/2024\/06\/whatsapp-image-2024-06-12-at-07.22.02-rYjpqB.jpeg\" \/>\n\t<meta property=\"og:image:width\" content=\"1200\" \/>\n\t<meta property=\"og:image:height\" content=\"1600\" \/>\n\t<meta property=\"og:image:type\" content=\"image\/jpeg\" \/>\n<meta name=\"twitter:card\" content=\"summary_large_image\" \/>\n<meta name=\"twitter:label1\" content=\"Est. tempo de leitura\" \/>\n\t<meta name=\"twitter:data1\" content=\"2 minutos\" \/>\n<script type=\"application\/ld+json\" class=\"yoast-schema-graph\">{\"@context\":\"https:\/\/schema.org\",\"@graph\":[{\"@type\":\"WebPage\",\"@id\":\"https:\/\/deputadotaveirajr.com.br\/index.php\/idosa-que-desapareceu-apos-desembarcar-no-aeroporto-de-natal-e-encontrada-em-mata-no-entorno-do-terminal\/\",\"url\":\"https:\/\/deputadotaveirajr.com.br\/index.php\/idosa-que-desapareceu-apos-desembarcar-no-aeroporto-de-natal-e-encontrada-em-mata-no-entorno-do-terminal\/\",\"name\":\"Idosa que desapareceu ap\u00f3s desembarcar no Aeroporto de Natal \u00e9 encontrada em mata no entorno do terminal - Taveira Jr\",\"isPartOf\":{\"@id\":\"https:\/\/deputadotaveirajr.com.br\/#website\"},\"primaryImageOfPage\":{\"@id\":\"https:\/\/deputadotaveirajr.com.br\/index.php\/idosa-que-desapareceu-apos-desembarcar-no-aeroporto-de-natal-e-encontrada-em-mata-no-entorno-do-terminal\/#primaryimage\"},\"image\":{\"@id\":\"https:\/\/deputadotaveirajr.com.br\/index.php\/idosa-que-desapareceu-apos-desembarcar-no-aeroporto-de-natal-e-encontrada-em-mata-no-entorno-do-terminal\/#primaryimage\"},\"thumbnailUrl\":\"https:\/\/deputadotaveirajr.com.br\/wp-content\/uploads\/2024\/06\/whatsapp-image-2024-06-12-at-07.22.02-rYjpqB.jpeg\",\"datePublished\":\"2024-06-12T15:01:00+00:00\",\"breadcrumb\":{\"@id\":\"https:\/\/deputadotaveirajr.com.br\/index.php\/idosa-que-desapareceu-apos-desembarcar-no-aeroporto-de-natal-e-encontrada-em-mata-no-entorno-do-terminal\/#breadcrumb\"},\"inLanguage\":\"pt-BR\",\"potentialAction\":[{\"@type\":\"ReadAction\",\"target\":[\"https:\/\/deputadotaveirajr.com.br\/index.php\/idosa-que-desapareceu-apos-desembarcar-no-aeroporto-de-natal-e-encontrada-em-mata-no-entorno-do-terminal\/\"]}]},{\"@type\":\"ImageObject\",\"inLanguage\":\"pt-BR\",\"@id\":\"https:\/\/deputadotaveirajr.com.br\/index.php\/idosa-que-desapareceu-apos-desembarcar-no-aeroporto-de-natal-e-encontrada-em-mata-no-entorno-do-terminal\/#primaryimage\",\"url\":\"https:\/\/deputadotaveirajr.com.br\/wp-content\/uploads\/2024\/06\/whatsapp-image-2024-06-12-at-07.22.02-rYjpqB.jpeg\",\"contentUrl\":\"https:\/\/deputadotaveirajr.com.br\/wp-content\/uploads\/2024\/06\/whatsapp-image-2024-06-12-at-07.22.02-rYjpqB.jpeg\",\"width\":1200,\"height\":1600},{\"@type\":\"BreadcrumbList\",\"@id\":\"https:\/\/deputadotaveirajr.com.br\/index.php\/idosa-que-desapareceu-apos-desembarcar-no-aeroporto-de-natal-e-encontrada-em-mata-no-entorno-do-terminal\/#breadcrumb\",\"itemListElement\":[{\"@type\":\"ListItem\",\"position\":1,\"name\":\"In\u00edcio\",\"item\":\"https:\/\/deputadotaveirajr.com.br\/\"},{\"@type\":\"ListItem\",\"position\":2,\"name\":\"Idosa que desapareceu ap\u00f3s desembarcar no Aeroporto de Natal \u00e9 encontrada em mata no entorno do terminal\"}]},{\"@type\":\"WebSite\",\"@id\":\"https:\/\/deputadotaveirajr.com.br\/#website\",\"url\":\"https:\/\/deputadotaveirajr.com.br\/\",\"name\":\"Taveira Jr\",\"description\":\"Deputado Estadual\",\"publisher\":{\"@id\":\"https:\/\/deputadotaveirajr.com.br\/#organization\"},\"potentialAction\":[{\"@type\":\"SearchAction\",\"target\":{\"@type\":\"EntryPoint\",\"urlTemplate\":\"https:\/\/deputadotaveirajr.com.br\/?s={search_term_string}\"},\"query-input\":{\"@type\":\"PropertyValueSpecification\",\"valueRequired\":true,\"valueName\":\"search_term_string\"}}],\"inLanguage\":\"pt-BR\"},{\"@type\":\"Organization\",\"@id\":\"https:\/\/deputadotaveirajr.com.br\/#organization\",\"name\":\"Taveira Jr\",\"url\":\"https:\/\/deputadotaveirajr.com.br\/\",\"logo\":{\"@type\":\"ImageObject\",\"inLanguage\":\"pt-BR\",\"@id\":\"https:\/\/deputadotaveirajr.com.br\/#\/schema\/logo\/image\/\",\"url\":\"https:\/\/deputadotaveirajr.com.br\/wp-content\/uploads\/2026\/01\/logolow2a.png\",\"contentUrl\":\"https:\/\/deputadotaveirajr.com.br\/wp-content\/uploads\/2026\/01\/logolow2a.png\",\"width\":290,\"height\":80,\"caption\":\"Taveira Jr\"},\"image\":{\"@id\":\"https:\/\/deputadotaveirajr.com.br\/#\/schema\/logo\/image\/\"}}]}<\/script>\n<!-- \/ Yoast SEO plugin. -->","yoast_head_json":{"title":"Idosa que desapareceu ap\u00f3s desembarcar no Aeroporto de Natal \u00e9 encontrada em mata no entorno do terminal - Taveira Jr","robots":{"index":"index","follow":"follow","max-snippet":"max-snippet:-1","max-image-preview":"max-image-preview:large","max-video-preview":"max-video-preview:-1"},"canonical":"https:\/\/deputadotaveirajr.com.br\/index.php\/idosa-que-desapareceu-apos-desembarcar-no-aeroporto-de-natal-e-encontrada-em-mata-no-entorno-do-terminal\/","og_locale":"pt_BR","og_type":"article","og_title":"Idosa que desapareceu ap\u00f3s desembarcar no Aeroporto de Natal \u00e9 encontrada em mata no entorno do terminal - Taveira Jr","og_description":"Rita Caetano de Souza estava desaparecida desde o \u00faltimo s\u00e1bado (8). Caso \u00e9 investigado pela Pol\u00edcia Civil. Idosa desaparecida desde s\u00e1bado (8) foi encontrada em \u00e1rea de mata no entorno ...","og_url":"https:\/\/deputadotaveirajr.com.br\/index.php\/idosa-que-desapareceu-apos-desembarcar-no-aeroporto-de-natal-e-encontrada-em-mata-no-entorno-do-terminal\/","og_site_name":"Taveira Jr","og_image":[{"width":1200,"height":1600,"url":"https:\/\/deputadotaveirajr.com.br\/wp-content\/uploads\/2024\/06\/whatsapp-image-2024-06-12-at-07.22.02-rYjpqB.jpeg","type":"image\/jpeg"}],"twitter_card":"summary_large_image","twitter_misc":{"Est. tempo de leitura":"2 minutos"},"schema":{"@context":"https:\/\/schema.org","@graph":[{"@type":"WebPage","@id":"https:\/\/deputadotaveirajr.com.br\/index.php\/idosa-que-desapareceu-apos-desembarcar-no-aeroporto-de-natal-e-encontrada-em-mata-no-entorno-do-terminal\/","url":"https:\/\/deputadotaveirajr.com.br\/index.php\/idosa-que-desapareceu-apos-desembarcar-no-aeroporto-de-natal-e-encontrada-em-mata-no-entorno-do-terminal\/","name":"Idosa que desapareceu ap\u00f3s desembarcar no Aeroporto de Natal \u00e9 encontrada em mata no entorno do terminal - Taveira Jr","isPartOf":{"@id":"https:\/\/deputadotaveirajr.com.br\/#website"},"primaryImageOfPage":{"@id":"https:\/\/deputadotaveirajr.com.br\/index.php\/idosa-que-desapareceu-apos-desembarcar-no-aeroporto-de-natal-e-encontrada-em-mata-no-entorno-do-terminal\/#primaryimage"},"image":{"@id":"https:\/\/deputadotaveirajr.com.br\/index.php\/idosa-que-desapareceu-apos-desembarcar-no-aeroporto-de-natal-e-encontrada-em-mata-no-entorno-do-terminal\/#primaryimage"},"thumbnailUrl":"https:\/\/deputadotaveirajr.com.br\/wp-content\/uploads\/2024\/06\/whatsapp-image-2024-06-12-at-07.22.02-rYjpqB.jpeg","datePublished":"2024-06-12T15:01:00+00:00","breadcrumb":{"@id":"https:\/\/deputadotaveirajr.com.br\/index.php\/idosa-que-desapareceu-apos-desembarcar-no-aeroporto-de-natal-e-encontrada-em-mata-no-entorno-do-terminal\/#breadcrumb"},"inLanguage":"pt-BR","potentialAction":[{"@type":"ReadAction","target":["https:\/\/deputadotaveirajr.com.br\/index.php\/idosa-que-desapareceu-apos-desembarcar-no-aeroporto-de-natal-e-encontrada-em-mata-no-entorno-do-terminal\/"]}]},{"@type":"ImageObject","inLanguage":"pt-BR","@id":"https:\/\/deputadotaveirajr.com.br\/index.php\/idosa-que-desapareceu-apos-desembarcar-no-aeroporto-de-natal-e-encontrada-em-mata-no-entorno-do-terminal\/#primaryimage","url":"https:\/\/deputadotaveirajr.com.br\/wp-content\/uploads\/2024\/06\/whatsapp-image-2024-06-12-at-07.22.02-rYjpqB.jpeg","contentUrl":"https:\/\/deputadotaveirajr.com.br\/wp-content\/uploads\/2024\/06\/whatsapp-image-2024-06-12-at-07.22.02-rYjpqB.jpeg","width":1200,"height":1600},{"@type":"BreadcrumbList","@id":"https:\/\/deputadotaveirajr.com.br\/index.php\/idosa-que-desapareceu-apos-desembarcar-no-aeroporto-de-natal-e-encontrada-em-mata-no-entorno-do-terminal\/#breadcrumb","itemListElement":[{"@type":"ListItem","position":1,"name":"In\u00edcio","item":"https:\/\/deputadotaveirajr.com.br\/"},{"@type":"ListItem","position":2,"name":"Idosa que desapareceu ap\u00f3s desembarcar no Aeroporto de Natal \u00e9 encontrada em mata no entorno do terminal"}]},{"@type":"WebSite","@id":"https:\/\/deputadotaveirajr.com.br\/#website","url":"https:\/\/deputadotaveirajr.com.br\/","name":"Taveira Jr","description":"Deputado Estadual","publisher":{"@id":"https:\/\/deputadotaveirajr.com.br\/#organization"},"potentialAction":[{"@type":"SearchAction","target":{"@type":"EntryPoint","urlTemplate":"https:\/\/deputadotaveirajr.com.br\/?s={search_term_string}"},"query-input":{"@type":"PropertyValueSpecification","valueRequired":true,"valueName":"search_term_string"}}],"inLanguage":"pt-BR"},{"@type":"Organization","@id":"https:\/\/deputadotaveirajr.com.br\/#organization","name":"Taveira Jr","url":"https:\/\/deputadotaveirajr.com.br\/","logo":{"@type":"ImageObject","inLanguage":"pt-BR","@id":"https:\/\/deputadotaveirajr.com.br\/#\/schema\/logo\/image\/","url":"https:\/\/deputadotaveirajr.com.br\/wp-content\/uploads\/2026\/01\/logolow2a.png","contentUrl":"https:\/\/deputadotaveirajr.com.br\/wp-content\/uploads\/2026\/01\/logolow2a.png","width":290,"height":80,"caption":"Taveira Jr"},"image":{"@id":"https:\/\/deputadotaveirajr.com.br\/#\/schema\/logo\/image\/"}}]}},"_links":{"self":[{"href":"https:\/\/deputadotaveirajr.com.br\/index.php\/wp-json\/wp\/v2\/pages\/6946","targetHints":{"allow":["GET"]}}],"collection":[{"href":"https:\/\/deputadotaveirajr.com.br\/index.php\/wp-json\/wp\/v2\/pages"}],"about":[{"href":"https:\/\/deputadotaveirajr.com.br\/index.php\/wp-json\/wp\/v2\/types\/page"}],"replies":[{"embeddable":true,"href":"https:\/\/deputadotaveirajr.com.br\/index.php\/wp-json\/wp\/v2\/comments?post=6946"}],"version-history":[{"count":1,"href":"https:\/\/deputadotaveirajr.com.br\/index.php\/wp-json\/wp\/v2\/pages\/6946\/revisions"}],"predecessor-version":[{"id":6987,"href":"https:\/\/deputadotaveirajr.com.br\/index.php\/wp-json\/wp\/v2\/pages\/6946\/revisions\/6987"}],"wp:featuredmedia":[{"embeddable":true,"href":"https:\/\/deputadotaveirajr.com.br\/index.php\/wp-json\/wp\/v2\/media\/6947"}],"wp:attachment":[{"href":"https:\/\/deputadotaveirajr.com.br\/index.php\/wp-json\/wp\/v2\/media?parent=6946"}],"curies":[{"name":"wp","href":"https:\/\/api.w.org\/{rel}","templated":true}]}}