{"id":7029,"date":"2024-06-14T09:50:00","date_gmt":"2024-06-14T12:50:00","guid":{"rendered":"https:\/\/deputadotaveirajr.com.br\/?page_id=7029"},"modified":"2024-06-14T09:50:00","modified_gmt":"2024-06-14T12:50:00","slug":"dois-caminhoes-batem-pegam-fogo-e-interditam-trecho-da-br-101-na-paraiba","status":"publish","type":"page","link":"https:\/\/deputadotaveirajr.com.br\/index.php\/dois-caminhoes-batem-pegam-fogo-e-interditam-trecho-da-br-101-na-paraiba\/","title":{"rendered":"Dois caminh\u00f5es batem, pegam fogo e interditam trecho da BR-101 na Para\u00edba"},"content":{"rendered":"<p>     Um dos motoristas teve ferimento grave e foi levado para o Hospital de Emerg\u00eancia e Trauma de Jo\u00e3o Pessoa. O outro teve ferimentos leves. Caminh\u00f5es pegaram fogo e ficaram completamente destru\u00eddos<br \/>\nPRF\/Divulga\u00e7\u00e3o<br \/>\nDois caminh\u00f5es colidiram na BR-101, na altura do munic\u00edpio de Mamanguape, na Para\u00edba, e provocaram um grande inc\u00eandio no local. O acidente aconteceu na madrugada desta sexta-feira (14) e, segundo informa\u00e7\u00f5es da Pol\u00edcia Rodovi\u00e1ria Federal (PRF), o chamado para o resgate aconteceu por volta de 4h30.<br \/>\nA colis\u00e3o aconteceu na via entre Jo\u00e3o Pessoa e Natal, no Rio Grande do Norte, e envolveu um caminh\u00e3o carregado com algod\u00e3o e outro com combust\u00edvel. De acordo com o Corpo de Bombeiros da Para\u00edba, o caminh\u00e3o-tanque bateu na traseira do outro.<br \/>\nOs bombeiros informaram ainda que o motorista do caminh\u00e3o-tanque teve ferimentos graves. Ele foi levado primeiro para o Hospital Regional de Mamanguape e depois transferido para o Hospital de Emerg\u00eancia e Trauma de Jo\u00e3o Pessoa. O motorista do caminh\u00e3o carregado de algod\u00e3o teve apenas escoria\u00e7\u00f5es.<br \/>\nPRF e Bombeiros est\u00e3o no local e via da BR-101 ficou interditada<br \/>\nPRF\/Divulga\u00e7\u00e3o<br \/>\nAos bombeiros, esse motorista que n\u00e3o se machucou tanto disse que parou no acostamento da BR-101 para tirar um cochilo e foi surpreendido com a colis\u00e3o traseira. Uma per\u00edcia vai ser realizada no local para saber se a vers\u00e3o confere com as evid\u00eancias.<br \/>\nToda a via da BR-101 que liga as capitais da Para\u00edba para a do Rio Grande do Norte est\u00e1 interditada e isso provoca um grande engarrafamento. Para minimizar isso, a PRF fez um desvio no local da interdi\u00e7\u00e3o e est\u00e1 usando uma faixa da via oposta para que motoristas peguem a contram\u00e3o e assim possam seguir em dire\u00e7\u00e3o a Natal.<br \/>\nV\u00eddeos mais assistidos da Para\u00edba<\/p>","protected":false},"excerpt":{"rendered":"<p>Um dos motoristas teve ferimento grave e foi levado para o Hospital de Emerg\u00eancia e Trauma de Jo\u00e3o Pessoa. O outro teve ferimentos leves. Caminh\u00f5es pegaram fogo e ficaram completamente &#8230;<\/p>\n","protected":false},"author":0,"featured_media":7030,"parent":0,"menu_order":0,"comment_status":"closed","ping_status":"closed","template":"","meta":{"footnotes":""},"class_list":["post-7029","page","type-page","status-publish","has-post-thumbnail","hentry"],"yoast_head":"<!-- This site is optimized with the Yoast SEO plugin v27.1.1 - https:\/\/yoast.com\/product\/yoast-seo-wordpress\/ -->\n<title>Dois caminh\u00f5es batem, pegam fogo e interditam trecho da BR-101 na Para\u00edba - Taveira Jr<\/title>\n<meta name=\"robots\" content=\"index, follow, max-snippet:-1, max-image-preview:large, max-video-preview:-1\" \/>\n<link rel=\"canonical\" href=\"https:\/\/deputadotaveirajr.com.br\/index.php\/dois-caminhoes-batem-pegam-fogo-e-interditam-trecho-da-br-101-na-paraiba\/\" \/>\n<meta property=\"og:locale\" content=\"pt_BR\" \/>\n<meta property=\"og:type\" content=\"article\" \/>\n<meta property=\"og:title\" content=\"Dois caminh\u00f5es batem, pegam fogo e interditam trecho da BR-101 na Para\u00edba - Taveira Jr\" \/>\n<meta property=\"og:description\" content=\"Um dos motoristas teve ferimento grave e foi levado para o Hospital de Emerg\u00eancia e Trauma de Jo\u00e3o Pessoa. O outro teve ferimentos leves. Caminh\u00f5es pegaram fogo e ficaram completamente ...\" \/>\n<meta property=\"og:url\" content=\"https:\/\/deputadotaveirajr.com.br\/index.php\/dois-caminhoes-batem-pegam-fogo-e-interditam-trecho-da-br-101-na-paraiba\/\" \/>\n<meta property=\"og:site_name\" content=\"Taveira Jr\" \/>\n<meta property=\"og:image\" content=\"https:\/\/deputadotaveirajr.com.br\/wp-content\/uploads\/2024\/06\/prf02-r1n16y.jpeg\" \/>\n\t<meta property=\"og:image:width\" content=\"1599\" \/>\n\t<meta property=\"og:image:height\" content=\"899\" \/>\n\t<meta property=\"og:image:type\" content=\"image\/jpeg\" \/>\n<meta name=\"twitter:card\" content=\"summary_large_image\" \/>\n<meta name=\"twitter:label1\" content=\"Est. tempo de leitura\" \/>\n\t<meta name=\"twitter:data1\" content=\"2 minutos\" \/>\n<script type=\"application\/ld+json\" class=\"yoast-schema-graph\">{\"@context\":\"https:\/\/schema.org\",\"@graph\":[{\"@type\":\"WebPage\",\"@id\":\"https:\/\/deputadotaveirajr.com.br\/index.php\/dois-caminhoes-batem-pegam-fogo-e-interditam-trecho-da-br-101-na-paraiba\/\",\"url\":\"https:\/\/deputadotaveirajr.com.br\/index.php\/dois-caminhoes-batem-pegam-fogo-e-interditam-trecho-da-br-101-na-paraiba\/\",\"name\":\"Dois caminh\u00f5es batem, pegam fogo e interditam trecho da BR-101 na Para\u00edba - Taveira Jr\",\"isPartOf\":{\"@id\":\"https:\/\/deputadotaveirajr.com.br\/#website\"},\"primaryImageOfPage\":{\"@id\":\"https:\/\/deputadotaveirajr.com.br\/index.php\/dois-caminhoes-batem-pegam-fogo-e-interditam-trecho-da-br-101-na-paraiba\/#primaryimage\"},\"image\":{\"@id\":\"https:\/\/deputadotaveirajr.com.br\/index.php\/dois-caminhoes-batem-pegam-fogo-e-interditam-trecho-da-br-101-na-paraiba\/#primaryimage\"},\"thumbnailUrl\":\"https:\/\/deputadotaveirajr.com.br\/wp-content\/uploads\/2024\/06\/prf02-r1n16y.jpeg\",\"datePublished\":\"2024-06-14T12:50:00+00:00\",\"breadcrumb\":{\"@id\":\"https:\/\/deputadotaveirajr.com.br\/index.php\/dois-caminhoes-batem-pegam-fogo-e-interditam-trecho-da-br-101-na-paraiba\/#breadcrumb\"},\"inLanguage\":\"pt-BR\",\"potentialAction\":[{\"@type\":\"ReadAction\",\"target\":[\"https:\/\/deputadotaveirajr.com.br\/index.php\/dois-caminhoes-batem-pegam-fogo-e-interditam-trecho-da-br-101-na-paraiba\/\"]}]},{\"@type\":\"ImageObject\",\"inLanguage\":\"pt-BR\",\"@id\":\"https:\/\/deputadotaveirajr.com.br\/index.php\/dois-caminhoes-batem-pegam-fogo-e-interditam-trecho-da-br-101-na-paraiba\/#primaryimage\",\"url\":\"https:\/\/deputadotaveirajr.com.br\/wp-content\/uploads\/2024\/06\/prf02-r1n16y.jpeg\",\"contentUrl\":\"https:\/\/deputadotaveirajr.com.br\/wp-content\/uploads\/2024\/06\/prf02-r1n16y.jpeg\",\"width\":1599,\"height\":899},{\"@type\":\"BreadcrumbList\",\"@id\":\"https:\/\/deputadotaveirajr.com.br\/index.php\/dois-caminhoes-batem-pegam-fogo-e-interditam-trecho-da-br-101-na-paraiba\/#breadcrumb\",\"itemListElement\":[{\"@type\":\"ListItem\",\"position\":1,\"name\":\"In\u00edcio\",\"item\":\"https:\/\/deputadotaveirajr.com.br\/\"},{\"@type\":\"ListItem\",\"position\":2,\"name\":\"Dois caminh\u00f5es batem, pegam fogo e interditam trecho da BR-101 na Para\u00edba\"}]},{\"@type\":\"WebSite\",\"@id\":\"https:\/\/deputadotaveirajr.com.br\/#website\",\"url\":\"https:\/\/deputadotaveirajr.com.br\/\",\"name\":\"Taveira Jr\",\"description\":\"Deputado Estadual\",\"publisher\":{\"@id\":\"https:\/\/deputadotaveirajr.com.br\/#organization\"},\"potentialAction\":[{\"@type\":\"SearchAction\",\"target\":{\"@type\":\"EntryPoint\",\"urlTemplate\":\"https:\/\/deputadotaveirajr.com.br\/?s={search_term_string}\"},\"query-input\":{\"@type\":\"PropertyValueSpecification\",\"valueRequired\":true,\"valueName\":\"search_term_string\"}}],\"inLanguage\":\"pt-BR\"},{\"@type\":\"Organization\",\"@id\":\"https:\/\/deputadotaveirajr.com.br\/#organization\",\"name\":\"Taveira Jr\",\"url\":\"https:\/\/deputadotaveirajr.com.br\/\",\"logo\":{\"@type\":\"ImageObject\",\"inLanguage\":\"pt-BR\",\"@id\":\"https:\/\/deputadotaveirajr.com.br\/#\/schema\/logo\/image\/\",\"url\":\"https:\/\/deputadotaveirajr.com.br\/wp-content\/uploads\/2026\/01\/logolow2a.png\",\"contentUrl\":\"https:\/\/deputadotaveirajr.com.br\/wp-content\/uploads\/2026\/01\/logolow2a.png\",\"width\":290,\"height\":80,\"caption\":\"Taveira Jr\"},\"image\":{\"@id\":\"https:\/\/deputadotaveirajr.com.br\/#\/schema\/logo\/image\/\"}}]}<\/script>\n<!-- \/ Yoast SEO plugin. -->","yoast_head_json":{"title":"Dois caminh\u00f5es batem, pegam fogo e interditam trecho da BR-101 na Para\u00edba - Taveira Jr","robots":{"index":"index","follow":"follow","max-snippet":"max-snippet:-1","max-image-preview":"max-image-preview:large","max-video-preview":"max-video-preview:-1"},"canonical":"https:\/\/deputadotaveirajr.com.br\/index.php\/dois-caminhoes-batem-pegam-fogo-e-interditam-trecho-da-br-101-na-paraiba\/","og_locale":"pt_BR","og_type":"article","og_title":"Dois caminh\u00f5es batem, pegam fogo e interditam trecho da BR-101 na Para\u00edba - Taveira Jr","og_description":"Um dos motoristas teve ferimento grave e foi levado para o Hospital de Emerg\u00eancia e Trauma de Jo\u00e3o Pessoa. O outro teve ferimentos leves. Caminh\u00f5es pegaram fogo e ficaram completamente ...","og_url":"https:\/\/deputadotaveirajr.com.br\/index.php\/dois-caminhoes-batem-pegam-fogo-e-interditam-trecho-da-br-101-na-paraiba\/","og_site_name":"Taveira Jr","og_image":[{"width":1599,"height":899,"url":"https:\/\/deputadotaveirajr.com.br\/wp-content\/uploads\/2024\/06\/prf02-r1n16y.jpeg","type":"image\/jpeg"}],"twitter_card":"summary_large_image","twitter_misc":{"Est. tempo de leitura":"2 minutos"},"schema":{"@context":"https:\/\/schema.org","@graph":[{"@type":"WebPage","@id":"https:\/\/deputadotaveirajr.com.br\/index.php\/dois-caminhoes-batem-pegam-fogo-e-interditam-trecho-da-br-101-na-paraiba\/","url":"https:\/\/deputadotaveirajr.com.br\/index.php\/dois-caminhoes-batem-pegam-fogo-e-interditam-trecho-da-br-101-na-paraiba\/","name":"Dois caminh\u00f5es batem, pegam fogo e interditam trecho da BR-101 na Para\u00edba - Taveira Jr","isPartOf":{"@id":"https:\/\/deputadotaveirajr.com.br\/#website"},"primaryImageOfPage":{"@id":"https:\/\/deputadotaveirajr.com.br\/index.php\/dois-caminhoes-batem-pegam-fogo-e-interditam-trecho-da-br-101-na-paraiba\/#primaryimage"},"image":{"@id":"https:\/\/deputadotaveirajr.com.br\/index.php\/dois-caminhoes-batem-pegam-fogo-e-interditam-trecho-da-br-101-na-paraiba\/#primaryimage"},"thumbnailUrl":"https:\/\/deputadotaveirajr.com.br\/wp-content\/uploads\/2024\/06\/prf02-r1n16y.jpeg","datePublished":"2024-06-14T12:50:00+00:00","breadcrumb":{"@id":"https:\/\/deputadotaveirajr.com.br\/index.php\/dois-caminhoes-batem-pegam-fogo-e-interditam-trecho-da-br-101-na-paraiba\/#breadcrumb"},"inLanguage":"pt-BR","potentialAction":[{"@type":"ReadAction","target":["https:\/\/deputadotaveirajr.com.br\/index.php\/dois-caminhoes-batem-pegam-fogo-e-interditam-trecho-da-br-101-na-paraiba\/"]}]},{"@type":"ImageObject","inLanguage":"pt-BR","@id":"https:\/\/deputadotaveirajr.com.br\/index.php\/dois-caminhoes-batem-pegam-fogo-e-interditam-trecho-da-br-101-na-paraiba\/#primaryimage","url":"https:\/\/deputadotaveirajr.com.br\/wp-content\/uploads\/2024\/06\/prf02-r1n16y.jpeg","contentUrl":"https:\/\/deputadotaveirajr.com.br\/wp-content\/uploads\/2024\/06\/prf02-r1n16y.jpeg","width":1599,"height":899},{"@type":"BreadcrumbList","@id":"https:\/\/deputadotaveirajr.com.br\/index.php\/dois-caminhoes-batem-pegam-fogo-e-interditam-trecho-da-br-101-na-paraiba\/#breadcrumb","itemListElement":[{"@type":"ListItem","position":1,"name":"In\u00edcio","item":"https:\/\/deputadotaveirajr.com.br\/"},{"@type":"ListItem","position":2,"name":"Dois caminh\u00f5es batem, pegam fogo e interditam trecho da BR-101 na Para\u00edba"}]},{"@type":"WebSite","@id":"https:\/\/deputadotaveirajr.com.br\/#website","url":"https:\/\/deputadotaveirajr.com.br\/","name":"Taveira Jr","description":"Deputado Estadual","publisher":{"@id":"https:\/\/deputadotaveirajr.com.br\/#organization"},"potentialAction":[{"@type":"SearchAction","target":{"@type":"EntryPoint","urlTemplate":"https:\/\/deputadotaveirajr.com.br\/?s={search_term_string}"},"query-input":{"@type":"PropertyValueSpecification","valueRequired":true,"valueName":"search_term_string"}}],"inLanguage":"pt-BR"},{"@type":"Organization","@id":"https:\/\/deputadotaveirajr.com.br\/#organization","name":"Taveira Jr","url":"https:\/\/deputadotaveirajr.com.br\/","logo":{"@type":"ImageObject","inLanguage":"pt-BR","@id":"https:\/\/deputadotaveirajr.com.br\/#\/schema\/logo\/image\/","url":"https:\/\/deputadotaveirajr.com.br\/wp-content\/uploads\/2026\/01\/logolow2a.png","contentUrl":"https:\/\/deputadotaveirajr.com.br\/wp-content\/uploads\/2026\/01\/logolow2a.png","width":290,"height":80,"caption":"Taveira Jr"},"image":{"@id":"https:\/\/deputadotaveirajr.com.br\/#\/schema\/logo\/image\/"}}]}},"_links":{"self":[{"href":"https:\/\/deputadotaveirajr.com.br\/index.php\/wp-json\/wp\/v2\/pages\/7029","targetHints":{"allow":["GET"]}}],"collection":[{"href":"https:\/\/deputadotaveirajr.com.br\/index.php\/wp-json\/wp\/v2\/pages"}],"about":[{"href":"https:\/\/deputadotaveirajr.com.br\/index.php\/wp-json\/wp\/v2\/types\/page"}],"replies":[{"embeddable":true,"href":"https:\/\/deputadotaveirajr.com.br\/index.php\/wp-json\/wp\/v2\/comments?post=7029"}],"version-history":[{"count":1,"href":"https:\/\/deputadotaveirajr.com.br\/index.php\/wp-json\/wp\/v2\/pages\/7029\/revisions"}],"predecessor-version":[{"id":7033,"href":"https:\/\/deputadotaveirajr.com.br\/index.php\/wp-json\/wp\/v2\/pages\/7029\/revisions\/7033"}],"wp:featuredmedia":[{"embeddable":true,"href":"https:\/\/deputadotaveirajr.com.br\/index.php\/wp-json\/wp\/v2\/media\/7030"}],"wp:attachment":[{"href":"https:\/\/deputadotaveirajr.com.br\/index.php\/wp-json\/wp\/v2\/media?parent=7029"}],"curies":[{"name":"wp","href":"https:\/\/api.w.org\/{rel}","templated":true}]}}

Dois caminhões batem, pegam fogo e interditam trecho da BR-101 na Paraíba

<p>     Um dos motoristas teve ferimento grave e foi levado para o Hospital de Emergência e Trauma de João Pessoa. O outro teve ferimentos leves. Caminhões pegaram fogo e ficaram completamente destruídos<br />
PRF/Divulgação<br />
Dois caminhões colidiram na BR-101, na altura do município de Mamanguape, na Paraíba, e provocaram um grande incêndio no local. O acidente aconteceu na madrugada desta sexta-feira (14) e, segundo informações da Polícia Rodoviária Federal (PRF), o chamado para o resgate aconteceu por volta de 4h30.<br />
A colisão aconteceu na via entre João Pessoa e Natal, no Rio Grande do Norte, e envolveu um caminhão carregado com algodão e outro com combustível. De acordo com o Corpo de Bombeiros da Paraíba, o caminhão-tanque bateu na traseira do outro.<br />
Os bombeiros informaram ainda que o motorista do caminhão-tanque teve ferimentos graves. Ele foi levado primeiro para o Hospital Regional de Mamanguape e depois transferido para o Hospital de Emergência e Trauma de João Pessoa. O motorista do caminhão carregado de algodão teve apenas escoriações.<br />
PRF e Bombeiros estão no local e via da BR-101 ficou interditada<br />
PRF/Divulgação<br />
Aos bombeiros, esse motorista que não se machucou tanto disse que parou no acostamento da BR-101 para tirar um cochilo e foi surpreendido com a colisão traseira. Uma perícia vai ser realizada no local para saber se a versão confere com as evidências.<br />
Toda a via da BR-101 que liga as capitais da Paraíba para a do Rio Grande do Norte está interditada e isso provoca um grande engarrafamento. Para minimizar isso, a PRF fez um desvio no local da interdição e está usando uma faixa da via oposta para que motoristas peguem a contramão e assim possam seguir em direção a Natal.<br />
Vídeos mais assistidos da Paraíba</p>

<p>Um dos motoristas teve ferimento grave e foi levado para o Hospital de Emergência e Trauma de João Pessoa. O outro teve ferimentos leves. Caminhões pegaram fogo e ficaram completamente &#8230;</p>

<!-- This site is optimized with the Yoast SEO plugin v27.1.1 - https://yoast.com/product/yoast-seo-wordpress/ -->
<title>Dois caminhões batem, pegam fogo e interditam trecho da BR-101 na Paraíba - Taveira Jr</title>
<meta name="robots" content="index, follow, max-snippet:-1, max-image-preview:large, max-video-preview:-1" />
<link rel="canonical" href="https://deputadotaveirajr.com.br/index.php/dois-caminhoes-batem-pegam-fogo-e-interditam-trecho-da-br-101-na-paraiba/" />
<meta property="og:locale" content="pt_BR" />
<meta property="og:type" content="article" />
<meta property="og:title" content="Dois caminhões batem, pegam fogo e interditam trecho da BR-101 na Paraíba - Taveira Jr" />
<meta property="og:description" content="Um dos motoristas teve ferimento grave e foi levado para o Hospital de Emergência e Trauma de João Pessoa. O outro teve ferimentos leves. Caminhões pegaram fogo e ficaram completamente ..." />
<meta property="og:url" content="https://deputadotaveirajr.com.br/index.php/dois-caminhoes-batem-pegam-fogo-e-interditam-trecho-da-br-101-na-paraiba/" />
<meta property="og:site_name" content="Taveira Jr" />
<meta property="og:image" content="https://deputadotaveirajr.com.br/wp-content/uploads/2024/06/prf02-r1n16y.jpeg" />
	<meta property="og:image:width" content="1599" />
	<meta property="og:image:height" content="899" />
	<meta property="og:image:type" content="image/jpeg" />
<meta name="twitter:card" content="summary_large_image" />
<meta name="twitter:label1" content="Est. tempo de leitura" />
	<meta name="twitter:data1" content="2 minutos" />
<script type="application/ld+json" class="yoast-schema-graph">{"@context":"https://schema.org","@graph":[{"@type":"WebPage","@id":"https://deputadotaveirajr.com.br/index.php/dois-caminhoes-batem-pegam-fogo-e-interditam-trecho-da-br-101-na-paraiba/","url":"https://deputadotaveirajr.com.br/index.php/dois-caminhoes-batem-pegam-fogo-e-interditam-trecho-da-br-101-na-paraiba/","name":"Dois caminhões batem, pegam fogo e interditam trecho da BR-101 na Paraíba - Taveira Jr","isPartOf":{"@id":"https://deputadotaveirajr.com.br/#website"},"primaryImageOfPage":{"@id":"https://deputadotaveirajr.com.br/index.php/dois-caminhoes-batem-pegam-fogo-e-interditam-trecho-da-br-101-na-paraiba/#primaryimage"},"image":{"@id":"https://deputadotaveirajr.com.br/index.php/dois-caminhoes-batem-pegam-fogo-e-interditam-trecho-da-br-101-na-paraiba/#primaryimage"},"thumbnailUrl":"https://deputadotaveirajr.com.br/wp-content/uploads/2024/06/prf02-r1n16y.jpeg","datePublished":"2024-06-14T12:50:00+00:00","breadcrumb":{"@id":"https://deputadotaveirajr.com.br/index.php/dois-caminhoes-batem-pegam-fogo-e-interditam-trecho-da-br-101-na-paraiba/#breadcrumb"},"inLanguage":"pt-BR","potentialAction":[{"@type":"ReadAction","target":["https://deputadotaveirajr.com.br/index.php/dois-caminhoes-batem-pegam-fogo-e-interditam-trecho-da-br-101-na-paraiba/"]}]},{"@type":"ImageObject","inLanguage":"pt-BR","@id":"https://deputadotaveirajr.com.br/index.php/dois-caminhoes-batem-pegam-fogo-e-interditam-trecho-da-br-101-na-paraiba/#primaryimage","url":"https://deputadotaveirajr.com.br/wp-content/uploads/2024/06/prf02-r1n16y.jpeg","contentUrl":"https://deputadotaveirajr.com.br/wp-content/uploads/2024/06/prf02-r1n16y.jpeg","width":1599,"height":899},{"@type":"BreadcrumbList","@id":"https://deputadotaveirajr.com.br/index.php/dois-caminhoes-batem-pegam-fogo-e-interditam-trecho-da-br-101-na-paraiba/#breadcrumb","itemListElement":[{"@type":"ListItem","position":1,"name":"Início","item":"https://deputadotaveirajr.com.br/"},{"@type":"ListItem","position":2,"name":"Dois caminhões batem, pegam fogo e interditam trecho da BR-101 na Paraíba"}]},{"@type":"WebSite","@id":"https://deputadotaveirajr.com.br/#website","url":"https://deputadotaveirajr.com.br/","name":"Taveira Jr","description":"Deputado Estadual","publisher":{"@id":"https://deputadotaveirajr.com.br/#organization"},"potentialAction":[{"@type":"SearchAction","target":{"@type":"EntryPoint","urlTemplate":"https://deputadotaveirajr.com.br/?s={search_term_string}"},"query-input":{"@type":"PropertyValueSpecification","valueRequired":true,"valueName":"search_term_string"}}],"inLanguage":"pt-BR"},{"@type":"Organization","@id":"https://deputadotaveirajr.com.br/#organization","name":"Taveira Jr","url":"https://deputadotaveirajr.com.br/","logo":{"@type":"ImageObject","inLanguage":"pt-BR","@id":"https://deputadotaveirajr.com.br/#/schema/logo/image/","url":"https://deputadotaveirajr.com.br/wp-content/uploads/2026/01/logolow2a.png","contentUrl":"https://deputadotaveirajr.com.br/wp-content/uploads/2026/01/logolow2a.png","width":290,"height":80,"caption":"Taveira Jr"},"image":{"@id":"https://deputadotaveirajr.com.br/#/schema/logo/image/"}}]}</script>
<!-- / Yoast SEO plugin. -->

Dois caminhões batem, pegam fogo e interditam trecho da BR-101 na Paraíba - Taveira Jr

Um dos motoristas teve ferimento grave e foi levado para o Hospital de Emergência e Trauma de João Pessoa. O outro teve ferimentos leves. Caminhões pegaram fogo e ficaram completamente ...

Início
