{"id":7036,"date":"2024-06-14T13:16:55","date_gmt":"2024-06-14T16:16:55","guid":{"rendered":"https:\/\/deputadotaveirajr.com.br\/?page_id=7036"},"modified":"2024-06-14T13:16:55","modified_gmt":"2024-06-14T16:16:55","slug":"data-da-interdicao-total-da-avenida-felizardo-moura-e-alterada-confira","status":"publish","type":"page","link":"https:\/\/deputadotaveirajr.com.br\/index.php\/data-da-interdicao-total-da-avenida-felizardo-moura-e-alterada-confira\/","title":{"rendered":"Data da interdi\u00e7\u00e3o total da Avenida Felizardo Moura \u00e9 alterada; confira"},"content":{"rendered":"<p>     Interdi\u00e7\u00e3o, inicialmente prevista para come\u00e7ar nesta sexta-feira (14), foi adiada para os dias 18 e 19 de junho. Agentes de mobilidade v\u00e3o atuar no local para dar suporte \u00e0 opera\u00e7\u00e3o. Felizardo Moura ser\u00e1 interditada<br \/>\nDivulga\u00e7\u00e3o\/STTU<br \/>\nA interdi\u00e7\u00e3o total da Avenida Felizardo Moura, na Zona Oeste de Natal, inicialmente prevista para come\u00e7ar nesta sexta-feira (14), foi adiada para os dias 18 e 19 de junho.<br \/>\nDe acordo com a Secretaria Municipal de Mobilidade Urbana (STTU), para ve\u00edculos particulares a interdi\u00e7\u00e3o ser\u00e1 das 22h \u00e0s 5h nos dois dias. Para o transporte p\u00fablico, a interdi\u00e7\u00e3o ter\u00e1 in\u00edcio \u00e0s 23h, ap\u00f3s a passagem dos \u00faltimos \u00f4nibus em circula\u00e7\u00e3o regular.<br \/>\n\ud83d\udcf3Participe do canal do g1 RN no WhatsApp<br \/>\nA interdi\u00e7\u00e3o acontece, segundo a pasta, para o i\u00e7amento dos p\u00f3rticos de sinaliza\u00e7\u00e3o, com caminh\u00f5es e outros equipamentos operando na via para garantir a seguran\u00e7a necess\u00e1ria.<br \/>\nAs opera\u00e7\u00f5es ser\u00e3o realizadas durante a madrugada, com a presen\u00e7a de agentes de mobilidade no local para dar suporte \u00e0 opera\u00e7\u00e3o.<br \/>\nA STTU informou tamb\u00e9m que coruj\u00e3o da N-73 &#8211; que normalmente passa pela Ponte de Igap\u00f3 &#8211; ter\u00e1 seu itiner\u00e1rio alterado para Ponte Newton Navarro durante os dias de interdi\u00e7\u00e3o<br \/>\nV\u00eddeos mais assistidos do g1 RN<\/p>","protected":false},"excerpt":{"rendered":"<p>Interdi\u00e7\u00e3o, inicialmente prevista para come\u00e7ar nesta sexta-feira (14), foi adiada para os dias 18 e 19 de junho. Agentes de mobilidade v\u00e3o atuar no local para dar suporte \u00e0 opera\u00e7\u00e3o. &#8230;<\/p>\n","protected":false},"author":0,"featured_media":7037,"parent":0,"menu_order":0,"comment_status":"closed","ping_status":"closed","template":"","meta":{"footnotes":""},"class_list":["post-7036","page","type-page","status-publish","has-post-thumbnail","hentry"],"yoast_head":"<!-- This site is optimized with the Yoast SEO plugin v27.1.1 - https:\/\/yoast.com\/product\/yoast-seo-wordpress\/ -->\n<title>Data da interdi\u00e7\u00e3o total da Avenida Felizardo Moura \u00e9 alterada; confira - Taveira Jr<\/title>\n<meta name=\"robots\" content=\"index, follow, max-snippet:-1, max-image-preview:large, max-video-preview:-1\" \/>\n<link rel=\"canonical\" href=\"https:\/\/deputadotaveirajr.com.br\/index.php\/data-da-interdicao-total-da-avenida-felizardo-moura-e-alterada-confira\/\" \/>\n<meta property=\"og:locale\" content=\"pt_BR\" \/>\n<meta property=\"og:type\" content=\"article\" \/>\n<meta property=\"og:title\" content=\"Data da interdi\u00e7\u00e3o total da Avenida Felizardo Moura \u00e9 alterada; confira - Taveira Jr\" \/>\n<meta property=\"og:description\" content=\"Interdi\u00e7\u00e3o, inicialmente prevista para come\u00e7ar nesta sexta-feira (14), foi adiada para os dias 18 e 19 de junho. Agentes de mobilidade v\u00e3o atuar no local para dar suporte \u00e0 opera\u00e7\u00e3o. ...\" \/>\n<meta property=\"og:url\" content=\"https:\/\/deputadotaveirajr.com.br\/index.php\/data-da-interdicao-total-da-avenida-felizardo-moura-e-alterada-confira\/\" \/>\n<meta property=\"og:site_name\" content=\"Taveira Jr\" \/>\n<meta property=\"og:image\" content=\"https:\/\/deputadotaveirajr.com.br\/wp-content\/uploads\/2024\/06\/whatsapp-image-2024-06-13-at-14.25.38-XStJK0.jpeg\" \/>\n\t<meta property=\"og:image:width\" content=\"1290\" \/>\n\t<meta property=\"og:image:height\" content=\"713\" \/>\n\t<meta property=\"og:image:type\" content=\"image\/jpeg\" \/>\n<meta name=\"twitter:card\" content=\"summary_large_image\" \/>\n<meta name=\"twitter:label1\" content=\"Est. tempo de leitura\" \/>\n\t<meta name=\"twitter:data1\" content=\"1 minuto\" \/>\n<script type=\"application\/ld+json\" class=\"yoast-schema-graph\">{\"@context\":\"https:\/\/schema.org\",\"@graph\":[{\"@type\":\"WebPage\",\"@id\":\"https:\/\/deputadotaveirajr.com.br\/index.php\/data-da-interdicao-total-da-avenida-felizardo-moura-e-alterada-confira\/\",\"url\":\"https:\/\/deputadotaveirajr.com.br\/index.php\/data-da-interdicao-total-da-avenida-felizardo-moura-e-alterada-confira\/\",\"name\":\"Data da interdi\u00e7\u00e3o total da Avenida Felizardo Moura \u00e9 alterada; confira - Taveira Jr\",\"isPartOf\":{\"@id\":\"https:\/\/deputadotaveirajr.com.br\/#website\"},\"primaryImageOfPage\":{\"@id\":\"https:\/\/deputadotaveirajr.com.br\/index.php\/data-da-interdicao-total-da-avenida-felizardo-moura-e-alterada-confira\/#primaryimage\"},\"image\":{\"@id\":\"https:\/\/deputadotaveirajr.com.br\/index.php\/data-da-interdicao-total-da-avenida-felizardo-moura-e-alterada-confira\/#primaryimage\"},\"thumbnailUrl\":\"https:\/\/deputadotaveirajr.com.br\/wp-content\/uploads\/2024\/06\/whatsapp-image-2024-06-13-at-14.25.38-XStJK0.jpeg\",\"datePublished\":\"2024-06-14T16:16:55+00:00\",\"breadcrumb\":{\"@id\":\"https:\/\/deputadotaveirajr.com.br\/index.php\/data-da-interdicao-total-da-avenida-felizardo-moura-e-alterada-confira\/#breadcrumb\"},\"inLanguage\":\"pt-BR\",\"potentialAction\":[{\"@type\":\"ReadAction\",\"target\":[\"https:\/\/deputadotaveirajr.com.br\/index.php\/data-da-interdicao-total-da-avenida-felizardo-moura-e-alterada-confira\/\"]}]},{\"@type\":\"ImageObject\",\"inLanguage\":\"pt-BR\",\"@id\":\"https:\/\/deputadotaveirajr.com.br\/index.php\/data-da-interdicao-total-da-avenida-felizardo-moura-e-alterada-confira\/#primaryimage\",\"url\":\"https:\/\/deputadotaveirajr.com.br\/wp-content\/uploads\/2024\/06\/whatsapp-image-2024-06-13-at-14.25.38-XStJK0.jpeg\",\"contentUrl\":\"https:\/\/deputadotaveirajr.com.br\/wp-content\/uploads\/2024\/06\/whatsapp-image-2024-06-13-at-14.25.38-XStJK0.jpeg\",\"width\":1290,\"height\":713},{\"@type\":\"BreadcrumbList\",\"@id\":\"https:\/\/deputadotaveirajr.com.br\/index.php\/data-da-interdicao-total-da-avenida-felizardo-moura-e-alterada-confira\/#breadcrumb\",\"itemListElement\":[{\"@type\":\"ListItem\",\"position\":1,\"name\":\"In\u00edcio\",\"item\":\"https:\/\/deputadotaveirajr.com.br\/\"},{\"@type\":\"ListItem\",\"position\":2,\"name\":\"Data da interdi\u00e7\u00e3o total da Avenida Felizardo Moura \u00e9 alterada; confira\"}]},{\"@type\":\"WebSite\",\"@id\":\"https:\/\/deputadotaveirajr.com.br\/#website\",\"url\":\"https:\/\/deputadotaveirajr.com.br\/\",\"name\":\"Taveira Jr\",\"description\":\"Deputado Estadual\",\"publisher\":{\"@id\":\"https:\/\/deputadotaveirajr.com.br\/#organization\"},\"potentialAction\":[{\"@type\":\"SearchAction\",\"target\":{\"@type\":\"EntryPoint\",\"urlTemplate\":\"https:\/\/deputadotaveirajr.com.br\/?s={search_term_string}\"},\"query-input\":{\"@type\":\"PropertyValueSpecification\",\"valueRequired\":true,\"valueName\":\"search_term_string\"}}],\"inLanguage\":\"pt-BR\"},{\"@type\":\"Organization\",\"@id\":\"https:\/\/deputadotaveirajr.com.br\/#organization\",\"name\":\"Taveira Jr\",\"url\":\"https:\/\/deputadotaveirajr.com.br\/\",\"logo\":{\"@type\":\"ImageObject\",\"inLanguage\":\"pt-BR\",\"@id\":\"https:\/\/deputadotaveirajr.com.br\/#\/schema\/logo\/image\/\",\"url\":\"https:\/\/deputadotaveirajr.com.br\/wp-content\/uploads\/2026\/01\/logolow2a.png\",\"contentUrl\":\"https:\/\/deputadotaveirajr.com.br\/wp-content\/uploads\/2026\/01\/logolow2a.png\",\"width\":290,\"height\":80,\"caption\":\"Taveira Jr\"},\"image\":{\"@id\":\"https:\/\/deputadotaveirajr.com.br\/#\/schema\/logo\/image\/\"}}]}<\/script>\n<!-- \/ Yoast SEO plugin. -->","yoast_head_json":{"title":"Data da interdi\u00e7\u00e3o total da Avenida Felizardo Moura \u00e9 alterada; confira - Taveira Jr","robots":{"index":"index","follow":"follow","max-snippet":"max-snippet:-1","max-image-preview":"max-image-preview:large","max-video-preview":"max-video-preview:-1"},"canonical":"https:\/\/deputadotaveirajr.com.br\/index.php\/data-da-interdicao-total-da-avenida-felizardo-moura-e-alterada-confira\/","og_locale":"pt_BR","og_type":"article","og_title":"Data da interdi\u00e7\u00e3o total da Avenida Felizardo Moura \u00e9 alterada; confira - Taveira Jr","og_description":"Interdi\u00e7\u00e3o, inicialmente prevista para come\u00e7ar nesta sexta-feira (14), foi adiada para os dias 18 e 19 de junho. Agentes de mobilidade v\u00e3o atuar no local para dar suporte \u00e0 opera\u00e7\u00e3o. ...","og_url":"https:\/\/deputadotaveirajr.com.br\/index.php\/data-da-interdicao-total-da-avenida-felizardo-moura-e-alterada-confira\/","og_site_name":"Taveira Jr","og_image":[{"width":1290,"height":713,"url":"https:\/\/deputadotaveirajr.com.br\/wp-content\/uploads\/2024\/06\/whatsapp-image-2024-06-13-at-14.25.38-XStJK0.jpeg","type":"image\/jpeg"}],"twitter_card":"summary_large_image","twitter_misc":{"Est. tempo de leitura":"1 minuto"},"schema":{"@context":"https:\/\/schema.org","@graph":[{"@type":"WebPage","@id":"https:\/\/deputadotaveirajr.com.br\/index.php\/data-da-interdicao-total-da-avenida-felizardo-moura-e-alterada-confira\/","url":"https:\/\/deputadotaveirajr.com.br\/index.php\/data-da-interdicao-total-da-avenida-felizardo-moura-e-alterada-confira\/","name":"Data da interdi\u00e7\u00e3o total da Avenida Felizardo Moura \u00e9 alterada; confira - Taveira Jr","isPartOf":{"@id":"https:\/\/deputadotaveirajr.com.br\/#website"},"primaryImageOfPage":{"@id":"https:\/\/deputadotaveirajr.com.br\/index.php\/data-da-interdicao-total-da-avenida-felizardo-moura-e-alterada-confira\/#primaryimage"},"image":{"@id":"https:\/\/deputadotaveirajr.com.br\/index.php\/data-da-interdicao-total-da-avenida-felizardo-moura-e-alterada-confira\/#primaryimage"},"thumbnailUrl":"https:\/\/deputadotaveirajr.com.br\/wp-content\/uploads\/2024\/06\/whatsapp-image-2024-06-13-at-14.25.38-XStJK0.jpeg","datePublished":"2024-06-14T16:16:55+00:00","breadcrumb":{"@id":"https:\/\/deputadotaveirajr.com.br\/index.php\/data-da-interdicao-total-da-avenida-felizardo-moura-e-alterada-confira\/#breadcrumb"},"inLanguage":"pt-BR","potentialAction":[{"@type":"ReadAction","target":["https:\/\/deputadotaveirajr.com.br\/index.php\/data-da-interdicao-total-da-avenida-felizardo-moura-e-alterada-confira\/"]}]},{"@type":"ImageObject","inLanguage":"pt-BR","@id":"https:\/\/deputadotaveirajr.com.br\/index.php\/data-da-interdicao-total-da-avenida-felizardo-moura-e-alterada-confira\/#primaryimage","url":"https:\/\/deputadotaveirajr.com.br\/wp-content\/uploads\/2024\/06\/whatsapp-image-2024-06-13-at-14.25.38-XStJK0.jpeg","contentUrl":"https:\/\/deputadotaveirajr.com.br\/wp-content\/uploads\/2024\/06\/whatsapp-image-2024-06-13-at-14.25.38-XStJK0.jpeg","width":1290,"height":713},{"@type":"BreadcrumbList","@id":"https:\/\/deputadotaveirajr.com.br\/index.php\/data-da-interdicao-total-da-avenida-felizardo-moura-e-alterada-confira\/#breadcrumb","itemListElement":[{"@type":"ListItem","position":1,"name":"In\u00edcio","item":"https:\/\/deputadotaveirajr.com.br\/"},{"@type":"ListItem","position":2,"name":"Data da interdi\u00e7\u00e3o total da Avenida Felizardo Moura \u00e9 alterada; confira"}]},{"@type":"WebSite","@id":"https:\/\/deputadotaveirajr.com.br\/#website","url":"https:\/\/deputadotaveirajr.com.br\/","name":"Taveira Jr","description":"Deputado Estadual","publisher":{"@id":"https:\/\/deputadotaveirajr.com.br\/#organization"},"potentialAction":[{"@type":"SearchAction","target":{"@type":"EntryPoint","urlTemplate":"https:\/\/deputadotaveirajr.com.br\/?s={search_term_string}"},"query-input":{"@type":"PropertyValueSpecification","valueRequired":true,"valueName":"search_term_string"}}],"inLanguage":"pt-BR"},{"@type":"Organization","@id":"https:\/\/deputadotaveirajr.com.br\/#organization","name":"Taveira Jr","url":"https:\/\/deputadotaveirajr.com.br\/","logo":{"@type":"ImageObject","inLanguage":"pt-BR","@id":"https:\/\/deputadotaveirajr.com.br\/#\/schema\/logo\/image\/","url":"https:\/\/deputadotaveirajr.com.br\/wp-content\/uploads\/2026\/01\/logolow2a.png","contentUrl":"https:\/\/deputadotaveirajr.com.br\/wp-content\/uploads\/2026\/01\/logolow2a.png","width":290,"height":80,"caption":"Taveira Jr"},"image":{"@id":"https:\/\/deputadotaveirajr.com.br\/#\/schema\/logo\/image\/"}}]}},"_links":{"self":[{"href":"https:\/\/deputadotaveirajr.com.br\/index.php\/wp-json\/wp\/v2\/pages\/7036","targetHints":{"allow":["GET"]}}],"collection":[{"href":"https:\/\/deputadotaveirajr.com.br\/index.php\/wp-json\/wp\/v2\/pages"}],"about":[{"href":"https:\/\/deputadotaveirajr.com.br\/index.php\/wp-json\/wp\/v2\/types\/page"}],"replies":[{"embeddable":true,"href":"https:\/\/deputadotaveirajr.com.br\/index.php\/wp-json\/wp\/v2\/comments?post=7036"}],"version-history":[{"count":1,"href":"https:\/\/deputadotaveirajr.com.br\/index.php\/wp-json\/wp\/v2\/pages\/7036\/revisions"}],"predecessor-version":[{"id":7054,"href":"https:\/\/deputadotaveirajr.com.br\/index.php\/wp-json\/wp\/v2\/pages\/7036\/revisions\/7054"}],"wp:featuredmedia":[{"embeddable":true,"href":"https:\/\/deputadotaveirajr.com.br\/index.php\/wp-json\/wp\/v2\/media\/7037"}],"wp:attachment":[{"href":"https:\/\/deputadotaveirajr.com.br\/index.php\/wp-json\/wp\/v2\/media?parent=7036"}],"curies":[{"name":"wp","href":"https:\/\/api.w.org\/{rel}","templated":true}]}}

Data da interdição total da Avenida Felizardo Moura é alterada; confira

<p>     Interdição, inicialmente prevista para começar nesta sexta-feira (14), foi adiada para os dias 18 e 19 de junho. Agentes de mobilidade vão atuar no local para dar suporte à operação. Felizardo Moura será interditada<br />
Divulgação/STTU<br />
A interdição total da Avenida Felizardo Moura, na Zona Oeste de Natal, inicialmente prevista para começar nesta sexta-feira (14), foi adiada para os dias 18 e 19 de junho.<br />
De acordo com a Secretaria Municipal de Mobilidade Urbana (STTU), para veículos particulares a interdição será das 22h às 5h nos dois dias. Para o transporte público, a interdição terá início às 23h, após a passagem dos últimos ônibus em circulação regular.<br />
📳Participe do canal do g1 RN no WhatsApp<br />
A interdição acontece, segundo a pasta, para o içamento dos pórticos de sinalização, com caminhões e outros equipamentos operando na via para garantir a segurança necessária.<br />
As operações serão realizadas durante a madrugada, com a presença de agentes de mobilidade no local para dar suporte à operação.<br />
A STTU informou também que corujão da N-73 &#8211; que normalmente passa pela Ponte de Igapó &#8211; terá seu itinerário alterado para Ponte Newton Navarro durante os dias de interdição<br />
Vídeos mais assistidos do g1 RN</p>

<p>Interdição, inicialmente prevista para começar nesta sexta-feira (14), foi adiada para os dias 18 e 19 de junho. Agentes de mobilidade vão atuar no local para dar suporte à operação. &#8230;</p>

<!-- This site is optimized with the Yoast SEO plugin v27.1.1 - https://yoast.com/product/yoast-seo-wordpress/ -->
<title>Data da interdição total da Avenida Felizardo Moura é alterada; confira - Taveira Jr</title>
<meta name="robots" content="index, follow, max-snippet:-1, max-image-preview:large, max-video-preview:-1" />
<link rel="canonical" href="https://deputadotaveirajr.com.br/index.php/data-da-interdicao-total-da-avenida-felizardo-moura-e-alterada-confira/" />
<meta property="og:locale" content="pt_BR" />
<meta property="og:type" content="article" />
<meta property="og:title" content="Data da interdição total da Avenida Felizardo Moura é alterada; confira - Taveira Jr" />
<meta property="og:description" content="Interdição, inicialmente prevista para começar nesta sexta-feira (14), foi adiada para os dias 18 e 19 de junho. Agentes de mobilidade vão atuar no local para dar suporte à operação. ..." />
<meta property="og:url" content="https://deputadotaveirajr.com.br/index.php/data-da-interdicao-total-da-avenida-felizardo-moura-e-alterada-confira/" />
<meta property="og:site_name" content="Taveira Jr" />
<meta property="og:image" content="https://deputadotaveirajr.com.br/wp-content/uploads/2024/06/whatsapp-image-2024-06-13-at-14.25.38-XStJK0.jpeg" />
	<meta property="og:image:width" content="1290" />
	<meta property="og:image:height" content="713" />
	<meta property="og:image:type" content="image/jpeg" />
<meta name="twitter:card" content="summary_large_image" />
<meta name="twitter:label1" content="Est. tempo de leitura" />
	<meta name="twitter:data1" content="1 minuto" />
<script type="application/ld+json" class="yoast-schema-graph">{"@context":"https://schema.org","@graph":[{"@type":"WebPage","@id":"https://deputadotaveirajr.com.br/index.php/data-da-interdicao-total-da-avenida-felizardo-moura-e-alterada-confira/","url":"https://deputadotaveirajr.com.br/index.php/data-da-interdicao-total-da-avenida-felizardo-moura-e-alterada-confira/","name":"Data da interdição total da Avenida Felizardo Moura é alterada; confira - Taveira Jr","isPartOf":{"@id":"https://deputadotaveirajr.com.br/#website"},"primaryImageOfPage":{"@id":"https://deputadotaveirajr.com.br/index.php/data-da-interdicao-total-da-avenida-felizardo-moura-e-alterada-confira/#primaryimage"},"image":{"@id":"https://deputadotaveirajr.com.br/index.php/data-da-interdicao-total-da-avenida-felizardo-moura-e-alterada-confira/#primaryimage"},"thumbnailUrl":"https://deputadotaveirajr.com.br/wp-content/uploads/2024/06/whatsapp-image-2024-06-13-at-14.25.38-XStJK0.jpeg","datePublished":"2024-06-14T16:16:55+00:00","breadcrumb":{"@id":"https://deputadotaveirajr.com.br/index.php/data-da-interdicao-total-da-avenida-felizardo-moura-e-alterada-confira/#breadcrumb"},"inLanguage":"pt-BR","potentialAction":[{"@type":"ReadAction","target":["https://deputadotaveirajr.com.br/index.php/data-da-interdicao-total-da-avenida-felizardo-moura-e-alterada-confira/"]}]},{"@type":"ImageObject","inLanguage":"pt-BR","@id":"https://deputadotaveirajr.com.br/index.php/data-da-interdicao-total-da-avenida-felizardo-moura-e-alterada-confira/#primaryimage","url":"https://deputadotaveirajr.com.br/wp-content/uploads/2024/06/whatsapp-image-2024-06-13-at-14.25.38-XStJK0.jpeg","contentUrl":"https://deputadotaveirajr.com.br/wp-content/uploads/2024/06/whatsapp-image-2024-06-13-at-14.25.38-XStJK0.jpeg","width":1290,"height":713},{"@type":"BreadcrumbList","@id":"https://deputadotaveirajr.com.br/index.php/data-da-interdicao-total-da-avenida-felizardo-moura-e-alterada-confira/#breadcrumb","itemListElement":[{"@type":"ListItem","position":1,"name":"Início","item":"https://deputadotaveirajr.com.br/"},{"@type":"ListItem","position":2,"name":"Data da interdição total da Avenida Felizardo Moura é alterada; confira"}]},{"@type":"WebSite","@id":"https://deputadotaveirajr.com.br/#website","url":"https://deputadotaveirajr.com.br/","name":"Taveira Jr","description":"Deputado Estadual","publisher":{"@id":"https://deputadotaveirajr.com.br/#organization"},"potentialAction":[{"@type":"SearchAction","target":{"@type":"EntryPoint","urlTemplate":"https://deputadotaveirajr.com.br/?s={search_term_string}"},"query-input":{"@type":"PropertyValueSpecification","valueRequired":true,"valueName":"search_term_string"}}],"inLanguage":"pt-BR"},{"@type":"Organization","@id":"https://deputadotaveirajr.com.br/#organization","name":"Taveira Jr","url":"https://deputadotaveirajr.com.br/","logo":{"@type":"ImageObject","inLanguage":"pt-BR","@id":"https://deputadotaveirajr.com.br/#/schema/logo/image/","url":"https://deputadotaveirajr.com.br/wp-content/uploads/2026/01/logolow2a.png","contentUrl":"https://deputadotaveirajr.com.br/wp-content/uploads/2026/01/logolow2a.png","width":290,"height":80,"caption":"Taveira Jr"},"image":{"@id":"https://deputadotaveirajr.com.br/#/schema/logo/image/"}}]}</script>
<!-- / Yoast SEO plugin. -->

Data da interdição total da Avenida Felizardo Moura é alterada; confira - Taveira Jr

Interdição, inicialmente prevista para começar nesta sexta-feira (14), foi adiada para os dias 18 e 19 de junho. Agentes de mobilidade vão atuar no local para dar suporte à operação. ...

Início
