{"id":7076,"date":"2024-06-15T08:30:10","date_gmt":"2024-06-15T11:30:10","guid":{"rendered":"https:\/\/deputadotaveirajr.com.br\/?page_id=7076"},"modified":"2024-06-15T08:30:10","modified_gmt":"2024-06-15T11:30:10","slug":"embalagem-de-bolo-como-mascara-de-oxigencio-falta-de-equipamento-e-equipe-experiente-o-que-se-sabe-sobre-internacao-de-bebe-no-rn","status":"publish","type":"page","link":"https:\/\/deputadotaveirajr.com.br\/index.php\/embalagem-de-bolo-como-mascara-de-oxigencio-falta-de-equipamento-e-equipe-experiente-o-que-se-sabe-sobre-internacao-de-bebe-no-rn\/","title":{"rendered":"Embalagem de bolo como m\u00e1scara de oxig\u00eancio, falta de equipamento e equipe experiente: o que se sabe sobre interna\u00e7\u00e3o de beb\u00ea no RN"},"content":{"rendered":"<p>     Menino de 3 meses de vida utilizou equipamento improvisado por cerca de 4 horas no hospital de Santa Cruz, na \u00faltima segunda-feira (10). Transferido para Natal, paciente recebeu alta de UTI na quinta (13). Hospital usa embalagem de bolo como m\u00e1scara de oxig\u00eanio em beb\u00ea de 3 meses<br \/>\nReprodu\u00e7\u00e3o<br \/>\nUm beb\u00ea de 3 meses com suspeita de bronquiolite foi salvo na \u00faltima segunda-feira (10), em um hospital de Santa Cruz, a 120 km de Natal, depois que a equipe do hospital municipal improvisou uma embalagem de bolo como capacete de oxig\u00eanio antes de a crian\u00e7a ser transferida para uma UTI pedi\u00e1trica em Natal. A imagem chamou aten\u00e7\u00e3o nas redes sociais.<br \/>\n\ud83d\udcf3Participe do canal do g1 RN no WhatsApp<br \/>\nA interna\u00e7\u00e3o do beb\u00ea na UTI do Hospital Varela Santiago aconteceu na ter\u00e7a-feira (11). Dois dias depois, ele foi transferido para a enfermagem, onde permanece em tratamento e apresenta boa evolu\u00e7\u00e3o cl\u00ednica, segundo os m\u00e9dicos da unidade de sa\u00fade.<br \/>\nA m\u00e9dica que elaborou o respirador usado pela crian\u00e7a durante aproximadamente quatro horas junto com sua equipe de plant\u00e3o afirmou que o uso de equipamentos improvisados \u00e9 mais comum do que se imagina no Servi\u00e7o \u00danico de Sa\u00fade.<br \/>\nVeja abaixo o que se sabe sobre o caso:<br \/>\nQual era a situa\u00e7\u00e3o de sa\u00fade do beb\u00ea ao dar entrada no hospital?<br \/>\nPor que o hospital n\u00e3o tinha o equipamento necess\u00e1rio?<br \/>\nQuem \u00e9 a m\u00e9dica que usou o capactete de oxig\u00eanio improvisado no beb\u00ea?<br \/>\nA equipe j\u00e1 tinha experi\u00eancia com esse tipo de equipamento improvisado?<br \/>\nComo o capacete de oxig\u00eanio improvisado ajudou o beb\u00ea?<br \/>\nO que a fam\u00edlia da crian\u00e7a disse sobre o uso do equipamento improvisado?<br \/>\nQual \u00e9 a situa\u00e7\u00e3o de sa\u00fade atual do paciente?<br \/>\nQual era a situa\u00e7\u00e3o de sa\u00fade do beb\u00ea ao dar entrada no hospital?<br \/>\nSegundo a m\u00e3e do beb\u00ea, Kadja Juliane, a crian\u00e7a possui um quadro delicado de sa\u00fade. Ele tem hidrocefalia, usa uma bolsa de colostomia e tamb\u00e9m tem s\u00edndrome de Dandy-Walker, uma malforma\u00e7\u00e3o no c\u00e9rebro que pode causar problemas no desenvolvimento motor e aumento progressivo da cabe\u00e7a.<br \/>\nA equipe do Hospital Municipal de Santa Cruz informou que o beb\u00ea deu entrada na unidade no s\u00e1bado (8) com quadro de desconforto respirat\u00f3rio grave, congest\u00e3o nasal, febre, rinorreia, v\u00f4mitos e diarreia.<br \/>\nNa manh\u00e3 da segunda-feira (11), a m\u00e9dica plantonista constatou que a crian\u00e7a j\u00e1 tinha sinais de cianose &#8211; uma condi\u00e7\u00e3o m\u00e9dica que afeta o paciente com m\u00e1 oxigena\u00e7\u00e3o do sangue &#8211; e apresentava manchas roxas na pele.<br \/>\nPor que o hospital n\u00e3o tinha o equipamento necess\u00e1rio?<br \/>\nEmbora possu\u00edsse m\u00e1scaras infantis de oxig\u00eanio, o Hospital Municipal de Santa Cruz n\u00e3o tinha entre seus equipamentos um capacete de oxig\u00eanio conhecido como hood, mais apropriado para uso em beb\u00eas. O produto custa cerca de R$ 500.<br \/>\nA prefeitura de Santa Cruz informou que a unidade de sa\u00fade do munic\u00edpio n\u00e3o \u00e9 refer\u00eancia &#8211; ou seja, n\u00e3o \u00e9 especializada &#8211; em urg\u00eancia materno-infantil.<br \/>\nAinda segundo o munic\u00edpio, a m\u00e9dica plantonista usou a embalagem de bolo para montar uma estrutura improvisada e atender a necessidade crian\u00e7a enquanto aguardava regula\u00e7\u00e3o para leito de UTI especializado para beb\u00eas em outro hospital.<br \/>\nQuem \u00e9 a m\u00e9dica que usou o capactete de oxig\u00eanio improvisado no beb\u00ea?<br \/>\nFormada em medicina em 2015 em uma universidade privada do Rio Grande do Norte, Ellenn Salviano, de 41 anos, \u00e9 natural de S\u00e3o Miguel, na regi\u00e3o do Alto Oeste potiguar, mas mora em Natal.<br \/>\nTamb\u00e9m formada em direito, casada, m\u00e3e de tr\u00eas filhos, a profissional come\u00e7ou a atuar em unidades b\u00e1sicas de sa\u00fade e depois foi convidada para o hospital municipal de Santa Cruz, onde \u00e9 plantonista \u00e0s segundas-feiras h\u00e1 quase 8 anos.<br \/>\nA m\u00e9dica Ellenn Salviano trabalha no Samu Metropolitano<br \/>\nCedida<br \/>\nDurante a pandemia da Covid-19, Ellenn fez parte da equipe da UTI do hospital municipal. Al\u00e9m de Santa Cruz, ela trabalha no Servi\u00e7o de Atendimento M\u00f3vel de Urg\u00eancia (Samu) Metropolitano \u00e0s ter\u00e7as-feiras e no Hospital de Pirangi, em Parnamirim, nas sextas.<br \/>\nA profissional tamb\u00e9m faz plant\u00f5es em outras unidades, como a sala vermelha de uma Unidade de Pronto-Atendimento (UPA) de Parnamirim e em um hospital privado de Natal, sem dia fixo.<br \/>\nNos hospitais e no Samu, ela atende principalmente pacientes adultos, mas tamb\u00e9m acaba recebendo crian\u00e7as e beb\u00eas em situa\u00e7\u00f5es graves.<br \/>\n&#8220;Trabalhar em servi\u00e7os particulares \u00e9 f\u00e1cil, porque eu tenho tudo \u00e0 m\u00e3o, tudo o que eu preciso. Falta tamb\u00e9m, porque falta em todo canto, mas no SUS eu tenho que sair de casa todo dia pensando em como eu posso me reinventar. E eu tenho uma equipe que eu digo que \u00e9 minha equipe c\u00e3o, porque o inferno n\u00e3o escolhe. Vem tudo&#8221;, afirmou ao g1.<br \/>\nA equipe j\u00e1 tinha experi\u00eancia com esse tipo de equipamento improvisado?<br \/>\nRespons\u00e1vel pelo uso da embalagem de bolo como capacete de oxig\u00eanio, a m\u00e9dica Ellenn Salviano, afirmou que j\u00e1 perdeu as contas de quantas vezes realizou o mesmo tipo de improviso com seus colegas. De acordo com ela, a pr\u00e1tica em hospitais p\u00fablicos \u00e9 mais comum do que se imagina.<br \/>\nSomente em uma semana, a m\u00e1scara usada na crian\u00e7a de Santa Cruz foi a terceira que ela fez. As outras duas foram no Servi\u00e7o de Atendimento M\u00f3vel de Urg\u00eancia (Samu). Uma delas com papel\u00e3o.<br \/>\n &#8220;Ali estou nos meus bra\u00e7os com o amor de algu\u00e9m. Quando saio de casa e deixo meus tr\u00eas filhos, assumo a responsabilidade que \u00e9 cuidar do outro. Ent\u00e3o eu n\u00e3o podia olhar para aquela m\u00e3e e dizer n\u00e3o podemos&#8221;, disse.<br \/>\n&#8220;\u00c9 muito f\u00e1cil chegar e dizer: m\u00e3ezinha, o desfecho foi ruim. Me desculpe, porque n\u00e3o somos um hospital materno-infantil, porque n\u00e3o temos recursos para o seu filho e o SUS n\u00e3o tem vaga&#8221;, complementa.<br \/>\nComo o capacete de oxig\u00eanio improvisado ajudou o beb\u00ea?<br \/>\nSegundo a m\u00e9dica, o beb\u00ea estava fadigado havia dois dias, precisando de oxig\u00eanio e, por isso, corria um risco de parada card\u00edaca e necessidade de intuba\u00e7\u00e3o.<br \/>\nPor\u00e9m, com o uso do equipamento por cerca de quatro horas, at\u00e9 a chegada de um equipamento emprestado por outro hospital, a equipe conseguiu que o quadro de sa\u00fade da crian\u00e7a se estabilizasse.<br \/>\n&#8216;Assumo a responsabilidade que \u00e9 cuidar do outro&#8217;, disse.<br \/>\nRespirador improvisado com papel\u00e3o e pl\u00e1stico para beb\u00ea que precisava de transfer\u00eancia para Natal<br \/>\nCedida<br \/>\n&#8220;A crian\u00e7a estava com frequ\u00eancia respirat\u00f3ria de quase 80, com cioanose, saturando 75 a 80, com tiragem subcostal, com batimento de asa de nariz, com tiragem de f\u00facula, estavam bem sonolenta devido \u00e0 fadiga pela falta de oxig\u00eanio no corpinho dela&#8221;, explicou.<br \/>\nAinda de acordo com ela, ap\u00f3s o uso do equipamento improvisado, o beb\u00ea passou a ter uma melhora na frequ\u00eancia respirat\u00f3ria, saiu do quadro de cianose, e come\u00e7ou a ter uma satura\u00e7\u00e3o de 99% a 100%.<br \/>\n&#8220;Por mais improvisado que seja, foi o que fez com que a crian\u00e7a estabilizasse e a gente conseguisse aguardar essa vaga de UTI por mais 24 horas&#8221;, pontuou.<br \/>\nO que a fam\u00edlia da crian\u00e7a diz sobre o uso do equipamento improvisado?<br \/>\nM\u00e3e do beb\u00ea, Kadja Juliane agradeceu \u00e0 equipe do hospital municipal de Santa Cruz pelo atendimento ao filho. Ainda de acordo com ela, apesar do improviso, o beb\u00ea &#8220;melhorou bastante&#8221;.<br \/>\n&#8220;Mesmo eles n\u00e3o tendo suporte para atender crian\u00e7a, fizeram todo o poss\u00edvel pra atend\u00ea-lo&#8221;, afirmou.<br \/>\nA m\u00e3e tamb\u00e9m  contou que a equipe m\u00e9dica se preocupou com a interna\u00e7\u00e3o no hospital municipal por ele n\u00e3o ser pedi\u00e1trico. Segundo ela, havia medo de alguma infec\u00e7\u00e3o devido \u00e0 estrutura inadequada.<br \/>\nQual \u00e9 a situa\u00e7\u00e3o de sa\u00fade atual do paciente?<br \/>\nO beb\u00ea de 3 meses recebeu alta da UTI do Hospital Varela Santiago, em Natal, nesta quinta-feira (13), ap\u00f3s apresentar melhora do quadro cl\u00ednico, mas segue internado na enfermaria da unidade.<br \/>\nNesta sexta-feira (14), o hospital informou que o paciente segue em quadro de melhora e processo de &#8220;desmame&#8221; da oxigena\u00e7\u00e3o por meio de cat\u00e9ter, aumentando a alimenta\u00e7\u00e3o, e saindo do quadro respirat\u00f3rio que o levou \u00e0 interna\u00e7\u00e3o.<br \/>\nM\u00e9dica explica improviso de respirador com embalagem de bolo<br \/>\nBeb\u00ea foi internado no Hospital Varela Santiago, em Natal<br \/>\nS\u00e9rgio Henrique Santos\/Inter TV Cabugi<br \/>\nVeja os v\u00eddeos mais assistidos no g1 RN<\/p>","protected":false},"excerpt":{"rendered":"<p>Menino de 3 meses de vida utilizou equipamento improvisado por cerca de 4 horas no hospital de Santa Cruz, na \u00faltima segunda-feira (10). Transferido para Natal, paciente recebeu alta de &#8230;<\/p>\n","protected":false},"author":0,"featured_media":7077,"parent":0,"menu_order":0,"comment_status":"closed","ping_status":"closed","template":"","meta":{"footnotes":""},"class_list":["post-7076","page","type-page","status-publish","has-post-thumbnail","hentry"],"yoast_head":"<!-- This site is optimized with the Yoast SEO plugin v27.1.1 - https:\/\/yoast.com\/product\/yoast-seo-wordpress\/ -->\n<title>Embalagem de bolo como m\u00e1scara de oxig\u00eancio, falta de equipamento e equipe experiente: o que se sabe sobre interna\u00e7\u00e3o de beb\u00ea no RN - Taveira Jr<\/title>\n<meta name=\"robots\" content=\"index, follow, max-snippet:-1, max-image-preview:large, max-video-preview:-1\" \/>\n<link rel=\"canonical\" href=\"https:\/\/deputadotaveirajr.com.br\/index.php\/embalagem-de-bolo-como-mascara-de-oxigencio-falta-de-equipamento-e-equipe-experiente-o-que-se-sabe-sobre-internacao-de-bebe-no-rn\/\" \/>\n<meta property=\"og:locale\" content=\"pt_BR\" \/>\n<meta property=\"og:type\" content=\"article\" \/>\n<meta property=\"og:title\" content=\"Embalagem de bolo como m\u00e1scara de oxig\u00eancio, falta de equipamento e equipe experiente: o que se sabe sobre interna\u00e7\u00e3o de beb\u00ea no RN - Taveira Jr\" \/>\n<meta property=\"og:description\" content=\"Menino de 3 meses de vida utilizou equipamento improvisado por cerca de 4 horas no hospital de Santa Cruz, na \u00faltima segunda-feira (10). Transferido para Natal, paciente recebeu alta de ...\" \/>\n<meta property=\"og:url\" content=\"https:\/\/deputadotaveirajr.com.br\/index.php\/embalagem-de-bolo-como-mascara-de-oxigencio-falta-de-equipamento-e-equipe-experiente-o-que-se-sabe-sobre-internacao-de-bebe-no-rn\/\" \/>\n<meta property=\"og:site_name\" content=\"Taveira Jr\" \/>\n<meta property=\"og:image\" content=\"https:\/\/deputadotaveirajr.com.br\/wp-content\/uploads\/2024\/06\/embalagem-de-bolo-avgcfq.jpeg\" \/>\n\t<meta property=\"og:image:width\" content=\"1000\" \/>\n\t<meta property=\"og:image:height\" content=\"1170\" \/>\n\t<meta property=\"og:image:type\" content=\"image\/jpeg\" \/>\n<meta name=\"twitter:card\" content=\"summary_large_image\" \/>\n<meta name=\"twitter:label1\" content=\"Est. tempo de leitura\" \/>\n\t<meta name=\"twitter:data1\" content=\"7 minutos\" \/>\n<script type=\"application\/ld+json\" class=\"yoast-schema-graph\">{\"@context\":\"https:\/\/schema.org\",\"@graph\":[{\"@type\":\"WebPage\",\"@id\":\"https:\/\/deputadotaveirajr.com.br\/index.php\/embalagem-de-bolo-como-mascara-de-oxigencio-falta-de-equipamento-e-equipe-experiente-o-que-se-sabe-sobre-internacao-de-bebe-no-rn\/\",\"url\":\"https:\/\/deputadotaveirajr.com.br\/index.php\/embalagem-de-bolo-como-mascara-de-oxigencio-falta-de-equipamento-e-equipe-experiente-o-que-se-sabe-sobre-internacao-de-bebe-no-rn\/\",\"name\":\"Embalagem de bolo como m\u00e1scara de oxig\u00eancio, falta de equipamento e equipe experiente: o que se sabe sobre interna\u00e7\u00e3o de beb\u00ea no RN - Taveira Jr\",\"isPartOf\":{\"@id\":\"https:\/\/deputadotaveirajr.com.br\/#website\"},\"primaryImageOfPage\":{\"@id\":\"https:\/\/deputadotaveirajr.com.br\/index.php\/embalagem-de-bolo-como-mascara-de-oxigencio-falta-de-equipamento-e-equipe-experiente-o-que-se-sabe-sobre-internacao-de-bebe-no-rn\/#primaryimage\"},\"image\":{\"@id\":\"https:\/\/deputadotaveirajr.com.br\/index.php\/embalagem-de-bolo-como-mascara-de-oxigencio-falta-de-equipamento-e-equipe-experiente-o-que-se-sabe-sobre-internacao-de-bebe-no-rn\/#primaryimage\"},\"thumbnailUrl\":\"https:\/\/deputadotaveirajr.com.br\/wp-content\/uploads\/2024\/06\/embalagem-de-bolo-avgcfq.jpeg\",\"datePublished\":\"2024-06-15T11:30:10+00:00\",\"breadcrumb\":{\"@id\":\"https:\/\/deputadotaveirajr.com.br\/index.php\/embalagem-de-bolo-como-mascara-de-oxigencio-falta-de-equipamento-e-equipe-experiente-o-que-se-sabe-sobre-internacao-de-bebe-no-rn\/#breadcrumb\"},\"inLanguage\":\"pt-BR\",\"potentialAction\":[{\"@type\":\"ReadAction\",\"target\":[\"https:\/\/deputadotaveirajr.com.br\/index.php\/embalagem-de-bolo-como-mascara-de-oxigencio-falta-de-equipamento-e-equipe-experiente-o-que-se-sabe-sobre-internacao-de-bebe-no-rn\/\"]}]},{\"@type\":\"ImageObject\",\"inLanguage\":\"pt-BR\",\"@id\":\"https:\/\/deputadotaveirajr.com.br\/index.php\/embalagem-de-bolo-como-mascara-de-oxigencio-falta-de-equipamento-e-equipe-experiente-o-que-se-sabe-sobre-internacao-de-bebe-no-rn\/#primaryimage\",\"url\":\"https:\/\/deputadotaveirajr.com.br\/wp-content\/uploads\/2024\/06\/embalagem-de-bolo-avgcfq.jpeg\",\"contentUrl\":\"https:\/\/deputadotaveirajr.com.br\/wp-content\/uploads\/2024\/06\/embalagem-de-bolo-avgcfq.jpeg\",\"width\":1000,\"height\":1170},{\"@type\":\"BreadcrumbList\",\"@id\":\"https:\/\/deputadotaveirajr.com.br\/index.php\/embalagem-de-bolo-como-mascara-de-oxigencio-falta-de-equipamento-e-equipe-experiente-o-que-se-sabe-sobre-internacao-de-bebe-no-rn\/#breadcrumb\",\"itemListElement\":[{\"@type\":\"ListItem\",\"position\":1,\"name\":\"In\u00edcio\",\"item\":\"https:\/\/deputadotaveirajr.com.br\/\"},{\"@type\":\"ListItem\",\"position\":2,\"name\":\"Embalagem de bolo como m\u00e1scara de oxig\u00eancio, falta de equipamento e equipe experiente: o que se sabe sobre interna\u00e7\u00e3o de beb\u00ea no RN\"}]},{\"@type\":\"WebSite\",\"@id\":\"https:\/\/deputadotaveirajr.com.br\/#website\",\"url\":\"https:\/\/deputadotaveirajr.com.br\/\",\"name\":\"Taveira Jr\",\"description\":\"Deputado Estadual\",\"publisher\":{\"@id\":\"https:\/\/deputadotaveirajr.com.br\/#organization\"},\"potentialAction\":[{\"@type\":\"SearchAction\",\"target\":{\"@type\":\"EntryPoint\",\"urlTemplate\":\"https:\/\/deputadotaveirajr.com.br\/?s={search_term_string}\"},\"query-input\":{\"@type\":\"PropertyValueSpecification\",\"valueRequired\":true,\"valueName\":\"search_term_string\"}}],\"inLanguage\":\"pt-BR\"},{\"@type\":\"Organization\",\"@id\":\"https:\/\/deputadotaveirajr.com.br\/#organization\",\"name\":\"Taveira Jr\",\"url\":\"https:\/\/deputadotaveirajr.com.br\/\",\"logo\":{\"@type\":\"ImageObject\",\"inLanguage\":\"pt-BR\",\"@id\":\"https:\/\/deputadotaveirajr.com.br\/#\/schema\/logo\/image\/\",\"url\":\"https:\/\/deputadotaveirajr.com.br\/wp-content\/uploads\/2026\/01\/logolow2a.png\",\"contentUrl\":\"https:\/\/deputadotaveirajr.com.br\/wp-content\/uploads\/2026\/01\/logolow2a.png\",\"width\":290,\"height\":80,\"caption\":\"Taveira Jr\"},\"image\":{\"@id\":\"https:\/\/deputadotaveirajr.com.br\/#\/schema\/logo\/image\/\"}}]}<\/script>\n<!-- \/ Yoast SEO plugin. -->","yoast_head_json":{"title":"Embalagem de bolo como m\u00e1scara de oxig\u00eancio, falta de equipamento e equipe experiente: o que se sabe sobre interna\u00e7\u00e3o de beb\u00ea no RN - Taveira Jr","robots":{"index":"index","follow":"follow","max-snippet":"max-snippet:-1","max-image-preview":"max-image-preview:large","max-video-preview":"max-video-preview:-1"},"canonical":"https:\/\/deputadotaveirajr.com.br\/index.php\/embalagem-de-bolo-como-mascara-de-oxigencio-falta-de-equipamento-e-equipe-experiente-o-que-se-sabe-sobre-internacao-de-bebe-no-rn\/","og_locale":"pt_BR","og_type":"article","og_title":"Embalagem de bolo como m\u00e1scara de oxig\u00eancio, falta de equipamento e equipe experiente: o que se sabe sobre interna\u00e7\u00e3o de beb\u00ea no RN - Taveira Jr","og_description":"Menino de 3 meses de vida utilizou equipamento improvisado por cerca de 4 horas no hospital de Santa Cruz, na \u00faltima segunda-feira (10). Transferido para Natal, paciente recebeu alta de ...","og_url":"https:\/\/deputadotaveirajr.com.br\/index.php\/embalagem-de-bolo-como-mascara-de-oxigencio-falta-de-equipamento-e-equipe-experiente-o-que-se-sabe-sobre-internacao-de-bebe-no-rn\/","og_site_name":"Taveira Jr","og_image":[{"width":1000,"height":1170,"url":"https:\/\/deputadotaveirajr.com.br\/wp-content\/uploads\/2024\/06\/embalagem-de-bolo-avgcfq.jpeg","type":"image\/jpeg"}],"twitter_card":"summary_large_image","twitter_misc":{"Est. tempo de leitura":"7 minutos"},"schema":{"@context":"https:\/\/schema.org","@graph":[{"@type":"WebPage","@id":"https:\/\/deputadotaveirajr.com.br\/index.php\/embalagem-de-bolo-como-mascara-de-oxigencio-falta-de-equipamento-e-equipe-experiente-o-que-se-sabe-sobre-internacao-de-bebe-no-rn\/","url":"https:\/\/deputadotaveirajr.com.br\/index.php\/embalagem-de-bolo-como-mascara-de-oxigencio-falta-de-equipamento-e-equipe-experiente-o-que-se-sabe-sobre-internacao-de-bebe-no-rn\/","name":"Embalagem de bolo como m\u00e1scara de oxig\u00eancio, falta de equipamento e equipe experiente: o que se sabe sobre interna\u00e7\u00e3o de beb\u00ea no RN - Taveira Jr","isPartOf":{"@id":"https:\/\/deputadotaveirajr.com.br\/#website"},"primaryImageOfPage":{"@id":"https:\/\/deputadotaveirajr.com.br\/index.php\/embalagem-de-bolo-como-mascara-de-oxigencio-falta-de-equipamento-e-equipe-experiente-o-que-se-sabe-sobre-internacao-de-bebe-no-rn\/#primaryimage"},"image":{"@id":"https:\/\/deputadotaveirajr.com.br\/index.php\/embalagem-de-bolo-como-mascara-de-oxigencio-falta-de-equipamento-e-equipe-experiente-o-que-se-sabe-sobre-internacao-de-bebe-no-rn\/#primaryimage"},"thumbnailUrl":"https:\/\/deputadotaveirajr.com.br\/wp-content\/uploads\/2024\/06\/embalagem-de-bolo-avgcfq.jpeg","datePublished":"2024-06-15T11:30:10+00:00","breadcrumb":{"@id":"https:\/\/deputadotaveirajr.com.br\/index.php\/embalagem-de-bolo-como-mascara-de-oxigencio-falta-de-equipamento-e-equipe-experiente-o-que-se-sabe-sobre-internacao-de-bebe-no-rn\/#breadcrumb"},"inLanguage":"pt-BR","potentialAction":[{"@type":"ReadAction","target":["https:\/\/deputadotaveirajr.com.br\/index.php\/embalagem-de-bolo-como-mascara-de-oxigencio-falta-de-equipamento-e-equipe-experiente-o-que-se-sabe-sobre-internacao-de-bebe-no-rn\/"]}]},{"@type":"ImageObject","inLanguage":"pt-BR","@id":"https:\/\/deputadotaveirajr.com.br\/index.php\/embalagem-de-bolo-como-mascara-de-oxigencio-falta-de-equipamento-e-equipe-experiente-o-que-se-sabe-sobre-internacao-de-bebe-no-rn\/#primaryimage","url":"https:\/\/deputadotaveirajr.com.br\/wp-content\/uploads\/2024\/06\/embalagem-de-bolo-avgcfq.jpeg","contentUrl":"https:\/\/deputadotaveirajr.com.br\/wp-content\/uploads\/2024\/06\/embalagem-de-bolo-avgcfq.jpeg","width":1000,"height":1170},{"@type":"BreadcrumbList","@id":"https:\/\/deputadotaveirajr.com.br\/index.php\/embalagem-de-bolo-como-mascara-de-oxigencio-falta-de-equipamento-e-equipe-experiente-o-que-se-sabe-sobre-internacao-de-bebe-no-rn\/#breadcrumb","itemListElement":[{"@type":"ListItem","position":1,"name":"In\u00edcio","item":"https:\/\/deputadotaveirajr.com.br\/"},{"@type":"ListItem","position":2,"name":"Embalagem de bolo como m\u00e1scara de oxig\u00eancio, falta de equipamento e equipe experiente: o que se sabe sobre interna\u00e7\u00e3o de beb\u00ea no RN"}]},{"@type":"WebSite","@id":"https:\/\/deputadotaveirajr.com.br\/#website","url":"https:\/\/deputadotaveirajr.com.br\/","name":"Taveira Jr","description":"Deputado Estadual","publisher":{"@id":"https:\/\/deputadotaveirajr.com.br\/#organization"},"potentialAction":[{"@type":"SearchAction","target":{"@type":"EntryPoint","urlTemplate":"https:\/\/deputadotaveirajr.com.br\/?s={search_term_string}"},"query-input":{"@type":"PropertyValueSpecification","valueRequired":true,"valueName":"search_term_string"}}],"inLanguage":"pt-BR"},{"@type":"Organization","@id":"https:\/\/deputadotaveirajr.com.br\/#organization","name":"Taveira Jr","url":"https:\/\/deputadotaveirajr.com.br\/","logo":{"@type":"ImageObject","inLanguage":"pt-BR","@id":"https:\/\/deputadotaveirajr.com.br\/#\/schema\/logo\/image\/","url":"https:\/\/deputadotaveirajr.com.br\/wp-content\/uploads\/2026\/01\/logolow2a.png","contentUrl":"https:\/\/deputadotaveirajr.com.br\/wp-content\/uploads\/2026\/01\/logolow2a.png","width":290,"height":80,"caption":"Taveira Jr"},"image":{"@id":"https:\/\/deputadotaveirajr.com.br\/#\/schema\/logo\/image\/"}}]}},"_links":{"self":[{"href":"https:\/\/deputadotaveirajr.com.br\/index.php\/wp-json\/wp\/v2\/pages\/7076","targetHints":{"allow":["GET"]}}],"collection":[{"href":"https:\/\/deputadotaveirajr.com.br\/index.php\/wp-json\/wp\/v2\/pages"}],"about":[{"href":"https:\/\/deputadotaveirajr.com.br\/index.php\/wp-json\/wp\/v2\/types\/page"}],"replies":[{"embeddable":true,"href":"https:\/\/deputadotaveirajr.com.br\/index.php\/wp-json\/wp\/v2\/comments?post=7076"}],"version-history":[{"count":1,"href":"https:\/\/deputadotaveirajr.com.br\/index.php\/wp-json\/wp\/v2\/pages\/7076\/revisions"}],"predecessor-version":[{"id":7078,"href":"https:\/\/deputadotaveirajr.com.br\/index.php\/wp-json\/wp\/v2\/pages\/7076\/revisions\/7078"}],"wp:featuredmedia":[{"embeddable":true,"href":"https:\/\/deputadotaveirajr.com.br\/index.php\/wp-json\/wp\/v2\/media\/7077"}],"wp:attachment":[{"href":"https:\/\/deputadotaveirajr.com.br\/index.php\/wp-json\/wp\/v2\/media?parent=7076"}],"curies":[{"name":"wp","href":"https:\/\/api.w.org\/{rel}","templated":true}]}}