{"id":7091,"date":"2024-06-15T20:39:40","date_gmt":"2024-06-15T23:39:40","guid":{"rendered":"https:\/\/deputadotaveirajr.com.br\/?page_id=7091"},"modified":"2024-06-15T20:39:40","modified_gmt":"2024-06-15T23:39:40","slug":"manifestantes-protestam-em-natal-contra-projeto-que-equipara-aborto-a-crime-de-homicidio","status":"publish","type":"page","link":"https:\/\/deputadotaveirajr.com.br\/index.php\/manifestantes-protestam-em-natal-contra-projeto-que-equipara-aborto-a-crime-de-homicidio\/","title":{"rendered":"Manifestantes protestam em Natal contra projeto que equipara aborto a crime de homic\u00eddio"},"content":{"rendered":"<p>     Ato aconteceu na tarde deste s\u00e1bado (15) no cruzamento das avenidas Salgado Filho e Nevaldo Rocha.  Manifestantes protestam em Natal contra projeto que equipara aborto a crime de homic\u00eddio<br \/>\nRodrigo Lelpo\/Cedida<br \/>\nManifestantes protestaram na tarde deste s\u00e1bado (15), em Natal, contra o projeto de lei que equipara o aborto a partir de 22 semanas a homic\u00eddio simples.<br \/>\nO protesto est\u00e1 dentro de uma manifesta\u00e7\u00e3o nacional contra o PL que tamb\u00e9m comoveu atos em S\u00e3o Paulo, Bras\u00edlia, Rio de Janeiro e outras capitais.<br \/>\n\ud83d\udcf3Participe do canal do g1 RN no WhatsApp<br \/>\nManifestantes protestam em Natal contra projeto que equipara aborto a crime de homic\u00eddio<br \/>\nReprodu\u00e7\u00e3o\/Inter TV Cabugi<br \/>\nEm Natal, a concentra\u00e7\u00e3o come\u00e7ou por volta das 14h, na cal\u00e7ada de um shopping, no cruzamento das avenidas Salgado Filho e Nevaldo Rocha. O grupo saiu em caminhada at\u00e9 as proximidades da Igreja Universal, na avenida Salgado Filho, onde o ato foi encerrado.<br \/>\nOs manifestantes cobravam a derrubada imediata da tramita\u00e7\u00e3o do Projeto de Lei (PL) 1904\/24, cuja urg\u00eancia foi aprovada na C\u00e2mara dos Deputados na quarta-feira (12).<br \/>\nLEIA TAMB\u00c9M:<br \/>\nO que diz a legisla\u00e7\u00e3o brasileira sobre estupro, estupro de vulner\u00e1vel e aborto<br \/>\nO evento na capital potiguar neste s\u00e1bado foi articulado pelo Movimento Olga Ben\u00e1rio e contou com a participa\u00e7\u00e3o de diversos movimentos sociais, incluindo P\u00e3o e Rosas, Movimento de Luta nos Bairros (MLB), Unidade Popular, Movimento Mulheres em Luta, Diret\u00f3rio Central dos Estudantes da UFRN e outros.<br \/>\nA C\u00e2mara dos Deputados votou na \u00faltima quarta-feira (12) a urg\u00eancia do projeto de lei que equipara aborto a crime de homic\u00eddio. O texto altera o C\u00f3digo Penal e estabelece a aplica\u00e7\u00e3o de pena de homic\u00eddio simples nos casos de aborto em fetos com mais de 22 semanas nas situa\u00e7\u00f5es em que a gestante:<br \/>\nprovoque o aborto em si mesma ou consente que outra pessoa lhe provoque; pena passa de pris\u00e3o de 1 a 3 anos para 6 a 20 anos<br \/>\ntenha o aborto provocado por terceiro com ou sem o seu consentimento; pena para quem realizar o procedimento com o consentimento da gestante passa de 1 a 4 anos para 6 a 20 anos, mesma pena para quem realizar o aborto sem consentimentos, hoje fixada de 3 a 10 anos.<br \/>\nA proposta tamb\u00e9m altera o artigo que estabelece casos em que o aborto \u00e9 legal. Conforme o texto, s\u00f3 poder\u00e3o realizar o procedimento mulheres com gesta\u00e7\u00e3o at\u00e9 a 22\u00aa semana.<br \/>\nAp\u00f3s esse per\u00edodo, mesmo em caso de estupro, a pr\u00e1tica ser\u00e1 criminalizada. Vale lembrar que a lei brasileira n\u00e3o prev\u00ea um limite m\u00e1ximo para interromper a gravidez de forma legal.<br \/>\nEntenda projeto pol\u00eamico que equipara aborto a crime de homic\u00eddio<br \/>\nAborto previsto em lei<br \/>\nO aborto \u00e9 crime no Brasil, mas existem tr\u00eas situa\u00e7\u00f5es em que ele \u00e9 permitido. S\u00e3o os casos de aborto legal:<br \/>\nanencefalia fetal, ou seja, m\u00e1 forma\u00e7\u00e3o do c\u00e9rebro do feto;<br \/>\ngravidez que coloca em risco a vida da gestante;<br \/>\ngravidez que resulta de estupro.<br \/>\nPara os casos de gravidez de risco e anencefalia, \u00e9 necess\u00e1rio apresentar um laudo m\u00e9dico que comprove a situa\u00e7\u00e3o. Al\u00e9m disso, um exame de ultrassonografia com diagn\u00f3stico da anencefalia tamb\u00e9m pode ser pedido.<br \/>\nJ\u00e1 para os casos de gravidez decorrente de viol\u00eancia sexual &#8211; e estupro engloba qualquer situa\u00e7\u00e3o em que um ato sexual n\u00e3o foi consentido, mesmo que n\u00e3o ocorra agress\u00e3o. Por regra, a mulher n\u00e3o precisa apresentar Boletim de Ocorr\u00eancia ou algum exame que ateste o crime. Basta o relato da v\u00edtima \u00e0 equipe m\u00e9dica.<br \/>\nManifestantes protestam em Natal contra projeto que equipara aborto a crime de homic\u00eddio<br \/>\nReprodu\u00e7\u00e3o\/Inter TV Cabugi<\/p>","protected":false},"excerpt":{"rendered":"<p>Ato aconteceu na tarde deste s\u00e1bado (15) no cruzamento das avenidas Salgado Filho e Nevaldo Rocha. Manifestantes protestam em Natal contra projeto que equipara aborto a crime de homic\u00eddio Rodrigo &#8230;<\/p>\n","protected":false},"author":0,"featured_media":7092,"parent":0,"menu_order":0,"comment_status":"closed","ping_status":"closed","template":"","meta":{"footnotes":""},"class_list":["post-7091","page","type-page","status-publish","has-post-thumbnail","hentry"],"yoast_head":"<!-- This site is optimized with the Yoast SEO plugin v27.1.1 - https:\/\/yoast.com\/product\/yoast-seo-wordpress\/ -->\n<title>Manifestantes protestam em Natal contra projeto que equipara aborto a crime de homic\u00eddio - Taveira Jr<\/title>\n<meta name=\"robots\" content=\"index, follow, max-snippet:-1, max-image-preview:large, max-video-preview:-1\" \/>\n<link rel=\"canonical\" href=\"https:\/\/deputadotaveirajr.com.br\/index.php\/manifestantes-protestam-em-natal-contra-projeto-que-equipara-aborto-a-crime-de-homicidio\/\" \/>\n<meta property=\"og:locale\" content=\"pt_BR\" \/>\n<meta property=\"og:type\" content=\"article\" \/>\n<meta property=\"og:title\" content=\"Manifestantes protestam em Natal contra projeto que equipara aborto a crime de homic\u00eddio - Taveira Jr\" \/>\n<meta property=\"og:description\" content=\"Ato aconteceu na tarde deste s\u00e1bado (15) no cruzamento das avenidas Salgado Filho e Nevaldo Rocha. Manifestantes protestam em Natal contra projeto que equipara aborto a crime de homic\u00eddio Rodrigo ...\" \/>\n<meta property=\"og:url\" content=\"https:\/\/deputadotaveirajr.com.br\/index.php\/manifestantes-protestam-em-natal-contra-projeto-que-equipara-aborto-a-crime-de-homicidio\/\" \/>\n<meta property=\"og:site_name\" content=\"Taveira Jr\" \/>\n<meta property=\"og:image\" content=\"https:\/\/deputadotaveirajr.com.br\/wp-content\/uploads\/2024\/06\/whatsapp-image-2024-06-15-at-17.42.12-xv4jYE.jpeg\" \/>\n\t<meta property=\"og:image:width\" content=\"1600\" \/>\n\t<meta property=\"og:image:height\" content=\"1200\" \/>\n\t<meta property=\"og:image:type\" content=\"image\/jpeg\" \/>\n<meta name=\"twitter:card\" content=\"summary_large_image\" \/>\n<meta name=\"twitter:label1\" content=\"Est. tempo de leitura\" \/>\n\t<meta name=\"twitter:data1\" content=\"3 minutos\" \/>\n<script type=\"application\/ld+json\" class=\"yoast-schema-graph\">{\"@context\":\"https:\/\/schema.org\",\"@graph\":[{\"@type\":\"WebPage\",\"@id\":\"https:\/\/deputadotaveirajr.com.br\/index.php\/manifestantes-protestam-em-natal-contra-projeto-que-equipara-aborto-a-crime-de-homicidio\/\",\"url\":\"https:\/\/deputadotaveirajr.com.br\/index.php\/manifestantes-protestam-em-natal-contra-projeto-que-equipara-aborto-a-crime-de-homicidio\/\",\"name\":\"Manifestantes protestam em Natal contra projeto que equipara aborto a crime de homic\u00eddio - Taveira Jr\",\"isPartOf\":{\"@id\":\"https:\/\/deputadotaveirajr.com.br\/#website\"},\"primaryImageOfPage\":{\"@id\":\"https:\/\/deputadotaveirajr.com.br\/index.php\/manifestantes-protestam-em-natal-contra-projeto-que-equipara-aborto-a-crime-de-homicidio\/#primaryimage\"},\"image\":{\"@id\":\"https:\/\/deputadotaveirajr.com.br\/index.php\/manifestantes-protestam-em-natal-contra-projeto-que-equipara-aborto-a-crime-de-homicidio\/#primaryimage\"},\"thumbnailUrl\":\"https:\/\/deputadotaveirajr.com.br\/wp-content\/uploads\/2024\/06\/whatsapp-image-2024-06-15-at-17.42.12-xv4jYE.jpeg\",\"datePublished\":\"2024-06-15T23:39:40+00:00\",\"breadcrumb\":{\"@id\":\"https:\/\/deputadotaveirajr.com.br\/index.php\/manifestantes-protestam-em-natal-contra-projeto-que-equipara-aborto-a-crime-de-homicidio\/#breadcrumb\"},\"inLanguage\":\"pt-BR\",\"potentialAction\":[{\"@type\":\"ReadAction\",\"target\":[\"https:\/\/deputadotaveirajr.com.br\/index.php\/manifestantes-protestam-em-natal-contra-projeto-que-equipara-aborto-a-crime-de-homicidio\/\"]}]},{\"@type\":\"ImageObject\",\"inLanguage\":\"pt-BR\",\"@id\":\"https:\/\/deputadotaveirajr.com.br\/index.php\/manifestantes-protestam-em-natal-contra-projeto-que-equipara-aborto-a-crime-de-homicidio\/#primaryimage\",\"url\":\"https:\/\/deputadotaveirajr.com.br\/wp-content\/uploads\/2024\/06\/whatsapp-image-2024-06-15-at-17.42.12-xv4jYE.jpeg\",\"contentUrl\":\"https:\/\/deputadotaveirajr.com.br\/wp-content\/uploads\/2024\/06\/whatsapp-image-2024-06-15-at-17.42.12-xv4jYE.jpeg\",\"width\":1600,\"height\":1200},{\"@type\":\"BreadcrumbList\",\"@id\":\"https:\/\/deputadotaveirajr.com.br\/index.php\/manifestantes-protestam-em-natal-contra-projeto-que-equipara-aborto-a-crime-de-homicidio\/#breadcrumb\",\"itemListElement\":[{\"@type\":\"ListItem\",\"position\":1,\"name\":\"In\u00edcio\",\"item\":\"https:\/\/deputadotaveirajr.com.br\/\"},{\"@type\":\"ListItem\",\"position\":2,\"name\":\"Manifestantes protestam em Natal contra projeto que equipara aborto a crime de homic\u00eddio\"}]},{\"@type\":\"WebSite\",\"@id\":\"https:\/\/deputadotaveirajr.com.br\/#website\",\"url\":\"https:\/\/deputadotaveirajr.com.br\/\",\"name\":\"Taveira Jr\",\"description\":\"Deputado Estadual\",\"publisher\":{\"@id\":\"https:\/\/deputadotaveirajr.com.br\/#organization\"},\"potentialAction\":[{\"@type\":\"SearchAction\",\"target\":{\"@type\":\"EntryPoint\",\"urlTemplate\":\"https:\/\/deputadotaveirajr.com.br\/?s={search_term_string}\"},\"query-input\":{\"@type\":\"PropertyValueSpecification\",\"valueRequired\":true,\"valueName\":\"search_term_string\"}}],\"inLanguage\":\"pt-BR\"},{\"@type\":\"Organization\",\"@id\":\"https:\/\/deputadotaveirajr.com.br\/#organization\",\"name\":\"Taveira Jr\",\"url\":\"https:\/\/deputadotaveirajr.com.br\/\",\"logo\":{\"@type\":\"ImageObject\",\"inLanguage\":\"pt-BR\",\"@id\":\"https:\/\/deputadotaveirajr.com.br\/#\/schema\/logo\/image\/\",\"url\":\"https:\/\/deputadotaveirajr.com.br\/wp-content\/uploads\/2026\/01\/logolow2a.png\",\"contentUrl\":\"https:\/\/deputadotaveirajr.com.br\/wp-content\/uploads\/2026\/01\/logolow2a.png\",\"width\":290,\"height\":80,\"caption\":\"Taveira Jr\"},\"image\":{\"@id\":\"https:\/\/deputadotaveirajr.com.br\/#\/schema\/logo\/image\/\"}}]}<\/script>\n<!-- \/ Yoast SEO plugin. -->","yoast_head_json":{"title":"Manifestantes protestam em Natal contra projeto que equipara aborto a crime de homic\u00eddio - Taveira Jr","robots":{"index":"index","follow":"follow","max-snippet":"max-snippet:-1","max-image-preview":"max-image-preview:large","max-video-preview":"max-video-preview:-1"},"canonical":"https:\/\/deputadotaveirajr.com.br\/index.php\/manifestantes-protestam-em-natal-contra-projeto-que-equipara-aborto-a-crime-de-homicidio\/","og_locale":"pt_BR","og_type":"article","og_title":"Manifestantes protestam em Natal contra projeto que equipara aborto a crime de homic\u00eddio - Taveira Jr","og_description":"Ato aconteceu na tarde deste s\u00e1bado (15) no cruzamento das avenidas Salgado Filho e Nevaldo Rocha. Manifestantes protestam em Natal contra projeto que equipara aborto a crime de homic\u00eddio Rodrigo ...","og_url":"https:\/\/deputadotaveirajr.com.br\/index.php\/manifestantes-protestam-em-natal-contra-projeto-que-equipara-aborto-a-crime-de-homicidio\/","og_site_name":"Taveira Jr","og_image":[{"width":1600,"height":1200,"url":"https:\/\/deputadotaveirajr.com.br\/wp-content\/uploads\/2024\/06\/whatsapp-image-2024-06-15-at-17.42.12-xv4jYE.jpeg","type":"image\/jpeg"}],"twitter_card":"summary_large_image","twitter_misc":{"Est. tempo de leitura":"3 minutos"},"schema":{"@context":"https:\/\/schema.org","@graph":[{"@type":"WebPage","@id":"https:\/\/deputadotaveirajr.com.br\/index.php\/manifestantes-protestam-em-natal-contra-projeto-que-equipara-aborto-a-crime-de-homicidio\/","url":"https:\/\/deputadotaveirajr.com.br\/index.php\/manifestantes-protestam-em-natal-contra-projeto-que-equipara-aborto-a-crime-de-homicidio\/","name":"Manifestantes protestam em Natal contra projeto que equipara aborto a crime de homic\u00eddio - Taveira Jr","isPartOf":{"@id":"https:\/\/deputadotaveirajr.com.br\/#website"},"primaryImageOfPage":{"@id":"https:\/\/deputadotaveirajr.com.br\/index.php\/manifestantes-protestam-em-natal-contra-projeto-que-equipara-aborto-a-crime-de-homicidio\/#primaryimage"},"image":{"@id":"https:\/\/deputadotaveirajr.com.br\/index.php\/manifestantes-protestam-em-natal-contra-projeto-que-equipara-aborto-a-crime-de-homicidio\/#primaryimage"},"thumbnailUrl":"https:\/\/deputadotaveirajr.com.br\/wp-content\/uploads\/2024\/06\/whatsapp-image-2024-06-15-at-17.42.12-xv4jYE.jpeg","datePublished":"2024-06-15T23:39:40+00:00","breadcrumb":{"@id":"https:\/\/deputadotaveirajr.com.br\/index.php\/manifestantes-protestam-em-natal-contra-projeto-que-equipara-aborto-a-crime-de-homicidio\/#breadcrumb"},"inLanguage":"pt-BR","potentialAction":[{"@type":"ReadAction","target":["https:\/\/deputadotaveirajr.com.br\/index.php\/manifestantes-protestam-em-natal-contra-projeto-que-equipara-aborto-a-crime-de-homicidio\/"]}]},{"@type":"ImageObject","inLanguage":"pt-BR","@id":"https:\/\/deputadotaveirajr.com.br\/index.php\/manifestantes-protestam-em-natal-contra-projeto-que-equipara-aborto-a-crime-de-homicidio\/#primaryimage","url":"https:\/\/deputadotaveirajr.com.br\/wp-content\/uploads\/2024\/06\/whatsapp-image-2024-06-15-at-17.42.12-xv4jYE.jpeg","contentUrl":"https:\/\/deputadotaveirajr.com.br\/wp-content\/uploads\/2024\/06\/whatsapp-image-2024-06-15-at-17.42.12-xv4jYE.jpeg","width":1600,"height":1200},{"@type":"BreadcrumbList","@id":"https:\/\/deputadotaveirajr.com.br\/index.php\/manifestantes-protestam-em-natal-contra-projeto-que-equipara-aborto-a-crime-de-homicidio\/#breadcrumb","itemListElement":[{"@type":"ListItem","position":1,"name":"In\u00edcio","item":"https:\/\/deputadotaveirajr.com.br\/"},{"@type":"ListItem","position":2,"name":"Manifestantes protestam em Natal contra projeto que equipara aborto a crime de homic\u00eddio"}]},{"@type":"WebSite","@id":"https:\/\/deputadotaveirajr.com.br\/#website","url":"https:\/\/deputadotaveirajr.com.br\/","name":"Taveira Jr","description":"Deputado Estadual","publisher":{"@id":"https:\/\/deputadotaveirajr.com.br\/#organization"},"potentialAction":[{"@type":"SearchAction","target":{"@type":"EntryPoint","urlTemplate":"https:\/\/deputadotaveirajr.com.br\/?s={search_term_string}"},"query-input":{"@type":"PropertyValueSpecification","valueRequired":true,"valueName":"search_term_string"}}],"inLanguage":"pt-BR"},{"@type":"Organization","@id":"https:\/\/deputadotaveirajr.com.br\/#organization","name":"Taveira Jr","url":"https:\/\/deputadotaveirajr.com.br\/","logo":{"@type":"ImageObject","inLanguage":"pt-BR","@id":"https:\/\/deputadotaveirajr.com.br\/#\/schema\/logo\/image\/","url":"https:\/\/deputadotaveirajr.com.br\/wp-content\/uploads\/2026\/01\/logolow2a.png","contentUrl":"https:\/\/deputadotaveirajr.com.br\/wp-content\/uploads\/2026\/01\/logolow2a.png","width":290,"height":80,"caption":"Taveira Jr"},"image":{"@id":"https:\/\/deputadotaveirajr.com.br\/#\/schema\/logo\/image\/"}}]}},"_links":{"self":[{"href":"https:\/\/deputadotaveirajr.com.br\/index.php\/wp-json\/wp\/v2\/pages\/7091","targetHints":{"allow":["GET"]}}],"collection":[{"href":"https:\/\/deputadotaveirajr.com.br\/index.php\/wp-json\/wp\/v2\/pages"}],"about":[{"href":"https:\/\/deputadotaveirajr.com.br\/index.php\/wp-json\/wp\/v2\/types\/page"}],"replies":[{"embeddable":true,"href":"https:\/\/deputadotaveirajr.com.br\/index.php\/wp-json\/wp\/v2\/comments?post=7091"}],"version-history":[{"count":1,"href":"https:\/\/deputadotaveirajr.com.br\/index.php\/wp-json\/wp\/v2\/pages\/7091\/revisions"}],"predecessor-version":[{"id":7093,"href":"https:\/\/deputadotaveirajr.com.br\/index.php\/wp-json\/wp\/v2\/pages\/7091\/revisions\/7093"}],"wp:featuredmedia":[{"embeddable":true,"href":"https:\/\/deputadotaveirajr.com.br\/index.php\/wp-json\/wp\/v2\/media\/7092"}],"wp:attachment":[{"href":"https:\/\/deputadotaveirajr.com.br\/index.php\/wp-json\/wp\/v2\/media?parent=7091"}],"curies":[{"name":"wp","href":"https:\/\/api.w.org\/{rel}","templated":true}]}}