{"id":7096,"date":"2024-06-16T11:49:27","date_gmt":"2024-06-16T14:49:27","guid":{"rendered":"https:\/\/deputadotaveirajr.com.br\/?page_id=7096"},"modified":"2024-06-16T11:49:27","modified_gmt":"2024-06-16T14:49:27","slug":"feira-do-milho-em-natal-reune-produtores-da-agricultura-familiar-veja-funcionamento-e-preco-medio","status":"publish","type":"page","link":"https:\/\/deputadotaveirajr.com.br\/index.php\/feira-do-milho-em-natal-reune-produtores-da-agricultura-familiar-veja-funcionamento-e-preco-medio\/","title":{"rendered":"Feira do Milho em Natal re\u00fane produtores da agricultura familiar; veja funcionamento e pre\u00e7o m\u00e9dio"},"content":{"rendered":"<p>     Ponto tem funcionamento previsto at\u00e9 o dia 7 de julho na capital potiguar e tamb\u00e9m vende comidas t\u00edpicas de S\u00e3o Jo\u00e3o e verduras. Feira acontece h\u00e1 mais de 25 anos no estado. Milho-verde: m\u00e3o de milho est\u00e1 custando R$ 40 na Feira do Milho em Natal<br \/>\nHumberto Sales<br \/>\nA Feira do Milho abriu em Natal reunindo produtores da agricultura familiar de pelo menos sete cidades do Rio Grande do Norte, segundo o governo do Estado. A feira tem mais de 25 anos de tradi\u00e7\u00e3o e sempre \u00e9 aberta neste m\u00eas em alus\u00e3o \u00e0s festas juninas.<br \/>\n\ud83d\udcf3Participe do canal do g1 RN no WhatsApp<br \/>\n\ud83d\udccd A feira est\u00e1 funcionando diariamente no Centro Administrativo, na marginal da BR-101, ao lado da Arena das Dunas &#8211; no mesmo ponto do ano passado. O funcionamento \u00e9 das 5h \u00e0s 20h.<br \/>\n\ud83d\udcb8Segundo o governo do RN, a &#8220;m\u00e3o de milho&#8221;, que equivale a 50 unidades de milho-verde, est\u00e1 custando em m\u00e9dia R$ 40 na feira.<br \/>\n\ud83d\udcc5 A Feira do Milho vai funcionar at\u00e9 o dia 7 de julho no local.<br \/>\nO milho vendido na feira, de acordo com o governo, \u00e9 de produtores de Touros, S\u00e3o Jos\u00e9 de Mipibu, Vera Cruz, Pedro Velho, Santa Maria, S\u00e3o Paulo do Potengi e Ipangua\u00e7u.<br \/>\nAl\u00e9m do milho-verde, a feira tamb\u00e9m conta com barracas de comidas t\u00edpicas de S\u00e3o Jo\u00e3o e outros produtos diversos dos agricultores familiares, como frutas, verduras e queijos.<br \/>\nDe acordo com o secret\u00e1rio de Estado de Desenvolvimento Rural e da Agricultura Familiar (Sedraf), Alexandre Lima, a expectativa \u00e9 de movimentar R$ 2,5  milh\u00f5es em vendas com a Feira neste ano.<br \/>\n \u201cA Feira do Milho \u00e9 um evento crucial para os nossos agricultores familiares, pois proporciona uma oportunidade muito boa de comercializa\u00e7\u00e3o direta com o consumidor, valorizando o trabalho e os produtos locais. Al\u00e9m disso, fortalece a economia rural e preserva uma tradi\u00e7\u00e3o que \u00e9 parte essencial da cultura potiguar\u201d, disse.<br \/>\nV\u00eddeos mais assistidos do g1 RN<\/p>","protected":false},"excerpt":{"rendered":"<p>Ponto tem funcionamento previsto at\u00e9 o dia 7 de julho na capital potiguar e tamb\u00e9m vende comidas t\u00edpicas de S\u00e3o Jo\u00e3o e verduras. Feira acontece h\u00e1 mais de 25 anos &#8230;<\/p>\n","protected":false},"author":0,"featured_media":0,"parent":0,"menu_order":0,"comment_status":"closed","ping_status":"closed","template":"","meta":{"footnotes":""},"class_list":["post-7096","page","type-page","status-publish","hentry"],"yoast_head":"<!-- This site is optimized with the Yoast SEO plugin v27.1.1 - https:\/\/yoast.com\/product\/yoast-seo-wordpress\/ -->\n<title>Feira do Milho em Natal re\u00fane produtores da agricultura familiar; veja funcionamento e pre\u00e7o m\u00e9dio - Taveira Jr<\/title>\n<meta name=\"robots\" content=\"index, follow, max-snippet:-1, max-image-preview:large, max-video-preview:-1\" \/>\n<link rel=\"canonical\" href=\"https:\/\/deputadotaveirajr.com.br\/index.php\/feira-do-milho-em-natal-reune-produtores-da-agricultura-familiar-veja-funcionamento-e-preco-medio\/\" \/>\n<meta property=\"og:locale\" content=\"pt_BR\" \/>\n<meta property=\"og:type\" content=\"article\" \/>\n<meta property=\"og:title\" content=\"Feira do Milho em Natal re\u00fane produtores da agricultura familiar; veja funcionamento e pre\u00e7o m\u00e9dio - Taveira Jr\" \/>\n<meta property=\"og:description\" content=\"Ponto tem funcionamento previsto at\u00e9 o dia 7 de julho na capital potiguar e tamb\u00e9m vende comidas t\u00edpicas de S\u00e3o Jo\u00e3o e verduras. Feira acontece h\u00e1 mais de 25 anos ...\" \/>\n<meta property=\"og:url\" content=\"https:\/\/deputadotaveirajr.com.br\/index.php\/feira-do-milho-em-natal-reune-produtores-da-agricultura-familiar-veja-funcionamento-e-preco-medio\/\" \/>\n<meta property=\"og:site_name\" content=\"Taveira Jr\" \/>\n<meta name=\"twitter:card\" content=\"summary_large_image\" \/>\n<meta name=\"twitter:label1\" content=\"Est. tempo de leitura\" \/>\n\t<meta name=\"twitter:data1\" content=\"2 minutos\" \/>\n<script type=\"application\/ld+json\" class=\"yoast-schema-graph\">{\"@context\":\"https:\/\/schema.org\",\"@graph\":[{\"@type\":\"WebPage\",\"@id\":\"https:\/\/deputadotaveirajr.com.br\/index.php\/feira-do-milho-em-natal-reune-produtores-da-agricultura-familiar-veja-funcionamento-e-preco-medio\/\",\"url\":\"https:\/\/deputadotaveirajr.com.br\/index.php\/feira-do-milho-em-natal-reune-produtores-da-agricultura-familiar-veja-funcionamento-e-preco-medio\/\",\"name\":\"Feira do Milho em Natal re\u00fane produtores da agricultura familiar; veja funcionamento e pre\u00e7o m\u00e9dio - Taveira Jr\",\"isPartOf\":{\"@id\":\"https:\/\/deputadotaveirajr.com.br\/#website\"},\"datePublished\":\"2024-06-16T14:49:27+00:00\",\"breadcrumb\":{\"@id\":\"https:\/\/deputadotaveirajr.com.br\/index.php\/feira-do-milho-em-natal-reune-produtores-da-agricultura-familiar-veja-funcionamento-e-preco-medio\/#breadcrumb\"},\"inLanguage\":\"pt-BR\",\"potentialAction\":[{\"@type\":\"ReadAction\",\"target\":[\"https:\/\/deputadotaveirajr.com.br\/index.php\/feira-do-milho-em-natal-reune-produtores-da-agricultura-familiar-veja-funcionamento-e-preco-medio\/\"]}]},{\"@type\":\"BreadcrumbList\",\"@id\":\"https:\/\/deputadotaveirajr.com.br\/index.php\/feira-do-milho-em-natal-reune-produtores-da-agricultura-familiar-veja-funcionamento-e-preco-medio\/#breadcrumb\",\"itemListElement\":[{\"@type\":\"ListItem\",\"position\":1,\"name\":\"In\u00edcio\",\"item\":\"https:\/\/deputadotaveirajr.com.br\/\"},{\"@type\":\"ListItem\",\"position\":2,\"name\":\"Feira do Milho em Natal re\u00fane produtores da agricultura familiar; veja funcionamento e pre\u00e7o m\u00e9dio\"}]},{\"@type\":\"WebSite\",\"@id\":\"https:\/\/deputadotaveirajr.com.br\/#website\",\"url\":\"https:\/\/deputadotaveirajr.com.br\/\",\"name\":\"Taveira Jr\",\"description\":\"Deputado Estadual\",\"publisher\":{\"@id\":\"https:\/\/deputadotaveirajr.com.br\/#organization\"},\"potentialAction\":[{\"@type\":\"SearchAction\",\"target\":{\"@type\":\"EntryPoint\",\"urlTemplate\":\"https:\/\/deputadotaveirajr.com.br\/?s={search_term_string}\"},\"query-input\":{\"@type\":\"PropertyValueSpecification\",\"valueRequired\":true,\"valueName\":\"search_term_string\"}}],\"inLanguage\":\"pt-BR\"},{\"@type\":\"Organization\",\"@id\":\"https:\/\/deputadotaveirajr.com.br\/#organization\",\"name\":\"Taveira Jr\",\"url\":\"https:\/\/deputadotaveirajr.com.br\/\",\"logo\":{\"@type\":\"ImageObject\",\"inLanguage\":\"pt-BR\",\"@id\":\"https:\/\/deputadotaveirajr.com.br\/#\/schema\/logo\/image\/\",\"url\":\"https:\/\/deputadotaveirajr.com.br\/wp-content\/uploads\/2026\/01\/logolow2a.png\",\"contentUrl\":\"https:\/\/deputadotaveirajr.com.br\/wp-content\/uploads\/2026\/01\/logolow2a.png\",\"width\":290,\"height\":80,\"caption\":\"Taveira Jr\"},\"image\":{\"@id\":\"https:\/\/deputadotaveirajr.com.br\/#\/schema\/logo\/image\/\"}}]}<\/script>\n<!-- \/ Yoast SEO plugin. -->","yoast_head_json":{"title":"Feira do Milho em Natal re\u00fane produtores da agricultura familiar; veja funcionamento e pre\u00e7o m\u00e9dio - Taveira Jr","robots":{"index":"index","follow":"follow","max-snippet":"max-snippet:-1","max-image-preview":"max-image-preview:large","max-video-preview":"max-video-preview:-1"},"canonical":"https:\/\/deputadotaveirajr.com.br\/index.php\/feira-do-milho-em-natal-reune-produtores-da-agricultura-familiar-veja-funcionamento-e-preco-medio\/","og_locale":"pt_BR","og_type":"article","og_title":"Feira do Milho em Natal re\u00fane produtores da agricultura familiar; veja funcionamento e pre\u00e7o m\u00e9dio - Taveira Jr","og_description":"Ponto tem funcionamento previsto at\u00e9 o dia 7 de julho na capital potiguar e tamb\u00e9m vende comidas t\u00edpicas de S\u00e3o Jo\u00e3o e verduras. Feira acontece h\u00e1 mais de 25 anos ...","og_url":"https:\/\/deputadotaveirajr.com.br\/index.php\/feira-do-milho-em-natal-reune-produtores-da-agricultura-familiar-veja-funcionamento-e-preco-medio\/","og_site_name":"Taveira Jr","twitter_card":"summary_large_image","twitter_misc":{"Est. tempo de leitura":"2 minutos"},"schema":{"@context":"https:\/\/schema.org","@graph":[{"@type":"WebPage","@id":"https:\/\/deputadotaveirajr.com.br\/index.php\/feira-do-milho-em-natal-reune-produtores-da-agricultura-familiar-veja-funcionamento-e-preco-medio\/","url":"https:\/\/deputadotaveirajr.com.br\/index.php\/feira-do-milho-em-natal-reune-produtores-da-agricultura-familiar-veja-funcionamento-e-preco-medio\/","name":"Feira do Milho em Natal re\u00fane produtores da agricultura familiar; veja funcionamento e pre\u00e7o m\u00e9dio - Taveira Jr","isPartOf":{"@id":"https:\/\/deputadotaveirajr.com.br\/#website"},"datePublished":"2024-06-16T14:49:27+00:00","breadcrumb":{"@id":"https:\/\/deputadotaveirajr.com.br\/index.php\/feira-do-milho-em-natal-reune-produtores-da-agricultura-familiar-veja-funcionamento-e-preco-medio\/#breadcrumb"},"inLanguage":"pt-BR","potentialAction":[{"@type":"ReadAction","target":["https:\/\/deputadotaveirajr.com.br\/index.php\/feira-do-milho-em-natal-reune-produtores-da-agricultura-familiar-veja-funcionamento-e-preco-medio\/"]}]},{"@type":"BreadcrumbList","@id":"https:\/\/deputadotaveirajr.com.br\/index.php\/feira-do-milho-em-natal-reune-produtores-da-agricultura-familiar-veja-funcionamento-e-preco-medio\/#breadcrumb","itemListElement":[{"@type":"ListItem","position":1,"name":"In\u00edcio","item":"https:\/\/deputadotaveirajr.com.br\/"},{"@type":"ListItem","position":2,"name":"Feira do Milho em Natal re\u00fane produtores da agricultura familiar; veja funcionamento e pre\u00e7o m\u00e9dio"}]},{"@type":"WebSite","@id":"https:\/\/deputadotaveirajr.com.br\/#website","url":"https:\/\/deputadotaveirajr.com.br\/","name":"Taveira Jr","description":"Deputado Estadual","publisher":{"@id":"https:\/\/deputadotaveirajr.com.br\/#organization"},"potentialAction":[{"@type":"SearchAction","target":{"@type":"EntryPoint","urlTemplate":"https:\/\/deputadotaveirajr.com.br\/?s={search_term_string}"},"query-input":{"@type":"PropertyValueSpecification","valueRequired":true,"valueName":"search_term_string"}}],"inLanguage":"pt-BR"},{"@type":"Organization","@id":"https:\/\/deputadotaveirajr.com.br\/#organization","name":"Taveira Jr","url":"https:\/\/deputadotaveirajr.com.br\/","logo":{"@type":"ImageObject","inLanguage":"pt-BR","@id":"https:\/\/deputadotaveirajr.com.br\/#\/schema\/logo\/image\/","url":"https:\/\/deputadotaveirajr.com.br\/wp-content\/uploads\/2026\/01\/logolow2a.png","contentUrl":"https:\/\/deputadotaveirajr.com.br\/wp-content\/uploads\/2026\/01\/logolow2a.png","width":290,"height":80,"caption":"Taveira Jr"},"image":{"@id":"https:\/\/deputadotaveirajr.com.br\/#\/schema\/logo\/image\/"}}]}},"_links":{"self":[{"href":"https:\/\/deputadotaveirajr.com.br\/index.php\/wp-json\/wp\/v2\/pages\/7096","targetHints":{"allow":["GET"]}}],"collection":[{"href":"https:\/\/deputadotaveirajr.com.br\/index.php\/wp-json\/wp\/v2\/pages"}],"about":[{"href":"https:\/\/deputadotaveirajr.com.br\/index.php\/wp-json\/wp\/v2\/types\/page"}],"replies":[{"embeddable":true,"href":"https:\/\/deputadotaveirajr.com.br\/index.php\/wp-json\/wp\/v2\/comments?post=7096"}],"version-history":[{"count":1,"href":"https:\/\/deputadotaveirajr.com.br\/index.php\/wp-json\/wp\/v2\/pages\/7096\/revisions"}],"predecessor-version":[{"id":7108,"href":"https:\/\/deputadotaveirajr.com.br\/index.php\/wp-json\/wp\/v2\/pages\/7096\/revisions\/7108"}],"wp:attachment":[{"href":"https:\/\/deputadotaveirajr.com.br\/index.php\/wp-json\/wp\/v2\/media?parent=7096"}],"curies":[{"name":"wp","href":"https:\/\/api.w.org\/{rel}","templated":true}]}}