{"id":7155,"date":"2024-06-18T18:49:16","date_gmt":"2024-06-18T21:49:16","guid":{"rendered":"https:\/\/deputadotaveirajr.com.br\/?page_id=7155"},"modified":"2024-06-18T18:49:16","modified_gmt":"2024-06-18T21:49:16","slug":"morre-em-natal-potiguar-que-lutava-contra-tumor-gigante-no-rosto","status":"publish","type":"page","link":"https:\/\/deputadotaveirajr.com.br\/index.php\/morre-em-natal-potiguar-que-lutava-contra-tumor-gigante-no-rosto\/","title":{"rendered":"Morre em Natal potiguar que lutava contra tumor gigante no rosto"},"content":{"rendered":"<p>     J\u00e9ssica Carvalho tinha 33 anos e sofria de hemangioma, um tumor vascular benigno causado por um crescimento anormal dos vasos sangu\u00edneos. Ela estava internada h\u00e1 mais de 7 meses. Jessica sofre com tumor que faz os vasos sangu\u00edneos crescerem e se acumulare de forma excessiva<br \/>\nDivulga\u00e7\u00e3o<br \/>\nMorreu nesta ter\u00e7a-feira (18), em um hospital de Natal, a potiguar J\u00e9ssica Carvalho, de 33 anos, que lutava contra um tumor vascular no rosto. Ela estava internada h\u00e1 mais de 7 meses ap\u00f3s ter sofrido com uma piora da doen\u00e7a no fim do ano passado.<br \/>\nA informa\u00e7\u00e3o da morte foi confirmada ao g1 pelo amigo Fausto Calixto, que promovia uma campanha para ajudar no tratamento de J\u00e9ssica. A hist\u00f3ria dela ficou conhecida nas redes sociais no in\u00edcio deste ano e causou como\u00e7\u00e3o.<br \/>\n\ud83d\udcf3Participe do canal do g1 RN no WhatsApp<br \/>\nSegundo Fausto, a morte ocorreu por conta de infec\u00e7\u00f5es sofridas em decorr\u00eancia do tumor no rosto, que neste ano cresceu de maneira mais r\u00e1pida e passou a provocar sangramentos mais frequentes.<br \/>\nJ\u00e9ssica sofria um quadro de hemangioma &#8211; um tumor vascular benigno causado por um crescimento anormal dos vasos sangu\u00edneos.<br \/>\nA potiguar, natural de S\u00e3o Miguel, na Regi\u00e3o Oeste do Rio Grande do Norte, convivia com a doen\u00e7a desde que nasceu, mas teve o agravamento do quadro cl\u00ednico no in\u00edcio de 2024.<br \/>\nTratamento e cirurgias<br \/>\nNo in\u00edcio de 2023, J\u00e9ssica passou por um procedimento cir\u00fargico para tratar do tumor. Ela chegou, inclusive, a retirar parte da mand\u00edbula, mas a cirurgia n\u00e3o saiu como o esperado, segundo contou o amigo Fausto Calixto.<br \/>\nAp\u00f3s o procedimento, houve um ciclo de infec\u00e7\u00f5es que n\u00e3o conseguiu ser combatido pela equipe m\u00e9dica. O tumor, ent\u00e3o, passou a crescer. Sem conserguir falar, J\u00e9ssica  j\u00e1 se comunicava atrav\u00e9s da escrita com a fam\u00edlia e amigos.<br \/>\nV\u00eddeo: M\u00e9dico explica o que \u00e9 um hemangioma<br \/>\nM\u00e9dico explica o que \u00e9 um hemangioma<br \/>\nV\u00eddeos mais assistids do g1 RN<\/p>","protected":false},"excerpt":{"rendered":"<p>J\u00e9ssica Carvalho tinha 33 anos e sofria de hemangioma, um tumor vascular benigno causado por um crescimento anormal dos vasos sangu\u00edneos. Ela estava internada h\u00e1 mais de 7 meses. Jessica &#8230;<\/p>\n","protected":false},"author":0,"featured_media":7156,"parent":0,"menu_order":0,"comment_status":"closed","ping_status":"closed","template":"","meta":{"footnotes":""},"class_list":["post-7155","page","type-page","status-publish","has-post-thumbnail","hentry"],"yoast_head":"<!-- This site is optimized with the Yoast SEO plugin v27.1.1 - https:\/\/yoast.com\/product\/yoast-seo-wordpress\/ -->\n<title>Morre em Natal potiguar que lutava contra tumor gigante no rosto - Taveira Jr<\/title>\n<meta name=\"robots\" content=\"index, follow, max-snippet:-1, max-image-preview:large, max-video-preview:-1\" \/>\n<link rel=\"canonical\" href=\"https:\/\/deputadotaveirajr.com.br\/index.php\/morre-em-natal-potiguar-que-lutava-contra-tumor-gigante-no-rosto\/\" \/>\n<meta property=\"og:locale\" content=\"pt_BR\" \/>\n<meta property=\"og:type\" content=\"article\" \/>\n<meta property=\"og:title\" content=\"Morre em Natal potiguar que lutava contra tumor gigante no rosto - Taveira Jr\" \/>\n<meta property=\"og:description\" content=\"J\u00e9ssica Carvalho tinha 33 anos e sofria de hemangioma, um tumor vascular benigno causado por um crescimento anormal dos vasos sangu\u00edneos. Ela estava internada h\u00e1 mais de 7 meses. Jessica ...\" \/>\n<meta property=\"og:url\" content=\"https:\/\/deputadotaveirajr.com.br\/index.php\/morre-em-natal-potiguar-que-lutava-contra-tumor-gigante-no-rosto\/\" \/>\n<meta property=\"og:site_name\" content=\"Taveira Jr\" \/>\n<meta property=\"og:image\" content=\"https:\/\/deputadotaveirajr.com.br\/wp-content\/uploads\/2024\/06\/jessica-5xXnEN.jpeg\" \/>\n\t<meta property=\"og:image:width\" content=\"784\" \/>\n\t<meta property=\"og:image:height\" content=\"674\" \/>\n\t<meta property=\"og:image:type\" content=\"image\/jpeg\" \/>\n<meta name=\"twitter:card\" content=\"summary_large_image\" \/>\n<meta name=\"twitter:label1\" content=\"Est. tempo de leitura\" \/>\n\t<meta name=\"twitter:data1\" content=\"2 minutos\" \/>\n<script type=\"application\/ld+json\" class=\"yoast-schema-graph\">{\"@context\":\"https:\/\/schema.org\",\"@graph\":[{\"@type\":\"WebPage\",\"@id\":\"https:\/\/deputadotaveirajr.com.br\/index.php\/morre-em-natal-potiguar-que-lutava-contra-tumor-gigante-no-rosto\/\",\"url\":\"https:\/\/deputadotaveirajr.com.br\/index.php\/morre-em-natal-potiguar-que-lutava-contra-tumor-gigante-no-rosto\/\",\"name\":\"Morre em Natal potiguar que lutava contra tumor gigante no rosto - Taveira Jr\",\"isPartOf\":{\"@id\":\"https:\/\/deputadotaveirajr.com.br\/#website\"},\"primaryImageOfPage\":{\"@id\":\"https:\/\/deputadotaveirajr.com.br\/index.php\/morre-em-natal-potiguar-que-lutava-contra-tumor-gigante-no-rosto\/#primaryimage\"},\"image\":{\"@id\":\"https:\/\/deputadotaveirajr.com.br\/index.php\/morre-em-natal-potiguar-que-lutava-contra-tumor-gigante-no-rosto\/#primaryimage\"},\"thumbnailUrl\":\"https:\/\/deputadotaveirajr.com.br\/wp-content\/uploads\/2024\/06\/jessica-5xXnEN.jpeg\",\"datePublished\":\"2024-06-18T21:49:16+00:00\",\"breadcrumb\":{\"@id\":\"https:\/\/deputadotaveirajr.com.br\/index.php\/morre-em-natal-potiguar-que-lutava-contra-tumor-gigante-no-rosto\/#breadcrumb\"},\"inLanguage\":\"pt-BR\",\"potentialAction\":[{\"@type\":\"ReadAction\",\"target\":[\"https:\/\/deputadotaveirajr.com.br\/index.php\/morre-em-natal-potiguar-que-lutava-contra-tumor-gigante-no-rosto\/\"]}]},{\"@type\":\"ImageObject\",\"inLanguage\":\"pt-BR\",\"@id\":\"https:\/\/deputadotaveirajr.com.br\/index.php\/morre-em-natal-potiguar-que-lutava-contra-tumor-gigante-no-rosto\/#primaryimage\",\"url\":\"https:\/\/deputadotaveirajr.com.br\/wp-content\/uploads\/2024\/06\/jessica-5xXnEN.jpeg\",\"contentUrl\":\"https:\/\/deputadotaveirajr.com.br\/wp-content\/uploads\/2024\/06\/jessica-5xXnEN.jpeg\",\"width\":784,\"height\":674},{\"@type\":\"BreadcrumbList\",\"@id\":\"https:\/\/deputadotaveirajr.com.br\/index.php\/morre-em-natal-potiguar-que-lutava-contra-tumor-gigante-no-rosto\/#breadcrumb\",\"itemListElement\":[{\"@type\":\"ListItem\",\"position\":1,\"name\":\"In\u00edcio\",\"item\":\"https:\/\/deputadotaveirajr.com.br\/\"},{\"@type\":\"ListItem\",\"position\":2,\"name\":\"Morre em Natal potiguar que lutava contra tumor gigante no rosto\"}]},{\"@type\":\"WebSite\",\"@id\":\"https:\/\/deputadotaveirajr.com.br\/#website\",\"url\":\"https:\/\/deputadotaveirajr.com.br\/\",\"name\":\"Taveira Jr\",\"description\":\"Deputado Estadual\",\"publisher\":{\"@id\":\"https:\/\/deputadotaveirajr.com.br\/#organization\"},\"potentialAction\":[{\"@type\":\"SearchAction\",\"target\":{\"@type\":\"EntryPoint\",\"urlTemplate\":\"https:\/\/deputadotaveirajr.com.br\/?s={search_term_string}\"},\"query-input\":{\"@type\":\"PropertyValueSpecification\",\"valueRequired\":true,\"valueName\":\"search_term_string\"}}],\"inLanguage\":\"pt-BR\"},{\"@type\":\"Organization\",\"@id\":\"https:\/\/deputadotaveirajr.com.br\/#organization\",\"name\":\"Taveira Jr\",\"url\":\"https:\/\/deputadotaveirajr.com.br\/\",\"logo\":{\"@type\":\"ImageObject\",\"inLanguage\":\"pt-BR\",\"@id\":\"https:\/\/deputadotaveirajr.com.br\/#\/schema\/logo\/image\/\",\"url\":\"https:\/\/deputadotaveirajr.com.br\/wp-content\/uploads\/2026\/01\/logolow2a.png\",\"contentUrl\":\"https:\/\/deputadotaveirajr.com.br\/wp-content\/uploads\/2026\/01\/logolow2a.png\",\"width\":290,\"height\":80,\"caption\":\"Taveira Jr\"},\"image\":{\"@id\":\"https:\/\/deputadotaveirajr.com.br\/#\/schema\/logo\/image\/\"}}]}<\/script>\n<!-- \/ Yoast SEO plugin. -->","yoast_head_json":{"title":"Morre em Natal potiguar que lutava contra tumor gigante no rosto - Taveira Jr","robots":{"index":"index","follow":"follow","max-snippet":"max-snippet:-1","max-image-preview":"max-image-preview:large","max-video-preview":"max-video-preview:-1"},"canonical":"https:\/\/deputadotaveirajr.com.br\/index.php\/morre-em-natal-potiguar-que-lutava-contra-tumor-gigante-no-rosto\/","og_locale":"pt_BR","og_type":"article","og_title":"Morre em Natal potiguar que lutava contra tumor gigante no rosto - Taveira Jr","og_description":"J\u00e9ssica Carvalho tinha 33 anos e sofria de hemangioma, um tumor vascular benigno causado por um crescimento anormal dos vasos sangu\u00edneos. Ela estava internada h\u00e1 mais de 7 meses. Jessica ...","og_url":"https:\/\/deputadotaveirajr.com.br\/index.php\/morre-em-natal-potiguar-que-lutava-contra-tumor-gigante-no-rosto\/","og_site_name":"Taveira Jr","og_image":[{"width":784,"height":674,"url":"https:\/\/deputadotaveirajr.com.br\/wp-content\/uploads\/2024\/06\/jessica-5xXnEN.jpeg","type":"image\/jpeg"}],"twitter_card":"summary_large_image","twitter_misc":{"Est. tempo de leitura":"2 minutos"},"schema":{"@context":"https:\/\/schema.org","@graph":[{"@type":"WebPage","@id":"https:\/\/deputadotaveirajr.com.br\/index.php\/morre-em-natal-potiguar-que-lutava-contra-tumor-gigante-no-rosto\/","url":"https:\/\/deputadotaveirajr.com.br\/index.php\/morre-em-natal-potiguar-que-lutava-contra-tumor-gigante-no-rosto\/","name":"Morre em Natal potiguar que lutava contra tumor gigante no rosto - Taveira Jr","isPartOf":{"@id":"https:\/\/deputadotaveirajr.com.br\/#website"},"primaryImageOfPage":{"@id":"https:\/\/deputadotaveirajr.com.br\/index.php\/morre-em-natal-potiguar-que-lutava-contra-tumor-gigante-no-rosto\/#primaryimage"},"image":{"@id":"https:\/\/deputadotaveirajr.com.br\/index.php\/morre-em-natal-potiguar-que-lutava-contra-tumor-gigante-no-rosto\/#primaryimage"},"thumbnailUrl":"https:\/\/deputadotaveirajr.com.br\/wp-content\/uploads\/2024\/06\/jessica-5xXnEN.jpeg","datePublished":"2024-06-18T21:49:16+00:00","breadcrumb":{"@id":"https:\/\/deputadotaveirajr.com.br\/index.php\/morre-em-natal-potiguar-que-lutava-contra-tumor-gigante-no-rosto\/#breadcrumb"},"inLanguage":"pt-BR","potentialAction":[{"@type":"ReadAction","target":["https:\/\/deputadotaveirajr.com.br\/index.php\/morre-em-natal-potiguar-que-lutava-contra-tumor-gigante-no-rosto\/"]}]},{"@type":"ImageObject","inLanguage":"pt-BR","@id":"https:\/\/deputadotaveirajr.com.br\/index.php\/morre-em-natal-potiguar-que-lutava-contra-tumor-gigante-no-rosto\/#primaryimage","url":"https:\/\/deputadotaveirajr.com.br\/wp-content\/uploads\/2024\/06\/jessica-5xXnEN.jpeg","contentUrl":"https:\/\/deputadotaveirajr.com.br\/wp-content\/uploads\/2024\/06\/jessica-5xXnEN.jpeg","width":784,"height":674},{"@type":"BreadcrumbList","@id":"https:\/\/deputadotaveirajr.com.br\/index.php\/morre-em-natal-potiguar-que-lutava-contra-tumor-gigante-no-rosto\/#breadcrumb","itemListElement":[{"@type":"ListItem","position":1,"name":"In\u00edcio","item":"https:\/\/deputadotaveirajr.com.br\/"},{"@type":"ListItem","position":2,"name":"Morre em Natal potiguar que lutava contra tumor gigante no rosto"}]},{"@type":"WebSite","@id":"https:\/\/deputadotaveirajr.com.br\/#website","url":"https:\/\/deputadotaveirajr.com.br\/","name":"Taveira Jr","description":"Deputado Estadual","publisher":{"@id":"https:\/\/deputadotaveirajr.com.br\/#organization"},"potentialAction":[{"@type":"SearchAction","target":{"@type":"EntryPoint","urlTemplate":"https:\/\/deputadotaveirajr.com.br\/?s={search_term_string}"},"query-input":{"@type":"PropertyValueSpecification","valueRequired":true,"valueName":"search_term_string"}}],"inLanguage":"pt-BR"},{"@type":"Organization","@id":"https:\/\/deputadotaveirajr.com.br\/#organization","name":"Taveira Jr","url":"https:\/\/deputadotaveirajr.com.br\/","logo":{"@type":"ImageObject","inLanguage":"pt-BR","@id":"https:\/\/deputadotaveirajr.com.br\/#\/schema\/logo\/image\/","url":"https:\/\/deputadotaveirajr.com.br\/wp-content\/uploads\/2026\/01\/logolow2a.png","contentUrl":"https:\/\/deputadotaveirajr.com.br\/wp-content\/uploads\/2026\/01\/logolow2a.png","width":290,"height":80,"caption":"Taveira Jr"},"image":{"@id":"https:\/\/deputadotaveirajr.com.br\/#\/schema\/logo\/image\/"}}]}},"_links":{"self":[{"href":"https:\/\/deputadotaveirajr.com.br\/index.php\/wp-json\/wp\/v2\/pages\/7155","targetHints":{"allow":["GET"]}}],"collection":[{"href":"https:\/\/deputadotaveirajr.com.br\/index.php\/wp-json\/wp\/v2\/pages"}],"about":[{"href":"https:\/\/deputadotaveirajr.com.br\/index.php\/wp-json\/wp\/v2\/types\/page"}],"replies":[{"embeddable":true,"href":"https:\/\/deputadotaveirajr.com.br\/index.php\/wp-json\/wp\/v2\/comments?post=7155"}],"version-history":[{"count":1,"href":"https:\/\/deputadotaveirajr.com.br\/index.php\/wp-json\/wp\/v2\/pages\/7155\/revisions"}],"predecessor-version":[{"id":7157,"href":"https:\/\/deputadotaveirajr.com.br\/index.php\/wp-json\/wp\/v2\/pages\/7155\/revisions\/7157"}],"wp:featuredmedia":[{"embeddable":true,"href":"https:\/\/deputadotaveirajr.com.br\/index.php\/wp-json\/wp\/v2\/media\/7156"}],"wp:attachment":[{"href":"https:\/\/deputadotaveirajr.com.br\/index.php\/wp-json\/wp\/v2\/media?parent=7155"}],"curies":[{"name":"wp","href":"https:\/\/api.w.org\/{rel}","templated":true}]}}

<p>     Jéssica Carvalho tinha 33 anos e sofria de hemangioma, um tumor vascular benigno causado por um crescimento anormal dos vasos sanguíneos. Ela estava internada há mais de 7 meses. Jessica sofre com tumor que faz os vasos sanguíneos crescerem e se acumulare de forma excessiva<br />
Divulgação<br />
Morreu nesta terça-feira (18), em um hospital de Natal, a potiguar Jéssica Carvalho, de 33 anos, que lutava contra um tumor vascular no rosto. Ela estava internada há mais de 7 meses após ter sofrido com uma piora da doença no fim do ano passado.<br />
A informação da morte foi confirmada ao g1 pelo amigo Fausto Calixto, que promovia uma campanha para ajudar no tratamento de Jéssica. A história dela ficou conhecida nas redes sociais no início deste ano e causou comoção.<br />
📳Participe do canal do g1 RN no WhatsApp<br />
Segundo Fausto, a morte ocorreu por conta de infecções sofridas em decorrência do tumor no rosto, que neste ano cresceu de maneira mais rápida e passou a provocar sangramentos mais frequentes.<br />
Jéssica sofria um quadro de hemangioma &#8211; um tumor vascular benigno causado por um crescimento anormal dos vasos sanguíneos.<br />
A potiguar, natural de São Miguel, na Região Oeste do Rio Grande do Norte, convivia com a doença desde que nasceu, mas teve o agravamento do quadro clínico no início de 2024.<br />
Tratamento e cirurgias<br />
No início de 2023, Jéssica passou por um procedimento cirúrgico para tratar do tumor. Ela chegou, inclusive, a retirar parte da mandíbula, mas a cirurgia não saiu como o esperado, segundo contou o amigo Fausto Calixto.<br />
Após o procedimento, houve um ciclo de infecções que não conseguiu ser combatido pela equipe médica. O tumor, então, passou a crescer. Sem conserguir falar, Jéssica  já se comunicava através da escrita com a família e amigos.<br />
Vídeo: Médico explica o que é um hemangioma<br />
Médico explica o que é um hemangioma<br />
Vídeos mais assistids do g1 RN</p>

<p>Jéssica Carvalho tinha 33 anos e sofria de hemangioma, um tumor vascular benigno causado por um crescimento anormal dos vasos sanguíneos. Ela estava internada há mais de 7 meses. Jessica &#8230;</p>

<!-- This site is optimized with the Yoast SEO plugin v27.1.1 - https://yoast.com/product/yoast-seo-wordpress/ -->
<title>Morre em Natal potiguar que lutava contra tumor gigante no rosto - Taveira Jr</title>
<meta name="robots" content="index, follow, max-snippet:-1, max-image-preview:large, max-video-preview:-1" />
<link rel="canonical" href="https://deputadotaveirajr.com.br/index.php/morre-em-natal-potiguar-que-lutava-contra-tumor-gigante-no-rosto/" />
<meta property="og:locale" content="pt_BR" />
<meta property="og:type" content="article" />
<meta property="og:title" content="Morre em Natal potiguar que lutava contra tumor gigante no rosto - Taveira Jr" />
<meta property="og:description" content="Jéssica Carvalho tinha 33 anos e sofria de hemangioma, um tumor vascular benigno causado por um crescimento anormal dos vasos sanguíneos. Ela estava internada há mais de 7 meses. Jessica ..." />
<meta property="og:url" content="https://deputadotaveirajr.com.br/index.php/morre-em-natal-potiguar-que-lutava-contra-tumor-gigante-no-rosto/" />
<meta property="og:site_name" content="Taveira Jr" />
<meta property="og:image" content="https://deputadotaveirajr.com.br/wp-content/uploads/2024/06/jessica-5xXnEN.jpeg" />
	<meta property="og:image:width" content="784" />
	<meta property="og:image:height" content="674" />
	<meta property="og:image:type" content="image/jpeg" />
<meta name="twitter:card" content="summary_large_image" />
<meta name="twitter:label1" content="Est. tempo de leitura" />
	<meta name="twitter:data1" content="2 minutos" />
<script type="application/ld+json" class="yoast-schema-graph">{"@context":"https://schema.org","@graph":[{"@type":"WebPage","@id":"https://deputadotaveirajr.com.br/index.php/morre-em-natal-potiguar-que-lutava-contra-tumor-gigante-no-rosto/","url":"https://deputadotaveirajr.com.br/index.php/morre-em-natal-potiguar-que-lutava-contra-tumor-gigante-no-rosto/","name":"Morre em Natal potiguar que lutava contra tumor gigante no rosto - Taveira Jr","isPartOf":{"@id":"https://deputadotaveirajr.com.br/#website"},"primaryImageOfPage":{"@id":"https://deputadotaveirajr.com.br/index.php/morre-em-natal-potiguar-que-lutava-contra-tumor-gigante-no-rosto/#primaryimage"},"image":{"@id":"https://deputadotaveirajr.com.br/index.php/morre-em-natal-potiguar-que-lutava-contra-tumor-gigante-no-rosto/#primaryimage"},"thumbnailUrl":"https://deputadotaveirajr.com.br/wp-content/uploads/2024/06/jessica-5xXnEN.jpeg","datePublished":"2024-06-18T21:49:16+00:00","breadcrumb":{"@id":"https://deputadotaveirajr.com.br/index.php/morre-em-natal-potiguar-que-lutava-contra-tumor-gigante-no-rosto/#breadcrumb"},"inLanguage":"pt-BR","potentialAction":[{"@type":"ReadAction","target":["https://deputadotaveirajr.com.br/index.php/morre-em-natal-potiguar-que-lutava-contra-tumor-gigante-no-rosto/"]}]},{"@type":"ImageObject","inLanguage":"pt-BR","@id":"https://deputadotaveirajr.com.br/index.php/morre-em-natal-potiguar-que-lutava-contra-tumor-gigante-no-rosto/#primaryimage","url":"https://deputadotaveirajr.com.br/wp-content/uploads/2024/06/jessica-5xXnEN.jpeg","contentUrl":"https://deputadotaveirajr.com.br/wp-content/uploads/2024/06/jessica-5xXnEN.jpeg","width":784,"height":674},{"@type":"BreadcrumbList","@id":"https://deputadotaveirajr.com.br/index.php/morre-em-natal-potiguar-que-lutava-contra-tumor-gigante-no-rosto/#breadcrumb","itemListElement":[{"@type":"ListItem","position":1,"name":"Início","item":"https://deputadotaveirajr.com.br/"},{"@type":"ListItem","position":2,"name":"Morre em Natal potiguar que lutava contra tumor gigante no rosto"}]},{"@type":"WebSite","@id":"https://deputadotaveirajr.com.br/#website","url":"https://deputadotaveirajr.com.br/","name":"Taveira Jr","description":"Deputado Estadual","publisher":{"@id":"https://deputadotaveirajr.com.br/#organization"},"potentialAction":[{"@type":"SearchAction","target":{"@type":"EntryPoint","urlTemplate":"https://deputadotaveirajr.com.br/?s={search_term_string}"},"query-input":{"@type":"PropertyValueSpecification","valueRequired":true,"valueName":"search_term_string"}}],"inLanguage":"pt-BR"},{"@type":"Organization","@id":"https://deputadotaveirajr.com.br/#organization","name":"Taveira Jr","url":"https://deputadotaveirajr.com.br/","logo":{"@type":"ImageObject","inLanguage":"pt-BR","@id":"https://deputadotaveirajr.com.br/#/schema/logo/image/","url":"https://deputadotaveirajr.com.br/wp-content/uploads/2026/01/logolow2a.png","contentUrl":"https://deputadotaveirajr.com.br/wp-content/uploads/2026/01/logolow2a.png","width":290,"height":80,"caption":"Taveira Jr"},"image":{"@id":"https://deputadotaveirajr.com.br/#/schema/logo/image/"}}]}</script>
<!-- / Yoast SEO plugin. -->

Jéssica Carvalho tinha 33 anos e sofria de hemangioma, um tumor vascular benigno causado por um crescimento anormal dos vasos sanguíneos. Ela estava internada há mais de 7 meses. Jessica ...

Início
