{"id":7179,"date":"2024-06-20T09:00:31","date_gmt":"2024-06-20T12:00:31","guid":{"rendered":"https:\/\/deputadotaveirajr.com.br\/?page_id=7179"},"modified":"2024-06-20T09:00:31","modified_gmt":"2024-06-20T12:00:31","slug":"medico-potiguar-que-sobreviveu-a-acidente-com-8-mortos-na-africa-queria-cruzar-continente-fazendo-safaris-sonho-antigo","status":"publish","type":"page","link":"https:\/\/deputadotaveirajr.com.br\/index.php\/medico-potiguar-que-sobreviveu-a-acidente-com-8-mortos-na-africa-queria-cruzar-continente-fazendo-safaris-sonho-antigo\/","title":{"rendered":"M\u00e9dico potiguar que sobreviveu a acidente com 8 mortos na \u00c1frica queria cruzar continente fazendo safaris: &#8216;Sonho antigo&#8217;"},"content":{"rendered":"<p>     Carro em que estava Charles S\u00e1 e Natale Gontijo bateu de frente com outro ve\u00edculo com 7 ocupantes na Nam\u00edbia.  M\u00e9dico Charles S\u00e1 com a esposa, tamb\u00e9m m\u00e9dica Natale Gontijo, em postagem nas redes sociais sobre safari que fariam na \u00c1frica<br \/>\nRedes sociais<br \/>\nO m\u00e9dico potiguar Charles S\u00e1, que sobreviveu a um acidente com 8 mortos na Nam\u00edbia, pretendia cruzar pa\u00edses do continente africano fazendo um safari expedicion\u00e1rio somente com sua esposa, sem guias. A mulher, a cirurgi\u00e3 pl\u00e1stica Natale Gontijo, foi uma das v\u00edtimas do acidente nesta ter\u00e7a-feira (18).<br \/>\n\ud83d\udcf3Participe do canal do g1 RN no WhatsApp<br \/>\nNas redes sociais, antes do acidente, o m\u00e9dico disse que j\u00e1 tinha passado por uma experi\u00eancia de safari na reserva Sabi Sabi, na \u00c1frica do Sul, em 2023. Neste ano, o casal pretendia visitar e se hospedar em diferentes reservas do continente.<br \/>\nM\u00e9dico Charles S\u00e1 e a esposa Natale Gontijo, que morreu em acidente na \u00c1frica<br \/>\nReprodu\u00e7\u00e3o<br \/>\n&#8220;Hoje a gente come\u00e7a nosso safari expedicion\u00e1rio por alguns pa\u00edses africanos. Vamos cruzar a \u00c1frica em Suv 4&#215;4. S\u00f3 nos dois, sem guia. Passaremos por v\u00e1rios parques e reservas contemplando a natureza primitiva, sua din\u00e2mica e suas regras (&#8230;) Muito feliz de poder realizar este sonho antigo&#8221;, disse nas redes sociais.<br \/>\nAs informa\u00e7\u00f5es do acidente foram confirmadas pelo irm\u00e3o de Charles, o dentista Ricardo S\u00e1. Segundo ele, o carro em que o casal estava colidiu de frente com outro ve\u00edculo onde estavam sete pessoas.<br \/>\n&#8220;Eles tinham acabado de chegar. Estavam com mais ou menos tr\u00eas dias de viagem&#8221;, disse o irm\u00e3o.<br \/>\nOs ocupantes do outro carro morreram. Natale chegou a ser socorrida e levada a um hospital local, mas n\u00e3o resistiu. Segundo Ricardo, Charles tamb\u00e9m foi atendido com dor nas costas, mas j\u00e1 recebeu alta e conseguiu fazer o reconhecimento do corpo da esposa.<br \/>\nAinda de acordo com ele, o atestado de \u00f3bito de Natale foi emitido e o corpo dela deve ser levado para a embaixada enquanto aguarda os tr\u00e2mites para realiza\u00e7\u00e3o do traslado para o Brasil.<br \/>\nNatale era mineira, tinha resid\u00eancia com o marido no Rio de Janeiro e trabalhava atualmente em Verona, na It\u00e1lia. O casal tamb\u00e9m possu\u00eda cl\u00ednicas em Natal e em Belo Horizonte.<br \/>\nSegundo Ricardo, Charles e Natale se conheceram durante o curso de cirurgia pl\u00e1stica e estavam casado h\u00e1 mais de 20 anos.<br \/>\nCirurgi\u00e3 pl\u00e1stica Natale Gontijo mantinha cl\u00ednica em sociedade com o marido em Natal<br \/>\nS\u00e9rgio Henrique Santos\/Inter TV Cabugi<br \/>\nVeja os v\u00eddeos mais assistidos no g1 RN<\/p>","protected":false},"excerpt":{"rendered":"<p>Carro em que estava Charles S\u00e1 e Natale Gontijo bateu de frente com outro ve\u00edculo com 7 ocupantes na Nam\u00edbia. M\u00e9dico Charles S\u00e1 com a esposa, tamb\u00e9m m\u00e9dica Natale Gontijo, &#8230;<\/p>\n","protected":false},"author":0,"featured_media":7180,"parent":0,"menu_order":0,"comment_status":"closed","ping_status":"closed","template":"","meta":{"footnotes":""},"class_list":["post-7179","page","type-page","status-publish","has-post-thumbnail","hentry"],"yoast_head":"<!-- This site is optimized with the Yoast SEO plugin v27.1.1 - https:\/\/yoast.com\/product\/yoast-seo-wordpress\/ -->\n<title>M\u00e9dico potiguar que sobreviveu a acidente com 8 mortos na \u00c1frica queria cruzar continente fazendo safaris: &#039;Sonho antigo&#039; - Taveira Jr<\/title>\n<meta name=\"robots\" content=\"index, follow, max-snippet:-1, max-image-preview:large, max-video-preview:-1\" \/>\n<link rel=\"canonical\" href=\"https:\/\/deputadotaveirajr.com.br\/index.php\/medico-potiguar-que-sobreviveu-a-acidente-com-8-mortos-na-africa-queria-cruzar-continente-fazendo-safaris-sonho-antigo\/\" \/>\n<meta property=\"og:locale\" content=\"pt_BR\" \/>\n<meta property=\"og:type\" content=\"article\" \/>\n<meta property=\"og:title\" content=\"M\u00e9dico potiguar que sobreviveu a acidente com 8 mortos na \u00c1frica queria cruzar continente fazendo safaris: &#039;Sonho antigo&#039; - Taveira Jr\" \/>\n<meta property=\"og:description\" content=\"Carro em que estava Charles S\u00e1 e Natale Gontijo bateu de frente com outro ve\u00edculo com 7 ocupantes na Nam\u00edbia. M\u00e9dico Charles S\u00e1 com a esposa, tamb\u00e9m m\u00e9dica Natale Gontijo, ...\" \/>\n<meta property=\"og:url\" content=\"https:\/\/deputadotaveirajr.com.br\/index.php\/medico-potiguar-que-sobreviveu-a-acidente-com-8-mortos-na-africa-queria-cruzar-continente-fazendo-safaris-sonho-antigo\/\" \/>\n<meta property=\"og:site_name\" content=\"Taveira Jr\" \/>\n<meta property=\"og:image\" content=\"https:\/\/deputadotaveirajr.com.br\/wp-content\/uploads\/2024\/06\/charles-sa-1UnV3C.png\" \/>\n\t<meta property=\"og:image:width\" content=\"1080\" \/>\n\t<meta property=\"og:image:height\" content=\"1350\" \/>\n\t<meta property=\"og:image:type\" content=\"image\/png\" \/>\n<meta name=\"twitter:card\" content=\"summary_large_image\" \/>\n<meta name=\"twitter:label1\" content=\"Est. tempo de leitura\" \/>\n\t<meta name=\"twitter:data1\" content=\"2 minutos\" \/>\n<script type=\"application\/ld+json\" class=\"yoast-schema-graph\">{\"@context\":\"https:\/\/schema.org\",\"@graph\":[{\"@type\":\"WebPage\",\"@id\":\"https:\/\/deputadotaveirajr.com.br\/index.php\/medico-potiguar-que-sobreviveu-a-acidente-com-8-mortos-na-africa-queria-cruzar-continente-fazendo-safaris-sonho-antigo\/\",\"url\":\"https:\/\/deputadotaveirajr.com.br\/index.php\/medico-potiguar-que-sobreviveu-a-acidente-com-8-mortos-na-africa-queria-cruzar-continente-fazendo-safaris-sonho-antigo\/\",\"name\":\"M\u00e9dico potiguar que sobreviveu a acidente com 8 mortos na \u00c1frica queria cruzar continente fazendo safaris: 'Sonho antigo' - Taveira Jr\",\"isPartOf\":{\"@id\":\"https:\/\/deputadotaveirajr.com.br\/#website\"},\"primaryImageOfPage\":{\"@id\":\"https:\/\/deputadotaveirajr.com.br\/index.php\/medico-potiguar-que-sobreviveu-a-acidente-com-8-mortos-na-africa-queria-cruzar-continente-fazendo-safaris-sonho-antigo\/#primaryimage\"},\"image\":{\"@id\":\"https:\/\/deputadotaveirajr.com.br\/index.php\/medico-potiguar-que-sobreviveu-a-acidente-com-8-mortos-na-africa-queria-cruzar-continente-fazendo-safaris-sonho-antigo\/#primaryimage\"},\"thumbnailUrl\":\"https:\/\/deputadotaveirajr.com.br\/wp-content\/uploads\/2024\/06\/charles-sa-1UnV3C.png\",\"datePublished\":\"2024-06-20T12:00:31+00:00\",\"breadcrumb\":{\"@id\":\"https:\/\/deputadotaveirajr.com.br\/index.php\/medico-potiguar-que-sobreviveu-a-acidente-com-8-mortos-na-africa-queria-cruzar-continente-fazendo-safaris-sonho-antigo\/#breadcrumb\"},\"inLanguage\":\"pt-BR\",\"potentialAction\":[{\"@type\":\"ReadAction\",\"target\":[\"https:\/\/deputadotaveirajr.com.br\/index.php\/medico-potiguar-que-sobreviveu-a-acidente-com-8-mortos-na-africa-queria-cruzar-continente-fazendo-safaris-sonho-antigo\/\"]}]},{\"@type\":\"ImageObject\",\"inLanguage\":\"pt-BR\",\"@id\":\"https:\/\/deputadotaveirajr.com.br\/index.php\/medico-potiguar-que-sobreviveu-a-acidente-com-8-mortos-na-africa-queria-cruzar-continente-fazendo-safaris-sonho-antigo\/#primaryimage\",\"url\":\"https:\/\/deputadotaveirajr.com.br\/wp-content\/uploads\/2024\/06\/charles-sa-1UnV3C.png\",\"contentUrl\":\"https:\/\/deputadotaveirajr.com.br\/wp-content\/uploads\/2024\/06\/charles-sa-1UnV3C.png\",\"width\":1080,\"height\":1350},{\"@type\":\"BreadcrumbList\",\"@id\":\"https:\/\/deputadotaveirajr.com.br\/index.php\/medico-potiguar-que-sobreviveu-a-acidente-com-8-mortos-na-africa-queria-cruzar-continente-fazendo-safaris-sonho-antigo\/#breadcrumb\",\"itemListElement\":[{\"@type\":\"ListItem\",\"position\":1,\"name\":\"In\u00edcio\",\"item\":\"https:\/\/deputadotaveirajr.com.br\/\"},{\"@type\":\"ListItem\",\"position\":2,\"name\":\"M\u00e9dico potiguar que sobreviveu a acidente com 8 mortos na \u00c1frica queria cruzar continente fazendo safaris: &#8216;Sonho antigo&#8217;\"}]},{\"@type\":\"WebSite\",\"@id\":\"https:\/\/deputadotaveirajr.com.br\/#website\",\"url\":\"https:\/\/deputadotaveirajr.com.br\/\",\"name\":\"Taveira Jr\",\"description\":\"Deputado Estadual\",\"publisher\":{\"@id\":\"https:\/\/deputadotaveirajr.com.br\/#organization\"},\"potentialAction\":[{\"@type\":\"SearchAction\",\"target\":{\"@type\":\"EntryPoint\",\"urlTemplate\":\"https:\/\/deputadotaveirajr.com.br\/?s={search_term_string}\"},\"query-input\":{\"@type\":\"PropertyValueSpecification\",\"valueRequired\":true,\"valueName\":\"search_term_string\"}}],\"inLanguage\":\"pt-BR\"},{\"@type\":\"Organization\",\"@id\":\"https:\/\/deputadotaveirajr.com.br\/#organization\",\"name\":\"Taveira Jr\",\"url\":\"https:\/\/deputadotaveirajr.com.br\/\",\"logo\":{\"@type\":\"ImageObject\",\"inLanguage\":\"pt-BR\",\"@id\":\"https:\/\/deputadotaveirajr.com.br\/#\/schema\/logo\/image\/\",\"url\":\"https:\/\/deputadotaveirajr.com.br\/wp-content\/uploads\/2026\/01\/logolow2a.png\",\"contentUrl\":\"https:\/\/deputadotaveirajr.com.br\/wp-content\/uploads\/2026\/01\/logolow2a.png\",\"width\":290,\"height\":80,\"caption\":\"Taveira Jr\"},\"image\":{\"@id\":\"https:\/\/deputadotaveirajr.com.br\/#\/schema\/logo\/image\/\"}}]}<\/script>\n<!-- \/ Yoast SEO plugin. -->","yoast_head_json":{"title":"M\u00e9dico potiguar que sobreviveu a acidente com 8 mortos na \u00c1frica queria cruzar continente fazendo safaris: 'Sonho antigo' - Taveira Jr","robots":{"index":"index","follow":"follow","max-snippet":"max-snippet:-1","max-image-preview":"max-image-preview:large","max-video-preview":"max-video-preview:-1"},"canonical":"https:\/\/deputadotaveirajr.com.br\/index.php\/medico-potiguar-que-sobreviveu-a-acidente-com-8-mortos-na-africa-queria-cruzar-continente-fazendo-safaris-sonho-antigo\/","og_locale":"pt_BR","og_type":"article","og_title":"M\u00e9dico potiguar que sobreviveu a acidente com 8 mortos na \u00c1frica queria cruzar continente fazendo safaris: 'Sonho antigo' - Taveira Jr","og_description":"Carro em que estava Charles S\u00e1 e Natale Gontijo bateu de frente com outro ve\u00edculo com 7 ocupantes na Nam\u00edbia. M\u00e9dico Charles S\u00e1 com a esposa, tamb\u00e9m m\u00e9dica Natale Gontijo, ...","og_url":"https:\/\/deputadotaveirajr.com.br\/index.php\/medico-potiguar-que-sobreviveu-a-acidente-com-8-mortos-na-africa-queria-cruzar-continente-fazendo-safaris-sonho-antigo\/","og_site_name":"Taveira Jr","og_image":[{"width":1080,"height":1350,"url":"https:\/\/deputadotaveirajr.com.br\/wp-content\/uploads\/2024\/06\/charles-sa-1UnV3C.png","type":"image\/png"}],"twitter_card":"summary_large_image","twitter_misc":{"Est. tempo de leitura":"2 minutos"},"schema":{"@context":"https:\/\/schema.org","@graph":[{"@type":"WebPage","@id":"https:\/\/deputadotaveirajr.com.br\/index.php\/medico-potiguar-que-sobreviveu-a-acidente-com-8-mortos-na-africa-queria-cruzar-continente-fazendo-safaris-sonho-antigo\/","url":"https:\/\/deputadotaveirajr.com.br\/index.php\/medico-potiguar-que-sobreviveu-a-acidente-com-8-mortos-na-africa-queria-cruzar-continente-fazendo-safaris-sonho-antigo\/","name":"M\u00e9dico potiguar que sobreviveu a acidente com 8 mortos na \u00c1frica queria cruzar continente fazendo safaris: 'Sonho antigo' - Taveira Jr","isPartOf":{"@id":"https:\/\/deputadotaveirajr.com.br\/#website"},"primaryImageOfPage":{"@id":"https:\/\/deputadotaveirajr.com.br\/index.php\/medico-potiguar-que-sobreviveu-a-acidente-com-8-mortos-na-africa-queria-cruzar-continente-fazendo-safaris-sonho-antigo\/#primaryimage"},"image":{"@id":"https:\/\/deputadotaveirajr.com.br\/index.php\/medico-potiguar-que-sobreviveu-a-acidente-com-8-mortos-na-africa-queria-cruzar-continente-fazendo-safaris-sonho-antigo\/#primaryimage"},"thumbnailUrl":"https:\/\/deputadotaveirajr.com.br\/wp-content\/uploads\/2024\/06\/charles-sa-1UnV3C.png","datePublished":"2024-06-20T12:00:31+00:00","breadcrumb":{"@id":"https:\/\/deputadotaveirajr.com.br\/index.php\/medico-potiguar-que-sobreviveu-a-acidente-com-8-mortos-na-africa-queria-cruzar-continente-fazendo-safaris-sonho-antigo\/#breadcrumb"},"inLanguage":"pt-BR","potentialAction":[{"@type":"ReadAction","target":["https:\/\/deputadotaveirajr.com.br\/index.php\/medico-potiguar-que-sobreviveu-a-acidente-com-8-mortos-na-africa-queria-cruzar-continente-fazendo-safaris-sonho-antigo\/"]}]},{"@type":"ImageObject","inLanguage":"pt-BR","@id":"https:\/\/deputadotaveirajr.com.br\/index.php\/medico-potiguar-que-sobreviveu-a-acidente-com-8-mortos-na-africa-queria-cruzar-continente-fazendo-safaris-sonho-antigo\/#primaryimage","url":"https:\/\/deputadotaveirajr.com.br\/wp-content\/uploads\/2024\/06\/charles-sa-1UnV3C.png","contentUrl":"https:\/\/deputadotaveirajr.com.br\/wp-content\/uploads\/2024\/06\/charles-sa-1UnV3C.png","width":1080,"height":1350},{"@type":"BreadcrumbList","@id":"https:\/\/deputadotaveirajr.com.br\/index.php\/medico-potiguar-que-sobreviveu-a-acidente-com-8-mortos-na-africa-queria-cruzar-continente-fazendo-safaris-sonho-antigo\/#breadcrumb","itemListElement":[{"@type":"ListItem","position":1,"name":"In\u00edcio","item":"https:\/\/deputadotaveirajr.com.br\/"},{"@type":"ListItem","position":2,"name":"M\u00e9dico potiguar que sobreviveu a acidente com 8 mortos na \u00c1frica queria cruzar continente fazendo safaris: &#8216;Sonho antigo&#8217;"}]},{"@type":"WebSite","@id":"https:\/\/deputadotaveirajr.com.br\/#website","url":"https:\/\/deputadotaveirajr.com.br\/","name":"Taveira Jr","description":"Deputado Estadual","publisher":{"@id":"https:\/\/deputadotaveirajr.com.br\/#organization"},"potentialAction":[{"@type":"SearchAction","target":{"@type":"EntryPoint","urlTemplate":"https:\/\/deputadotaveirajr.com.br\/?s={search_term_string}"},"query-input":{"@type":"PropertyValueSpecification","valueRequired":true,"valueName":"search_term_string"}}],"inLanguage":"pt-BR"},{"@type":"Organization","@id":"https:\/\/deputadotaveirajr.com.br\/#organization","name":"Taveira Jr","url":"https:\/\/deputadotaveirajr.com.br\/","logo":{"@type":"ImageObject","inLanguage":"pt-BR","@id":"https:\/\/deputadotaveirajr.com.br\/#\/schema\/logo\/image\/","url":"https:\/\/deputadotaveirajr.com.br\/wp-content\/uploads\/2026\/01\/logolow2a.png","contentUrl":"https:\/\/deputadotaveirajr.com.br\/wp-content\/uploads\/2026\/01\/logolow2a.png","width":290,"height":80,"caption":"Taveira Jr"},"image":{"@id":"https:\/\/deputadotaveirajr.com.br\/#\/schema\/logo\/image\/"}}]}},"_links":{"self":[{"href":"https:\/\/deputadotaveirajr.com.br\/index.php\/wp-json\/wp\/v2\/pages\/7179","targetHints":{"allow":["GET"]}}],"collection":[{"href":"https:\/\/deputadotaveirajr.com.br\/index.php\/wp-json\/wp\/v2\/pages"}],"about":[{"href":"https:\/\/deputadotaveirajr.com.br\/index.php\/wp-json\/wp\/v2\/types\/page"}],"replies":[{"embeddable":true,"href":"https:\/\/deputadotaveirajr.com.br\/index.php\/wp-json\/wp\/v2\/comments?post=7179"}],"version-history":[{"count":1,"href":"https:\/\/deputadotaveirajr.com.br\/index.php\/wp-json\/wp\/v2\/pages\/7179\/revisions"}],"predecessor-version":[{"id":7181,"href":"https:\/\/deputadotaveirajr.com.br\/index.php\/wp-json\/wp\/v2\/pages\/7179\/revisions\/7181"}],"wp:featuredmedia":[{"embeddable":true,"href":"https:\/\/deputadotaveirajr.com.br\/index.php\/wp-json\/wp\/v2\/media\/7180"}],"wp:attachment":[{"href":"https:\/\/deputadotaveirajr.com.br\/index.php\/wp-json\/wp\/v2\/media?parent=7179"}],"curies":[{"name":"wp","href":"https:\/\/api.w.org\/{rel}","templated":true}]}}