{"id":7279,"date":"2024-06-24T14:29:50","date_gmt":"2024-06-24T17:29:50","guid":{"rendered":"https:\/\/deputadotaveirajr.com.br\/?page_id=7279"},"modified":"2024-06-24T14:29:50","modified_gmt":"2024-06-24T17:29:50","slug":"video-fogueira-derrete-base-e-poste-cai-em-natal-mais-de-2-mil-imoveis-ficam-sem-energia","status":"publish","type":"page","link":"https:\/\/deputadotaveirajr.com.br\/index.php\/video-fogueira-derrete-base-e-poste-cai-em-natal-mais-de-2-mil-imoveis-ficam-sem-energia\/","title":{"rendered":"V\u00cdDEO: Fogueira derrete base e poste cai em Natal; mais de 2 mil im\u00f3veis ficam sem energia"},"content":{"rendered":"<p>     Segundo companhia de energia, calor das chamas atingiu estrutura do poste, fabricado com fibra de vidro.  Fogueira derrete base e poste cai em Natal; mais de 2 mil im\u00f3veis ficam sem energia<br \/>\nUma fogueira de S\u00e3o Jo\u00e3o derreteu a base de um poste, causou a queda da estrutura e deixou mais de 2 mil im\u00f3veis sem energia na noite deste domingo (23) em Natal. O caso aconteceu no bairro Santos Reis, Zona Leste da capital potiguar.<br \/>\nO servi\u00e7o de energia el\u00e9trica s\u00f3 foi normalizado para todo o bairro no in\u00edcio da manh\u00e3 desta segunda-feira (23).<br \/>\n\ud83d\udcf3Participe do canal do g1 RN no WhatsApp<br \/>\nSegundo a companhia de energia do Rio Grande do Norte, o calor das chamas da fogueira colocada indevidamente na base do poste causou o derretimento de parte da estrutura. Ningu\u00e9m ficou ferido.<br \/>\nO poste que caiu, assim como outros da regi\u00e3o, era feito de fibra de vidro, para resistir \u00e0 eros\u00e3o causada pela maresia.<br \/>\nO caso aconteceu rua Bela Vista, onde havia v\u00e1rias fogueiras acesas &#8211; tradi\u00e7\u00e3o na v\u00e9spera do dia de S\u00e3o Jo\u00e3o.<br \/>\nSegundo a Neoenergia Cosern, a queda do poste de m\u00e9dia tens\u00e3o provocou a interrup\u00e7\u00e3o do fornecimento de energia para 2.262 unidades consumidoras \u00e0s 19h08.<br \/>\n\u00c0s 20h14, a energia foi religada para 988 resid\u00eancias por meio de manobras no sistema. Por\u00e9m as equipes trabalharam at\u00e9 a madrugada desta segunda para substituir o poste danificado, recompor os fios e restabelecer o servi\u00e7o para os demais clientes.<br \/>\nPoste caiu em Santos Reis, na Zona Leste de Natal<br \/>\nReprodu\u00e7\u00e3o<br \/>\nA companhia divulgou orienta\u00e7\u00f5es para evitar acidentes com energia el\u00e9trica no per\u00edodo junino:<br \/>\nN\u00e3o montar fogueiras embaixo da rede el\u00e9trica ou de linhas de transmiss\u00e3o ou de vegeta\u00e7\u00e3o.<br \/>\nN\u00e3o utilizar redes el\u00e9tricas particulares, como extens\u00f5es, benjamins e l\u00e2mpadas, pr\u00f3ximo \u00e0 fogueira.<br \/>\nN\u00e3o soltar fogos pr\u00f3ximo \u00e0 rede el\u00e9trica<br \/>\nA utiliza\u00e7\u00e3o de bal\u00f5es, al\u00e9m de proibida, pode provocar inc\u00eandios caso caia sobre a rede ou na \u00e1rea de Subesta\u00e7\u00f5es El\u00e9tricas.<br \/>\nNunca se aproximar da rede el\u00e9trica. Em caso de acidente, ligar imediatamente para a Neoenergia Cosern atrav\u00e9s do 116.<br \/>\nEnfeites de ruas e pra\u00e7as com as t\u00edpicas bandeirolas, faixas e outros adere\u00e7os devem ser produzidos com materiais n\u00e3o condutores de eletricidade e n\u00e3o podem ser fixados pr\u00f3ximos da fia\u00e7\u00e3o el\u00e9trica. Jamais devem ser amarrados aos postes da distribuidora ou mesmo aos fios condutores de eletricidade.<br \/>\nCord\u00f5es de luzes s\u00f3 devem ser feitos com material que n\u00e3o ofere\u00e7a risco de choque el\u00e9trico, al\u00e9m de uma dist\u00e2ncia de pelos menos 2,5 metros da rede el\u00e9trica;<br \/>\nEm caso de fio partido, n\u00e3o se aproxime e telefone imediatamente para a Neoenergia Cosern (116);<br \/>\nN\u00e3o fa\u00e7a liga\u00e7\u00f5es clandestinas de energia, tamb\u00e9m chamadas de \u201cgato\u201d para iluminar barraquinhas que comercializam comidas t\u00edpicas e fogos de artif\u00edcio.<br \/>\nRespeite os pontos de contato com a energia. Bocais de l\u00e2mpadas, por exemplo, n\u00e3o devem ser utilizados como suporte para pendurar enfeites juninos.<br \/>\nNunca manuseie aparelhos de som, freezers ou geladeiras com o corpo molhado;<br \/>\nEm caso de choque, desligue imediatamente o disjuntor da resid\u00eancia e s\u00f3 depois preste socorro.<br \/>\nSe necess\u00e1rio, ligue para o SAMU (192), Corpo de Bombeiros (193) e Neoenergia Cosern (116).<br \/>\nVeja os v\u00eddeos mais assistidos no g1 RN<\/p>","protected":false},"excerpt":{"rendered":"<p>Segundo companhia de energia, calor das chamas atingiu estrutura do poste, fabricado com fibra de vidro. Fogueira derrete base e poste cai em Natal; mais de 2 mil im\u00f3veis ficam &#8230;<\/p>\n","protected":false},"author":0,"featured_media":7280,"parent":0,"menu_order":0,"comment_status":"closed","ping_status":"closed","template":"","meta":{"footnotes":""},"class_list":["post-7279","page","type-page","status-publish","has-post-thumbnail","hentry"],"yoast_head":"<!-- This site is optimized with the Yoast SEO plugin v27.1.1 - https:\/\/yoast.com\/product\/yoast-seo-wordpress\/ -->\n<title>V\u00cdDEO: Fogueira derrete base e poste cai em Natal; mais de 2 mil im\u00f3veis ficam sem energia - Taveira Jr<\/title>\n<meta name=\"robots\" content=\"index, follow, max-snippet:-1, max-image-preview:large, max-video-preview:-1\" \/>\n<link rel=\"canonical\" href=\"https:\/\/deputadotaveirajr.com.br\/index.php\/video-fogueira-derrete-base-e-poste-cai-em-natal-mais-de-2-mil-imoveis-ficam-sem-energia\/\" \/>\n<meta property=\"og:locale\" content=\"pt_BR\" \/>\n<meta property=\"og:type\" content=\"article\" \/>\n<meta property=\"og:title\" content=\"V\u00cdDEO: Fogueira derrete base e poste cai em Natal; mais de 2 mil im\u00f3veis ficam sem energia - Taveira Jr\" \/>\n<meta property=\"og:description\" content=\"Segundo companhia de energia, calor das chamas atingiu estrutura do poste, fabricado com fibra de vidro. Fogueira derrete base e poste cai em Natal; mais de 2 mil im\u00f3veis ficam ...\" \/>\n<meta property=\"og:url\" content=\"https:\/\/deputadotaveirajr.com.br\/index.php\/video-fogueira-derrete-base-e-poste-cai-em-natal-mais-de-2-mil-imoveis-ficam-sem-energia\/\" \/>\n<meta property=\"og:site_name\" content=\"Taveira Jr\" \/>\n<meta property=\"og:image\" content=\"https:\/\/deputadotaveirajr.com.br\/wp-content\/uploads\/2024\/06\/poste-caido-KGiA0q.jpeg\" \/>\n\t<meta property=\"og:image:width\" content=\"650\" \/>\n\t<meta property=\"og:image:height\" content=\"655\" \/>\n\t<meta property=\"og:image:type\" content=\"image\/jpeg\" \/>\n<meta name=\"twitter:card\" content=\"summary_large_image\" \/>\n<meta name=\"twitter:label1\" content=\"Est. tempo de leitura\" \/>\n\t<meta name=\"twitter:data1\" content=\"3 minutos\" \/>\n<script type=\"application\/ld+json\" class=\"yoast-schema-graph\">{\"@context\":\"https:\/\/schema.org\",\"@graph\":[{\"@type\":\"WebPage\",\"@id\":\"https:\/\/deputadotaveirajr.com.br\/index.php\/video-fogueira-derrete-base-e-poste-cai-em-natal-mais-de-2-mil-imoveis-ficam-sem-energia\/\",\"url\":\"https:\/\/deputadotaveirajr.com.br\/index.php\/video-fogueira-derrete-base-e-poste-cai-em-natal-mais-de-2-mil-imoveis-ficam-sem-energia\/\",\"name\":\"V\u00cdDEO: Fogueira derrete base e poste cai em Natal; mais de 2 mil im\u00f3veis ficam sem energia - Taveira Jr\",\"isPartOf\":{\"@id\":\"https:\/\/deputadotaveirajr.com.br\/#website\"},\"primaryImageOfPage\":{\"@id\":\"https:\/\/deputadotaveirajr.com.br\/index.php\/video-fogueira-derrete-base-e-poste-cai-em-natal-mais-de-2-mil-imoveis-ficam-sem-energia\/#primaryimage\"},\"image\":{\"@id\":\"https:\/\/deputadotaveirajr.com.br\/index.php\/video-fogueira-derrete-base-e-poste-cai-em-natal-mais-de-2-mil-imoveis-ficam-sem-energia\/#primaryimage\"},\"thumbnailUrl\":\"https:\/\/deputadotaveirajr.com.br\/wp-content\/uploads\/2024\/06\/poste-caido-KGiA0q.jpeg\",\"datePublished\":\"2024-06-24T17:29:50+00:00\",\"breadcrumb\":{\"@id\":\"https:\/\/deputadotaveirajr.com.br\/index.php\/video-fogueira-derrete-base-e-poste-cai-em-natal-mais-de-2-mil-imoveis-ficam-sem-energia\/#breadcrumb\"},\"inLanguage\":\"pt-BR\",\"potentialAction\":[{\"@type\":\"ReadAction\",\"target\":[\"https:\/\/deputadotaveirajr.com.br\/index.php\/video-fogueira-derrete-base-e-poste-cai-em-natal-mais-de-2-mil-imoveis-ficam-sem-energia\/\"]}]},{\"@type\":\"ImageObject\",\"inLanguage\":\"pt-BR\",\"@id\":\"https:\/\/deputadotaveirajr.com.br\/index.php\/video-fogueira-derrete-base-e-poste-cai-em-natal-mais-de-2-mil-imoveis-ficam-sem-energia\/#primaryimage\",\"url\":\"https:\/\/deputadotaveirajr.com.br\/wp-content\/uploads\/2024\/06\/poste-caido-KGiA0q.jpeg\",\"contentUrl\":\"https:\/\/deputadotaveirajr.com.br\/wp-content\/uploads\/2024\/06\/poste-caido-KGiA0q.jpeg\",\"width\":650,\"height\":655},{\"@type\":\"BreadcrumbList\",\"@id\":\"https:\/\/deputadotaveirajr.com.br\/index.php\/video-fogueira-derrete-base-e-poste-cai-em-natal-mais-de-2-mil-imoveis-ficam-sem-energia\/#breadcrumb\",\"itemListElement\":[{\"@type\":\"ListItem\",\"position\":1,\"name\":\"In\u00edcio\",\"item\":\"https:\/\/deputadotaveirajr.com.br\/\"},{\"@type\":\"ListItem\",\"position\":2,\"name\":\"V\u00cdDEO: Fogueira derrete base e poste cai em Natal; mais de 2 mil im\u00f3veis ficam sem energia\"}]},{\"@type\":\"WebSite\",\"@id\":\"https:\/\/deputadotaveirajr.com.br\/#website\",\"url\":\"https:\/\/deputadotaveirajr.com.br\/\",\"name\":\"Taveira Jr\",\"description\":\"Deputado Estadual\",\"publisher\":{\"@id\":\"https:\/\/deputadotaveirajr.com.br\/#organization\"},\"potentialAction\":[{\"@type\":\"SearchAction\",\"target\":{\"@type\":\"EntryPoint\",\"urlTemplate\":\"https:\/\/deputadotaveirajr.com.br\/?s={search_term_string}\"},\"query-input\":{\"@type\":\"PropertyValueSpecification\",\"valueRequired\":true,\"valueName\":\"search_term_string\"}}],\"inLanguage\":\"pt-BR\"},{\"@type\":\"Organization\",\"@id\":\"https:\/\/deputadotaveirajr.com.br\/#organization\",\"name\":\"Taveira Jr\",\"url\":\"https:\/\/deputadotaveirajr.com.br\/\",\"logo\":{\"@type\":\"ImageObject\",\"inLanguage\":\"pt-BR\",\"@id\":\"https:\/\/deputadotaveirajr.com.br\/#\/schema\/logo\/image\/\",\"url\":\"https:\/\/deputadotaveirajr.com.br\/wp-content\/uploads\/2026\/01\/logolow2a.png\",\"contentUrl\":\"https:\/\/deputadotaveirajr.com.br\/wp-content\/uploads\/2026\/01\/logolow2a.png\",\"width\":290,\"height\":80,\"caption\":\"Taveira Jr\"},\"image\":{\"@id\":\"https:\/\/deputadotaveirajr.com.br\/#\/schema\/logo\/image\/\"}}]}<\/script>\n<!-- \/ Yoast SEO plugin. -->","yoast_head_json":{"title":"V\u00cdDEO: Fogueira derrete base e poste cai em Natal; mais de 2 mil im\u00f3veis ficam sem energia - Taveira Jr","robots":{"index":"index","follow":"follow","max-snippet":"max-snippet:-1","max-image-preview":"max-image-preview:large","max-video-preview":"max-video-preview:-1"},"canonical":"https:\/\/deputadotaveirajr.com.br\/index.php\/video-fogueira-derrete-base-e-poste-cai-em-natal-mais-de-2-mil-imoveis-ficam-sem-energia\/","og_locale":"pt_BR","og_type":"article","og_title":"V\u00cdDEO: Fogueira derrete base e poste cai em Natal; mais de 2 mil im\u00f3veis ficam sem energia - Taveira Jr","og_description":"Segundo companhia de energia, calor das chamas atingiu estrutura do poste, fabricado com fibra de vidro. Fogueira derrete base e poste cai em Natal; mais de 2 mil im\u00f3veis ficam ...","og_url":"https:\/\/deputadotaveirajr.com.br\/index.php\/video-fogueira-derrete-base-e-poste-cai-em-natal-mais-de-2-mil-imoveis-ficam-sem-energia\/","og_site_name":"Taveira Jr","og_image":[{"width":650,"height":655,"url":"https:\/\/deputadotaveirajr.com.br\/wp-content\/uploads\/2024\/06\/poste-caido-KGiA0q.jpeg","type":"image\/jpeg"}],"twitter_card":"summary_large_image","twitter_misc":{"Est. tempo de leitura":"3 minutos"},"schema":{"@context":"https:\/\/schema.org","@graph":[{"@type":"WebPage","@id":"https:\/\/deputadotaveirajr.com.br\/index.php\/video-fogueira-derrete-base-e-poste-cai-em-natal-mais-de-2-mil-imoveis-ficam-sem-energia\/","url":"https:\/\/deputadotaveirajr.com.br\/index.php\/video-fogueira-derrete-base-e-poste-cai-em-natal-mais-de-2-mil-imoveis-ficam-sem-energia\/","name":"V\u00cdDEO: Fogueira derrete base e poste cai em Natal; mais de 2 mil im\u00f3veis ficam sem energia - Taveira Jr","isPartOf":{"@id":"https:\/\/deputadotaveirajr.com.br\/#website"},"primaryImageOfPage":{"@id":"https:\/\/deputadotaveirajr.com.br\/index.php\/video-fogueira-derrete-base-e-poste-cai-em-natal-mais-de-2-mil-imoveis-ficam-sem-energia\/#primaryimage"},"image":{"@id":"https:\/\/deputadotaveirajr.com.br\/index.php\/video-fogueira-derrete-base-e-poste-cai-em-natal-mais-de-2-mil-imoveis-ficam-sem-energia\/#primaryimage"},"thumbnailUrl":"https:\/\/deputadotaveirajr.com.br\/wp-content\/uploads\/2024\/06\/poste-caido-KGiA0q.jpeg","datePublished":"2024-06-24T17:29:50+00:00","breadcrumb":{"@id":"https:\/\/deputadotaveirajr.com.br\/index.php\/video-fogueira-derrete-base-e-poste-cai-em-natal-mais-de-2-mil-imoveis-ficam-sem-energia\/#breadcrumb"},"inLanguage":"pt-BR","potentialAction":[{"@type":"ReadAction","target":["https:\/\/deputadotaveirajr.com.br\/index.php\/video-fogueira-derrete-base-e-poste-cai-em-natal-mais-de-2-mil-imoveis-ficam-sem-energia\/"]}]},{"@type":"ImageObject","inLanguage":"pt-BR","@id":"https:\/\/deputadotaveirajr.com.br\/index.php\/video-fogueira-derrete-base-e-poste-cai-em-natal-mais-de-2-mil-imoveis-ficam-sem-energia\/#primaryimage","url":"https:\/\/deputadotaveirajr.com.br\/wp-content\/uploads\/2024\/06\/poste-caido-KGiA0q.jpeg","contentUrl":"https:\/\/deputadotaveirajr.com.br\/wp-content\/uploads\/2024\/06\/poste-caido-KGiA0q.jpeg","width":650,"height":655},{"@type":"BreadcrumbList","@id":"https:\/\/deputadotaveirajr.com.br\/index.php\/video-fogueira-derrete-base-e-poste-cai-em-natal-mais-de-2-mil-imoveis-ficam-sem-energia\/#breadcrumb","itemListElement":[{"@type":"ListItem","position":1,"name":"In\u00edcio","item":"https:\/\/deputadotaveirajr.com.br\/"},{"@type":"ListItem","position":2,"name":"V\u00cdDEO: Fogueira derrete base e poste cai em Natal; mais de 2 mil im\u00f3veis ficam sem energia"}]},{"@type":"WebSite","@id":"https:\/\/deputadotaveirajr.com.br\/#website","url":"https:\/\/deputadotaveirajr.com.br\/","name":"Taveira Jr","description":"Deputado Estadual","publisher":{"@id":"https:\/\/deputadotaveirajr.com.br\/#organization"},"potentialAction":[{"@type":"SearchAction","target":{"@type":"EntryPoint","urlTemplate":"https:\/\/deputadotaveirajr.com.br\/?s={search_term_string}"},"query-input":{"@type":"PropertyValueSpecification","valueRequired":true,"valueName":"search_term_string"}}],"inLanguage":"pt-BR"},{"@type":"Organization","@id":"https:\/\/deputadotaveirajr.com.br\/#organization","name":"Taveira Jr","url":"https:\/\/deputadotaveirajr.com.br\/","logo":{"@type":"ImageObject","inLanguage":"pt-BR","@id":"https:\/\/deputadotaveirajr.com.br\/#\/schema\/logo\/image\/","url":"https:\/\/deputadotaveirajr.com.br\/wp-content\/uploads\/2026\/01\/logolow2a.png","contentUrl":"https:\/\/deputadotaveirajr.com.br\/wp-content\/uploads\/2026\/01\/logolow2a.png","width":290,"height":80,"caption":"Taveira Jr"},"image":{"@id":"https:\/\/deputadotaveirajr.com.br\/#\/schema\/logo\/image\/"}}]}},"_links":{"self":[{"href":"https:\/\/deputadotaveirajr.com.br\/index.php\/wp-json\/wp\/v2\/pages\/7279","targetHints":{"allow":["GET"]}}],"collection":[{"href":"https:\/\/deputadotaveirajr.com.br\/index.php\/wp-json\/wp\/v2\/pages"}],"about":[{"href":"https:\/\/deputadotaveirajr.com.br\/index.php\/wp-json\/wp\/v2\/types\/page"}],"replies":[{"embeddable":true,"href":"https:\/\/deputadotaveirajr.com.br\/index.php\/wp-json\/wp\/v2\/comments?post=7279"}],"version-history":[{"count":1,"href":"https:\/\/deputadotaveirajr.com.br\/index.php\/wp-json\/wp\/v2\/pages\/7279\/revisions"}],"predecessor-version":[{"id":7285,"href":"https:\/\/deputadotaveirajr.com.br\/index.php\/wp-json\/wp\/v2\/pages\/7279\/revisions\/7285"}],"wp:featuredmedia":[{"embeddable":true,"href":"https:\/\/deputadotaveirajr.com.br\/index.php\/wp-json\/wp\/v2\/media\/7280"}],"wp:attachment":[{"href":"https:\/\/deputadotaveirajr.com.br\/index.php\/wp-json\/wp\/v2\/media?parent=7279"}],"curies":[{"name":"wp","href":"https:\/\/api.w.org\/{rel}","templated":true}]}}