{"id":7283,"date":"2024-06-24T15:55:24","date_gmt":"2024-06-24T18:55:24","guid":{"rendered":"https:\/\/deputadotaveirajr.com.br\/?page_id=7283"},"modified":"2024-06-24T15:55:24","modified_gmt":"2024-06-24T18:55:24","slug":"video-cavalo-em-disparada-bate-em-caminhonete-no-interior-do-rn","status":"publish","type":"page","link":"https:\/\/deputadotaveirajr.com.br\/index.php\/video-cavalo-em-disparada-bate-em-caminhonete-no-interior-do-rn\/","title":{"rendered":"V\u00cdDEO: Cavalo em disparada bate em caminhonete no interior do RN"},"content":{"rendered":"<p>     Acidente aconteceu na manh\u00e3 desta segunda-feira (24) em Marcelino Vieira, no Alto Oeste potiguar.  Cavalo em disparada bate em caminhonete no interior do RN<br \/>\nUm cavalo em disparada no meio da rua bateu em cheio uma caminhonete no centro do munic\u00edpio de Marcelino Vieira, no Alto Oeste potiguar.<br \/>\nO caso aconteceu na manh\u00e3 desta segunda-feira (24), por volta das 10h, na Avenida Coronel Epif\u00e2nio Fernandes, em frente \u00e0 prefeitura do munic\u00edpio. Ningu\u00e9m ficou ferido.<br \/>\n\ud83d\udcf3Participe do canal do g1 RN no WhatsApp<br \/>\nA colis\u00e3o foi registrada por c\u00e2meras de seguran\u00e7a. As imagens mostram o momento em que o cavalo aparece correndo por uma cal\u00e7ada, entra na rua e atinge a lateral da caminhonete tamb\u00e9m em movimento, na altura da porta do motorista.<br \/>\nLogo ap\u00f3s bater no carro, o animal cai, mas levanta e sai trotando pela rua. Segundo testemunhas, ele tinha se soltado do propriet\u00e1rio e sa\u00eddo descontrolado, pelas ruas. O cavalo foi recapturado ap\u00f3s o acidente.<br \/>\nCom danos materiais no ve\u00edculo, o propriet\u00e1rio do carro foi \u00e0 delegacia do munic\u00edpio registrar a ocorr\u00eancia.<br \/>\nCavalo atinge caminhonete no interior do RN<br \/>\nReprodu\u00e7\u00e3o<br \/>\nVeja os v\u00eddeos mais assistidos no g1 RN<\/p>","protected":false},"excerpt":{"rendered":"<p>Acidente aconteceu na manh\u00e3 desta segunda-feira (24) em Marcelino Vieira, no Alto Oeste potiguar. Cavalo em disparada bate em caminhonete no interior do RN Um cavalo em disparada no meio &#8230;<\/p>\n","protected":false},"author":0,"featured_media":7284,"parent":0,"menu_order":0,"comment_status":"closed","ping_status":"closed","template":"","meta":{"footnotes":""},"class_list":["post-7283","page","type-page","status-publish","has-post-thumbnail","hentry"],"yoast_head":"<!-- This site is optimized with the Yoast SEO plugin v27.1.1 - https:\/\/yoast.com\/product\/yoast-seo-wordpress\/ -->\n<title>V\u00cdDEO: Cavalo em disparada bate em caminhonete no interior do RN - Taveira Jr<\/title>\n<meta name=\"robots\" content=\"index, follow, max-snippet:-1, max-image-preview:large, max-video-preview:-1\" \/>\n<link rel=\"canonical\" href=\"https:\/\/deputadotaveirajr.com.br\/index.php\/video-cavalo-em-disparada-bate-em-caminhonete-no-interior-do-rn\/\" \/>\n<meta property=\"og:locale\" content=\"pt_BR\" \/>\n<meta property=\"og:type\" content=\"article\" \/>\n<meta property=\"og:title\" content=\"V\u00cdDEO: Cavalo em disparada bate em caminhonete no interior do RN - Taveira Jr\" \/>\n<meta property=\"og:description\" content=\"Acidente aconteceu na manh\u00e3 desta segunda-feira (24) em Marcelino Vieira, no Alto Oeste potiguar. Cavalo em disparada bate em caminhonete no interior do RN Um cavalo em disparada no meio ...\" \/>\n<meta property=\"og:url\" content=\"https:\/\/deputadotaveirajr.com.br\/index.php\/video-cavalo-em-disparada-bate-em-caminhonete-no-interior-do-rn\/\" \/>\n<meta property=\"og:site_name\" content=\"Taveira Jr\" \/>\n<meta property=\"og:image\" content=\"https:\/\/deputadotaveirajr.com.br\/wp-content\/uploads\/2024\/06\/cavalo1-ByfMVr.jpeg\" \/>\n\t<meta property=\"og:image:width\" content=\"1049\" \/>\n\t<meta property=\"og:image:height\" content=\"669\" \/>\n\t<meta property=\"og:image:type\" content=\"image\/jpeg\" \/>\n<meta name=\"twitter:card\" content=\"summary_large_image\" \/>\n<meta name=\"twitter:label1\" content=\"Est. tempo de leitura\" \/>\n\t<meta name=\"twitter:data1\" content=\"1 minuto\" \/>\n<script type=\"application\/ld+json\" class=\"yoast-schema-graph\">{\"@context\":\"https:\/\/schema.org\",\"@graph\":[{\"@type\":\"WebPage\",\"@id\":\"https:\/\/deputadotaveirajr.com.br\/index.php\/video-cavalo-em-disparada-bate-em-caminhonete-no-interior-do-rn\/\",\"url\":\"https:\/\/deputadotaveirajr.com.br\/index.php\/video-cavalo-em-disparada-bate-em-caminhonete-no-interior-do-rn\/\",\"name\":\"V\u00cdDEO: Cavalo em disparada bate em caminhonete no interior do RN - Taveira Jr\",\"isPartOf\":{\"@id\":\"https:\/\/deputadotaveirajr.com.br\/#website\"},\"primaryImageOfPage\":{\"@id\":\"https:\/\/deputadotaveirajr.com.br\/index.php\/video-cavalo-em-disparada-bate-em-caminhonete-no-interior-do-rn\/#primaryimage\"},\"image\":{\"@id\":\"https:\/\/deputadotaveirajr.com.br\/index.php\/video-cavalo-em-disparada-bate-em-caminhonete-no-interior-do-rn\/#primaryimage\"},\"thumbnailUrl\":\"https:\/\/deputadotaveirajr.com.br\/wp-content\/uploads\/2024\/06\/cavalo1-ByfMVr.jpeg\",\"datePublished\":\"2024-06-24T18:55:24+00:00\",\"breadcrumb\":{\"@id\":\"https:\/\/deputadotaveirajr.com.br\/index.php\/video-cavalo-em-disparada-bate-em-caminhonete-no-interior-do-rn\/#breadcrumb\"},\"inLanguage\":\"pt-BR\",\"potentialAction\":[{\"@type\":\"ReadAction\",\"target\":[\"https:\/\/deputadotaveirajr.com.br\/index.php\/video-cavalo-em-disparada-bate-em-caminhonete-no-interior-do-rn\/\"]}]},{\"@type\":\"ImageObject\",\"inLanguage\":\"pt-BR\",\"@id\":\"https:\/\/deputadotaveirajr.com.br\/index.php\/video-cavalo-em-disparada-bate-em-caminhonete-no-interior-do-rn\/#primaryimage\",\"url\":\"https:\/\/deputadotaveirajr.com.br\/wp-content\/uploads\/2024\/06\/cavalo1-ByfMVr.jpeg\",\"contentUrl\":\"https:\/\/deputadotaveirajr.com.br\/wp-content\/uploads\/2024\/06\/cavalo1-ByfMVr.jpeg\",\"width\":1049,\"height\":669},{\"@type\":\"BreadcrumbList\",\"@id\":\"https:\/\/deputadotaveirajr.com.br\/index.php\/video-cavalo-em-disparada-bate-em-caminhonete-no-interior-do-rn\/#breadcrumb\",\"itemListElement\":[{\"@type\":\"ListItem\",\"position\":1,\"name\":\"In\u00edcio\",\"item\":\"https:\/\/deputadotaveirajr.com.br\/\"},{\"@type\":\"ListItem\",\"position\":2,\"name\":\"V\u00cdDEO: Cavalo em disparada bate em caminhonete no interior do RN\"}]},{\"@type\":\"WebSite\",\"@id\":\"https:\/\/deputadotaveirajr.com.br\/#website\",\"url\":\"https:\/\/deputadotaveirajr.com.br\/\",\"name\":\"Taveira Jr\",\"description\":\"Deputado Estadual\",\"publisher\":{\"@id\":\"https:\/\/deputadotaveirajr.com.br\/#organization\"},\"potentialAction\":[{\"@type\":\"SearchAction\",\"target\":{\"@type\":\"EntryPoint\",\"urlTemplate\":\"https:\/\/deputadotaveirajr.com.br\/?s={search_term_string}\"},\"query-input\":{\"@type\":\"PropertyValueSpecification\",\"valueRequired\":true,\"valueName\":\"search_term_string\"}}],\"inLanguage\":\"pt-BR\"},{\"@type\":\"Organization\",\"@id\":\"https:\/\/deputadotaveirajr.com.br\/#organization\",\"name\":\"Taveira Jr\",\"url\":\"https:\/\/deputadotaveirajr.com.br\/\",\"logo\":{\"@type\":\"ImageObject\",\"inLanguage\":\"pt-BR\",\"@id\":\"https:\/\/deputadotaveirajr.com.br\/#\/schema\/logo\/image\/\",\"url\":\"https:\/\/deputadotaveirajr.com.br\/wp-content\/uploads\/2026\/01\/logolow2a.png\",\"contentUrl\":\"https:\/\/deputadotaveirajr.com.br\/wp-content\/uploads\/2026\/01\/logolow2a.png\",\"width\":290,\"height\":80,\"caption\":\"Taveira Jr\"},\"image\":{\"@id\":\"https:\/\/deputadotaveirajr.com.br\/#\/schema\/logo\/image\/\"}}]}<\/script>\n<!-- \/ Yoast SEO plugin. -->","yoast_head_json":{"title":"V\u00cdDEO: Cavalo em disparada bate em caminhonete no interior do RN - Taveira Jr","robots":{"index":"index","follow":"follow","max-snippet":"max-snippet:-1","max-image-preview":"max-image-preview:large","max-video-preview":"max-video-preview:-1"},"canonical":"https:\/\/deputadotaveirajr.com.br\/index.php\/video-cavalo-em-disparada-bate-em-caminhonete-no-interior-do-rn\/","og_locale":"pt_BR","og_type":"article","og_title":"V\u00cdDEO: Cavalo em disparada bate em caminhonete no interior do RN - Taveira Jr","og_description":"Acidente aconteceu na manh\u00e3 desta segunda-feira (24) em Marcelino Vieira, no Alto Oeste potiguar. Cavalo em disparada bate em caminhonete no interior do RN Um cavalo em disparada no meio ...","og_url":"https:\/\/deputadotaveirajr.com.br\/index.php\/video-cavalo-em-disparada-bate-em-caminhonete-no-interior-do-rn\/","og_site_name":"Taveira Jr","og_image":[{"width":1049,"height":669,"url":"https:\/\/deputadotaveirajr.com.br\/wp-content\/uploads\/2024\/06\/cavalo1-ByfMVr.jpeg","type":"image\/jpeg"}],"twitter_card":"summary_large_image","twitter_misc":{"Est. tempo de leitura":"1 minuto"},"schema":{"@context":"https:\/\/schema.org","@graph":[{"@type":"WebPage","@id":"https:\/\/deputadotaveirajr.com.br\/index.php\/video-cavalo-em-disparada-bate-em-caminhonete-no-interior-do-rn\/","url":"https:\/\/deputadotaveirajr.com.br\/index.php\/video-cavalo-em-disparada-bate-em-caminhonete-no-interior-do-rn\/","name":"V\u00cdDEO: Cavalo em disparada bate em caminhonete no interior do RN - Taveira Jr","isPartOf":{"@id":"https:\/\/deputadotaveirajr.com.br\/#website"},"primaryImageOfPage":{"@id":"https:\/\/deputadotaveirajr.com.br\/index.php\/video-cavalo-em-disparada-bate-em-caminhonete-no-interior-do-rn\/#primaryimage"},"image":{"@id":"https:\/\/deputadotaveirajr.com.br\/index.php\/video-cavalo-em-disparada-bate-em-caminhonete-no-interior-do-rn\/#primaryimage"},"thumbnailUrl":"https:\/\/deputadotaveirajr.com.br\/wp-content\/uploads\/2024\/06\/cavalo1-ByfMVr.jpeg","datePublished":"2024-06-24T18:55:24+00:00","breadcrumb":{"@id":"https:\/\/deputadotaveirajr.com.br\/index.php\/video-cavalo-em-disparada-bate-em-caminhonete-no-interior-do-rn\/#breadcrumb"},"inLanguage":"pt-BR","potentialAction":[{"@type":"ReadAction","target":["https:\/\/deputadotaveirajr.com.br\/index.php\/video-cavalo-em-disparada-bate-em-caminhonete-no-interior-do-rn\/"]}]},{"@type":"ImageObject","inLanguage":"pt-BR","@id":"https:\/\/deputadotaveirajr.com.br\/index.php\/video-cavalo-em-disparada-bate-em-caminhonete-no-interior-do-rn\/#primaryimage","url":"https:\/\/deputadotaveirajr.com.br\/wp-content\/uploads\/2024\/06\/cavalo1-ByfMVr.jpeg","contentUrl":"https:\/\/deputadotaveirajr.com.br\/wp-content\/uploads\/2024\/06\/cavalo1-ByfMVr.jpeg","width":1049,"height":669},{"@type":"BreadcrumbList","@id":"https:\/\/deputadotaveirajr.com.br\/index.php\/video-cavalo-em-disparada-bate-em-caminhonete-no-interior-do-rn\/#breadcrumb","itemListElement":[{"@type":"ListItem","position":1,"name":"In\u00edcio","item":"https:\/\/deputadotaveirajr.com.br\/"},{"@type":"ListItem","position":2,"name":"V\u00cdDEO: Cavalo em disparada bate em caminhonete no interior do RN"}]},{"@type":"WebSite","@id":"https:\/\/deputadotaveirajr.com.br\/#website","url":"https:\/\/deputadotaveirajr.com.br\/","name":"Taveira Jr","description":"Deputado Estadual","publisher":{"@id":"https:\/\/deputadotaveirajr.com.br\/#organization"},"potentialAction":[{"@type":"SearchAction","target":{"@type":"EntryPoint","urlTemplate":"https:\/\/deputadotaveirajr.com.br\/?s={search_term_string}"},"query-input":{"@type":"PropertyValueSpecification","valueRequired":true,"valueName":"search_term_string"}}],"inLanguage":"pt-BR"},{"@type":"Organization","@id":"https:\/\/deputadotaveirajr.com.br\/#organization","name":"Taveira Jr","url":"https:\/\/deputadotaveirajr.com.br\/","logo":{"@type":"ImageObject","inLanguage":"pt-BR","@id":"https:\/\/deputadotaveirajr.com.br\/#\/schema\/logo\/image\/","url":"https:\/\/deputadotaveirajr.com.br\/wp-content\/uploads\/2026\/01\/logolow2a.png","contentUrl":"https:\/\/deputadotaveirajr.com.br\/wp-content\/uploads\/2026\/01\/logolow2a.png","width":290,"height":80,"caption":"Taveira Jr"},"image":{"@id":"https:\/\/deputadotaveirajr.com.br\/#\/schema\/logo\/image\/"}}]}},"_links":{"self":[{"href":"https:\/\/deputadotaveirajr.com.br\/index.php\/wp-json\/wp\/v2\/pages\/7283","targetHints":{"allow":["GET"]}}],"collection":[{"href":"https:\/\/deputadotaveirajr.com.br\/index.php\/wp-json\/wp\/v2\/pages"}],"about":[{"href":"https:\/\/deputadotaveirajr.com.br\/index.php\/wp-json\/wp\/v2\/types\/page"}],"replies":[{"embeddable":true,"href":"https:\/\/deputadotaveirajr.com.br\/index.php\/wp-json\/wp\/v2\/comments?post=7283"}],"version-history":[{"count":1,"href":"https:\/\/deputadotaveirajr.com.br\/index.php\/wp-json\/wp\/v2\/pages\/7283\/revisions"}],"predecessor-version":[{"id":7286,"href":"https:\/\/deputadotaveirajr.com.br\/index.php\/wp-json\/wp\/v2\/pages\/7283\/revisions\/7286"}],"wp:featuredmedia":[{"embeddable":true,"href":"https:\/\/deputadotaveirajr.com.br\/index.php\/wp-json\/wp\/v2\/media\/7284"}],"wp:attachment":[{"href":"https:\/\/deputadotaveirajr.com.br\/index.php\/wp-json\/wp\/v2\/media?parent=7283"}],"curies":[{"name":"wp","href":"https:\/\/api.w.org\/{rel}","templated":true}]}}

VÍDEO: Cavalo em disparada bate em caminhonete no interior do RN

<p>     Acidente aconteceu na manhã desta segunda-feira (24) em Marcelino Vieira, no Alto Oeste potiguar.  Cavalo em disparada bate em caminhonete no interior do RN<br />
Um cavalo em disparada no meio da rua bateu em cheio uma caminhonete no centro do município de Marcelino Vieira, no Alto Oeste potiguar.<br />
O caso aconteceu na manhã desta segunda-feira (24), por volta das 10h, na Avenida Coronel Epifânio Fernandes, em frente à prefeitura do município. Ninguém ficou ferido.<br />
📳Participe do canal do g1 RN no WhatsApp<br />
A colisão foi registrada por câmeras de segurança. As imagens mostram o momento em que o cavalo aparece correndo por uma calçada, entra na rua e atinge a lateral da caminhonete também em movimento, na altura da porta do motorista.<br />
Logo após bater no carro, o animal cai, mas levanta e sai trotando pela rua. Segundo testemunhas, ele tinha se soltado do proprietário e saído descontrolado, pelas ruas. O cavalo foi recapturado após o acidente.<br />
Com danos materiais no veículo, o proprietário do carro foi à delegacia do município registrar a ocorrência.<br />
Cavalo atinge caminhonete no interior do RN<br />
Reprodução<br />
Veja os vídeos mais assistidos no g1 RN</p>

<p>Acidente aconteceu na manhã desta segunda-feira (24) em Marcelino Vieira, no Alto Oeste potiguar. Cavalo em disparada bate em caminhonete no interior do RN Um cavalo em disparada no meio &#8230;</p>

<!-- This site is optimized with the Yoast SEO plugin v27.1.1 - https://yoast.com/product/yoast-seo-wordpress/ -->
<title>VÍDEO: Cavalo em disparada bate em caminhonete no interior do RN - Taveira Jr</title>
<meta name="robots" content="index, follow, max-snippet:-1, max-image-preview:large, max-video-preview:-1" />
<link rel="canonical" href="https://deputadotaveirajr.com.br/index.php/video-cavalo-em-disparada-bate-em-caminhonete-no-interior-do-rn/" />
<meta property="og:locale" content="pt_BR" />
<meta property="og:type" content="article" />
<meta property="og:title" content="VÍDEO: Cavalo em disparada bate em caminhonete no interior do RN - Taveira Jr" />
<meta property="og:description" content="Acidente aconteceu na manhã desta segunda-feira (24) em Marcelino Vieira, no Alto Oeste potiguar. Cavalo em disparada bate em caminhonete no interior do RN Um cavalo em disparada no meio ..." />
<meta property="og:url" content="https://deputadotaveirajr.com.br/index.php/video-cavalo-em-disparada-bate-em-caminhonete-no-interior-do-rn/" />
<meta property="og:site_name" content="Taveira Jr" />
<meta property="og:image" content="https://deputadotaveirajr.com.br/wp-content/uploads/2024/06/cavalo1-ByfMVr.jpeg" />
	<meta property="og:image:width" content="1049" />
	<meta property="og:image:height" content="669" />
	<meta property="og:image:type" content="image/jpeg" />
<meta name="twitter:card" content="summary_large_image" />
<meta name="twitter:label1" content="Est. tempo de leitura" />
	<meta name="twitter:data1" content="1 minuto" />
<script type="application/ld+json" class="yoast-schema-graph">{"@context":"https://schema.org","@graph":[{"@type":"WebPage","@id":"https://deputadotaveirajr.com.br/index.php/video-cavalo-em-disparada-bate-em-caminhonete-no-interior-do-rn/","url":"https://deputadotaveirajr.com.br/index.php/video-cavalo-em-disparada-bate-em-caminhonete-no-interior-do-rn/","name":"VÍDEO: Cavalo em disparada bate em caminhonete no interior do RN - Taveira Jr","isPartOf":{"@id":"https://deputadotaveirajr.com.br/#website"},"primaryImageOfPage":{"@id":"https://deputadotaveirajr.com.br/index.php/video-cavalo-em-disparada-bate-em-caminhonete-no-interior-do-rn/#primaryimage"},"image":{"@id":"https://deputadotaveirajr.com.br/index.php/video-cavalo-em-disparada-bate-em-caminhonete-no-interior-do-rn/#primaryimage"},"thumbnailUrl":"https://deputadotaveirajr.com.br/wp-content/uploads/2024/06/cavalo1-ByfMVr.jpeg","datePublished":"2024-06-24T18:55:24+00:00","breadcrumb":{"@id":"https://deputadotaveirajr.com.br/index.php/video-cavalo-em-disparada-bate-em-caminhonete-no-interior-do-rn/#breadcrumb"},"inLanguage":"pt-BR","potentialAction":[{"@type":"ReadAction","target":["https://deputadotaveirajr.com.br/index.php/video-cavalo-em-disparada-bate-em-caminhonete-no-interior-do-rn/"]}]},{"@type":"ImageObject","inLanguage":"pt-BR","@id":"https://deputadotaveirajr.com.br/index.php/video-cavalo-em-disparada-bate-em-caminhonete-no-interior-do-rn/#primaryimage","url":"https://deputadotaveirajr.com.br/wp-content/uploads/2024/06/cavalo1-ByfMVr.jpeg","contentUrl":"https://deputadotaveirajr.com.br/wp-content/uploads/2024/06/cavalo1-ByfMVr.jpeg","width":1049,"height":669},{"@type":"BreadcrumbList","@id":"https://deputadotaveirajr.com.br/index.php/video-cavalo-em-disparada-bate-em-caminhonete-no-interior-do-rn/#breadcrumb","itemListElement":[{"@type":"ListItem","position":1,"name":"Início","item":"https://deputadotaveirajr.com.br/"},{"@type":"ListItem","position":2,"name":"VÍDEO: Cavalo em disparada bate em caminhonete no interior do RN"}]},{"@type":"WebSite","@id":"https://deputadotaveirajr.com.br/#website","url":"https://deputadotaveirajr.com.br/","name":"Taveira Jr","description":"Deputado Estadual","publisher":{"@id":"https://deputadotaveirajr.com.br/#organization"},"potentialAction":[{"@type":"SearchAction","target":{"@type":"EntryPoint","urlTemplate":"https://deputadotaveirajr.com.br/?s={search_term_string}"},"query-input":{"@type":"PropertyValueSpecification","valueRequired":true,"valueName":"search_term_string"}}],"inLanguage":"pt-BR"},{"@type":"Organization","@id":"https://deputadotaveirajr.com.br/#organization","name":"Taveira Jr","url":"https://deputadotaveirajr.com.br/","logo":{"@type":"ImageObject","inLanguage":"pt-BR","@id":"https://deputadotaveirajr.com.br/#/schema/logo/image/","url":"https://deputadotaveirajr.com.br/wp-content/uploads/2026/01/logolow2a.png","contentUrl":"https://deputadotaveirajr.com.br/wp-content/uploads/2026/01/logolow2a.png","width":290,"height":80,"caption":"Taveira Jr"},"image":{"@id":"https://deputadotaveirajr.com.br/#/schema/logo/image/"}}]}</script>
<!-- / Yoast SEO plugin. -->

VÍDEO: Cavalo em disparada bate em caminhonete no interior do RN - Taveira Jr

Acidente aconteceu na manhã desta segunda-feira (24) em Marcelino Vieira, no Alto Oeste potiguar. Cavalo em disparada bate em caminhonete no interior do RN Um cavalo em disparada no meio ...

Início
