{"id":7355,"date":"2024-06-27T19:09:30","date_gmt":"2024-06-27T22:09:30","guid":{"rendered":"https:\/\/deputadotaveirajr.com.br\/?page_id=7355"},"modified":"2024-06-27T19:09:30","modified_gmt":"2024-06-27T22:09:30","slug":"professor-da-ufrn-e-convidado-para-para-a-academia-organizadora-do-oscar","status":"publish","type":"page","link":"https:\/\/deputadotaveirajr.com.br\/index.php\/professor-da-ufrn-e-convidado-para-para-a-academia-organizadora-do-oscar\/","title":{"rendered":"Professor da UFRN \u00e9 convidado para para a Academia organizadora do Oscar"},"content":{"rendered":"<p>     Carlos Segundo dirigiu filmes como Big Bang e Sideral, que estiveram em listas pr\u00e9vias para concorrer ao Oscar em anos anteirores. Outros sete brasileiros tamb\u00e9m foram convidados. Diretor Carlos Segundo \u00e9 professor da UFRN<br \/>\nRedes sociais<br \/>\nO professor e diretor de cinema Carlos Segundo, do Departamento de Comunica\u00e7\u00e3o da Universidade Federal do Rio Grande do Norte (UFRN), foi convidado para integrar a Academia de Artes e Ci\u00eancias Cinematogr\u00e1ficas de Hollywood, institui\u00e7\u00e3o respons\u00e1vel pela organiza\u00e7\u00e3o do Oscar.<br \/>\nAl\u00e9m de Segundo, outros 7 brasileiros foram convidados, como a atriz Maeve Jinkings, que participou dos filmes Som ao Redor e Aquarius. A lista foi divulgada pela Academia na ter\u00e7a-feira (25), com 487 nomes de 57 pa\u00edses.<br \/>\n\ud83d\udcf3Participe do canal do g1 RN no WhatsApp<br \/>\nCarlos Segundo \u00e9 diretor do filme potiguar Sideral, que entrou na pr\u00e9-lista de indicados ao Oscar 2023 na categoria de &#8220;Melhores curta-metragens live-action&#8221; e que concorreu \u00e0 Palma de Ouro, em Cannes.<br \/>\nAl\u00e9m disso, ele tamb\u00e9m dirigiu Big Bang, que entrou entre os 150 filmes pr\u00e9-selecionados para o Oscar 2024.<br \/>\nO professor foi convidado para participar do grupo de profissionais que auxiliam na escolha dos filmes na \u00e1rea de anima\u00e7\u00e3o.<br \/>\n&#8220;Esse \u00e9 um convite muito simb\u00f3lico para quem vem fazendo cinema na marra, na birra e no risco. Cinema independente que depende de uma galera&#8221;, disse o professor em uma rede social.<br \/>\nO diretor ainda agradeceu a todos &#8220;que contribuem na amplia\u00e7\u00e3o do meu olhar e da minha sensibilidade com a arte e com a vida. Porque cinema e vida s\u00e3o duas coisas que est\u00e3o intimamente conectadas \u00e0 minha forma de existir&#8221;.<br \/>\nO Departamento de Comunica\u00e7\u00e3o da UFRN comemorou a escolha do profissional. &#8220;Uma experi\u00eancia importante que se soma a tantas not\u00edcias boas que ele j\u00e1 nos trouxe&#8221;, disse nas redes sociais<br \/>\nConvidados brasileiros<br \/>\nOs outros sete brasileiros foram convidados para diferentes ramos. S\u00e3o eles:<br \/>\nMaeve Jinkings (&#8220;O som ao redor&#8221;) &#8211; atores<br \/>\nJuliana Rojas (&#8220;As boas maneiras&#8221;) &#8211; diretores<br \/>\nJos\u00e9 Joffily (&#8220;Sinfonia de um homem comum&#8221; e &#8220;Quem matou Pixote?&#8221;) &#8211; document\u00e1rios<br \/>\nJorge Bodansky (&#8220;Amaz\u00f4nia, a Nova Minamata?&#8221;) &#8211; document\u00e1rios<br \/>\nPl\u00ednio Profeta (&#8220;Medida provis\u00f3ria&#8221;) &#8211; m\u00fasica<br \/>\nRenata de Almeida Magalh\u00e3es (&#8220;O grande circo m\u00edstico&#8221;) &#8211; produtores<br \/>\nTatiana Leite (&#8220;Regra 34&#8221;) &#8211; produtores<br \/>\nSideral: filme de Segundo<br \/>\nSideral \u00e9 um filme do diretor Carlos Segundo e foi filmado nas cidades de cidades de Natal, Cear\u00e1-Mirim e Parnamirim. O filme concorreu \u00e0 Palma de Ouro, em Cannes, em 2021, e foi exibido no festival &#8211; se tornando o primeiro filme potiguar a conseguir esse feito.<br \/>\nPara entrar na pr\u00e9-lista do Oscar, o filme potiguar venceu uma concorr\u00eancia pr\u00e9via de 200 filmes e passou a concorrer com outros 14 na fase final, que teve cinco indicados finais.<br \/>\nFilme &#8216;Sideral&#8217; concorre \u00e0 Palma de Ouro em Cannes<br \/>\nDivulga\u00e7\u00e3o<br \/>\n&#8220;Sideral&#8221; \u00e9 uma fic\u00e7\u00e3o que se desenvolve no futuro, em torno do hist\u00f3rico dia do lan\u00e7amento do primeiro foguete tripulado brasileiro na Base A\u00e9rea de Natal e como isso afeta a vida de Marcela, Marcos e seus dois filhos.<br \/>\nCom produ\u00e7\u00e3o brasileira de Mariana Hardi e Pedro Fiuza, atrav\u00e9s da Casa da Praia Filmes, &#8220;Sideral&#8221; \u00e9 um filme genuinamente natalense com equipe e elenco de profissionais potiguares, estrelado por Priscilla Vilela e Enio Cavalcante.<br \/>\nV\u00eddeos mais assistidos do g1 RN<\/p>","protected":false},"excerpt":{"rendered":"<p>Carlos Segundo dirigiu filmes como Big Bang e Sideral, que estiveram em listas pr\u00e9vias para concorrer ao Oscar em anos anteirores. Outros sete brasileiros tamb\u00e9m foram convidados. Diretor Carlos Segundo &#8230;<\/p>\n","protected":false},"author":0,"featured_media":7356,"parent":0,"menu_order":0,"comment_status":"closed","ping_status":"closed","template":"","meta":{"footnotes":""},"class_list":["post-7355","page","type-page","status-publish","has-post-thumbnail","hentry"],"yoast_head":"<!-- This site is optimized with the Yoast SEO plugin v27.1.1 - https:\/\/yoast.com\/product\/yoast-seo-wordpress\/ -->\n<title>Professor da UFRN \u00e9 convidado para para a Academia organizadora do Oscar - Taveira Jr<\/title>\n<meta name=\"robots\" content=\"index, follow, max-snippet:-1, max-image-preview:large, max-video-preview:-1\" \/>\n<link rel=\"canonical\" href=\"https:\/\/deputadotaveirajr.com.br\/index.php\/professor-da-ufrn-e-convidado-para-para-a-academia-organizadora-do-oscar\/\" \/>\n<meta property=\"og:locale\" content=\"pt_BR\" \/>\n<meta property=\"og:type\" content=\"article\" \/>\n<meta property=\"og:title\" content=\"Professor da UFRN \u00e9 convidado para para a Academia organizadora do Oscar - Taveira Jr\" \/>\n<meta property=\"og:description\" content=\"Carlos Segundo dirigiu filmes como Big Bang e Sideral, que estiveram em listas pr\u00e9vias para concorrer ao Oscar em anos anteirores. Outros sete brasileiros tamb\u00e9m foram convidados. Diretor Carlos Segundo ...\" \/>\n<meta property=\"og:url\" content=\"https:\/\/deputadotaveirajr.com.br\/index.php\/professor-da-ufrn-e-convidado-para-para-a-academia-organizadora-do-oscar\/\" \/>\n<meta property=\"og:site_name\" content=\"Taveira Jr\" \/>\n<meta property=\"og:image\" content=\"https:\/\/deputadotaveirajr.com.br\/wp-content\/uploads\/2024\/06\/captura-de-tela-2024-06-27-155831-2fG0I0.jpeg\" \/>\n\t<meta property=\"og:image:width\" content=\"692\" \/>\n\t<meta property=\"og:image:height\" content=\"720\" \/>\n\t<meta property=\"og:image:type\" content=\"image\/jpeg\" \/>\n<meta name=\"twitter:card\" content=\"summary_large_image\" \/>\n<meta name=\"twitter:label1\" content=\"Est. tempo de leitura\" \/>\n\t<meta name=\"twitter:data1\" content=\"3 minutos\" \/>\n<script type=\"application\/ld+json\" class=\"yoast-schema-graph\">{\"@context\":\"https:\/\/schema.org\",\"@graph\":[{\"@type\":\"WebPage\",\"@id\":\"https:\/\/deputadotaveirajr.com.br\/index.php\/professor-da-ufrn-e-convidado-para-para-a-academia-organizadora-do-oscar\/\",\"url\":\"https:\/\/deputadotaveirajr.com.br\/index.php\/professor-da-ufrn-e-convidado-para-para-a-academia-organizadora-do-oscar\/\",\"name\":\"Professor da UFRN \u00e9 convidado para para a Academia organizadora do Oscar - Taveira Jr\",\"isPartOf\":{\"@id\":\"https:\/\/deputadotaveirajr.com.br\/#website\"},\"primaryImageOfPage\":{\"@id\":\"https:\/\/deputadotaveirajr.com.br\/index.php\/professor-da-ufrn-e-convidado-para-para-a-academia-organizadora-do-oscar\/#primaryimage\"},\"image\":{\"@id\":\"https:\/\/deputadotaveirajr.com.br\/index.php\/professor-da-ufrn-e-convidado-para-para-a-academia-organizadora-do-oscar\/#primaryimage\"},\"thumbnailUrl\":\"https:\/\/deputadotaveirajr.com.br\/wp-content\/uploads\/2024\/06\/captura-de-tela-2024-06-27-155831-2fG0I0.jpeg\",\"datePublished\":\"2024-06-27T22:09:30+00:00\",\"breadcrumb\":{\"@id\":\"https:\/\/deputadotaveirajr.com.br\/index.php\/professor-da-ufrn-e-convidado-para-para-a-academia-organizadora-do-oscar\/#breadcrumb\"},\"inLanguage\":\"pt-BR\",\"potentialAction\":[{\"@type\":\"ReadAction\",\"target\":[\"https:\/\/deputadotaveirajr.com.br\/index.php\/professor-da-ufrn-e-convidado-para-para-a-academia-organizadora-do-oscar\/\"]}]},{\"@type\":\"ImageObject\",\"inLanguage\":\"pt-BR\",\"@id\":\"https:\/\/deputadotaveirajr.com.br\/index.php\/professor-da-ufrn-e-convidado-para-para-a-academia-organizadora-do-oscar\/#primaryimage\",\"url\":\"https:\/\/deputadotaveirajr.com.br\/wp-content\/uploads\/2024\/06\/captura-de-tela-2024-06-27-155831-2fG0I0.jpeg\",\"contentUrl\":\"https:\/\/deputadotaveirajr.com.br\/wp-content\/uploads\/2024\/06\/captura-de-tela-2024-06-27-155831-2fG0I0.jpeg\",\"width\":692,\"height\":720},{\"@type\":\"BreadcrumbList\",\"@id\":\"https:\/\/deputadotaveirajr.com.br\/index.php\/professor-da-ufrn-e-convidado-para-para-a-academia-organizadora-do-oscar\/#breadcrumb\",\"itemListElement\":[{\"@type\":\"ListItem\",\"position\":1,\"name\":\"In\u00edcio\",\"item\":\"https:\/\/deputadotaveirajr.com.br\/\"},{\"@type\":\"ListItem\",\"position\":2,\"name\":\"Professor da UFRN \u00e9 convidado para para a Academia organizadora do Oscar\"}]},{\"@type\":\"WebSite\",\"@id\":\"https:\/\/deputadotaveirajr.com.br\/#website\",\"url\":\"https:\/\/deputadotaveirajr.com.br\/\",\"name\":\"Taveira Jr\",\"description\":\"Deputado Estadual\",\"publisher\":{\"@id\":\"https:\/\/deputadotaveirajr.com.br\/#organization\"},\"potentialAction\":[{\"@type\":\"SearchAction\",\"target\":{\"@type\":\"EntryPoint\",\"urlTemplate\":\"https:\/\/deputadotaveirajr.com.br\/?s={search_term_string}\"},\"query-input\":{\"@type\":\"PropertyValueSpecification\",\"valueRequired\":true,\"valueName\":\"search_term_string\"}}],\"inLanguage\":\"pt-BR\"},{\"@type\":\"Organization\",\"@id\":\"https:\/\/deputadotaveirajr.com.br\/#organization\",\"name\":\"Taveira Jr\",\"url\":\"https:\/\/deputadotaveirajr.com.br\/\",\"logo\":{\"@type\":\"ImageObject\",\"inLanguage\":\"pt-BR\",\"@id\":\"https:\/\/deputadotaveirajr.com.br\/#\/schema\/logo\/image\/\",\"url\":\"https:\/\/deputadotaveirajr.com.br\/wp-content\/uploads\/2026\/01\/logolow2a.png\",\"contentUrl\":\"https:\/\/deputadotaveirajr.com.br\/wp-content\/uploads\/2026\/01\/logolow2a.png\",\"width\":290,\"height\":80,\"caption\":\"Taveira Jr\"},\"image\":{\"@id\":\"https:\/\/deputadotaveirajr.com.br\/#\/schema\/logo\/image\/\"}}]}<\/script>\n<!-- \/ Yoast SEO plugin. -->","yoast_head_json":{"title":"Professor da UFRN \u00e9 convidado para para a Academia organizadora do Oscar - Taveira Jr","robots":{"index":"index","follow":"follow","max-snippet":"max-snippet:-1","max-image-preview":"max-image-preview:large","max-video-preview":"max-video-preview:-1"},"canonical":"https:\/\/deputadotaveirajr.com.br\/index.php\/professor-da-ufrn-e-convidado-para-para-a-academia-organizadora-do-oscar\/","og_locale":"pt_BR","og_type":"article","og_title":"Professor da UFRN \u00e9 convidado para para a Academia organizadora do Oscar - Taveira Jr","og_description":"Carlos Segundo dirigiu filmes como Big Bang e Sideral, que estiveram em listas pr\u00e9vias para concorrer ao Oscar em anos anteirores. Outros sete brasileiros tamb\u00e9m foram convidados. Diretor Carlos Segundo ...","og_url":"https:\/\/deputadotaveirajr.com.br\/index.php\/professor-da-ufrn-e-convidado-para-para-a-academia-organizadora-do-oscar\/","og_site_name":"Taveira Jr","og_image":[{"width":692,"height":720,"url":"https:\/\/deputadotaveirajr.com.br\/wp-content\/uploads\/2024\/06\/captura-de-tela-2024-06-27-155831-2fG0I0.jpeg","type":"image\/jpeg"}],"twitter_card":"summary_large_image","twitter_misc":{"Est. tempo de leitura":"3 minutos"},"schema":{"@context":"https:\/\/schema.org","@graph":[{"@type":"WebPage","@id":"https:\/\/deputadotaveirajr.com.br\/index.php\/professor-da-ufrn-e-convidado-para-para-a-academia-organizadora-do-oscar\/","url":"https:\/\/deputadotaveirajr.com.br\/index.php\/professor-da-ufrn-e-convidado-para-para-a-academia-organizadora-do-oscar\/","name":"Professor da UFRN \u00e9 convidado para para a Academia organizadora do Oscar - Taveira Jr","isPartOf":{"@id":"https:\/\/deputadotaveirajr.com.br\/#website"},"primaryImageOfPage":{"@id":"https:\/\/deputadotaveirajr.com.br\/index.php\/professor-da-ufrn-e-convidado-para-para-a-academia-organizadora-do-oscar\/#primaryimage"},"image":{"@id":"https:\/\/deputadotaveirajr.com.br\/index.php\/professor-da-ufrn-e-convidado-para-para-a-academia-organizadora-do-oscar\/#primaryimage"},"thumbnailUrl":"https:\/\/deputadotaveirajr.com.br\/wp-content\/uploads\/2024\/06\/captura-de-tela-2024-06-27-155831-2fG0I0.jpeg","datePublished":"2024-06-27T22:09:30+00:00","breadcrumb":{"@id":"https:\/\/deputadotaveirajr.com.br\/index.php\/professor-da-ufrn-e-convidado-para-para-a-academia-organizadora-do-oscar\/#breadcrumb"},"inLanguage":"pt-BR","potentialAction":[{"@type":"ReadAction","target":["https:\/\/deputadotaveirajr.com.br\/index.php\/professor-da-ufrn-e-convidado-para-para-a-academia-organizadora-do-oscar\/"]}]},{"@type":"ImageObject","inLanguage":"pt-BR","@id":"https:\/\/deputadotaveirajr.com.br\/index.php\/professor-da-ufrn-e-convidado-para-para-a-academia-organizadora-do-oscar\/#primaryimage","url":"https:\/\/deputadotaveirajr.com.br\/wp-content\/uploads\/2024\/06\/captura-de-tela-2024-06-27-155831-2fG0I0.jpeg","contentUrl":"https:\/\/deputadotaveirajr.com.br\/wp-content\/uploads\/2024\/06\/captura-de-tela-2024-06-27-155831-2fG0I0.jpeg","width":692,"height":720},{"@type":"BreadcrumbList","@id":"https:\/\/deputadotaveirajr.com.br\/index.php\/professor-da-ufrn-e-convidado-para-para-a-academia-organizadora-do-oscar\/#breadcrumb","itemListElement":[{"@type":"ListItem","position":1,"name":"In\u00edcio","item":"https:\/\/deputadotaveirajr.com.br\/"},{"@type":"ListItem","position":2,"name":"Professor da UFRN \u00e9 convidado para para a Academia organizadora do Oscar"}]},{"@type":"WebSite","@id":"https:\/\/deputadotaveirajr.com.br\/#website","url":"https:\/\/deputadotaveirajr.com.br\/","name":"Taveira Jr","description":"Deputado Estadual","publisher":{"@id":"https:\/\/deputadotaveirajr.com.br\/#organization"},"potentialAction":[{"@type":"SearchAction","target":{"@type":"EntryPoint","urlTemplate":"https:\/\/deputadotaveirajr.com.br\/?s={search_term_string}"},"query-input":{"@type":"PropertyValueSpecification","valueRequired":true,"valueName":"search_term_string"}}],"inLanguage":"pt-BR"},{"@type":"Organization","@id":"https:\/\/deputadotaveirajr.com.br\/#organization","name":"Taveira Jr","url":"https:\/\/deputadotaveirajr.com.br\/","logo":{"@type":"ImageObject","inLanguage":"pt-BR","@id":"https:\/\/deputadotaveirajr.com.br\/#\/schema\/logo\/image\/","url":"https:\/\/deputadotaveirajr.com.br\/wp-content\/uploads\/2026\/01\/logolow2a.png","contentUrl":"https:\/\/deputadotaveirajr.com.br\/wp-content\/uploads\/2026\/01\/logolow2a.png","width":290,"height":80,"caption":"Taveira Jr"},"image":{"@id":"https:\/\/deputadotaveirajr.com.br\/#\/schema\/logo\/image\/"}}]}},"_links":{"self":[{"href":"https:\/\/deputadotaveirajr.com.br\/index.php\/wp-json\/wp\/v2\/pages\/7355","targetHints":{"allow":["GET"]}}],"collection":[{"href":"https:\/\/deputadotaveirajr.com.br\/index.php\/wp-json\/wp\/v2\/pages"}],"about":[{"href":"https:\/\/deputadotaveirajr.com.br\/index.php\/wp-json\/wp\/v2\/types\/page"}],"replies":[{"embeddable":true,"href":"https:\/\/deputadotaveirajr.com.br\/index.php\/wp-json\/wp\/v2\/comments?post=7355"}],"version-history":[{"count":1,"href":"https:\/\/deputadotaveirajr.com.br\/index.php\/wp-json\/wp\/v2\/pages\/7355\/revisions"}],"predecessor-version":[{"id":7360,"href":"https:\/\/deputadotaveirajr.com.br\/index.php\/wp-json\/wp\/v2\/pages\/7355\/revisions\/7360"}],"wp:featuredmedia":[{"embeddable":true,"href":"https:\/\/deputadotaveirajr.com.br\/index.php\/wp-json\/wp\/v2\/media\/7356"}],"wp:attachment":[{"href":"https:\/\/deputadotaveirajr.com.br\/index.php\/wp-json\/wp\/v2\/media?parent=7355"}],"curies":[{"name":"wp","href":"https:\/\/api.w.org\/{rel}","templated":true}]}}