{"id":7374,"date":"2024-06-28T18:13:51","date_gmt":"2024-06-28T21:13:51","guid":{"rendered":"https:\/\/deputadotaveirajr.com.br\/?page_id=7374"},"modified":"2024-06-28T18:13:51","modified_gmt":"2024-06-28T21:13:51","slug":"mostra-de-cinema-de-gostoso-abre-inscricoes-para-filmes-em-2024","status":"publish","type":"page","link":"https:\/\/deputadotaveirajr.com.br\/index.php\/mostra-de-cinema-de-gostoso-abre-inscricoes-para-filmes-em-2024\/","title":{"rendered":"Mostra de Cinema de Gostoso abre inscri\u00e7\u00f5es para filmes em 2024"},"content":{"rendered":"<p>     Produ\u00e7\u00f5es cinemaogr\u00e1ficas produzidas no Brasil e finalizadas a partir de 2023 podem se inscrever at\u00e9 25 de agostoso. Evento acontece de 22 a 26 de novembro.  Exibi\u00e7\u00f5es da Mostra de Cinema de Gostoso acontecem na Praia do Macei\u00f3, a c\u00e9u aberto, em S\u00e3o Miguel do Gostoso, RN<br \/>\nRog\u00e9rio Vital<br \/>\nA 11\u00aa Mostra de Cinema de Gostoso abriu nesta quinta-feira (27) inscri\u00e7\u00f5es para filmes de todos os g\u00eaneros que tenham sido produzidos no Brasil e finalizados a partir de 2023. Podem se inscrever obras ficcionais, n\u00e3o ficcionais e anima\u00e7\u00f5es &#8211; a exce\u00e7\u00e3o fica para os videoclipes.<br \/>\n As inscri\u00e7\u00f5es s\u00e3o gratuitas e podem ser feitas pelo site do festival at\u00e9 o dia 25 de agosto.<br \/>\nA mostra acontece entre os dias 22 e 26 de novembro na cidade de S\u00e3o Miguel do Gostoso, no litoral norte potiguar. Toda a programa\u00e7\u00e3o \u00e9 gratuita.<br \/>\n\ud83d\udcf3Participe do canal do g1 RN no WhatsApp<br \/>\nUltrapassando uma d\u00e9cada de exist\u00eancia, a Mostra de Cinema de Gostoso entrou no calend\u00e1rio cultural do Rio Grande do Norte. A mostra acontece com duas salas de cinema constru\u00eddas ao ar livre, e alta qualidade de som e imagem na beira da praia.<br \/>\nO evento conta com lan\u00e7amentos cinematogr\u00e1ficos brasileiros que s\u00e3o exibidos gratuitamente ao p\u00fablico.<br \/>\nPalco principal<br \/>\nO palco principal da mostra \u00e9 a sala ao ar livre montada na Praia do Macei\u00f3, onde acontecem as sess\u00f5es da Mostra Competitiva. Com 650 cadeiras espregui\u00e7adeiras, tela de 12m x 6,5m, proje\u00e7\u00e3o com resolu\u00e7\u00e3o 2K e 4K e som 7.1.<br \/>\nAl\u00e9m disso, acontece uma programa\u00e7\u00e3o paralela de filmes em uma tenda climatizada em formato geod\u00e9sico com capacidade para 130 lugares, tamb\u00e9m instalada na praia.<br \/>\nMais de 30 filmes<br \/>\nSegundo a organiza\u00e7\u00e3o da mostra, a edi\u00e7\u00e3o deste ano contar\u00e1 com mais de 30 filmes, entre as mostras Competitiva, Panorama e Sess\u00f5es Especiais.<br \/>\nOs filmes da Mostra Competitiva concorrem ao Pr\u00eamio do P\u00fablico, concedido pelo voto popular ao melhor curta e longa-metragem. Tamb\u00e9m ser\u00e1 concedido o Pr\u00eamio da Cr\u00edtica, a partir da vota\u00e7\u00e3o de jornalistas e cr\u00edticos de cinema presentes na Mostra.<br \/>\nAl\u00e9m da exibi\u00e7\u00f5es dos filmes, diariamente ocorrem debates com cineastas, atores e atrizes, que tiveram seus filmes exibidos e semin\u00e1rios com profissionais do audiovisual.<br \/>\nCursos de Forma\u00e7\u00e3o<br \/>\nA mostra tamb\u00e9m conta com um lado social para os moradores de S\u00e3o Miguel do Gostoso. Meses antes do in\u00edcio da mostra, acontecem cursos de forma\u00e7\u00e3o t\u00e9cnica e audiovisual \u00e0 popula\u00e7\u00e3o.<br \/>\nOprojeto oferece aos jovens do munic\u00edpio cursos de forma\u00e7\u00e3o t\u00e9cnica e audiovisual de toda cadeia da produ\u00e7\u00e3o cinematogr\u00e1fica. Desde conhecimentos te\u00f3ricos a pr\u00e1ticos, abordando temas como hist\u00f3ria do cinema, linguagem audiovisual, roteiro, produ\u00e7\u00e3o e fotografia.<br \/>\nEsses jovens produzem curtas-metragens, que s\u00e3o exibidos na ampla sala de cinema montada na Praia do Macei\u00f3 durante a Mostra.  Desde 2013, 153 alunos se formaram nos cursos, resultando na realiza\u00e7\u00e3o de 25 curtas-metragens e 56 oficinas.<br \/>\nV\u00eddeos mais assistidos do g1 RN<\/p>","protected":false},"excerpt":{"rendered":"<p>Produ\u00e7\u00f5es cinemaogr\u00e1ficas produzidas no Brasil e finalizadas a partir de 2023 podem se inscrever at\u00e9 25 de agostoso. Evento acontece de 22 a 26 de novembro. Exibi\u00e7\u00f5es da Mostra de &#8230;<\/p>\n","protected":false},"author":0,"featured_media":7375,"parent":0,"menu_order":0,"comment_status":"closed","ping_status":"closed","template":"","meta":{"footnotes":""},"class_list":["post-7374","page","type-page","status-publish","has-post-thumbnail","hentry"],"yoast_head":"<!-- This site is optimized with the Yoast SEO plugin v27.1.1 - https:\/\/yoast.com\/product\/yoast-seo-wordpress\/ -->\n<title>Mostra de Cinema de Gostoso abre inscri\u00e7\u00f5es para filmes em 2024 - Taveira Jr<\/title>\n<meta name=\"robots\" content=\"index, follow, max-snippet:-1, max-image-preview:large, max-video-preview:-1\" \/>\n<link rel=\"canonical\" href=\"https:\/\/deputadotaveirajr.com.br\/index.php\/mostra-de-cinema-de-gostoso-abre-inscricoes-para-filmes-em-2024\/\" \/>\n<meta property=\"og:locale\" content=\"pt_BR\" \/>\n<meta property=\"og:type\" content=\"article\" \/>\n<meta property=\"og:title\" content=\"Mostra de Cinema de Gostoso abre inscri\u00e7\u00f5es para filmes em 2024 - Taveira Jr\" \/>\n<meta property=\"og:description\" content=\"Produ\u00e7\u00f5es cinemaogr\u00e1ficas produzidas no Brasil e finalizadas a partir de 2023 podem se inscrever at\u00e9 25 de agostoso. Evento acontece de 22 a 26 de novembro. Exibi\u00e7\u00f5es da Mostra de ...\" \/>\n<meta property=\"og:url\" content=\"https:\/\/deputadotaveirajr.com.br\/index.php\/mostra-de-cinema-de-gostoso-abre-inscricoes-para-filmes-em-2024\/\" \/>\n<meta property=\"og:site_name\" content=\"Taveira Jr\" \/>\n<meta property=\"og:image\" content=\"https:\/\/deputadotaveirajr.com.br\/wp-content\/uploads\/2024\/06\/whatsapp-image-2019-11-13-at-10.49.27-ATEu62.jpeg\" \/>\n\t<meta property=\"og:image:width\" content=\"1280\" \/>\n\t<meta property=\"og:image:height\" content=\"853\" \/>\n\t<meta property=\"og:image:type\" content=\"image\/jpeg\" \/>\n<meta name=\"twitter:card\" content=\"summary_large_image\" \/>\n<meta name=\"twitter:label1\" content=\"Est. tempo de leitura\" \/>\n\t<meta name=\"twitter:data1\" content=\"3 minutos\" \/>\n<script type=\"application\/ld+json\" class=\"yoast-schema-graph\">{\"@context\":\"https:\/\/schema.org\",\"@graph\":[{\"@type\":\"WebPage\",\"@id\":\"https:\/\/deputadotaveirajr.com.br\/index.php\/mostra-de-cinema-de-gostoso-abre-inscricoes-para-filmes-em-2024\/\",\"url\":\"https:\/\/deputadotaveirajr.com.br\/index.php\/mostra-de-cinema-de-gostoso-abre-inscricoes-para-filmes-em-2024\/\",\"name\":\"Mostra de Cinema de Gostoso abre inscri\u00e7\u00f5es para filmes em 2024 - Taveira Jr\",\"isPartOf\":{\"@id\":\"https:\/\/deputadotaveirajr.com.br\/#website\"},\"primaryImageOfPage\":{\"@id\":\"https:\/\/deputadotaveirajr.com.br\/index.php\/mostra-de-cinema-de-gostoso-abre-inscricoes-para-filmes-em-2024\/#primaryimage\"},\"image\":{\"@id\":\"https:\/\/deputadotaveirajr.com.br\/index.php\/mostra-de-cinema-de-gostoso-abre-inscricoes-para-filmes-em-2024\/#primaryimage\"},\"thumbnailUrl\":\"https:\/\/deputadotaveirajr.com.br\/wp-content\/uploads\/2024\/06\/whatsapp-image-2019-11-13-at-10.49.27-ATEu62.jpeg\",\"datePublished\":\"2024-06-28T21:13:51+00:00\",\"breadcrumb\":{\"@id\":\"https:\/\/deputadotaveirajr.com.br\/index.php\/mostra-de-cinema-de-gostoso-abre-inscricoes-para-filmes-em-2024\/#breadcrumb\"},\"inLanguage\":\"pt-BR\",\"potentialAction\":[{\"@type\":\"ReadAction\",\"target\":[\"https:\/\/deputadotaveirajr.com.br\/index.php\/mostra-de-cinema-de-gostoso-abre-inscricoes-para-filmes-em-2024\/\"]}]},{\"@type\":\"ImageObject\",\"inLanguage\":\"pt-BR\",\"@id\":\"https:\/\/deputadotaveirajr.com.br\/index.php\/mostra-de-cinema-de-gostoso-abre-inscricoes-para-filmes-em-2024\/#primaryimage\",\"url\":\"https:\/\/deputadotaveirajr.com.br\/wp-content\/uploads\/2024\/06\/whatsapp-image-2019-11-13-at-10.49.27-ATEu62.jpeg\",\"contentUrl\":\"https:\/\/deputadotaveirajr.com.br\/wp-content\/uploads\/2024\/06\/whatsapp-image-2019-11-13-at-10.49.27-ATEu62.jpeg\",\"width\":1280,\"height\":853},{\"@type\":\"BreadcrumbList\",\"@id\":\"https:\/\/deputadotaveirajr.com.br\/index.php\/mostra-de-cinema-de-gostoso-abre-inscricoes-para-filmes-em-2024\/#breadcrumb\",\"itemListElement\":[{\"@type\":\"ListItem\",\"position\":1,\"name\":\"In\u00edcio\",\"item\":\"https:\/\/deputadotaveirajr.com.br\/\"},{\"@type\":\"ListItem\",\"position\":2,\"name\":\"Mostra de Cinema de Gostoso abre inscri\u00e7\u00f5es para filmes em 2024\"}]},{\"@type\":\"WebSite\",\"@id\":\"https:\/\/deputadotaveirajr.com.br\/#website\",\"url\":\"https:\/\/deputadotaveirajr.com.br\/\",\"name\":\"Taveira Jr\",\"description\":\"Deputado Estadual\",\"publisher\":{\"@id\":\"https:\/\/deputadotaveirajr.com.br\/#organization\"},\"potentialAction\":[{\"@type\":\"SearchAction\",\"target\":{\"@type\":\"EntryPoint\",\"urlTemplate\":\"https:\/\/deputadotaveirajr.com.br\/?s={search_term_string}\"},\"query-input\":{\"@type\":\"PropertyValueSpecification\",\"valueRequired\":true,\"valueName\":\"search_term_string\"}}],\"inLanguage\":\"pt-BR\"},{\"@type\":\"Organization\",\"@id\":\"https:\/\/deputadotaveirajr.com.br\/#organization\",\"name\":\"Taveira Jr\",\"url\":\"https:\/\/deputadotaveirajr.com.br\/\",\"logo\":{\"@type\":\"ImageObject\",\"inLanguage\":\"pt-BR\",\"@id\":\"https:\/\/deputadotaveirajr.com.br\/#\/schema\/logo\/image\/\",\"url\":\"https:\/\/deputadotaveirajr.com.br\/wp-content\/uploads\/2026\/01\/logolow2a.png\",\"contentUrl\":\"https:\/\/deputadotaveirajr.com.br\/wp-content\/uploads\/2026\/01\/logolow2a.png\",\"width\":290,\"height\":80,\"caption\":\"Taveira Jr\"},\"image\":{\"@id\":\"https:\/\/deputadotaveirajr.com.br\/#\/schema\/logo\/image\/\"}}]}<\/script>\n<!-- \/ Yoast SEO plugin. -->","yoast_head_json":{"title":"Mostra de Cinema de Gostoso abre inscri\u00e7\u00f5es para filmes em 2024 - Taveira Jr","robots":{"index":"index","follow":"follow","max-snippet":"max-snippet:-1","max-image-preview":"max-image-preview:large","max-video-preview":"max-video-preview:-1"},"canonical":"https:\/\/deputadotaveirajr.com.br\/index.php\/mostra-de-cinema-de-gostoso-abre-inscricoes-para-filmes-em-2024\/","og_locale":"pt_BR","og_type":"article","og_title":"Mostra de Cinema de Gostoso abre inscri\u00e7\u00f5es para filmes em 2024 - Taveira Jr","og_description":"Produ\u00e7\u00f5es cinemaogr\u00e1ficas produzidas no Brasil e finalizadas a partir de 2023 podem se inscrever at\u00e9 25 de agostoso. Evento acontece de 22 a 26 de novembro. Exibi\u00e7\u00f5es da Mostra de ...","og_url":"https:\/\/deputadotaveirajr.com.br\/index.php\/mostra-de-cinema-de-gostoso-abre-inscricoes-para-filmes-em-2024\/","og_site_name":"Taveira Jr","og_image":[{"width":1280,"height":853,"url":"https:\/\/deputadotaveirajr.com.br\/wp-content\/uploads\/2024\/06\/whatsapp-image-2019-11-13-at-10.49.27-ATEu62.jpeg","type":"image\/jpeg"}],"twitter_card":"summary_large_image","twitter_misc":{"Est. tempo de leitura":"3 minutos"},"schema":{"@context":"https:\/\/schema.org","@graph":[{"@type":"WebPage","@id":"https:\/\/deputadotaveirajr.com.br\/index.php\/mostra-de-cinema-de-gostoso-abre-inscricoes-para-filmes-em-2024\/","url":"https:\/\/deputadotaveirajr.com.br\/index.php\/mostra-de-cinema-de-gostoso-abre-inscricoes-para-filmes-em-2024\/","name":"Mostra de Cinema de Gostoso abre inscri\u00e7\u00f5es para filmes em 2024 - Taveira Jr","isPartOf":{"@id":"https:\/\/deputadotaveirajr.com.br\/#website"},"primaryImageOfPage":{"@id":"https:\/\/deputadotaveirajr.com.br\/index.php\/mostra-de-cinema-de-gostoso-abre-inscricoes-para-filmes-em-2024\/#primaryimage"},"image":{"@id":"https:\/\/deputadotaveirajr.com.br\/index.php\/mostra-de-cinema-de-gostoso-abre-inscricoes-para-filmes-em-2024\/#primaryimage"},"thumbnailUrl":"https:\/\/deputadotaveirajr.com.br\/wp-content\/uploads\/2024\/06\/whatsapp-image-2019-11-13-at-10.49.27-ATEu62.jpeg","datePublished":"2024-06-28T21:13:51+00:00","breadcrumb":{"@id":"https:\/\/deputadotaveirajr.com.br\/index.php\/mostra-de-cinema-de-gostoso-abre-inscricoes-para-filmes-em-2024\/#breadcrumb"},"inLanguage":"pt-BR","potentialAction":[{"@type":"ReadAction","target":["https:\/\/deputadotaveirajr.com.br\/index.php\/mostra-de-cinema-de-gostoso-abre-inscricoes-para-filmes-em-2024\/"]}]},{"@type":"ImageObject","inLanguage":"pt-BR","@id":"https:\/\/deputadotaveirajr.com.br\/index.php\/mostra-de-cinema-de-gostoso-abre-inscricoes-para-filmes-em-2024\/#primaryimage","url":"https:\/\/deputadotaveirajr.com.br\/wp-content\/uploads\/2024\/06\/whatsapp-image-2019-11-13-at-10.49.27-ATEu62.jpeg","contentUrl":"https:\/\/deputadotaveirajr.com.br\/wp-content\/uploads\/2024\/06\/whatsapp-image-2019-11-13-at-10.49.27-ATEu62.jpeg","width":1280,"height":853},{"@type":"BreadcrumbList","@id":"https:\/\/deputadotaveirajr.com.br\/index.php\/mostra-de-cinema-de-gostoso-abre-inscricoes-para-filmes-em-2024\/#breadcrumb","itemListElement":[{"@type":"ListItem","position":1,"name":"In\u00edcio","item":"https:\/\/deputadotaveirajr.com.br\/"},{"@type":"ListItem","position":2,"name":"Mostra de Cinema de Gostoso abre inscri\u00e7\u00f5es para filmes em 2024"}]},{"@type":"WebSite","@id":"https:\/\/deputadotaveirajr.com.br\/#website","url":"https:\/\/deputadotaveirajr.com.br\/","name":"Taveira Jr","description":"Deputado Estadual","publisher":{"@id":"https:\/\/deputadotaveirajr.com.br\/#organization"},"potentialAction":[{"@type":"SearchAction","target":{"@type":"EntryPoint","urlTemplate":"https:\/\/deputadotaveirajr.com.br\/?s={search_term_string}"},"query-input":{"@type":"PropertyValueSpecification","valueRequired":true,"valueName":"search_term_string"}}],"inLanguage":"pt-BR"},{"@type":"Organization","@id":"https:\/\/deputadotaveirajr.com.br\/#organization","name":"Taveira Jr","url":"https:\/\/deputadotaveirajr.com.br\/","logo":{"@type":"ImageObject","inLanguage":"pt-BR","@id":"https:\/\/deputadotaveirajr.com.br\/#\/schema\/logo\/image\/","url":"https:\/\/deputadotaveirajr.com.br\/wp-content\/uploads\/2026\/01\/logolow2a.png","contentUrl":"https:\/\/deputadotaveirajr.com.br\/wp-content\/uploads\/2026\/01\/logolow2a.png","width":290,"height":80,"caption":"Taveira Jr"},"image":{"@id":"https:\/\/deputadotaveirajr.com.br\/#\/schema\/logo\/image\/"}}]}},"_links":{"self":[{"href":"https:\/\/deputadotaveirajr.com.br\/index.php\/wp-json\/wp\/v2\/pages\/7374","targetHints":{"allow":["GET"]}}],"collection":[{"href":"https:\/\/deputadotaveirajr.com.br\/index.php\/wp-json\/wp\/v2\/pages"}],"about":[{"href":"https:\/\/deputadotaveirajr.com.br\/index.php\/wp-json\/wp\/v2\/types\/page"}],"replies":[{"embeddable":true,"href":"https:\/\/deputadotaveirajr.com.br\/index.php\/wp-json\/wp\/v2\/comments?post=7374"}],"version-history":[{"count":1,"href":"https:\/\/deputadotaveirajr.com.br\/index.php\/wp-json\/wp\/v2\/pages\/7374\/revisions"}],"predecessor-version":[{"id":7378,"href":"https:\/\/deputadotaveirajr.com.br\/index.php\/wp-json\/wp\/v2\/pages\/7374\/revisions\/7378"}],"wp:featuredmedia":[{"embeddable":true,"href":"https:\/\/deputadotaveirajr.com.br\/index.php\/wp-json\/wp\/v2\/media\/7375"}],"wp:attachment":[{"href":"https:\/\/deputadotaveirajr.com.br\/index.php\/wp-json\/wp\/v2\/media?parent=7374"}],"curies":[{"name":"wp","href":"https:\/\/api.w.org\/{rel}","templated":true}]}}