{"id":7384,"date":"2024-06-29T12:26:05","date_gmt":"2024-06-29T15:26:05","guid":{"rendered":"https:\/\/deputadotaveirajr.com.br\/?page_id=7384"},"modified":"2024-06-29T12:26:05","modified_gmt":"2024-06-29T15:26:05","slug":"medico-brasileiro-que-sobreviveu-a-acidente-na-africa-paga-fianca-para-responder-a-processo-em-liberdade-diz-familia","status":"publish","type":"page","link":"https:\/\/deputadotaveirajr.com.br\/index.php\/medico-brasileiro-que-sobreviveu-a-acidente-na-africa-paga-fianca-para-responder-a-processo-em-liberdade-diz-familia\/","title":{"rendered":"M\u00e9dico brasileiro que sobreviveu a acidente na \u00c1frica paga fian\u00e7a para responder a processo em liberdade, diz fam\u00edlia"},"content":{"rendered":"<p>     Motorista de um dos carros, Charles S\u00e1 passou a ser custodiado pelas autoridades locais ap\u00f3s o acidente que terminou com morte da esposa e de outras 8 pessoas na Nam\u00edbia.  O m\u00e9dico Charles S\u00e1 e sua esposa Natale Gontijo, que morreu em acidente na \u00c1frica<br \/>\nReprodu\u00e7\u00e3o<br \/>\nO m\u00e9dico brasileiro Charles S\u00e1, que sobreviveu a um acidente de carro que deixou nove pessoas mortas na Nam\u00edbia, pagou a fian\u00e7a decretada pela justi\u00e7a local para responder ao processo em liberdade. Entre as v\u00edtimas do acidente, est\u00e1 a esposa de Charles, a tamb\u00e9m m\u00e9dica Natale Gontijo.<br \/>\nA informa\u00e7\u00e3o foi confirmada ao g1 pelo irm\u00e3o do m\u00e9dico, o dentista Ricardo S\u00e1, na noite desta sexta-feira (28). O valor da fian\u00e7a n\u00e3o foi divulgado.<br \/>\nO m\u00e9dico, que conduzia um dos ve\u00edculos envolvidos no acidente, est\u00e1 custodiado pelas autoridades locais, mas n\u00e3o \u00e9 considerado preso, segundo a embaixada.<br \/>\n\ud83d\udcf3Participe do canal do g1 RN no WhatsApp<br \/>\nSegundo o irm\u00e3o do m\u00e9dico, ainda s\u00e3o necess\u00e1rios os &#8220;tr\u00e2mites legais e formais da justi\u00e7a para que Charles possa responder ao processo em liberdade&#8221;.<br \/>\nRicardo S\u00e1 disse, no entanto, que a a fian\u00e7a &#8220;foi decretada e j\u00e1 foi paga&#8221; e que agora est\u00e1 &#8220;esperando o juizado emitir o documento da liberdade de ir e vir de Charles&#8221;.<br \/>\nO m\u00e9dico foi transferido na quinta-feira (27) para a capital do pa\u00eds, Windhoek, para continuar um tratamento de sa\u00fade.<br \/>\nSegundo o irm\u00e3o, Charles precisa tratar uma fratura na v\u00e9rtebra L5. Ele estava internado no hospital da cidade de Otjiwarongo, desde o acidente.<br \/>\nA movimenta\u00e7\u00e3o processual relacionada ao acidente pode demorar semanas, acredita o irm\u00e3o. Apesar disso, ele disse que a fam\u00edlia est\u00e1 esperan\u00e7osa.<br \/>\nA expectativa da fam\u00edlia \u00e9 de que o m\u00e9dico volte ao Brasil para velar o corpo da esposa, mas ainda n\u00e3o h\u00e1 previs\u00e3o de data para que isso ocorra.<br \/>\nSaf\u00e1ri na \u00c1frica<br \/>\nO casal estava de f\u00e9rias e pretendia fazer um saf\u00e1ri por diferentes pa\u00edses do continente africano. Por\u00e9m, se envolveu em um acidente no dia 18 de junho, quando bateu de frente em outro ve\u00edculo, onde estavam 8 pessoas.<br \/>\nCharles fez um relato do acidente em um coment\u00e1rio publicado na postagem de um amigo, nesta semana. No texto, o m\u00e9dico afirmou que e ficou desacordado ap\u00f3s a colis\u00e3o e n\u00e3o tem muitas mem\u00f3rias do caso.<br \/>\n&#8220;Estou aqui vivo, com uma pequena fratura na coluna aguardando as autoridades locais. N\u00e3o entendi ainda o porqu\u00ea fiquei vivo, mas Deus deve estar com alguns planos para mim. Este acidente aconteceu no nosso deslocamento na rodovia. Aqui \u00e9 m\u00e3o inglesa. Na batida, fiquei desacordado, n\u00e3o lembro de muita coisa&#8221;, afirmou o m\u00e9dico.<br \/>\nLEIA TAMB\u00c9M<br \/>\nPesquisador, dedicado a causas sociais e esportista: quem \u00e9 o m\u00e9dico brasileiro que sobreviveu a acidente na \u00c1frica<br \/>\nCirurgi\u00e3 pl\u00e1stica e assistente de Ivo Pitanguy por 20 anos: quem \u00e9 a m\u00e9dica brasileira que morreu em acidente na \u00c1frica<br \/>\nM\u00e9dico Charles S\u00e1 e a esposa Natale Gontijo, que morreu em acidente na \u00c1frica<br \/>\nReprodu\u00e7\u00e3o<br \/>\nO acidente<br \/>\nO acidente ocorreu no dia 18 de junho, com a colis\u00e3o frontal entre dois carros em uma rodovia entre as cidades de Otjiwarongo e Otavi, na Nam\u00edbia. Charles conduzia um dos ve\u00edculos e teria provocado o acidente por conta de uma ultrapassagem.<br \/>\nA embaixada brasileira no pa\u00eds refor\u00e7ou que o brasileiro &#8220;ainda n\u00e3o \u00e9 r\u00e9u&#8221; e que &#8220;ainda n\u00e3o h\u00e1 processo judicial formalizado contra ele&#8221;.<br \/>\nPotiguar que se envolveu em acidente na Nam\u00edbia est\u00e1 sob cust\u00f3dia das autoridades<br \/>\nO brasileiro pretendia cruzar pa\u00edses da \u00c1frica fazendo um saf\u00e1ri expedicion\u00e1rio somente com sua esposa, sem guias. A mulher de Charles, a cirurgi\u00e3 pl\u00e1stica Natale Gontijo, estava no carro com ele e foi uma das nove v\u00edtimas do acidente.<br \/>\nAinda de acordo com a embaixada, o corpo de Natale foi recebido na capital Windhoek no dia 21 e passou por per\u00edcia m\u00e9dica.<br \/>\nNatale era mineira, tinha resid\u00eancia com o marido no Rio de Janeiro e trabalhava atualmente em Verona, na It\u00e1lia. O casal tamb\u00e9m possu\u00eda cl\u00ednicas em Natal e em Belo Horizonte.<br \/>\nCharles e Natale se conheceram durante o curso de cirurgia pl\u00e1stica e estavam casados h\u00e1 mais de 20 anos.<br \/>\nVeja os v\u00eddeos mais assistidos no g1 RN<\/p>","protected":false},"excerpt":{"rendered":"<p>Motorista de um dos carros, Charles S\u00e1 passou a ser custodiado pelas autoridades locais ap\u00f3s o acidente que terminou com morte da esposa e de outras 8 pessoas na Nam\u00edbia. &#8230;<\/p>\n","protected":false},"author":0,"featured_media":7385,"parent":0,"menu_order":0,"comment_status":"closed","ping_status":"closed","template":"","meta":{"footnotes":""},"class_list":["post-7384","page","type-page","status-publish","has-post-thumbnail","hentry"],"yoast_head":"<!-- This site is optimized with the Yoast SEO plugin v27.1.1 - https:\/\/yoast.com\/product\/yoast-seo-wordpress\/ -->\n<title>M\u00e9dico brasileiro que sobreviveu a acidente na \u00c1frica paga fian\u00e7a para responder a processo em liberdade, diz fam\u00edlia - Taveira Jr<\/title>\n<meta name=\"robots\" content=\"index, follow, max-snippet:-1, max-image-preview:large, max-video-preview:-1\" \/>\n<link rel=\"canonical\" href=\"https:\/\/deputadotaveirajr.com.br\/index.php\/medico-brasileiro-que-sobreviveu-a-acidente-na-africa-paga-fianca-para-responder-a-processo-em-liberdade-diz-familia\/\" \/>\n<meta property=\"og:locale\" content=\"pt_BR\" \/>\n<meta property=\"og:type\" content=\"article\" \/>\n<meta property=\"og:title\" content=\"M\u00e9dico brasileiro que sobreviveu a acidente na \u00c1frica paga fian\u00e7a para responder a processo em liberdade, diz fam\u00edlia - Taveira Jr\" \/>\n<meta property=\"og:description\" content=\"Motorista de um dos carros, Charles S\u00e1 passou a ser custodiado pelas autoridades locais ap\u00f3s o acidente que terminou com morte da esposa e de outras 8 pessoas na Nam\u00edbia. ...\" \/>\n<meta property=\"og:url\" content=\"https:\/\/deputadotaveirajr.com.br\/index.php\/medico-brasileiro-que-sobreviveu-a-acidente-na-africa-paga-fianca-para-responder-a-processo-em-liberdade-diz-familia\/\" \/>\n<meta property=\"og:site_name\" content=\"Taveira Jr\" \/>\n<meta property=\"og:image\" content=\"https:\/\/deputadotaveirajr.com.br\/wp-content\/uploads\/2024\/06\/charles-yrANmO.jpeg\" \/>\n\t<meta property=\"og:image:width\" content=\"1133\" \/>\n\t<meta property=\"og:image:height\" content=\"792\" \/>\n\t<meta property=\"og:image:type\" content=\"image\/jpeg\" \/>\n<meta name=\"twitter:card\" content=\"summary_large_image\" \/>\n<meta name=\"twitter:label1\" content=\"Est. tempo de leitura\" \/>\n\t<meta name=\"twitter:data1\" content=\"4 minutos\" \/>\n<script type=\"application\/ld+json\" class=\"yoast-schema-graph\">{\"@context\":\"https:\/\/schema.org\",\"@graph\":[{\"@type\":\"WebPage\",\"@id\":\"https:\/\/deputadotaveirajr.com.br\/index.php\/medico-brasileiro-que-sobreviveu-a-acidente-na-africa-paga-fianca-para-responder-a-processo-em-liberdade-diz-familia\/\",\"url\":\"https:\/\/deputadotaveirajr.com.br\/index.php\/medico-brasileiro-que-sobreviveu-a-acidente-na-africa-paga-fianca-para-responder-a-processo-em-liberdade-diz-familia\/\",\"name\":\"M\u00e9dico brasileiro que sobreviveu a acidente na \u00c1frica paga fian\u00e7a para responder a processo em liberdade, diz fam\u00edlia - Taveira Jr\",\"isPartOf\":{\"@id\":\"https:\/\/deputadotaveirajr.com.br\/#website\"},\"primaryImageOfPage\":{\"@id\":\"https:\/\/deputadotaveirajr.com.br\/index.php\/medico-brasileiro-que-sobreviveu-a-acidente-na-africa-paga-fianca-para-responder-a-processo-em-liberdade-diz-familia\/#primaryimage\"},\"image\":{\"@id\":\"https:\/\/deputadotaveirajr.com.br\/index.php\/medico-brasileiro-que-sobreviveu-a-acidente-na-africa-paga-fianca-para-responder-a-processo-em-liberdade-diz-familia\/#primaryimage\"},\"thumbnailUrl\":\"https:\/\/deputadotaveirajr.com.br\/wp-content\/uploads\/2024\/06\/charles-yrANmO.jpeg\",\"datePublished\":\"2024-06-29T15:26:05+00:00\",\"breadcrumb\":{\"@id\":\"https:\/\/deputadotaveirajr.com.br\/index.php\/medico-brasileiro-que-sobreviveu-a-acidente-na-africa-paga-fianca-para-responder-a-processo-em-liberdade-diz-familia\/#breadcrumb\"},\"inLanguage\":\"pt-BR\",\"potentialAction\":[{\"@type\":\"ReadAction\",\"target\":[\"https:\/\/deputadotaveirajr.com.br\/index.php\/medico-brasileiro-que-sobreviveu-a-acidente-na-africa-paga-fianca-para-responder-a-processo-em-liberdade-diz-familia\/\"]}]},{\"@type\":\"ImageObject\",\"inLanguage\":\"pt-BR\",\"@id\":\"https:\/\/deputadotaveirajr.com.br\/index.php\/medico-brasileiro-que-sobreviveu-a-acidente-na-africa-paga-fianca-para-responder-a-processo-em-liberdade-diz-familia\/#primaryimage\",\"url\":\"https:\/\/deputadotaveirajr.com.br\/wp-content\/uploads\/2024\/06\/charles-yrANmO.jpeg\",\"contentUrl\":\"https:\/\/deputadotaveirajr.com.br\/wp-content\/uploads\/2024\/06\/charles-yrANmO.jpeg\",\"width\":1133,\"height\":792},{\"@type\":\"BreadcrumbList\",\"@id\":\"https:\/\/deputadotaveirajr.com.br\/index.php\/medico-brasileiro-que-sobreviveu-a-acidente-na-africa-paga-fianca-para-responder-a-processo-em-liberdade-diz-familia\/#breadcrumb\",\"itemListElement\":[{\"@type\":\"ListItem\",\"position\":1,\"name\":\"In\u00edcio\",\"item\":\"https:\/\/deputadotaveirajr.com.br\/\"},{\"@type\":\"ListItem\",\"position\":2,\"name\":\"M\u00e9dico brasileiro que sobreviveu a acidente na \u00c1frica paga fian\u00e7a para responder a processo em liberdade, diz fam\u00edlia\"}]},{\"@type\":\"WebSite\",\"@id\":\"https:\/\/deputadotaveirajr.com.br\/#website\",\"url\":\"https:\/\/deputadotaveirajr.com.br\/\",\"name\":\"Taveira Jr\",\"description\":\"Deputado Estadual\",\"publisher\":{\"@id\":\"https:\/\/deputadotaveirajr.com.br\/#organization\"},\"potentialAction\":[{\"@type\":\"SearchAction\",\"target\":{\"@type\":\"EntryPoint\",\"urlTemplate\":\"https:\/\/deputadotaveirajr.com.br\/?s={search_term_string}\"},\"query-input\":{\"@type\":\"PropertyValueSpecification\",\"valueRequired\":true,\"valueName\":\"search_term_string\"}}],\"inLanguage\":\"pt-BR\"},{\"@type\":\"Organization\",\"@id\":\"https:\/\/deputadotaveirajr.com.br\/#organization\",\"name\":\"Taveira Jr\",\"url\":\"https:\/\/deputadotaveirajr.com.br\/\",\"logo\":{\"@type\":\"ImageObject\",\"inLanguage\":\"pt-BR\",\"@id\":\"https:\/\/deputadotaveirajr.com.br\/#\/schema\/logo\/image\/\",\"url\":\"https:\/\/deputadotaveirajr.com.br\/wp-content\/uploads\/2026\/01\/logolow2a.png\",\"contentUrl\":\"https:\/\/deputadotaveirajr.com.br\/wp-content\/uploads\/2026\/01\/logolow2a.png\",\"width\":290,\"height\":80,\"caption\":\"Taveira Jr\"},\"image\":{\"@id\":\"https:\/\/deputadotaveirajr.com.br\/#\/schema\/logo\/image\/\"}}]}<\/script>\n<!-- \/ Yoast SEO plugin. -->","yoast_head_json":{"title":"M\u00e9dico brasileiro que sobreviveu a acidente na \u00c1frica paga fian\u00e7a para responder a processo em liberdade, diz fam\u00edlia - Taveira Jr","robots":{"index":"index","follow":"follow","max-snippet":"max-snippet:-1","max-image-preview":"max-image-preview:large","max-video-preview":"max-video-preview:-1"},"canonical":"https:\/\/deputadotaveirajr.com.br\/index.php\/medico-brasileiro-que-sobreviveu-a-acidente-na-africa-paga-fianca-para-responder-a-processo-em-liberdade-diz-familia\/","og_locale":"pt_BR","og_type":"article","og_title":"M\u00e9dico brasileiro que sobreviveu a acidente na \u00c1frica paga fian\u00e7a para responder a processo em liberdade, diz fam\u00edlia - Taveira Jr","og_description":"Motorista de um dos carros, Charles S\u00e1 passou a ser custodiado pelas autoridades locais ap\u00f3s o acidente que terminou com morte da esposa e de outras 8 pessoas na Nam\u00edbia. ...","og_url":"https:\/\/deputadotaveirajr.com.br\/index.php\/medico-brasileiro-que-sobreviveu-a-acidente-na-africa-paga-fianca-para-responder-a-processo-em-liberdade-diz-familia\/","og_site_name":"Taveira Jr","og_image":[{"width":1133,"height":792,"url":"https:\/\/deputadotaveirajr.com.br\/wp-content\/uploads\/2024\/06\/charles-yrANmO.jpeg","type":"image\/jpeg"}],"twitter_card":"summary_large_image","twitter_misc":{"Est. tempo de leitura":"4 minutos"},"schema":{"@context":"https:\/\/schema.org","@graph":[{"@type":"WebPage","@id":"https:\/\/deputadotaveirajr.com.br\/index.php\/medico-brasileiro-que-sobreviveu-a-acidente-na-africa-paga-fianca-para-responder-a-processo-em-liberdade-diz-familia\/","url":"https:\/\/deputadotaveirajr.com.br\/index.php\/medico-brasileiro-que-sobreviveu-a-acidente-na-africa-paga-fianca-para-responder-a-processo-em-liberdade-diz-familia\/","name":"M\u00e9dico brasileiro que sobreviveu a acidente na \u00c1frica paga fian\u00e7a para responder a processo em liberdade, diz fam\u00edlia - Taveira Jr","isPartOf":{"@id":"https:\/\/deputadotaveirajr.com.br\/#website"},"primaryImageOfPage":{"@id":"https:\/\/deputadotaveirajr.com.br\/index.php\/medico-brasileiro-que-sobreviveu-a-acidente-na-africa-paga-fianca-para-responder-a-processo-em-liberdade-diz-familia\/#primaryimage"},"image":{"@id":"https:\/\/deputadotaveirajr.com.br\/index.php\/medico-brasileiro-que-sobreviveu-a-acidente-na-africa-paga-fianca-para-responder-a-processo-em-liberdade-diz-familia\/#primaryimage"},"thumbnailUrl":"https:\/\/deputadotaveirajr.com.br\/wp-content\/uploads\/2024\/06\/charles-yrANmO.jpeg","datePublished":"2024-06-29T15:26:05+00:00","breadcrumb":{"@id":"https:\/\/deputadotaveirajr.com.br\/index.php\/medico-brasileiro-que-sobreviveu-a-acidente-na-africa-paga-fianca-para-responder-a-processo-em-liberdade-diz-familia\/#breadcrumb"},"inLanguage":"pt-BR","potentialAction":[{"@type":"ReadAction","target":["https:\/\/deputadotaveirajr.com.br\/index.php\/medico-brasileiro-que-sobreviveu-a-acidente-na-africa-paga-fianca-para-responder-a-processo-em-liberdade-diz-familia\/"]}]},{"@type":"ImageObject","inLanguage":"pt-BR","@id":"https:\/\/deputadotaveirajr.com.br\/index.php\/medico-brasileiro-que-sobreviveu-a-acidente-na-africa-paga-fianca-para-responder-a-processo-em-liberdade-diz-familia\/#primaryimage","url":"https:\/\/deputadotaveirajr.com.br\/wp-content\/uploads\/2024\/06\/charles-yrANmO.jpeg","contentUrl":"https:\/\/deputadotaveirajr.com.br\/wp-content\/uploads\/2024\/06\/charles-yrANmO.jpeg","width":1133,"height":792},{"@type":"BreadcrumbList","@id":"https:\/\/deputadotaveirajr.com.br\/index.php\/medico-brasileiro-que-sobreviveu-a-acidente-na-africa-paga-fianca-para-responder-a-processo-em-liberdade-diz-familia\/#breadcrumb","itemListElement":[{"@type":"ListItem","position":1,"name":"In\u00edcio","item":"https:\/\/deputadotaveirajr.com.br\/"},{"@type":"ListItem","position":2,"name":"M\u00e9dico brasileiro que sobreviveu a acidente na \u00c1frica paga fian\u00e7a para responder a processo em liberdade, diz fam\u00edlia"}]},{"@type":"WebSite","@id":"https:\/\/deputadotaveirajr.com.br\/#website","url":"https:\/\/deputadotaveirajr.com.br\/","name":"Taveira Jr","description":"Deputado Estadual","publisher":{"@id":"https:\/\/deputadotaveirajr.com.br\/#organization"},"potentialAction":[{"@type":"SearchAction","target":{"@type":"EntryPoint","urlTemplate":"https:\/\/deputadotaveirajr.com.br\/?s={search_term_string}"},"query-input":{"@type":"PropertyValueSpecification","valueRequired":true,"valueName":"search_term_string"}}],"inLanguage":"pt-BR"},{"@type":"Organization","@id":"https:\/\/deputadotaveirajr.com.br\/#organization","name":"Taveira Jr","url":"https:\/\/deputadotaveirajr.com.br\/","logo":{"@type":"ImageObject","inLanguage":"pt-BR","@id":"https:\/\/deputadotaveirajr.com.br\/#\/schema\/logo\/image\/","url":"https:\/\/deputadotaveirajr.com.br\/wp-content\/uploads\/2026\/01\/logolow2a.png","contentUrl":"https:\/\/deputadotaveirajr.com.br\/wp-content\/uploads\/2026\/01\/logolow2a.png","width":290,"height":80,"caption":"Taveira Jr"},"image":{"@id":"https:\/\/deputadotaveirajr.com.br\/#\/schema\/logo\/image\/"}}]}},"_links":{"self":[{"href":"https:\/\/deputadotaveirajr.com.br\/index.php\/wp-json\/wp\/v2\/pages\/7384","targetHints":{"allow":["GET"]}}],"collection":[{"href":"https:\/\/deputadotaveirajr.com.br\/index.php\/wp-json\/wp\/v2\/pages"}],"about":[{"href":"https:\/\/deputadotaveirajr.com.br\/index.php\/wp-json\/wp\/v2\/types\/page"}],"replies":[{"embeddable":true,"href":"https:\/\/deputadotaveirajr.com.br\/index.php\/wp-json\/wp\/v2\/comments?post=7384"}],"version-history":[{"count":1,"href":"https:\/\/deputadotaveirajr.com.br\/index.php\/wp-json\/wp\/v2\/pages\/7384\/revisions"}],"predecessor-version":[{"id":7388,"href":"https:\/\/deputadotaveirajr.com.br\/index.php\/wp-json\/wp\/v2\/pages\/7384\/revisions\/7388"}],"wp:featuredmedia":[{"embeddable":true,"href":"https:\/\/deputadotaveirajr.com.br\/index.php\/wp-json\/wp\/v2\/media\/7385"}],"wp:attachment":[{"href":"https:\/\/deputadotaveirajr.com.br\/index.php\/wp-json\/wp\/v2\/media?parent=7384"}],"curies":[{"name":"wp","href":"https:\/\/api.w.org\/{rel}","templated":true}]}}