{"id":7396,"date":"2024-06-30T12:06:52","date_gmt":"2024-06-30T15:06:52","guid":{"rendered":"https:\/\/deputadotaveirajr.com.br\/?page_id=7396"},"modified":"2024-06-30T12:06:52","modified_gmt":"2024-06-30T15:06:52","slug":"jornalista-potiguar-lanca-na-quinta-feira-4-livro-de-memorias-historias-como-reporter-de-tv-e-escritos-do-avo-poeta","status":"publish","type":"page","link":"https:\/\/deputadotaveirajr.com.br\/index.php\/jornalista-potiguar-lanca-na-quinta-feira-4-livro-de-memorias-historias-como-reporter-de-tv-e-escritos-do-avo-poeta\/","title":{"rendered":"Jornalista potiguar lan\u00e7a na quinta-feira (4) livro de mem\u00f3rias, hist\u00f3rias como rep\u00f3rter de TV e escritos do av\u00f4 poeta"},"content":{"rendered":"<p>     &#8216;Mirante do Alagamar&#8217; \u00e9 primeira obra de Muriu Mesquita, que vive desde 2017 nos EUA. Renda da venda do livro ser\u00e1 destinada \u00e0 Comunidade Terap\u00eautica Nova Alian\u00e7a, de Pium.  O jornalista potiguar Muriu Mesquita lan\u00e7a na quinta-feira (4), em Natal, o livro &#8220;Mirante do Alagamar&#8221;. A noite de aut\u00f3grafos ser\u00e1 no Temis Clube Bar, na sede social do Am\u00e9rica, na Avenida Rodrigues Alves, a partir das 18h. O evento ter\u00e1 apresenta\u00e7\u00e3o do cantor e multi-instrumentista Diogo Das Virgens e uma mostra de trabalhos do artista pl\u00e1stico T\u00falio Ratto.<br \/>\n&#8216;Mirante do Alagamar&#8217; \u00e9 primeiro livro de Muriu Mesquita<br \/>\nDivulga\u00e7\u00e3o<br \/>\nA renda da venda do livro ser\u00e1 destinada \u00e0 Comunidade Terap\u00eautica Nova Alian\u00e7a, que desenvolve h\u00e1 20 anos atividades de apoio a pessoas que lutam contra o v\u00edcio e a depend\u00eancia qu\u00edmica, em Pium, na Grande Natal.<br \/>\n\ud83d\udcf3Participe do canal do g1 RN no WhatsApp<br \/>\n&#8220;Mirante do Alagamar&#8221; \u00e9 o primeiro livro do jornalista Muriu Mesquita, que vive desde 2017 em Los Angeles, na Calif\u00f3rnia (Estados Unidos).<br \/>\nA obra re\u00fane mem\u00f3rias da inf\u00e2ncia do autor no bairro Ponta Negra dos anos 90, hist\u00f3rias de seu trabalho como rep\u00f3rter de TV no Rio Grande do Norte, cr\u00f4nicas reflexivas, e um encontro subjetivo em homenagem ao seu av\u00f4, o poeta, jornalista e escritor potiguar Lu\u00eds de Paula e Sousa (em mem\u00f3ria).<br \/>\nA capa do livro traz uma pintura de Ponta Negra com a praia de Alagamar retratada em vista a\u00e9rea pelos pinceis do artista pl\u00e1stico T\u00falio Ratto. O pref\u00e1cio \u00e9 assinado pelo advogado e professor Joanilson de Paula R\u00eago. A edi\u00e7\u00e3o dos textos \u00e9 do jornalista Osair Vasconcelos.<br \/>\nT\u00falio Ratto e Muriu Mesquita exibem arte que ilustra capa de &#8216;Mirante do Alagamar&#8217;<br \/>\nDivulga\u00e7\u00e3o<br \/>\nO jornalista formado pela UFRN, cujo nome de batismo \u00e9 uma homenagem \u00e0 praia de Muri\u00fa, no litoral Norte potiguar, come\u00e7ou a escrever o livro em um per\u00edodo de transi\u00e7\u00e3o pessoal e profissional, durante a pandemia do Covid-19.<br \/>\n&#8220;Decidi escrever e publicar hist\u00f3rias de amor, de amizade, exemplos de supera\u00e7\u00e3o e reflex\u00f5es para estimular, no cora\u00e7\u00e3o das pessoas, atitudes e sentimentos positivos&#8221;, explica Muriu, que, desde 2023, \u00e9 professor de enfermagem na cidade de Santa M\u00f4nica, Calif\u00f3rnia.<\/p>","protected":false},"excerpt":{"rendered":"<p>&#8216;Mirante do Alagamar&#8217; \u00e9 primeira obra de Muriu Mesquita, que vive desde 2017 nos EUA. Renda da venda do livro ser\u00e1 destinada \u00e0 Comunidade Terap\u00eautica Nova Alian\u00e7a, de Pium. O &#8230;<\/p>\n","protected":false},"author":0,"featured_media":7397,"parent":0,"menu_order":0,"comment_status":"closed","ping_status":"closed","template":"","meta":{"footnotes":""},"class_list":["post-7396","page","type-page","status-publish","has-post-thumbnail","hentry"],"yoast_head":"<!-- This site is optimized with the Yoast SEO plugin v27.1.1 - https:\/\/yoast.com\/product\/yoast-seo-wordpress\/ -->\n<title>Jornalista potiguar lan\u00e7a na quinta-feira (4) livro de mem\u00f3rias, hist\u00f3rias como rep\u00f3rter de TV e escritos do av\u00f4 poeta - Taveira Jr<\/title>\n<meta name=\"robots\" content=\"index, follow, max-snippet:-1, max-image-preview:large, max-video-preview:-1\" \/>\n<link rel=\"canonical\" href=\"https:\/\/deputadotaveirajr.com.br\/index.php\/jornalista-potiguar-lanca-na-quinta-feira-4-livro-de-memorias-historias-como-reporter-de-tv-e-escritos-do-avo-poeta\/\" \/>\n<meta property=\"og:locale\" content=\"pt_BR\" \/>\n<meta property=\"og:type\" content=\"article\" \/>\n<meta property=\"og:title\" content=\"Jornalista potiguar lan\u00e7a na quinta-feira (4) livro de mem\u00f3rias, hist\u00f3rias como rep\u00f3rter de TV e escritos do av\u00f4 poeta - Taveira Jr\" \/>\n<meta property=\"og:description\" content=\"&#8216;Mirante do Alagamar&#8217; \u00e9 primeira obra de Muriu Mesquita, que vive desde 2017 nos EUA. Renda da venda do livro ser\u00e1 destinada \u00e0 Comunidade Terap\u00eautica Nova Alian\u00e7a, de Pium. O ...\" \/>\n<meta property=\"og:url\" content=\"https:\/\/deputadotaveirajr.com.br\/index.php\/jornalista-potiguar-lanca-na-quinta-feira-4-livro-de-memorias-historias-como-reporter-de-tv-e-escritos-do-avo-poeta\/\" \/>\n<meta property=\"og:site_name\" content=\"Taveira Jr\" \/>\n<meta property=\"og:image\" content=\"https:\/\/deputadotaveirajr.com.br\/wp-content\/uploads\/2024\/06\/capa-gHS0Fs.jpeg\" \/>\n\t<meta property=\"og:image:width\" content=\"1080\" \/>\n\t<meta property=\"og:image:height\" content=\"1350\" \/>\n\t<meta property=\"og:image:type\" content=\"image\/jpeg\" \/>\n<meta name=\"twitter:card\" content=\"summary_large_image\" \/>\n<meta name=\"twitter:label1\" content=\"Est. tempo de leitura\" \/>\n\t<meta name=\"twitter:data1\" content=\"2 minutos\" \/>\n<script type=\"application\/ld+json\" class=\"yoast-schema-graph\">{\"@context\":\"https:\/\/schema.org\",\"@graph\":[{\"@type\":\"WebPage\",\"@id\":\"https:\/\/deputadotaveirajr.com.br\/index.php\/jornalista-potiguar-lanca-na-quinta-feira-4-livro-de-memorias-historias-como-reporter-de-tv-e-escritos-do-avo-poeta\/\",\"url\":\"https:\/\/deputadotaveirajr.com.br\/index.php\/jornalista-potiguar-lanca-na-quinta-feira-4-livro-de-memorias-historias-como-reporter-de-tv-e-escritos-do-avo-poeta\/\",\"name\":\"Jornalista potiguar lan\u00e7a na quinta-feira (4) livro de mem\u00f3rias, hist\u00f3rias como rep\u00f3rter de TV e escritos do av\u00f4 poeta - Taveira Jr\",\"isPartOf\":{\"@id\":\"https:\/\/deputadotaveirajr.com.br\/#website\"},\"primaryImageOfPage\":{\"@id\":\"https:\/\/deputadotaveirajr.com.br\/index.php\/jornalista-potiguar-lanca-na-quinta-feira-4-livro-de-memorias-historias-como-reporter-de-tv-e-escritos-do-avo-poeta\/#primaryimage\"},\"image\":{\"@id\":\"https:\/\/deputadotaveirajr.com.br\/index.php\/jornalista-potiguar-lanca-na-quinta-feira-4-livro-de-memorias-historias-como-reporter-de-tv-e-escritos-do-avo-poeta\/#primaryimage\"},\"thumbnailUrl\":\"https:\/\/deputadotaveirajr.com.br\/wp-content\/uploads\/2024\/06\/capa-gHS0Fs.jpeg\",\"datePublished\":\"2024-06-30T15:06:52+00:00\",\"breadcrumb\":{\"@id\":\"https:\/\/deputadotaveirajr.com.br\/index.php\/jornalista-potiguar-lanca-na-quinta-feira-4-livro-de-memorias-historias-como-reporter-de-tv-e-escritos-do-avo-poeta\/#breadcrumb\"},\"inLanguage\":\"pt-BR\",\"potentialAction\":[{\"@type\":\"ReadAction\",\"target\":[\"https:\/\/deputadotaveirajr.com.br\/index.php\/jornalista-potiguar-lanca-na-quinta-feira-4-livro-de-memorias-historias-como-reporter-de-tv-e-escritos-do-avo-poeta\/\"]}]},{\"@type\":\"ImageObject\",\"inLanguage\":\"pt-BR\",\"@id\":\"https:\/\/deputadotaveirajr.com.br\/index.php\/jornalista-potiguar-lanca-na-quinta-feira-4-livro-de-memorias-historias-como-reporter-de-tv-e-escritos-do-avo-poeta\/#primaryimage\",\"url\":\"https:\/\/deputadotaveirajr.com.br\/wp-content\/uploads\/2024\/06\/capa-gHS0Fs.jpeg\",\"contentUrl\":\"https:\/\/deputadotaveirajr.com.br\/wp-content\/uploads\/2024\/06\/capa-gHS0Fs.jpeg\",\"width\":1080,\"height\":1350},{\"@type\":\"BreadcrumbList\",\"@id\":\"https:\/\/deputadotaveirajr.com.br\/index.php\/jornalista-potiguar-lanca-na-quinta-feira-4-livro-de-memorias-historias-como-reporter-de-tv-e-escritos-do-avo-poeta\/#breadcrumb\",\"itemListElement\":[{\"@type\":\"ListItem\",\"position\":1,\"name\":\"In\u00edcio\",\"item\":\"https:\/\/deputadotaveirajr.com.br\/\"},{\"@type\":\"ListItem\",\"position\":2,\"name\":\"Jornalista potiguar lan\u00e7a na quinta-feira (4) livro de mem\u00f3rias, hist\u00f3rias como rep\u00f3rter de TV e escritos do av\u00f4 poeta\"}]},{\"@type\":\"WebSite\",\"@id\":\"https:\/\/deputadotaveirajr.com.br\/#website\",\"url\":\"https:\/\/deputadotaveirajr.com.br\/\",\"name\":\"Taveira Jr\",\"description\":\"Deputado Estadual\",\"publisher\":{\"@id\":\"https:\/\/deputadotaveirajr.com.br\/#organization\"},\"potentialAction\":[{\"@type\":\"SearchAction\",\"target\":{\"@type\":\"EntryPoint\",\"urlTemplate\":\"https:\/\/deputadotaveirajr.com.br\/?s={search_term_string}\"},\"query-input\":{\"@type\":\"PropertyValueSpecification\",\"valueRequired\":true,\"valueName\":\"search_term_string\"}}],\"inLanguage\":\"pt-BR\"},{\"@type\":\"Organization\",\"@id\":\"https:\/\/deputadotaveirajr.com.br\/#organization\",\"name\":\"Taveira Jr\",\"url\":\"https:\/\/deputadotaveirajr.com.br\/\",\"logo\":{\"@type\":\"ImageObject\",\"inLanguage\":\"pt-BR\",\"@id\":\"https:\/\/deputadotaveirajr.com.br\/#\/schema\/logo\/image\/\",\"url\":\"https:\/\/deputadotaveirajr.com.br\/wp-content\/uploads\/2026\/01\/logolow2a.png\",\"contentUrl\":\"https:\/\/deputadotaveirajr.com.br\/wp-content\/uploads\/2026\/01\/logolow2a.png\",\"width\":290,\"height\":80,\"caption\":\"Taveira Jr\"},\"image\":{\"@id\":\"https:\/\/deputadotaveirajr.com.br\/#\/schema\/logo\/image\/\"}}]}<\/script>\n<!-- \/ Yoast SEO plugin. -->","yoast_head_json":{"title":"Jornalista potiguar lan\u00e7a na quinta-feira (4) livro de mem\u00f3rias, hist\u00f3rias como rep\u00f3rter de TV e escritos do av\u00f4 poeta - Taveira Jr","robots":{"index":"index","follow":"follow","max-snippet":"max-snippet:-1","max-image-preview":"max-image-preview:large","max-video-preview":"max-video-preview:-1"},"canonical":"https:\/\/deputadotaveirajr.com.br\/index.php\/jornalista-potiguar-lanca-na-quinta-feira-4-livro-de-memorias-historias-como-reporter-de-tv-e-escritos-do-avo-poeta\/","og_locale":"pt_BR","og_type":"article","og_title":"Jornalista potiguar lan\u00e7a na quinta-feira (4) livro de mem\u00f3rias, hist\u00f3rias como rep\u00f3rter de TV e escritos do av\u00f4 poeta - Taveira Jr","og_description":"&#8216;Mirante do Alagamar&#8217; \u00e9 primeira obra de Muriu Mesquita, que vive desde 2017 nos EUA. Renda da venda do livro ser\u00e1 destinada \u00e0 Comunidade Terap\u00eautica Nova Alian\u00e7a, de Pium. O ...","og_url":"https:\/\/deputadotaveirajr.com.br\/index.php\/jornalista-potiguar-lanca-na-quinta-feira-4-livro-de-memorias-historias-como-reporter-de-tv-e-escritos-do-avo-poeta\/","og_site_name":"Taveira Jr","og_image":[{"width":1080,"height":1350,"url":"https:\/\/deputadotaveirajr.com.br\/wp-content\/uploads\/2024\/06\/capa-gHS0Fs.jpeg","type":"image\/jpeg"}],"twitter_card":"summary_large_image","twitter_misc":{"Est. tempo de leitura":"2 minutos"},"schema":{"@context":"https:\/\/schema.org","@graph":[{"@type":"WebPage","@id":"https:\/\/deputadotaveirajr.com.br\/index.php\/jornalista-potiguar-lanca-na-quinta-feira-4-livro-de-memorias-historias-como-reporter-de-tv-e-escritos-do-avo-poeta\/","url":"https:\/\/deputadotaveirajr.com.br\/index.php\/jornalista-potiguar-lanca-na-quinta-feira-4-livro-de-memorias-historias-como-reporter-de-tv-e-escritos-do-avo-poeta\/","name":"Jornalista potiguar lan\u00e7a na quinta-feira (4) livro de mem\u00f3rias, hist\u00f3rias como rep\u00f3rter de TV e escritos do av\u00f4 poeta - Taveira Jr","isPartOf":{"@id":"https:\/\/deputadotaveirajr.com.br\/#website"},"primaryImageOfPage":{"@id":"https:\/\/deputadotaveirajr.com.br\/index.php\/jornalista-potiguar-lanca-na-quinta-feira-4-livro-de-memorias-historias-como-reporter-de-tv-e-escritos-do-avo-poeta\/#primaryimage"},"image":{"@id":"https:\/\/deputadotaveirajr.com.br\/index.php\/jornalista-potiguar-lanca-na-quinta-feira-4-livro-de-memorias-historias-como-reporter-de-tv-e-escritos-do-avo-poeta\/#primaryimage"},"thumbnailUrl":"https:\/\/deputadotaveirajr.com.br\/wp-content\/uploads\/2024\/06\/capa-gHS0Fs.jpeg","datePublished":"2024-06-30T15:06:52+00:00","breadcrumb":{"@id":"https:\/\/deputadotaveirajr.com.br\/index.php\/jornalista-potiguar-lanca-na-quinta-feira-4-livro-de-memorias-historias-como-reporter-de-tv-e-escritos-do-avo-poeta\/#breadcrumb"},"inLanguage":"pt-BR","potentialAction":[{"@type":"ReadAction","target":["https:\/\/deputadotaveirajr.com.br\/index.php\/jornalista-potiguar-lanca-na-quinta-feira-4-livro-de-memorias-historias-como-reporter-de-tv-e-escritos-do-avo-poeta\/"]}]},{"@type":"ImageObject","inLanguage":"pt-BR","@id":"https:\/\/deputadotaveirajr.com.br\/index.php\/jornalista-potiguar-lanca-na-quinta-feira-4-livro-de-memorias-historias-como-reporter-de-tv-e-escritos-do-avo-poeta\/#primaryimage","url":"https:\/\/deputadotaveirajr.com.br\/wp-content\/uploads\/2024\/06\/capa-gHS0Fs.jpeg","contentUrl":"https:\/\/deputadotaveirajr.com.br\/wp-content\/uploads\/2024\/06\/capa-gHS0Fs.jpeg","width":1080,"height":1350},{"@type":"BreadcrumbList","@id":"https:\/\/deputadotaveirajr.com.br\/index.php\/jornalista-potiguar-lanca-na-quinta-feira-4-livro-de-memorias-historias-como-reporter-de-tv-e-escritos-do-avo-poeta\/#breadcrumb","itemListElement":[{"@type":"ListItem","position":1,"name":"In\u00edcio","item":"https:\/\/deputadotaveirajr.com.br\/"},{"@type":"ListItem","position":2,"name":"Jornalista potiguar lan\u00e7a na quinta-feira (4) livro de mem\u00f3rias, hist\u00f3rias como rep\u00f3rter de TV e escritos do av\u00f4 poeta"}]},{"@type":"WebSite","@id":"https:\/\/deputadotaveirajr.com.br\/#website","url":"https:\/\/deputadotaveirajr.com.br\/","name":"Taveira Jr","description":"Deputado Estadual","publisher":{"@id":"https:\/\/deputadotaveirajr.com.br\/#organization"},"potentialAction":[{"@type":"SearchAction","target":{"@type":"EntryPoint","urlTemplate":"https:\/\/deputadotaveirajr.com.br\/?s={search_term_string}"},"query-input":{"@type":"PropertyValueSpecification","valueRequired":true,"valueName":"search_term_string"}}],"inLanguage":"pt-BR"},{"@type":"Organization","@id":"https:\/\/deputadotaveirajr.com.br\/#organization","name":"Taveira Jr","url":"https:\/\/deputadotaveirajr.com.br\/","logo":{"@type":"ImageObject","inLanguage":"pt-BR","@id":"https:\/\/deputadotaveirajr.com.br\/#\/schema\/logo\/image\/","url":"https:\/\/deputadotaveirajr.com.br\/wp-content\/uploads\/2026\/01\/logolow2a.png","contentUrl":"https:\/\/deputadotaveirajr.com.br\/wp-content\/uploads\/2026\/01\/logolow2a.png","width":290,"height":80,"caption":"Taveira Jr"},"image":{"@id":"https:\/\/deputadotaveirajr.com.br\/#\/schema\/logo\/image\/"}}]}},"_links":{"self":[{"href":"https:\/\/deputadotaveirajr.com.br\/index.php\/wp-json\/wp\/v2\/pages\/7396","targetHints":{"allow":["GET"]}}],"collection":[{"href":"https:\/\/deputadotaveirajr.com.br\/index.php\/wp-json\/wp\/v2\/pages"}],"about":[{"href":"https:\/\/deputadotaveirajr.com.br\/index.php\/wp-json\/wp\/v2\/types\/page"}],"replies":[{"embeddable":true,"href":"https:\/\/deputadotaveirajr.com.br\/index.php\/wp-json\/wp\/v2\/comments?post=7396"}],"version-history":[{"count":1,"href":"https:\/\/deputadotaveirajr.com.br\/index.php\/wp-json\/wp\/v2\/pages\/7396\/revisions"}],"predecessor-version":[{"id":7401,"href":"https:\/\/deputadotaveirajr.com.br\/index.php\/wp-json\/wp\/v2\/pages\/7396\/revisions\/7401"}],"wp:featuredmedia":[{"embeddable":true,"href":"https:\/\/deputadotaveirajr.com.br\/index.php\/wp-json\/wp\/v2\/media\/7397"}],"wp:attachment":[{"href":"https:\/\/deputadotaveirajr.com.br\/index.php\/wp-json\/wp\/v2\/media?parent=7396"}],"curies":[{"name":"wp","href":"https:\/\/api.w.org\/{rel}","templated":true}]}}