{"id":7484,"date":"2024-07-03T23:35:17","date_gmt":"2024-07-04T02:35:17","guid":{"rendered":"https:\/\/deputadotaveirajr.com.br\/?page_id=7484"},"modified":"2024-07-03T23:35:17","modified_gmt":"2024-07-04T02:35:17","slug":"empresario-e-assassinado-dentro-de-propria-loja-de-motos-no-interior-do-rn","status":"publish","type":"page","link":"https:\/\/deputadotaveirajr.com.br\/index.php\/empresario-e-assassinado-dentro-de-propria-loja-de-motos-no-interior-do-rn\/","title":{"rendered":"Empres\u00e1rio \u00e9 assassinado dentro de pr\u00f3pria loja de motos no interior do RN"},"content":{"rendered":"<p>     Crime ocorreu no munic\u00edpio de Jo\u00e3o C\u00e2mara. V\u00edtima seria alvo de opera\u00e7\u00e3o que seria deflagrada nesta quinta-feira (4), segundo delegado da Pol\u00edcia Civil. V\u00edtima foi morta dentro de pr\u00f3pria loja de motos<br \/>\nReprodu\u00e7\u00e3o\/Redes Sociais<br \/>\nUm comerciante foi assassinado dentro de seu pr\u00f3prio estabelecimento na manh\u00e3 desta quarta-feira (3), no munic\u00edpio de Jo\u00e3o C\u00e2mara, na regi\u00e3o do Mato Grande do Rio Grande do Norte. O suspeito fugiu em seguida. Ningu\u00e9m foi preso.<br \/>\nDe acordo com o delegado Luciano Augusto, da Pol\u00edcia Civil do munic\u00edpio, uma opera\u00e7\u00e3o seria deflagrada nesta quinta-feira (4) em desfavor da v\u00edtima para apurar supostos crimes de recepta\u00e7\u00e3o qualificada e altera\u00e7\u00e3o de ve\u00edculo e recepta\u00e7\u00e3o de pe\u00e7as.<br \/>\n\ud83d\udcf3Participe do canal do g1 RN no WhatsApp<br \/>\nA Pol\u00edcia Civil afirma que nenhuma hip\u00f3tese pode ser descartada na investiga\u00e7\u00e3o que est\u00e1 em andamento.<br \/>\nO crime ocorreu no fim da manh\u00e3. A v\u00edtima foi identificada pela Pol\u00edcia Civil como Everton Cleiton, sem a confirma\u00e7\u00e3o de seu sobrenome. Ele era dono de uma loja de motos e estava em um atendimento no momento em que foi abordado por um homem que efetuou um disparo de arma de fogo \u00e0 queima-roupa.<br \/>\nO comerciante morreu no local. O suspeito do crime fugiu com um comparsa que estava em um autom\u00f3vel nas proximidades.<br \/>\nO corpo da v\u00edtima foi levado ao Hospital Regional de Jo\u00e3o C\u00e2mara, sendo encaminhado em seguida ao Instituto T\u00e9cnico-Cient\u00edfico de Per\u00edcia (Itep) para os procedimentos legais.<\/p>","protected":false},"excerpt":{"rendered":"<p>Crime ocorreu no munic\u00edpio de Jo\u00e3o C\u00e2mara. V\u00edtima seria alvo de opera\u00e7\u00e3o que seria deflagrada nesta quinta-feira (4), segundo delegado da Pol\u00edcia Civil. V\u00edtima foi morta dentro de pr\u00f3pria loja &#8230;<\/p>\n","protected":false},"author":0,"featured_media":7485,"parent":0,"menu_order":0,"comment_status":"closed","ping_status":"closed","template":"","meta":{"footnotes":""},"class_list":["post-7484","page","type-page","status-publish","has-post-thumbnail","hentry"],"yoast_head":"<!-- This site is optimized with the Yoast SEO plugin v27.1.1 - https:\/\/yoast.com\/product\/yoast-seo-wordpress\/ -->\n<title>Empres\u00e1rio \u00e9 assassinado dentro de pr\u00f3pria loja de motos no interior do RN - Taveira Jr<\/title>\n<meta name=\"robots\" content=\"index, follow, max-snippet:-1, max-image-preview:large, max-video-preview:-1\" \/>\n<link rel=\"canonical\" href=\"https:\/\/deputadotaveirajr.com.br\/index.php\/empresario-e-assassinado-dentro-de-propria-loja-de-motos-no-interior-do-rn\/\" \/>\n<meta property=\"og:locale\" content=\"pt_BR\" \/>\n<meta property=\"og:type\" content=\"article\" \/>\n<meta property=\"og:title\" content=\"Empres\u00e1rio \u00e9 assassinado dentro de pr\u00f3pria loja de motos no interior do RN - Taveira Jr\" \/>\n<meta property=\"og:description\" content=\"Crime ocorreu no munic\u00edpio de Jo\u00e3o C\u00e2mara. V\u00edtima seria alvo de opera\u00e7\u00e3o que seria deflagrada nesta quinta-feira (4), segundo delegado da Pol\u00edcia Civil. V\u00edtima foi morta dentro de pr\u00f3pria loja ...\" \/>\n<meta property=\"og:url\" content=\"https:\/\/deputadotaveirajr.com.br\/index.php\/empresario-e-assassinado-dentro-de-propria-loja-de-motos-no-interior-do-rn\/\" \/>\n<meta property=\"og:site_name\" content=\"Taveira Jr\" \/>\n<meta property=\"og:image\" content=\"https:\/\/deputadotaveirajr.com.br\/wp-content\/uploads\/2024\/07\/whatsapp-image-2024-07-03-at-20.26.08-BcPI5G.jpeg\" \/>\n\t<meta property=\"og:image:width\" content=\"374\" \/>\n\t<meta property=\"og:image:height\" content=\"466\" \/>\n\t<meta property=\"og:image:type\" content=\"image\/jpeg\" \/>\n<meta name=\"twitter:card\" content=\"summary_large_image\" \/>\n<meta name=\"twitter:label1\" content=\"Est. tempo de leitura\" \/>\n\t<meta name=\"twitter:data1\" content=\"1 minuto\" \/>\n<script type=\"application\/ld+json\" class=\"yoast-schema-graph\">{\"@context\":\"https:\/\/schema.org\",\"@graph\":[{\"@type\":\"WebPage\",\"@id\":\"https:\/\/deputadotaveirajr.com.br\/index.php\/empresario-e-assassinado-dentro-de-propria-loja-de-motos-no-interior-do-rn\/\",\"url\":\"https:\/\/deputadotaveirajr.com.br\/index.php\/empresario-e-assassinado-dentro-de-propria-loja-de-motos-no-interior-do-rn\/\",\"name\":\"Empres\u00e1rio \u00e9 assassinado dentro de pr\u00f3pria loja de motos no interior do RN - Taveira Jr\",\"isPartOf\":{\"@id\":\"https:\/\/deputadotaveirajr.com.br\/#website\"},\"primaryImageOfPage\":{\"@id\":\"https:\/\/deputadotaveirajr.com.br\/index.php\/empresario-e-assassinado-dentro-de-propria-loja-de-motos-no-interior-do-rn\/#primaryimage\"},\"image\":{\"@id\":\"https:\/\/deputadotaveirajr.com.br\/index.php\/empresario-e-assassinado-dentro-de-propria-loja-de-motos-no-interior-do-rn\/#primaryimage\"},\"thumbnailUrl\":\"https:\/\/deputadotaveirajr.com.br\/wp-content\/uploads\/2024\/07\/whatsapp-image-2024-07-03-at-20.26.08-BcPI5G.jpeg\",\"datePublished\":\"2024-07-04T02:35:17+00:00\",\"breadcrumb\":{\"@id\":\"https:\/\/deputadotaveirajr.com.br\/index.php\/empresario-e-assassinado-dentro-de-propria-loja-de-motos-no-interior-do-rn\/#breadcrumb\"},\"inLanguage\":\"pt-BR\",\"potentialAction\":[{\"@type\":\"ReadAction\",\"target\":[\"https:\/\/deputadotaveirajr.com.br\/index.php\/empresario-e-assassinado-dentro-de-propria-loja-de-motos-no-interior-do-rn\/\"]}]},{\"@type\":\"ImageObject\",\"inLanguage\":\"pt-BR\",\"@id\":\"https:\/\/deputadotaveirajr.com.br\/index.php\/empresario-e-assassinado-dentro-de-propria-loja-de-motos-no-interior-do-rn\/#primaryimage\",\"url\":\"https:\/\/deputadotaveirajr.com.br\/wp-content\/uploads\/2024\/07\/whatsapp-image-2024-07-03-at-20.26.08-BcPI5G.jpeg\",\"contentUrl\":\"https:\/\/deputadotaveirajr.com.br\/wp-content\/uploads\/2024\/07\/whatsapp-image-2024-07-03-at-20.26.08-BcPI5G.jpeg\",\"width\":374,\"height\":466},{\"@type\":\"BreadcrumbList\",\"@id\":\"https:\/\/deputadotaveirajr.com.br\/index.php\/empresario-e-assassinado-dentro-de-propria-loja-de-motos-no-interior-do-rn\/#breadcrumb\",\"itemListElement\":[{\"@type\":\"ListItem\",\"position\":1,\"name\":\"In\u00edcio\",\"item\":\"https:\/\/deputadotaveirajr.com.br\/\"},{\"@type\":\"ListItem\",\"position\":2,\"name\":\"Empres\u00e1rio \u00e9 assassinado dentro de pr\u00f3pria loja de motos no interior do RN\"}]},{\"@type\":\"WebSite\",\"@id\":\"https:\/\/deputadotaveirajr.com.br\/#website\",\"url\":\"https:\/\/deputadotaveirajr.com.br\/\",\"name\":\"Taveira Jr\",\"description\":\"Deputado Estadual\",\"publisher\":{\"@id\":\"https:\/\/deputadotaveirajr.com.br\/#organization\"},\"potentialAction\":[{\"@type\":\"SearchAction\",\"target\":{\"@type\":\"EntryPoint\",\"urlTemplate\":\"https:\/\/deputadotaveirajr.com.br\/?s={search_term_string}\"},\"query-input\":{\"@type\":\"PropertyValueSpecification\",\"valueRequired\":true,\"valueName\":\"search_term_string\"}}],\"inLanguage\":\"pt-BR\"},{\"@type\":\"Organization\",\"@id\":\"https:\/\/deputadotaveirajr.com.br\/#organization\",\"name\":\"Taveira Jr\",\"url\":\"https:\/\/deputadotaveirajr.com.br\/\",\"logo\":{\"@type\":\"ImageObject\",\"inLanguage\":\"pt-BR\",\"@id\":\"https:\/\/deputadotaveirajr.com.br\/#\/schema\/logo\/image\/\",\"url\":\"https:\/\/deputadotaveirajr.com.br\/wp-content\/uploads\/2026\/01\/logolow2a.png\",\"contentUrl\":\"https:\/\/deputadotaveirajr.com.br\/wp-content\/uploads\/2026\/01\/logolow2a.png\",\"width\":290,\"height\":80,\"caption\":\"Taveira Jr\"},\"image\":{\"@id\":\"https:\/\/deputadotaveirajr.com.br\/#\/schema\/logo\/image\/\"}}]}<\/script>\n<!-- \/ Yoast SEO plugin. -->","yoast_head_json":{"title":"Empres\u00e1rio \u00e9 assassinado dentro de pr\u00f3pria loja de motos no interior do RN - Taveira Jr","robots":{"index":"index","follow":"follow","max-snippet":"max-snippet:-1","max-image-preview":"max-image-preview:large","max-video-preview":"max-video-preview:-1"},"canonical":"https:\/\/deputadotaveirajr.com.br\/index.php\/empresario-e-assassinado-dentro-de-propria-loja-de-motos-no-interior-do-rn\/","og_locale":"pt_BR","og_type":"article","og_title":"Empres\u00e1rio \u00e9 assassinado dentro de pr\u00f3pria loja de motos no interior do RN - Taveira Jr","og_description":"Crime ocorreu no munic\u00edpio de Jo\u00e3o C\u00e2mara. V\u00edtima seria alvo de opera\u00e7\u00e3o que seria deflagrada nesta quinta-feira (4), segundo delegado da Pol\u00edcia Civil. V\u00edtima foi morta dentro de pr\u00f3pria loja ...","og_url":"https:\/\/deputadotaveirajr.com.br\/index.php\/empresario-e-assassinado-dentro-de-propria-loja-de-motos-no-interior-do-rn\/","og_site_name":"Taveira Jr","og_image":[{"width":374,"height":466,"url":"https:\/\/deputadotaveirajr.com.br\/wp-content\/uploads\/2024\/07\/whatsapp-image-2024-07-03-at-20.26.08-BcPI5G.jpeg","type":"image\/jpeg"}],"twitter_card":"summary_large_image","twitter_misc":{"Est. tempo de leitura":"1 minuto"},"schema":{"@context":"https:\/\/schema.org","@graph":[{"@type":"WebPage","@id":"https:\/\/deputadotaveirajr.com.br\/index.php\/empresario-e-assassinado-dentro-de-propria-loja-de-motos-no-interior-do-rn\/","url":"https:\/\/deputadotaveirajr.com.br\/index.php\/empresario-e-assassinado-dentro-de-propria-loja-de-motos-no-interior-do-rn\/","name":"Empres\u00e1rio \u00e9 assassinado dentro de pr\u00f3pria loja de motos no interior do RN - Taveira Jr","isPartOf":{"@id":"https:\/\/deputadotaveirajr.com.br\/#website"},"primaryImageOfPage":{"@id":"https:\/\/deputadotaveirajr.com.br\/index.php\/empresario-e-assassinado-dentro-de-propria-loja-de-motos-no-interior-do-rn\/#primaryimage"},"image":{"@id":"https:\/\/deputadotaveirajr.com.br\/index.php\/empresario-e-assassinado-dentro-de-propria-loja-de-motos-no-interior-do-rn\/#primaryimage"},"thumbnailUrl":"https:\/\/deputadotaveirajr.com.br\/wp-content\/uploads\/2024\/07\/whatsapp-image-2024-07-03-at-20.26.08-BcPI5G.jpeg","datePublished":"2024-07-04T02:35:17+00:00","breadcrumb":{"@id":"https:\/\/deputadotaveirajr.com.br\/index.php\/empresario-e-assassinado-dentro-de-propria-loja-de-motos-no-interior-do-rn\/#breadcrumb"},"inLanguage":"pt-BR","potentialAction":[{"@type":"ReadAction","target":["https:\/\/deputadotaveirajr.com.br\/index.php\/empresario-e-assassinado-dentro-de-propria-loja-de-motos-no-interior-do-rn\/"]}]},{"@type":"ImageObject","inLanguage":"pt-BR","@id":"https:\/\/deputadotaveirajr.com.br\/index.php\/empresario-e-assassinado-dentro-de-propria-loja-de-motos-no-interior-do-rn\/#primaryimage","url":"https:\/\/deputadotaveirajr.com.br\/wp-content\/uploads\/2024\/07\/whatsapp-image-2024-07-03-at-20.26.08-BcPI5G.jpeg","contentUrl":"https:\/\/deputadotaveirajr.com.br\/wp-content\/uploads\/2024\/07\/whatsapp-image-2024-07-03-at-20.26.08-BcPI5G.jpeg","width":374,"height":466},{"@type":"BreadcrumbList","@id":"https:\/\/deputadotaveirajr.com.br\/index.php\/empresario-e-assassinado-dentro-de-propria-loja-de-motos-no-interior-do-rn\/#breadcrumb","itemListElement":[{"@type":"ListItem","position":1,"name":"In\u00edcio","item":"https:\/\/deputadotaveirajr.com.br\/"},{"@type":"ListItem","position":2,"name":"Empres\u00e1rio \u00e9 assassinado dentro de pr\u00f3pria loja de motos no interior do RN"}]},{"@type":"WebSite","@id":"https:\/\/deputadotaveirajr.com.br\/#website","url":"https:\/\/deputadotaveirajr.com.br\/","name":"Taveira Jr","description":"Deputado Estadual","publisher":{"@id":"https:\/\/deputadotaveirajr.com.br\/#organization"},"potentialAction":[{"@type":"SearchAction","target":{"@type":"EntryPoint","urlTemplate":"https:\/\/deputadotaveirajr.com.br\/?s={search_term_string}"},"query-input":{"@type":"PropertyValueSpecification","valueRequired":true,"valueName":"search_term_string"}}],"inLanguage":"pt-BR"},{"@type":"Organization","@id":"https:\/\/deputadotaveirajr.com.br\/#organization","name":"Taveira Jr","url":"https:\/\/deputadotaveirajr.com.br\/","logo":{"@type":"ImageObject","inLanguage":"pt-BR","@id":"https:\/\/deputadotaveirajr.com.br\/#\/schema\/logo\/image\/","url":"https:\/\/deputadotaveirajr.com.br\/wp-content\/uploads\/2026\/01\/logolow2a.png","contentUrl":"https:\/\/deputadotaveirajr.com.br\/wp-content\/uploads\/2026\/01\/logolow2a.png","width":290,"height":80,"caption":"Taveira Jr"},"image":{"@id":"https:\/\/deputadotaveirajr.com.br\/#\/schema\/logo\/image\/"}}]}},"_links":{"self":[{"href":"https:\/\/deputadotaveirajr.com.br\/index.php\/wp-json\/wp\/v2\/pages\/7484","targetHints":{"allow":["GET"]}}],"collection":[{"href":"https:\/\/deputadotaveirajr.com.br\/index.php\/wp-json\/wp\/v2\/pages"}],"about":[{"href":"https:\/\/deputadotaveirajr.com.br\/index.php\/wp-json\/wp\/v2\/types\/page"}],"replies":[{"embeddable":true,"href":"https:\/\/deputadotaveirajr.com.br\/index.php\/wp-json\/wp\/v2\/comments?post=7484"}],"version-history":[{"count":1,"href":"https:\/\/deputadotaveirajr.com.br\/index.php\/wp-json\/wp\/v2\/pages\/7484\/revisions"}],"predecessor-version":[{"id":7487,"href":"https:\/\/deputadotaveirajr.com.br\/index.php\/wp-json\/wp\/v2\/pages\/7484\/revisions\/7487"}],"wp:featuredmedia":[{"embeddable":true,"href":"https:\/\/deputadotaveirajr.com.br\/index.php\/wp-json\/wp\/v2\/media\/7485"}],"wp:attachment":[{"href":"https:\/\/deputadotaveirajr.com.br\/index.php\/wp-json\/wp\/v2\/media?parent=7484"}],"curies":[{"name":"wp","href":"https:\/\/api.w.org\/{rel}","templated":true}]}}

Empresário é assassinado dentro de própria loja de motos no interior do RN

<p>     Crime ocorreu no município de João Câmara. Vítima seria alvo de operação que seria deflagrada nesta quinta-feira (4), segundo delegado da Polícia Civil. Vítima foi morta dentro de própria loja de motos<br />
Reprodução/Redes Sociais<br />
Um comerciante foi assassinado dentro de seu próprio estabelecimento na manhã desta quarta-feira (3), no município de João Câmara, na região do Mato Grande do Rio Grande do Norte. O suspeito fugiu em seguida. Ninguém foi preso.<br />
De acordo com o delegado Luciano Augusto, da Polícia Civil do município, uma operação seria deflagrada nesta quinta-feira (4) em desfavor da vítima para apurar supostos crimes de receptação qualificada e alteração de veículo e receptação de peças.<br />
📳Participe do canal do g1 RN no WhatsApp<br />
A Polícia Civil afirma que nenhuma hipótese pode ser descartada na investigação que está em andamento.<br />
O crime ocorreu no fim da manhã. A vítima foi identificada pela Polícia Civil como Everton Cleiton, sem a confirmação de seu sobrenome. Ele era dono de uma loja de motos e estava em um atendimento no momento em que foi abordado por um homem que efetuou um disparo de arma de fogo à queima-roupa.<br />
O comerciante morreu no local. O suspeito do crime fugiu com um comparsa que estava em um automóvel nas proximidades.<br />
O corpo da vítima foi levado ao Hospital Regional de João Câmara, sendo encaminhado em seguida ao Instituto Técnico-Científico de Perícia (Itep) para os procedimentos legais.</p>

<p>Crime ocorreu no município de João Câmara. Vítima seria alvo de operação que seria deflagrada nesta quinta-feira (4), segundo delegado da Polícia Civil. Vítima foi morta dentro de própria loja &#8230;</p>

<!-- This site is optimized with the Yoast SEO plugin v27.1.1 - https://yoast.com/product/yoast-seo-wordpress/ -->
<title>Empresário é assassinado dentro de própria loja de motos no interior do RN - Taveira Jr</title>
<meta name="robots" content="index, follow, max-snippet:-1, max-image-preview:large, max-video-preview:-1" />
<link rel="canonical" href="https://deputadotaveirajr.com.br/index.php/empresario-e-assassinado-dentro-de-propria-loja-de-motos-no-interior-do-rn/" />
<meta property="og:locale" content="pt_BR" />
<meta property="og:type" content="article" />
<meta property="og:title" content="Empresário é assassinado dentro de própria loja de motos no interior do RN - Taveira Jr" />
<meta property="og:description" content="Crime ocorreu no município de João Câmara. Vítima seria alvo de operação que seria deflagrada nesta quinta-feira (4), segundo delegado da Polícia Civil. Vítima foi morta dentro de própria loja ..." />
<meta property="og:url" content="https://deputadotaveirajr.com.br/index.php/empresario-e-assassinado-dentro-de-propria-loja-de-motos-no-interior-do-rn/" />
<meta property="og:site_name" content="Taveira Jr" />
<meta property="og:image" content="https://deputadotaveirajr.com.br/wp-content/uploads/2024/07/whatsapp-image-2024-07-03-at-20.26.08-BcPI5G.jpeg" />
	<meta property="og:image:width" content="374" />
	<meta property="og:image:height" content="466" />
	<meta property="og:image:type" content="image/jpeg" />
<meta name="twitter:card" content="summary_large_image" />
<meta name="twitter:label1" content="Est. tempo de leitura" />
	<meta name="twitter:data1" content="1 minuto" />
<script type="application/ld+json" class="yoast-schema-graph">{"@context":"https://schema.org","@graph":[{"@type":"WebPage","@id":"https://deputadotaveirajr.com.br/index.php/empresario-e-assassinado-dentro-de-propria-loja-de-motos-no-interior-do-rn/","url":"https://deputadotaveirajr.com.br/index.php/empresario-e-assassinado-dentro-de-propria-loja-de-motos-no-interior-do-rn/","name":"Empresário é assassinado dentro de própria loja de motos no interior do RN - Taveira Jr","isPartOf":{"@id":"https://deputadotaveirajr.com.br/#website"},"primaryImageOfPage":{"@id":"https://deputadotaveirajr.com.br/index.php/empresario-e-assassinado-dentro-de-propria-loja-de-motos-no-interior-do-rn/#primaryimage"},"image":{"@id":"https://deputadotaveirajr.com.br/index.php/empresario-e-assassinado-dentro-de-propria-loja-de-motos-no-interior-do-rn/#primaryimage"},"thumbnailUrl":"https://deputadotaveirajr.com.br/wp-content/uploads/2024/07/whatsapp-image-2024-07-03-at-20.26.08-BcPI5G.jpeg","datePublished":"2024-07-04T02:35:17+00:00","breadcrumb":{"@id":"https://deputadotaveirajr.com.br/index.php/empresario-e-assassinado-dentro-de-propria-loja-de-motos-no-interior-do-rn/#breadcrumb"},"inLanguage":"pt-BR","potentialAction":[{"@type":"ReadAction","target":["https://deputadotaveirajr.com.br/index.php/empresario-e-assassinado-dentro-de-propria-loja-de-motos-no-interior-do-rn/"]}]},{"@type":"ImageObject","inLanguage":"pt-BR","@id":"https://deputadotaveirajr.com.br/index.php/empresario-e-assassinado-dentro-de-propria-loja-de-motos-no-interior-do-rn/#primaryimage","url":"https://deputadotaveirajr.com.br/wp-content/uploads/2024/07/whatsapp-image-2024-07-03-at-20.26.08-BcPI5G.jpeg","contentUrl":"https://deputadotaveirajr.com.br/wp-content/uploads/2024/07/whatsapp-image-2024-07-03-at-20.26.08-BcPI5G.jpeg","width":374,"height":466},{"@type":"BreadcrumbList","@id":"https://deputadotaveirajr.com.br/index.php/empresario-e-assassinado-dentro-de-propria-loja-de-motos-no-interior-do-rn/#breadcrumb","itemListElement":[{"@type":"ListItem","position":1,"name":"Início","item":"https://deputadotaveirajr.com.br/"},{"@type":"ListItem","position":2,"name":"Empresário é assassinado dentro de própria loja de motos no interior do RN"}]},{"@type":"WebSite","@id":"https://deputadotaveirajr.com.br/#website","url":"https://deputadotaveirajr.com.br/","name":"Taveira Jr","description":"Deputado Estadual","publisher":{"@id":"https://deputadotaveirajr.com.br/#organization"},"potentialAction":[{"@type":"SearchAction","target":{"@type":"EntryPoint","urlTemplate":"https://deputadotaveirajr.com.br/?s={search_term_string}"},"query-input":{"@type":"PropertyValueSpecification","valueRequired":true,"valueName":"search_term_string"}}],"inLanguage":"pt-BR"},{"@type":"Organization","@id":"https://deputadotaveirajr.com.br/#organization","name":"Taveira Jr","url":"https://deputadotaveirajr.com.br/","logo":{"@type":"ImageObject","inLanguage":"pt-BR","@id":"https://deputadotaveirajr.com.br/#/schema/logo/image/","url":"https://deputadotaveirajr.com.br/wp-content/uploads/2026/01/logolow2a.png","contentUrl":"https://deputadotaveirajr.com.br/wp-content/uploads/2026/01/logolow2a.png","width":290,"height":80,"caption":"Taveira Jr"},"image":{"@id":"https://deputadotaveirajr.com.br/#/schema/logo/image/"}}]}</script>
<!-- / Yoast SEO plugin. -->

Empresário é assassinado dentro de própria loja de motos no interior do RN - Taveira Jr

Crime ocorreu no município de João Câmara. Vítima seria alvo de operação que seria deflagrada nesta quinta-feira (4), segundo delegado da Polícia Civil. Vítima foi morta dentro de própria loja ...

Início
