{"id":7517,"date":"2024-07-04T21:01:51","date_gmt":"2024-07-05T00:01:51","guid":{"rendered":"https:\/\/deputadotaveirajr.com.br\/?page_id=7517"},"modified":"2024-07-04T21:01:51","modified_gmt":"2024-07-05T00:01:51","slug":"multa-a-condominio-de-luxo-de-natal-por-despejar-esgoto-na-praia-pode-chegar-a-r-51-mil-diz-semurb","status":"publish","type":"page","link":"https:\/\/deputadotaveirajr.com.br\/index.php\/multa-a-condominio-de-luxo-de-natal-por-despejar-esgoto-na-praia-pode-chegar-a-r-51-mil-diz-semurb\/","title":{"rendered":"Multa a condom\u00ednio de luxo de Natal por despejar esgoto na praia pode chegar a R$ 51 mil, diz Semurb"},"content":{"rendered":"<p>     Valor corresponde a uma infra\u00e7\u00e3o grav\u00edssima, conforme a legisla\u00e7\u00e3o ambiental do Munic\u00edpio. Semurb determinou provid\u00eancias urgentes ao condom\u00ednio, e processo deve durar 30 dias. Liga\u00e7\u00e3o clandestina de condom\u00ednio dava na areia e terminava no mar<br \/>\nReprodu\u00e7\u00e3o\/Semurb<br \/>\nO condom\u00ednio de luxo que foi flagrado despejando esgoto na praia de Areia Preta, na Zona Leste de Natal, na \u00faltima ter\u00e7a-feira (2) poder\u00e1 ser multado em at\u00e9 R$ 51,5 mil, segundo a Secretaria de Meio Ambiente e Urbanismo de Natal (Semurb).<br \/>\nO valor corresponde ao m\u00e1ximo estipulado para infra\u00e7\u00f5es grav\u00edssimas em rela\u00e7\u00e3o \u00e0 legisla\u00e7\u00e3o ambiental vigente no munic\u00edpio.<br \/>\nUm processo administrativo foi aberto contra o condom\u00ednio, que n\u00e3o teve o nome confirmado pela pasta, com estimativa para ser encerrado em at\u00e9 30 dias. O valor exato da multa aplicada ser\u00e1 definido neste per\u00edodo.<br \/>\n\ud83d\udcf3Participe do canal do g1 RN no WhatsApp<br \/>\nDe acordo com Leonardo Almeida, supervisor geral de fiscaliza\u00e7\u00e3o ambiental da Semurb, as informa\u00e7\u00f5es obtidas ser\u00e3o encaminhadas ao Minist\u00e9rio P\u00fablico do Rio Grande do Norte (MPRN).<br \/>\n&#8220;Os autos est\u00e3o sendo conclu\u00eddos. O condom\u00ednio ter\u00e1 direito \u00e0 defesa no campo administrativo e, ao fim do processo, as informa\u00e7\u00f5es ser\u00e3o entregues ao Minist\u00e9rio P\u00fablico por se tratar de um crime ambiental&#8221;, explicou.<br \/>\nA Semurb autuou o edif\u00edcio nesta quarta-feira (3), dando um prazo de 72 horas para que a irregularidade fosse solucionada. A autua\u00e7\u00e3o conta provid\u00eancias que devem ser tomadas nesse intervalo, como:<br \/>\nremover ou tamponar a tubula\u00e7\u00e3o direcionada ao sistema de drenagem;<br \/>\nrfetuar adequa\u00e7\u00f5es para infiltra\u00e7\u00e3o de drenagem no pr\u00f3prio lote da edifica\u00e7\u00e3o;<br \/>\nrestinar, de maneira adequada, os efluentes de esgotos produzidos para o sistema de coleta da Caern, entre outras medidas.<br \/>\nUm restaurante em Areia Preta e um motel em M\u00e3e Luiza tamb\u00e9m foram notificados na fiscaliza\u00e7\u00e3o por despejo de \u00e1gua servida (de pias, de chuveiros) tamb\u00e9m em liga\u00e7\u00f5es clandestinas que d\u00e3o na rede de drenagem.<br \/>\nCondom\u00ednio de luxo \u00e9 flagrado despejando esgoto na praia de Areia Preta<br \/>\nIrregularidade foi descoberta em fiscaliza\u00e7\u00e3o<br \/>\nO flagra ocorreu em fiscaliza\u00e7\u00e3o realizada na ter\u00e7a-feira (2). Para conseguir identificar que o esgoto despejado na praia era do condom\u00ednio, os agentes da fiscaliza\u00e7\u00e3o despejaram um corante de cor vermelha na tubula\u00e7\u00e3o do empreendimento.<br \/>\nAssim, 20 minutos depois, conseguiram perceber uma liga\u00e7\u00e3o clandestina do esgoto que dava na rede de drenagem, que \u00e9 para escoar \u00e1gua da chuva. O ponto final do despejo era areia da praia &#8211; e seguia para o mar.<br \/>\nOs respons\u00e1veis pelos im\u00f3veis ser\u00e3o intimados a comparecer \u00e0 secretaria na segunda-feira (8). A Semurb comunicou que vai tampar as liga\u00e7\u00f5es clandestinas ainda nesta semana e que ir\u00e1 realizar novas vistorias na regi\u00e3o, inclusive em outros condom\u00ednios, &#8220;at\u00e9 concluir toda a bacia da regi\u00e3o de M\u00e3e Luiza&#8221;.<br \/>\nCorante vermelho foi colocado na rede de esgoto e flagrado em liga\u00e7\u00e3o clandestina em rede de drenagem<br \/>\nDivulga\u00e7\u00e3o\/Semurb<br \/>\nImpr\u00f3pria h\u00e1 um ano e 92 vezes mais coliformes fecais<br \/>\nA Praia de Areia Preta est\u00e1 impr\u00f3pria para banho h\u00e1 mais de um ano e apresentou recentemente 92 vezes mais coliformes fecais que o n\u00edvel aceito pelo Conselho Nacional do Meio Ambiente (Conama), segundo dados do boletim de balneabilidade do Instituto de Desenvolvimento Sustent\u00e1vel e Meio Ambiente (Idema).<br \/>\nUm estudo da prefeitura de Natal j\u00e1 havia identificado mais de 80 liga\u00e7\u00f5es clandestinas de im\u00f3veis de M\u00e3e Luiza e Areia Preta que davam na areia do mar, formando uma &#8220;L\u00edngua Negra&#8221;, como passou a ser conhecida a mancha escura na praia.<\/p>","protected":false},"excerpt":{"rendered":"<p>Valor corresponde a uma infra\u00e7\u00e3o grav\u00edssima, conforme a legisla\u00e7\u00e3o ambiental do Munic\u00edpio. Semurb determinou provid\u00eancias urgentes ao condom\u00ednio, e processo deve durar 30 dias. Liga\u00e7\u00e3o clandestina de condom\u00ednio dava na &#8230;<\/p>\n","protected":false},"author":0,"featured_media":7518,"parent":0,"menu_order":0,"comment_status":"closed","ping_status":"closed","template":"","meta":{"footnotes":""},"class_list":["post-7517","page","type-page","status-publish","has-post-thumbnail","hentry"],"yoast_head":"<!-- This site is optimized with the Yoast SEO plugin v27.1.1 - https:\/\/yoast.com\/product\/yoast-seo-wordpress\/ -->\n<title>Multa a condom\u00ednio de luxo de Natal por despejar esgoto na praia pode chegar a R$ 51 mil, diz Semurb - Taveira Jr<\/title>\n<meta name=\"robots\" content=\"index, follow, max-snippet:-1, max-image-preview:large, max-video-preview:-1\" \/>\n<link rel=\"canonical\" href=\"https:\/\/deputadotaveirajr.com.br\/index.php\/multa-a-condominio-de-luxo-de-natal-por-despejar-esgoto-na-praia-pode-chegar-a-r-51-mil-diz-semurb\/\" \/>\n<meta property=\"og:locale\" content=\"pt_BR\" \/>\n<meta property=\"og:type\" content=\"article\" \/>\n<meta property=\"og:title\" content=\"Multa a condom\u00ednio de luxo de Natal por despejar esgoto na praia pode chegar a R$ 51 mil, diz Semurb - Taveira Jr\" \/>\n<meta property=\"og:description\" content=\"Valor corresponde a uma infra\u00e7\u00e3o grav\u00edssima, conforme a legisla\u00e7\u00e3o ambiental do Munic\u00edpio. Semurb determinou provid\u00eancias urgentes ao condom\u00ednio, e processo deve durar 30 dias. Liga\u00e7\u00e3o clandestina de condom\u00ednio dava na ...\" \/>\n<meta property=\"og:url\" content=\"https:\/\/deputadotaveirajr.com.br\/index.php\/multa-a-condominio-de-luxo-de-natal-por-despejar-esgoto-na-praia-pode-chegar-a-r-51-mil-diz-semurb\/\" \/>\n<meta property=\"og:site_name\" content=\"Taveira Jr\" \/>\n<meta property=\"og:image\" content=\"https:\/\/deputadotaveirajr.com.br\/wp-content\/uploads\/2024\/07\/po-vermelho-Z3tRuj.jpeg\" \/>\n\t<meta property=\"og:image:width\" content=\"605\" \/>\n\t<meta property=\"og:image:height\" content=\"593\" \/>\n\t<meta property=\"og:image:type\" content=\"image\/jpeg\" \/>\n<meta name=\"twitter:card\" content=\"summary_large_image\" \/>\n<meta name=\"twitter:label1\" content=\"Est. tempo de leitura\" \/>\n\t<meta name=\"twitter:data1\" content=\"3 minutos\" \/>\n<script type=\"application\/ld+json\" class=\"yoast-schema-graph\">{\"@context\":\"https:\/\/schema.org\",\"@graph\":[{\"@type\":\"WebPage\",\"@id\":\"https:\/\/deputadotaveirajr.com.br\/index.php\/multa-a-condominio-de-luxo-de-natal-por-despejar-esgoto-na-praia-pode-chegar-a-r-51-mil-diz-semurb\/\",\"url\":\"https:\/\/deputadotaveirajr.com.br\/index.php\/multa-a-condominio-de-luxo-de-natal-por-despejar-esgoto-na-praia-pode-chegar-a-r-51-mil-diz-semurb\/\",\"name\":\"Multa a condom\u00ednio de luxo de Natal por despejar esgoto na praia pode chegar a R$ 51 mil, diz Semurb - Taveira Jr\",\"isPartOf\":{\"@id\":\"https:\/\/deputadotaveirajr.com.br\/#website\"},\"primaryImageOfPage\":{\"@id\":\"https:\/\/deputadotaveirajr.com.br\/index.php\/multa-a-condominio-de-luxo-de-natal-por-despejar-esgoto-na-praia-pode-chegar-a-r-51-mil-diz-semurb\/#primaryimage\"},\"image\":{\"@id\":\"https:\/\/deputadotaveirajr.com.br\/index.php\/multa-a-condominio-de-luxo-de-natal-por-despejar-esgoto-na-praia-pode-chegar-a-r-51-mil-diz-semurb\/#primaryimage\"},\"thumbnailUrl\":\"https:\/\/deputadotaveirajr.com.br\/wp-content\/uploads\/2024\/07\/po-vermelho-Z3tRuj.jpeg\",\"datePublished\":\"2024-07-05T00:01:51+00:00\",\"breadcrumb\":{\"@id\":\"https:\/\/deputadotaveirajr.com.br\/index.php\/multa-a-condominio-de-luxo-de-natal-por-despejar-esgoto-na-praia-pode-chegar-a-r-51-mil-diz-semurb\/#breadcrumb\"},\"inLanguage\":\"pt-BR\",\"potentialAction\":[{\"@type\":\"ReadAction\",\"target\":[\"https:\/\/deputadotaveirajr.com.br\/index.php\/multa-a-condominio-de-luxo-de-natal-por-despejar-esgoto-na-praia-pode-chegar-a-r-51-mil-diz-semurb\/\"]}]},{\"@type\":\"ImageObject\",\"inLanguage\":\"pt-BR\",\"@id\":\"https:\/\/deputadotaveirajr.com.br\/index.php\/multa-a-condominio-de-luxo-de-natal-por-despejar-esgoto-na-praia-pode-chegar-a-r-51-mil-diz-semurb\/#primaryimage\",\"url\":\"https:\/\/deputadotaveirajr.com.br\/wp-content\/uploads\/2024\/07\/po-vermelho-Z3tRuj.jpeg\",\"contentUrl\":\"https:\/\/deputadotaveirajr.com.br\/wp-content\/uploads\/2024\/07\/po-vermelho-Z3tRuj.jpeg\",\"width\":605,\"height\":593},{\"@type\":\"BreadcrumbList\",\"@id\":\"https:\/\/deputadotaveirajr.com.br\/index.php\/multa-a-condominio-de-luxo-de-natal-por-despejar-esgoto-na-praia-pode-chegar-a-r-51-mil-diz-semurb\/#breadcrumb\",\"itemListElement\":[{\"@type\":\"ListItem\",\"position\":1,\"name\":\"In\u00edcio\",\"item\":\"https:\/\/deputadotaveirajr.com.br\/\"},{\"@type\":\"ListItem\",\"position\":2,\"name\":\"Multa a condom\u00ednio de luxo de Natal por despejar esgoto na praia pode chegar a R$ 51 mil, diz Semurb\"}]},{\"@type\":\"WebSite\",\"@id\":\"https:\/\/deputadotaveirajr.com.br\/#website\",\"url\":\"https:\/\/deputadotaveirajr.com.br\/\",\"name\":\"Taveira Jr\",\"description\":\"Deputado Estadual\",\"publisher\":{\"@id\":\"https:\/\/deputadotaveirajr.com.br\/#organization\"},\"potentialAction\":[{\"@type\":\"SearchAction\",\"target\":{\"@type\":\"EntryPoint\",\"urlTemplate\":\"https:\/\/deputadotaveirajr.com.br\/?s={search_term_string}\"},\"query-input\":{\"@type\":\"PropertyValueSpecification\",\"valueRequired\":true,\"valueName\":\"search_term_string\"}}],\"inLanguage\":\"pt-BR\"},{\"@type\":\"Organization\",\"@id\":\"https:\/\/deputadotaveirajr.com.br\/#organization\",\"name\":\"Taveira Jr\",\"url\":\"https:\/\/deputadotaveirajr.com.br\/\",\"logo\":{\"@type\":\"ImageObject\",\"inLanguage\":\"pt-BR\",\"@id\":\"https:\/\/deputadotaveirajr.com.br\/#\/schema\/logo\/image\/\",\"url\":\"https:\/\/deputadotaveirajr.com.br\/wp-content\/uploads\/2026\/01\/logolow2a.png\",\"contentUrl\":\"https:\/\/deputadotaveirajr.com.br\/wp-content\/uploads\/2026\/01\/logolow2a.png\",\"width\":290,\"height\":80,\"caption\":\"Taveira Jr\"},\"image\":{\"@id\":\"https:\/\/deputadotaveirajr.com.br\/#\/schema\/logo\/image\/\"}}]}<\/script>\n<!-- \/ Yoast SEO plugin. -->","yoast_head_json":{"title":"Multa a condom\u00ednio de luxo de Natal por despejar esgoto na praia pode chegar a R$ 51 mil, diz Semurb - Taveira Jr","robots":{"index":"index","follow":"follow","max-snippet":"max-snippet:-1","max-image-preview":"max-image-preview:large","max-video-preview":"max-video-preview:-1"},"canonical":"https:\/\/deputadotaveirajr.com.br\/index.php\/multa-a-condominio-de-luxo-de-natal-por-despejar-esgoto-na-praia-pode-chegar-a-r-51-mil-diz-semurb\/","og_locale":"pt_BR","og_type":"article","og_title":"Multa a condom\u00ednio de luxo de Natal por despejar esgoto na praia pode chegar a R$ 51 mil, diz Semurb - Taveira Jr","og_description":"Valor corresponde a uma infra\u00e7\u00e3o grav\u00edssima, conforme a legisla\u00e7\u00e3o ambiental do Munic\u00edpio. Semurb determinou provid\u00eancias urgentes ao condom\u00ednio, e processo deve durar 30 dias. Liga\u00e7\u00e3o clandestina de condom\u00ednio dava na ...","og_url":"https:\/\/deputadotaveirajr.com.br\/index.php\/multa-a-condominio-de-luxo-de-natal-por-despejar-esgoto-na-praia-pode-chegar-a-r-51-mil-diz-semurb\/","og_site_name":"Taveira Jr","og_image":[{"width":605,"height":593,"url":"https:\/\/deputadotaveirajr.com.br\/wp-content\/uploads\/2024\/07\/po-vermelho-Z3tRuj.jpeg","type":"image\/jpeg"}],"twitter_card":"summary_large_image","twitter_misc":{"Est. tempo de leitura":"3 minutos"},"schema":{"@context":"https:\/\/schema.org","@graph":[{"@type":"WebPage","@id":"https:\/\/deputadotaveirajr.com.br\/index.php\/multa-a-condominio-de-luxo-de-natal-por-despejar-esgoto-na-praia-pode-chegar-a-r-51-mil-diz-semurb\/","url":"https:\/\/deputadotaveirajr.com.br\/index.php\/multa-a-condominio-de-luxo-de-natal-por-despejar-esgoto-na-praia-pode-chegar-a-r-51-mil-diz-semurb\/","name":"Multa a condom\u00ednio de luxo de Natal por despejar esgoto na praia pode chegar a R$ 51 mil, diz Semurb - Taveira Jr","isPartOf":{"@id":"https:\/\/deputadotaveirajr.com.br\/#website"},"primaryImageOfPage":{"@id":"https:\/\/deputadotaveirajr.com.br\/index.php\/multa-a-condominio-de-luxo-de-natal-por-despejar-esgoto-na-praia-pode-chegar-a-r-51-mil-diz-semurb\/#primaryimage"},"image":{"@id":"https:\/\/deputadotaveirajr.com.br\/index.php\/multa-a-condominio-de-luxo-de-natal-por-despejar-esgoto-na-praia-pode-chegar-a-r-51-mil-diz-semurb\/#primaryimage"},"thumbnailUrl":"https:\/\/deputadotaveirajr.com.br\/wp-content\/uploads\/2024\/07\/po-vermelho-Z3tRuj.jpeg","datePublished":"2024-07-05T00:01:51+00:00","breadcrumb":{"@id":"https:\/\/deputadotaveirajr.com.br\/index.php\/multa-a-condominio-de-luxo-de-natal-por-despejar-esgoto-na-praia-pode-chegar-a-r-51-mil-diz-semurb\/#breadcrumb"},"inLanguage":"pt-BR","potentialAction":[{"@type":"ReadAction","target":["https:\/\/deputadotaveirajr.com.br\/index.php\/multa-a-condominio-de-luxo-de-natal-por-despejar-esgoto-na-praia-pode-chegar-a-r-51-mil-diz-semurb\/"]}]},{"@type":"ImageObject","inLanguage":"pt-BR","@id":"https:\/\/deputadotaveirajr.com.br\/index.php\/multa-a-condominio-de-luxo-de-natal-por-despejar-esgoto-na-praia-pode-chegar-a-r-51-mil-diz-semurb\/#primaryimage","url":"https:\/\/deputadotaveirajr.com.br\/wp-content\/uploads\/2024\/07\/po-vermelho-Z3tRuj.jpeg","contentUrl":"https:\/\/deputadotaveirajr.com.br\/wp-content\/uploads\/2024\/07\/po-vermelho-Z3tRuj.jpeg","width":605,"height":593},{"@type":"BreadcrumbList","@id":"https:\/\/deputadotaveirajr.com.br\/index.php\/multa-a-condominio-de-luxo-de-natal-por-despejar-esgoto-na-praia-pode-chegar-a-r-51-mil-diz-semurb\/#breadcrumb","itemListElement":[{"@type":"ListItem","position":1,"name":"In\u00edcio","item":"https:\/\/deputadotaveirajr.com.br\/"},{"@type":"ListItem","position":2,"name":"Multa a condom\u00ednio de luxo de Natal por despejar esgoto na praia pode chegar a R$ 51 mil, diz Semurb"}]},{"@type":"WebSite","@id":"https:\/\/deputadotaveirajr.com.br\/#website","url":"https:\/\/deputadotaveirajr.com.br\/","name":"Taveira Jr","description":"Deputado Estadual","publisher":{"@id":"https:\/\/deputadotaveirajr.com.br\/#organization"},"potentialAction":[{"@type":"SearchAction","target":{"@type":"EntryPoint","urlTemplate":"https:\/\/deputadotaveirajr.com.br\/?s={search_term_string}"},"query-input":{"@type":"PropertyValueSpecification","valueRequired":true,"valueName":"search_term_string"}}],"inLanguage":"pt-BR"},{"@type":"Organization","@id":"https:\/\/deputadotaveirajr.com.br\/#organization","name":"Taveira Jr","url":"https:\/\/deputadotaveirajr.com.br\/","logo":{"@type":"ImageObject","inLanguage":"pt-BR","@id":"https:\/\/deputadotaveirajr.com.br\/#\/schema\/logo\/image\/","url":"https:\/\/deputadotaveirajr.com.br\/wp-content\/uploads\/2026\/01\/logolow2a.png","contentUrl":"https:\/\/deputadotaveirajr.com.br\/wp-content\/uploads\/2026\/01\/logolow2a.png","width":290,"height":80,"caption":"Taveira Jr"},"image":{"@id":"https:\/\/deputadotaveirajr.com.br\/#\/schema\/logo\/image\/"}}]}},"_links":{"self":[{"href":"https:\/\/deputadotaveirajr.com.br\/index.php\/wp-json\/wp\/v2\/pages\/7517","targetHints":{"allow":["GET"]}}],"collection":[{"href":"https:\/\/deputadotaveirajr.com.br\/index.php\/wp-json\/wp\/v2\/pages"}],"about":[{"href":"https:\/\/deputadotaveirajr.com.br\/index.php\/wp-json\/wp\/v2\/types\/page"}],"replies":[{"embeddable":true,"href":"https:\/\/deputadotaveirajr.com.br\/index.php\/wp-json\/wp\/v2\/comments?post=7517"}],"version-history":[{"count":1,"href":"https:\/\/deputadotaveirajr.com.br\/index.php\/wp-json\/wp\/v2\/pages\/7517\/revisions"}],"predecessor-version":[{"id":7523,"href":"https:\/\/deputadotaveirajr.com.br\/index.php\/wp-json\/wp\/v2\/pages\/7517\/revisions\/7523"}],"wp:featuredmedia":[{"embeddable":true,"href":"https:\/\/deputadotaveirajr.com.br\/index.php\/wp-json\/wp\/v2\/media\/7518"}],"wp:attachment":[{"href":"https:\/\/deputadotaveirajr.com.br\/index.php\/wp-json\/wp\/v2\/media?parent=7517"}],"curies":[{"name":"wp","href":"https:\/\/api.w.org\/{rel}","templated":true}]}}