{"id":7623,"date":"2024-07-10T09:00:10","date_gmt":"2024-07-10T12:00:10","guid":{"rendered":"https:\/\/deputadotaveirajr.com.br\/?page_id=7623"},"modified":"2024-07-10T09:00:10","modified_gmt":"2024-07-10T12:00:10","slug":"rn-gasta-quase-57-das-receitas-com-folha-salarial-e-lidera-lista-de-estados-acima-do-limite-da-lei-de-responsabilidade-fiscal-2","status":"publish","type":"page","link":"https:\/\/deputadotaveirajr.com.br\/index.php\/rn-gasta-quase-57-das-receitas-com-folha-salarial-e-lidera-lista-de-estados-acima-do-limite-da-lei-de-responsabilidade-fiscal-2\/","title":{"rendered":"RN gasta quase 57% das receitas com folha salarial e lidera lista de estados acima do limite da Lei de Responsabilidade Fiscal"},"content":{"rendered":"<p>     Dados s\u00e3o referentes ao primeiro quadrimestre de 2024. Percentual estipulado na Lei de Responsabilidade Fiscal para gasto com pessoal \u00e9 de 49% da Receita Corrente L\u00edquida. RN gasta quase 57% das receitas com folha salarial e lidera lista de estados acima do limite da Lei de Responsabilidade Fiscal<br \/>\nSandro Menezes\/Assecom Governo do RN\/Divulga\u00e7\u00e3o<br \/>\nO Rio Grande do Norte \u00e9 o estado do pa\u00eds com o maior percentual de gastos com pessoal &#8211; em rela\u00e7\u00e3o \u00e0 receita l\u00edquida. O RN gastou 56,86% das suas receitas com pagamento de pessoal.<br \/>\nEsse percentual ultrapassa o limite para despesa com pessoal previsto na Lei de Responsabilidade Fiscal (LRF) para o Poder Executivo, que \u00e9 49%.<br \/>\n\ud83d\udcf3Participe do canal do g1 RN no WhatsApp<br \/>\nOs dados est\u00e3o no Relat\u00f3rio de Gest\u00e3o Fiscal (RGF) relativo ao 1\u00ba quadrimestre de 2024, divulgado pela Secretaria do Tesouro Nacional (STN).<br \/>\nAl\u00e9m do Rio Grande do Norte, Minas Gerais (com 50,37%) tamb\u00e9m ultrapassou o limite estipulado em lei, que \u00e9 de 49% da receita.<br \/>\nEm junho deste ano o Minist\u00e9rio P\u00fablico Estadual recomendou ao governo do estado uma s\u00e9rie de medidas administrativas para adequa\u00e7\u00e3o das despesas estaduais \u00e0 Lei de Responsabilidade Fiscal (LRF). Entre elas, que o governo n\u00e3o aumente sal\u00e1rios, suspenda a cria\u00e7\u00e3o de cargos e n\u00e3o realize concursos p\u00fablicos.<br \/>\nLEIA TAMB\u00c9M:<br \/>\nRN tem mais aposentados e pensionistas que servidores na ativa<br \/>\nSegundo o Tesouro Nacional, a despesa total com pessoal representa os gastos com servidores ativos, inativos e pensionistas, deduzidas as despesas de indeniza\u00e7\u00e3o por demiss\u00e3o de servidores ou empregados; incentivos \u00e0 demiss\u00e3o volunt\u00e1ria; ou decorrentes de decis\u00e3o judicial e da compet\u00eancia de per\u00edodo anterior ao da apura\u00e7\u00e3o.<br \/>\nDe acordo com o relat\u00f3rio, do gasto total com pessoal no RN 60% foi usado para pagamento de servidores ativos e 39% com inativos e pensionistas. 1% foi para pagamento de terceiriza\u00e7\u00f5es.<br \/>\nVale ressaltar que a Lei de Responsabilidade Fiscal n\u00e3o prev\u00ea puni\u00e7\u00e3o criminal para os estados que ultrapassam o gasto previsto com pessoal, exceto quando h\u00e1 aumento nessa despesa nos \u00faltimos 180 dias de mandato.<br \/>\nJ\u00e1 os Poderes Judici\u00e1rio, Legislativo e o Minist\u00e9rio P\u00fablico do RN permaneceram dentro dos limites impostos pela lei.<br \/>\nV\u00cdDEOS: Mais vistos do RN nos \u00faltimos 7 dias<\/p>","protected":false},"excerpt":{"rendered":"<p>Dados s\u00e3o referentes ao primeiro quadrimestre de 2024. Percentual estipulado na Lei de Responsabilidade Fiscal para gasto com pessoal \u00e9 de 49% da Receita Corrente L\u00edquida. RN gasta quase 57% &#8230;<\/p>\n","protected":false},"author":0,"featured_media":7624,"parent":0,"menu_order":0,"comment_status":"closed","ping_status":"closed","template":"","meta":{"footnotes":""},"class_list":["post-7623","page","type-page","status-publish","has-post-thumbnail","hentry"],"yoast_head":"<!-- This site is optimized with the Yoast SEO plugin v27.1.1 - https:\/\/yoast.com\/product\/yoast-seo-wordpress\/ -->\n<title>RN gasta quase 57% das receitas com folha salarial e lidera lista de estados acima do limite da Lei de Responsabilidade Fiscal - Taveira Jr<\/title>\n<meta name=\"robots\" content=\"index, follow, max-snippet:-1, max-image-preview:large, max-video-preview:-1\" \/>\n<link rel=\"canonical\" href=\"https:\/\/deputadotaveirajr.com.br\/index.php\/rn-gasta-quase-57-das-receitas-com-folha-salarial-e-lidera-lista-de-estados-acima-do-limite-da-lei-de-responsabilidade-fiscal-2\/\" \/>\n<meta property=\"og:locale\" content=\"pt_BR\" \/>\n<meta property=\"og:type\" content=\"article\" \/>\n<meta property=\"og:title\" content=\"RN gasta quase 57% das receitas com folha salarial e lidera lista de estados acima do limite da Lei de Responsabilidade Fiscal - Taveira Jr\" \/>\n<meta property=\"og:description\" content=\"Dados s\u00e3o referentes ao primeiro quadrimestre de 2024. Percentual estipulado na Lei de Responsabilidade Fiscal para gasto com pessoal \u00e9 de 49% da Receita Corrente L\u00edquida. RN gasta quase 57% ...\" \/>\n<meta property=\"og:url\" content=\"https:\/\/deputadotaveirajr.com.br\/index.php\/rn-gasta-quase-57-das-receitas-com-folha-salarial-e-lidera-lista-de-estados-acima-do-limite-da-lei-de-responsabilidade-fiscal-2\/\" \/>\n<meta property=\"og:site_name\" content=\"Taveira Jr\" \/>\n<meta property=\"og:image\" content=\"https:\/\/deputadotaveirajr.com.br\/wp-content\/uploads\/2024\/07\/whatsapp-image-2021-11-26-at-11.40.21-1-68nzw3.jpeg\" \/>\n\t<meta property=\"og:image:width\" content=\"1280\" \/>\n\t<meta property=\"og:image:height\" content=\"853\" \/>\n\t<meta property=\"og:image:type\" content=\"image\/jpeg\" \/>\n<meta name=\"twitter:card\" content=\"summary_large_image\" \/>\n<meta name=\"twitter:label1\" content=\"Est. tempo de leitura\" \/>\n\t<meta name=\"twitter:data1\" content=\"2 minutos\" \/>\n<script type=\"application\/ld+json\" class=\"yoast-schema-graph\">{\"@context\":\"https:\/\/schema.org\",\"@graph\":[{\"@type\":\"WebPage\",\"@id\":\"https:\/\/deputadotaveirajr.com.br\/index.php\/rn-gasta-quase-57-das-receitas-com-folha-salarial-e-lidera-lista-de-estados-acima-do-limite-da-lei-de-responsabilidade-fiscal-2\/\",\"url\":\"https:\/\/deputadotaveirajr.com.br\/index.php\/rn-gasta-quase-57-das-receitas-com-folha-salarial-e-lidera-lista-de-estados-acima-do-limite-da-lei-de-responsabilidade-fiscal-2\/\",\"name\":\"RN gasta quase 57% das receitas com folha salarial e lidera lista de estados acima do limite da Lei de Responsabilidade Fiscal - Taveira Jr\",\"isPartOf\":{\"@id\":\"https:\/\/deputadotaveirajr.com.br\/#website\"},\"primaryImageOfPage\":{\"@id\":\"https:\/\/deputadotaveirajr.com.br\/index.php\/rn-gasta-quase-57-das-receitas-com-folha-salarial-e-lidera-lista-de-estados-acima-do-limite-da-lei-de-responsabilidade-fiscal-2\/#primaryimage\"},\"image\":{\"@id\":\"https:\/\/deputadotaveirajr.com.br\/index.php\/rn-gasta-quase-57-das-receitas-com-folha-salarial-e-lidera-lista-de-estados-acima-do-limite-da-lei-de-responsabilidade-fiscal-2\/#primaryimage\"},\"thumbnailUrl\":\"https:\/\/deputadotaveirajr.com.br\/wp-content\/uploads\/2024\/07\/whatsapp-image-2021-11-26-at-11.40.21-1-68nzw3.jpeg\",\"datePublished\":\"2024-07-10T12:00:10+00:00\",\"breadcrumb\":{\"@id\":\"https:\/\/deputadotaveirajr.com.br\/index.php\/rn-gasta-quase-57-das-receitas-com-folha-salarial-e-lidera-lista-de-estados-acima-do-limite-da-lei-de-responsabilidade-fiscal-2\/#breadcrumb\"},\"inLanguage\":\"pt-BR\",\"potentialAction\":[{\"@type\":\"ReadAction\",\"target\":[\"https:\/\/deputadotaveirajr.com.br\/index.php\/rn-gasta-quase-57-das-receitas-com-folha-salarial-e-lidera-lista-de-estados-acima-do-limite-da-lei-de-responsabilidade-fiscal-2\/\"]}]},{\"@type\":\"ImageObject\",\"inLanguage\":\"pt-BR\",\"@id\":\"https:\/\/deputadotaveirajr.com.br\/index.php\/rn-gasta-quase-57-das-receitas-com-folha-salarial-e-lidera-lista-de-estados-acima-do-limite-da-lei-de-responsabilidade-fiscal-2\/#primaryimage\",\"url\":\"https:\/\/deputadotaveirajr.com.br\/wp-content\/uploads\/2024\/07\/whatsapp-image-2021-11-26-at-11.40.21-1-68nzw3.jpeg\",\"contentUrl\":\"https:\/\/deputadotaveirajr.com.br\/wp-content\/uploads\/2024\/07\/whatsapp-image-2021-11-26-at-11.40.21-1-68nzw3.jpeg\",\"width\":1280,\"height\":853},{\"@type\":\"BreadcrumbList\",\"@id\":\"https:\/\/deputadotaveirajr.com.br\/index.php\/rn-gasta-quase-57-das-receitas-com-folha-salarial-e-lidera-lista-de-estados-acima-do-limite-da-lei-de-responsabilidade-fiscal-2\/#breadcrumb\",\"itemListElement\":[{\"@type\":\"ListItem\",\"position\":1,\"name\":\"In\u00edcio\",\"item\":\"https:\/\/deputadotaveirajr.com.br\/\"},{\"@type\":\"ListItem\",\"position\":2,\"name\":\"RN gasta quase 57% das receitas com folha salarial e lidera lista de estados acima do limite da Lei de Responsabilidade Fiscal\"}]},{\"@type\":\"WebSite\",\"@id\":\"https:\/\/deputadotaveirajr.com.br\/#website\",\"url\":\"https:\/\/deputadotaveirajr.com.br\/\",\"name\":\"Taveira Jr\",\"description\":\"Deputado Estadual\",\"publisher\":{\"@id\":\"https:\/\/deputadotaveirajr.com.br\/#organization\"},\"potentialAction\":[{\"@type\":\"SearchAction\",\"target\":{\"@type\":\"EntryPoint\",\"urlTemplate\":\"https:\/\/deputadotaveirajr.com.br\/?s={search_term_string}\"},\"query-input\":{\"@type\":\"PropertyValueSpecification\",\"valueRequired\":true,\"valueName\":\"search_term_string\"}}],\"inLanguage\":\"pt-BR\"},{\"@type\":\"Organization\",\"@id\":\"https:\/\/deputadotaveirajr.com.br\/#organization\",\"name\":\"Taveira Jr\",\"url\":\"https:\/\/deputadotaveirajr.com.br\/\",\"logo\":{\"@type\":\"ImageObject\",\"inLanguage\":\"pt-BR\",\"@id\":\"https:\/\/deputadotaveirajr.com.br\/#\/schema\/logo\/image\/\",\"url\":\"https:\/\/deputadotaveirajr.com.br\/wp-content\/uploads\/2026\/01\/logolow2a.png\",\"contentUrl\":\"https:\/\/deputadotaveirajr.com.br\/wp-content\/uploads\/2026\/01\/logolow2a.png\",\"width\":290,\"height\":80,\"caption\":\"Taveira Jr\"},\"image\":{\"@id\":\"https:\/\/deputadotaveirajr.com.br\/#\/schema\/logo\/image\/\"}}]}<\/script>\n<!-- \/ Yoast SEO plugin. -->","yoast_head_json":{"title":"RN gasta quase 57% das receitas com folha salarial e lidera lista de estados acima do limite da Lei de Responsabilidade Fiscal - Taveira Jr","robots":{"index":"index","follow":"follow","max-snippet":"max-snippet:-1","max-image-preview":"max-image-preview:large","max-video-preview":"max-video-preview:-1"},"canonical":"https:\/\/deputadotaveirajr.com.br\/index.php\/rn-gasta-quase-57-das-receitas-com-folha-salarial-e-lidera-lista-de-estados-acima-do-limite-da-lei-de-responsabilidade-fiscal-2\/","og_locale":"pt_BR","og_type":"article","og_title":"RN gasta quase 57% das receitas com folha salarial e lidera lista de estados acima do limite da Lei de Responsabilidade Fiscal - Taveira Jr","og_description":"Dados s\u00e3o referentes ao primeiro quadrimestre de 2024. Percentual estipulado na Lei de Responsabilidade Fiscal para gasto com pessoal \u00e9 de 49% da Receita Corrente L\u00edquida. RN gasta quase 57% ...","og_url":"https:\/\/deputadotaveirajr.com.br\/index.php\/rn-gasta-quase-57-das-receitas-com-folha-salarial-e-lidera-lista-de-estados-acima-do-limite-da-lei-de-responsabilidade-fiscal-2\/","og_site_name":"Taveira Jr","og_image":[{"width":1280,"height":853,"url":"https:\/\/deputadotaveirajr.com.br\/wp-content\/uploads\/2024\/07\/whatsapp-image-2021-11-26-at-11.40.21-1-68nzw3.jpeg","type":"image\/jpeg"}],"twitter_card":"summary_large_image","twitter_misc":{"Est. tempo de leitura":"2 minutos"},"schema":{"@context":"https:\/\/schema.org","@graph":[{"@type":"WebPage","@id":"https:\/\/deputadotaveirajr.com.br\/index.php\/rn-gasta-quase-57-das-receitas-com-folha-salarial-e-lidera-lista-de-estados-acima-do-limite-da-lei-de-responsabilidade-fiscal-2\/","url":"https:\/\/deputadotaveirajr.com.br\/index.php\/rn-gasta-quase-57-das-receitas-com-folha-salarial-e-lidera-lista-de-estados-acima-do-limite-da-lei-de-responsabilidade-fiscal-2\/","name":"RN gasta quase 57% das receitas com folha salarial e lidera lista de estados acima do limite da Lei de Responsabilidade Fiscal - Taveira Jr","isPartOf":{"@id":"https:\/\/deputadotaveirajr.com.br\/#website"},"primaryImageOfPage":{"@id":"https:\/\/deputadotaveirajr.com.br\/index.php\/rn-gasta-quase-57-das-receitas-com-folha-salarial-e-lidera-lista-de-estados-acima-do-limite-da-lei-de-responsabilidade-fiscal-2\/#primaryimage"},"image":{"@id":"https:\/\/deputadotaveirajr.com.br\/index.php\/rn-gasta-quase-57-das-receitas-com-folha-salarial-e-lidera-lista-de-estados-acima-do-limite-da-lei-de-responsabilidade-fiscal-2\/#primaryimage"},"thumbnailUrl":"https:\/\/deputadotaveirajr.com.br\/wp-content\/uploads\/2024\/07\/whatsapp-image-2021-11-26-at-11.40.21-1-68nzw3.jpeg","datePublished":"2024-07-10T12:00:10+00:00","breadcrumb":{"@id":"https:\/\/deputadotaveirajr.com.br\/index.php\/rn-gasta-quase-57-das-receitas-com-folha-salarial-e-lidera-lista-de-estados-acima-do-limite-da-lei-de-responsabilidade-fiscal-2\/#breadcrumb"},"inLanguage":"pt-BR","potentialAction":[{"@type":"ReadAction","target":["https:\/\/deputadotaveirajr.com.br\/index.php\/rn-gasta-quase-57-das-receitas-com-folha-salarial-e-lidera-lista-de-estados-acima-do-limite-da-lei-de-responsabilidade-fiscal-2\/"]}]},{"@type":"ImageObject","inLanguage":"pt-BR","@id":"https:\/\/deputadotaveirajr.com.br\/index.php\/rn-gasta-quase-57-das-receitas-com-folha-salarial-e-lidera-lista-de-estados-acima-do-limite-da-lei-de-responsabilidade-fiscal-2\/#primaryimage","url":"https:\/\/deputadotaveirajr.com.br\/wp-content\/uploads\/2024\/07\/whatsapp-image-2021-11-26-at-11.40.21-1-68nzw3.jpeg","contentUrl":"https:\/\/deputadotaveirajr.com.br\/wp-content\/uploads\/2024\/07\/whatsapp-image-2021-11-26-at-11.40.21-1-68nzw3.jpeg","width":1280,"height":853},{"@type":"BreadcrumbList","@id":"https:\/\/deputadotaveirajr.com.br\/index.php\/rn-gasta-quase-57-das-receitas-com-folha-salarial-e-lidera-lista-de-estados-acima-do-limite-da-lei-de-responsabilidade-fiscal-2\/#breadcrumb","itemListElement":[{"@type":"ListItem","position":1,"name":"In\u00edcio","item":"https:\/\/deputadotaveirajr.com.br\/"},{"@type":"ListItem","position":2,"name":"RN gasta quase 57% das receitas com folha salarial e lidera lista de estados acima do limite da Lei de Responsabilidade Fiscal"}]},{"@type":"WebSite","@id":"https:\/\/deputadotaveirajr.com.br\/#website","url":"https:\/\/deputadotaveirajr.com.br\/","name":"Taveira Jr","description":"Deputado Estadual","publisher":{"@id":"https:\/\/deputadotaveirajr.com.br\/#organization"},"potentialAction":[{"@type":"SearchAction","target":{"@type":"EntryPoint","urlTemplate":"https:\/\/deputadotaveirajr.com.br\/?s={search_term_string}"},"query-input":{"@type":"PropertyValueSpecification","valueRequired":true,"valueName":"search_term_string"}}],"inLanguage":"pt-BR"},{"@type":"Organization","@id":"https:\/\/deputadotaveirajr.com.br\/#organization","name":"Taveira Jr","url":"https:\/\/deputadotaveirajr.com.br\/","logo":{"@type":"ImageObject","inLanguage":"pt-BR","@id":"https:\/\/deputadotaveirajr.com.br\/#\/schema\/logo\/image\/","url":"https:\/\/deputadotaveirajr.com.br\/wp-content\/uploads\/2026\/01\/logolow2a.png","contentUrl":"https:\/\/deputadotaveirajr.com.br\/wp-content\/uploads\/2026\/01\/logolow2a.png","width":290,"height":80,"caption":"Taveira Jr"},"image":{"@id":"https:\/\/deputadotaveirajr.com.br\/#\/schema\/logo\/image\/"}}]}},"_links":{"self":[{"href":"https:\/\/deputadotaveirajr.com.br\/index.php\/wp-json\/wp\/v2\/pages\/7623","targetHints":{"allow":["GET"]}}],"collection":[{"href":"https:\/\/deputadotaveirajr.com.br\/index.php\/wp-json\/wp\/v2\/pages"}],"about":[{"href":"https:\/\/deputadotaveirajr.com.br\/index.php\/wp-json\/wp\/v2\/types\/page"}],"replies":[{"embeddable":true,"href":"https:\/\/deputadotaveirajr.com.br\/index.php\/wp-json\/wp\/v2\/comments?post=7623"}],"version-history":[{"count":1,"href":"https:\/\/deputadotaveirajr.com.br\/index.php\/wp-json\/wp\/v2\/pages\/7623\/revisions"}],"predecessor-version":[{"id":7627,"href":"https:\/\/deputadotaveirajr.com.br\/index.php\/wp-json\/wp\/v2\/pages\/7623\/revisions\/7627"}],"wp:featuredmedia":[{"embeddable":true,"href":"https:\/\/deputadotaveirajr.com.br\/index.php\/wp-json\/wp\/v2\/media\/7624"}],"wp:attachment":[{"href":"https:\/\/deputadotaveirajr.com.br\/index.php\/wp-json\/wp\/v2\/media?parent=7623"}],"curies":[{"name":"wp","href":"https:\/\/api.w.org\/{rel}","templated":true}]}}