{"id":7662,"date":"2024-07-10T17:17:43","date_gmt":"2024-07-10T20:17:43","guid":{"rendered":"https:\/\/deputadotaveirajr.com.br\/?page_id=7662"},"modified":"2024-07-10T17:17:43","modified_gmt":"2024-07-10T20:17:43","slug":"policial-reformado-e-preso-suspeito-de-homicidio-em-mossoro","status":"publish","type":"page","link":"https:\/\/deputadotaveirajr.com.br\/index.php\/policial-reformado-e-preso-suspeito-de-homicidio-em-mossoro\/","title":{"rendered":"Policial reformado \u00e9 preso suspeito de homic\u00eddio em Mossor\u00f3"},"content":{"rendered":"<p>     O suspeito tem 65 anos e \u00e9 apontado como autor de um crime ocorrido no \u00faltimo dia 29 de junho. Um rev\u00f3lver calibre 38 foi apreendido com o suspeito.<br \/>\nDivulga\u00e7\u00e3o\/Pol\u00edcia Civil<br \/>\nUm policial militar reformado foi preso nesta ter\u00e7a-feira (9) em Mossor\u00f3, no Oeste potiguar. Ele \u00e9 suspeito de ser autor de um homic\u00eddio contra um homem no bairro Ilha de Santa Luzia.<br \/>\nO suspeito tem 65 anos e n\u00e3o teve sua identidade revelada. Com ele, os policiais apreenderam um rev\u00f3lver calibre 38 e muni\u00e7\u00f5es.<br \/>\nA Pol\u00edcia Civil acredita que a arma foi a utilizada no crime, ocorrido no \u00faltimo dia 29 de junho.<br \/>\n\ud83d\udcf3Participe do canal do g1 RN no WhatsApp<br \/>\nA v\u00edtima \u00e9 Tiago Batista da Silva, de 36 anos. Al\u00e9m do mandado de pris\u00e3o, o suspeito foi autuado em flagrante por porte irregular de arma de fogo.<br \/>\nO suspeito foi encaminhado ao estabelecimento militar, j\u00e1 que se trata de um policial reformado. Por l\u00e1, segue \u00e0 disposi\u00e7\u00e3o da Justi\u00e7a.<\/p>","protected":false},"excerpt":{"rendered":"<p>O suspeito tem 65 anos e \u00e9 apontado como autor de um crime ocorrido no \u00faltimo dia 29 de junho. Um rev\u00f3lver calibre 38 foi apreendido com o suspeito. Divulga\u00e7\u00e3o\/Pol\u00edcia &#8230;<\/p>\n","protected":false},"author":0,"featured_media":7663,"parent":0,"menu_order":0,"comment_status":"closed","ping_status":"closed","template":"","meta":{"footnotes":""},"class_list":["post-7662","page","type-page","status-publish","has-post-thumbnail","hentry"],"yoast_head":"<!-- This site is optimized with the Yoast SEO plugin v27.1.1 - https:\/\/yoast.com\/product\/yoast-seo-wordpress\/ -->\n<title>Policial reformado \u00e9 preso suspeito de homic\u00eddio em Mossor\u00f3 - Taveira Jr<\/title>\n<meta name=\"robots\" content=\"index, follow, max-snippet:-1, max-image-preview:large, max-video-preview:-1\" \/>\n<link rel=\"canonical\" href=\"https:\/\/deputadotaveirajr.com.br\/index.php\/policial-reformado-e-preso-suspeito-de-homicidio-em-mossoro\/\" \/>\n<meta property=\"og:locale\" content=\"pt_BR\" \/>\n<meta property=\"og:type\" content=\"article\" \/>\n<meta property=\"og:title\" content=\"Policial reformado \u00e9 preso suspeito de homic\u00eddio em Mossor\u00f3 - Taveira Jr\" \/>\n<meta property=\"og:description\" content=\"O suspeito tem 65 anos e \u00e9 apontado como autor de um crime ocorrido no \u00faltimo dia 29 de junho. Um rev\u00f3lver calibre 38 foi apreendido com o suspeito. Divulga\u00e7\u00e3o\/Pol\u00edcia ...\" \/>\n<meta property=\"og:url\" content=\"https:\/\/deputadotaveirajr.com.br\/index.php\/policial-reformado-e-preso-suspeito-de-homicidio-em-mossoro\/\" \/>\n<meta property=\"og:site_name\" content=\"Taveira Jr\" \/>\n<meta property=\"og:image\" content=\"https:\/\/deputadotaveirajr.com.br\/wp-content\/uploads\/2024\/07\/whatsapp-image-2024-07-10-at-13.36.59-SmimEs.jpeg\" \/>\n\t<meta property=\"og:image:width\" content=\"1280\" \/>\n\t<meta property=\"og:image:height\" content=\"960\" \/>\n\t<meta property=\"og:image:type\" content=\"image\/jpeg\" \/>\n<meta name=\"twitter:card\" content=\"summary_large_image\" \/>\n<meta name=\"twitter:label1\" content=\"Est. tempo de leitura\" \/>\n\t<meta name=\"twitter:data1\" content=\"1 minuto\" \/>\n<script type=\"application\/ld+json\" class=\"yoast-schema-graph\">{\"@context\":\"https:\/\/schema.org\",\"@graph\":[{\"@type\":\"WebPage\",\"@id\":\"https:\/\/deputadotaveirajr.com.br\/index.php\/policial-reformado-e-preso-suspeito-de-homicidio-em-mossoro\/\",\"url\":\"https:\/\/deputadotaveirajr.com.br\/index.php\/policial-reformado-e-preso-suspeito-de-homicidio-em-mossoro\/\",\"name\":\"Policial reformado \u00e9 preso suspeito de homic\u00eddio em Mossor\u00f3 - Taveira Jr\",\"isPartOf\":{\"@id\":\"https:\/\/deputadotaveirajr.com.br\/#website\"},\"primaryImageOfPage\":{\"@id\":\"https:\/\/deputadotaveirajr.com.br\/index.php\/policial-reformado-e-preso-suspeito-de-homicidio-em-mossoro\/#primaryimage\"},\"image\":{\"@id\":\"https:\/\/deputadotaveirajr.com.br\/index.php\/policial-reformado-e-preso-suspeito-de-homicidio-em-mossoro\/#primaryimage\"},\"thumbnailUrl\":\"https:\/\/deputadotaveirajr.com.br\/wp-content\/uploads\/2024\/07\/whatsapp-image-2024-07-10-at-13.36.59-SmimEs.jpeg\",\"datePublished\":\"2024-07-10T20:17:43+00:00\",\"breadcrumb\":{\"@id\":\"https:\/\/deputadotaveirajr.com.br\/index.php\/policial-reformado-e-preso-suspeito-de-homicidio-em-mossoro\/#breadcrumb\"},\"inLanguage\":\"pt-BR\",\"potentialAction\":[{\"@type\":\"ReadAction\",\"target\":[\"https:\/\/deputadotaveirajr.com.br\/index.php\/policial-reformado-e-preso-suspeito-de-homicidio-em-mossoro\/\"]}]},{\"@type\":\"ImageObject\",\"inLanguage\":\"pt-BR\",\"@id\":\"https:\/\/deputadotaveirajr.com.br\/index.php\/policial-reformado-e-preso-suspeito-de-homicidio-em-mossoro\/#primaryimage\",\"url\":\"https:\/\/deputadotaveirajr.com.br\/wp-content\/uploads\/2024\/07\/whatsapp-image-2024-07-10-at-13.36.59-SmimEs.jpeg\",\"contentUrl\":\"https:\/\/deputadotaveirajr.com.br\/wp-content\/uploads\/2024\/07\/whatsapp-image-2024-07-10-at-13.36.59-SmimEs.jpeg\",\"width\":1280,\"height\":960},{\"@type\":\"BreadcrumbList\",\"@id\":\"https:\/\/deputadotaveirajr.com.br\/index.php\/policial-reformado-e-preso-suspeito-de-homicidio-em-mossoro\/#breadcrumb\",\"itemListElement\":[{\"@type\":\"ListItem\",\"position\":1,\"name\":\"In\u00edcio\",\"item\":\"https:\/\/deputadotaveirajr.com.br\/\"},{\"@type\":\"ListItem\",\"position\":2,\"name\":\"Policial reformado \u00e9 preso suspeito de homic\u00eddio em Mossor\u00f3\"}]},{\"@type\":\"WebSite\",\"@id\":\"https:\/\/deputadotaveirajr.com.br\/#website\",\"url\":\"https:\/\/deputadotaveirajr.com.br\/\",\"name\":\"Taveira Jr\",\"description\":\"Deputado Estadual\",\"publisher\":{\"@id\":\"https:\/\/deputadotaveirajr.com.br\/#organization\"},\"potentialAction\":[{\"@type\":\"SearchAction\",\"target\":{\"@type\":\"EntryPoint\",\"urlTemplate\":\"https:\/\/deputadotaveirajr.com.br\/?s={search_term_string}\"},\"query-input\":{\"@type\":\"PropertyValueSpecification\",\"valueRequired\":true,\"valueName\":\"search_term_string\"}}],\"inLanguage\":\"pt-BR\"},{\"@type\":\"Organization\",\"@id\":\"https:\/\/deputadotaveirajr.com.br\/#organization\",\"name\":\"Taveira Jr\",\"url\":\"https:\/\/deputadotaveirajr.com.br\/\",\"logo\":{\"@type\":\"ImageObject\",\"inLanguage\":\"pt-BR\",\"@id\":\"https:\/\/deputadotaveirajr.com.br\/#\/schema\/logo\/image\/\",\"url\":\"https:\/\/deputadotaveirajr.com.br\/wp-content\/uploads\/2026\/01\/logolow2a.png\",\"contentUrl\":\"https:\/\/deputadotaveirajr.com.br\/wp-content\/uploads\/2026\/01\/logolow2a.png\",\"width\":290,\"height\":80,\"caption\":\"Taveira Jr\"},\"image\":{\"@id\":\"https:\/\/deputadotaveirajr.com.br\/#\/schema\/logo\/image\/\"}}]}<\/script>\n<!-- \/ Yoast SEO plugin. -->","yoast_head_json":{"title":"Policial reformado \u00e9 preso suspeito de homic\u00eddio em Mossor\u00f3 - Taveira Jr","robots":{"index":"index","follow":"follow","max-snippet":"max-snippet:-1","max-image-preview":"max-image-preview:large","max-video-preview":"max-video-preview:-1"},"canonical":"https:\/\/deputadotaveirajr.com.br\/index.php\/policial-reformado-e-preso-suspeito-de-homicidio-em-mossoro\/","og_locale":"pt_BR","og_type":"article","og_title":"Policial reformado \u00e9 preso suspeito de homic\u00eddio em Mossor\u00f3 - Taveira Jr","og_description":"O suspeito tem 65 anos e \u00e9 apontado como autor de um crime ocorrido no \u00faltimo dia 29 de junho. Um rev\u00f3lver calibre 38 foi apreendido com o suspeito. Divulga\u00e7\u00e3o\/Pol\u00edcia ...","og_url":"https:\/\/deputadotaveirajr.com.br\/index.php\/policial-reformado-e-preso-suspeito-de-homicidio-em-mossoro\/","og_site_name":"Taveira Jr","og_image":[{"width":1280,"height":960,"url":"https:\/\/deputadotaveirajr.com.br\/wp-content\/uploads\/2024\/07\/whatsapp-image-2024-07-10-at-13.36.59-SmimEs.jpeg","type":"image\/jpeg"}],"twitter_card":"summary_large_image","twitter_misc":{"Est. tempo de leitura":"1 minuto"},"schema":{"@context":"https:\/\/schema.org","@graph":[{"@type":"WebPage","@id":"https:\/\/deputadotaveirajr.com.br\/index.php\/policial-reformado-e-preso-suspeito-de-homicidio-em-mossoro\/","url":"https:\/\/deputadotaveirajr.com.br\/index.php\/policial-reformado-e-preso-suspeito-de-homicidio-em-mossoro\/","name":"Policial reformado \u00e9 preso suspeito de homic\u00eddio em Mossor\u00f3 - Taveira Jr","isPartOf":{"@id":"https:\/\/deputadotaveirajr.com.br\/#website"},"primaryImageOfPage":{"@id":"https:\/\/deputadotaveirajr.com.br\/index.php\/policial-reformado-e-preso-suspeito-de-homicidio-em-mossoro\/#primaryimage"},"image":{"@id":"https:\/\/deputadotaveirajr.com.br\/index.php\/policial-reformado-e-preso-suspeito-de-homicidio-em-mossoro\/#primaryimage"},"thumbnailUrl":"https:\/\/deputadotaveirajr.com.br\/wp-content\/uploads\/2024\/07\/whatsapp-image-2024-07-10-at-13.36.59-SmimEs.jpeg","datePublished":"2024-07-10T20:17:43+00:00","breadcrumb":{"@id":"https:\/\/deputadotaveirajr.com.br\/index.php\/policial-reformado-e-preso-suspeito-de-homicidio-em-mossoro\/#breadcrumb"},"inLanguage":"pt-BR","potentialAction":[{"@type":"ReadAction","target":["https:\/\/deputadotaveirajr.com.br\/index.php\/policial-reformado-e-preso-suspeito-de-homicidio-em-mossoro\/"]}]},{"@type":"ImageObject","inLanguage":"pt-BR","@id":"https:\/\/deputadotaveirajr.com.br\/index.php\/policial-reformado-e-preso-suspeito-de-homicidio-em-mossoro\/#primaryimage","url":"https:\/\/deputadotaveirajr.com.br\/wp-content\/uploads\/2024\/07\/whatsapp-image-2024-07-10-at-13.36.59-SmimEs.jpeg","contentUrl":"https:\/\/deputadotaveirajr.com.br\/wp-content\/uploads\/2024\/07\/whatsapp-image-2024-07-10-at-13.36.59-SmimEs.jpeg","width":1280,"height":960},{"@type":"BreadcrumbList","@id":"https:\/\/deputadotaveirajr.com.br\/index.php\/policial-reformado-e-preso-suspeito-de-homicidio-em-mossoro\/#breadcrumb","itemListElement":[{"@type":"ListItem","position":1,"name":"In\u00edcio","item":"https:\/\/deputadotaveirajr.com.br\/"},{"@type":"ListItem","position":2,"name":"Policial reformado \u00e9 preso suspeito de homic\u00eddio em Mossor\u00f3"}]},{"@type":"WebSite","@id":"https:\/\/deputadotaveirajr.com.br\/#website","url":"https:\/\/deputadotaveirajr.com.br\/","name":"Taveira Jr","description":"Deputado Estadual","publisher":{"@id":"https:\/\/deputadotaveirajr.com.br\/#organization"},"potentialAction":[{"@type":"SearchAction","target":{"@type":"EntryPoint","urlTemplate":"https:\/\/deputadotaveirajr.com.br\/?s={search_term_string}"},"query-input":{"@type":"PropertyValueSpecification","valueRequired":true,"valueName":"search_term_string"}}],"inLanguage":"pt-BR"},{"@type":"Organization","@id":"https:\/\/deputadotaveirajr.com.br\/#organization","name":"Taveira Jr","url":"https:\/\/deputadotaveirajr.com.br\/","logo":{"@type":"ImageObject","inLanguage":"pt-BR","@id":"https:\/\/deputadotaveirajr.com.br\/#\/schema\/logo\/image\/","url":"https:\/\/deputadotaveirajr.com.br\/wp-content\/uploads\/2026\/01\/logolow2a.png","contentUrl":"https:\/\/deputadotaveirajr.com.br\/wp-content\/uploads\/2026\/01\/logolow2a.png","width":290,"height":80,"caption":"Taveira Jr"},"image":{"@id":"https:\/\/deputadotaveirajr.com.br\/#\/schema\/logo\/image\/"}}]}},"_links":{"self":[{"href":"https:\/\/deputadotaveirajr.com.br\/index.php\/wp-json\/wp\/v2\/pages\/7662","targetHints":{"allow":["GET"]}}],"collection":[{"href":"https:\/\/deputadotaveirajr.com.br\/index.php\/wp-json\/wp\/v2\/pages"}],"about":[{"href":"https:\/\/deputadotaveirajr.com.br\/index.php\/wp-json\/wp\/v2\/types\/page"}],"replies":[{"embeddable":true,"href":"https:\/\/deputadotaveirajr.com.br\/index.php\/wp-json\/wp\/v2\/comments?post=7662"}],"version-history":[{"count":1,"href":"https:\/\/deputadotaveirajr.com.br\/index.php\/wp-json\/wp\/v2\/pages\/7662\/revisions"}],"predecessor-version":[{"id":7667,"href":"https:\/\/deputadotaveirajr.com.br\/index.php\/wp-json\/wp\/v2\/pages\/7662\/revisions\/7667"}],"wp:featuredmedia":[{"embeddable":true,"href":"https:\/\/deputadotaveirajr.com.br\/index.php\/wp-json\/wp\/v2\/media\/7663"}],"wp:attachment":[{"href":"https:\/\/deputadotaveirajr.com.br\/index.php\/wp-json\/wp\/v2\/media?parent=7662"}],"curies":[{"name":"wp","href":"https:\/\/api.w.org\/{rel}","templated":true}]}}

Policial reformado é preso suspeito de homicídio em Mossoró

<p>     O suspeito tem 65 anos e é apontado como autor de um crime ocorrido no último dia 29 de junho. Um revólver calibre 38 foi apreendido com o suspeito.<br />
Divulgação/Polícia Civil<br />
Um policial militar reformado foi preso nesta terça-feira (9) em Mossoró, no Oeste potiguar. Ele é suspeito de ser autor de um homicídio contra um homem no bairro Ilha de Santa Luzia.<br />
O suspeito tem 65 anos e não teve sua identidade revelada. Com ele, os policiais apreenderam um revólver calibre 38 e munições.<br />
A Polícia Civil acredita que a arma foi a utilizada no crime, ocorrido no último dia 29 de junho.<br />
📳Participe do canal do g1 RN no WhatsApp<br />
A vítima é Tiago Batista da Silva, de 36 anos. Além do mandado de prisão, o suspeito foi autuado em flagrante por porte irregular de arma de fogo.<br />
O suspeito foi encaminhado ao estabelecimento militar, já que se trata de um policial reformado. Por lá, segue à disposição da Justiça.</p>

<p>O suspeito tem 65 anos e é apontado como autor de um crime ocorrido no último dia 29 de junho. Um revólver calibre 38 foi apreendido com o suspeito. Divulgação/Polícia &#8230;</p>

<!-- This site is optimized with the Yoast SEO plugin v27.1.1 - https://yoast.com/product/yoast-seo-wordpress/ -->
<title>Policial reformado é preso suspeito de homicídio em Mossoró - Taveira Jr</title>
<meta name="robots" content="index, follow, max-snippet:-1, max-image-preview:large, max-video-preview:-1" />
<link rel="canonical" href="https://deputadotaveirajr.com.br/index.php/policial-reformado-e-preso-suspeito-de-homicidio-em-mossoro/" />
<meta property="og:locale" content="pt_BR" />
<meta property="og:type" content="article" />
<meta property="og:title" content="Policial reformado é preso suspeito de homicídio em Mossoró - Taveira Jr" />
<meta property="og:description" content="O suspeito tem 65 anos e é apontado como autor de um crime ocorrido no último dia 29 de junho. Um revólver calibre 38 foi apreendido com o suspeito. Divulgação/Polícia ..." />
<meta property="og:url" content="https://deputadotaveirajr.com.br/index.php/policial-reformado-e-preso-suspeito-de-homicidio-em-mossoro/" />
<meta property="og:site_name" content="Taveira Jr" />
<meta property="og:image" content="https://deputadotaveirajr.com.br/wp-content/uploads/2024/07/whatsapp-image-2024-07-10-at-13.36.59-SmimEs.jpeg" />
	<meta property="og:image:width" content="1280" />
	<meta property="og:image:height" content="960" />
	<meta property="og:image:type" content="image/jpeg" />
<meta name="twitter:card" content="summary_large_image" />
<meta name="twitter:label1" content="Est. tempo de leitura" />
	<meta name="twitter:data1" content="1 minuto" />
<script type="application/ld+json" class="yoast-schema-graph">{"@context":"https://schema.org","@graph":[{"@type":"WebPage","@id":"https://deputadotaveirajr.com.br/index.php/policial-reformado-e-preso-suspeito-de-homicidio-em-mossoro/","url":"https://deputadotaveirajr.com.br/index.php/policial-reformado-e-preso-suspeito-de-homicidio-em-mossoro/","name":"Policial reformado é preso suspeito de homicídio em Mossoró - Taveira Jr","isPartOf":{"@id":"https://deputadotaveirajr.com.br/#website"},"primaryImageOfPage":{"@id":"https://deputadotaveirajr.com.br/index.php/policial-reformado-e-preso-suspeito-de-homicidio-em-mossoro/#primaryimage"},"image":{"@id":"https://deputadotaveirajr.com.br/index.php/policial-reformado-e-preso-suspeito-de-homicidio-em-mossoro/#primaryimage"},"thumbnailUrl":"https://deputadotaveirajr.com.br/wp-content/uploads/2024/07/whatsapp-image-2024-07-10-at-13.36.59-SmimEs.jpeg","datePublished":"2024-07-10T20:17:43+00:00","breadcrumb":{"@id":"https://deputadotaveirajr.com.br/index.php/policial-reformado-e-preso-suspeito-de-homicidio-em-mossoro/#breadcrumb"},"inLanguage":"pt-BR","potentialAction":[{"@type":"ReadAction","target":["https://deputadotaveirajr.com.br/index.php/policial-reformado-e-preso-suspeito-de-homicidio-em-mossoro/"]}]},{"@type":"ImageObject","inLanguage":"pt-BR","@id":"https://deputadotaveirajr.com.br/index.php/policial-reformado-e-preso-suspeito-de-homicidio-em-mossoro/#primaryimage","url":"https://deputadotaveirajr.com.br/wp-content/uploads/2024/07/whatsapp-image-2024-07-10-at-13.36.59-SmimEs.jpeg","contentUrl":"https://deputadotaveirajr.com.br/wp-content/uploads/2024/07/whatsapp-image-2024-07-10-at-13.36.59-SmimEs.jpeg","width":1280,"height":960},{"@type":"BreadcrumbList","@id":"https://deputadotaveirajr.com.br/index.php/policial-reformado-e-preso-suspeito-de-homicidio-em-mossoro/#breadcrumb","itemListElement":[{"@type":"ListItem","position":1,"name":"Início","item":"https://deputadotaveirajr.com.br/"},{"@type":"ListItem","position":2,"name":"Policial reformado é preso suspeito de homicídio em Mossoró"}]},{"@type":"WebSite","@id":"https://deputadotaveirajr.com.br/#website","url":"https://deputadotaveirajr.com.br/","name":"Taveira Jr","description":"Deputado Estadual","publisher":{"@id":"https://deputadotaveirajr.com.br/#organization"},"potentialAction":[{"@type":"SearchAction","target":{"@type":"EntryPoint","urlTemplate":"https://deputadotaveirajr.com.br/?s={search_term_string}"},"query-input":{"@type":"PropertyValueSpecification","valueRequired":true,"valueName":"search_term_string"}}],"inLanguage":"pt-BR"},{"@type":"Organization","@id":"https://deputadotaveirajr.com.br/#organization","name":"Taveira Jr","url":"https://deputadotaveirajr.com.br/","logo":{"@type":"ImageObject","inLanguage":"pt-BR","@id":"https://deputadotaveirajr.com.br/#/schema/logo/image/","url":"https://deputadotaveirajr.com.br/wp-content/uploads/2026/01/logolow2a.png","contentUrl":"https://deputadotaveirajr.com.br/wp-content/uploads/2026/01/logolow2a.png","width":290,"height":80,"caption":"Taveira Jr"},"image":{"@id":"https://deputadotaveirajr.com.br/#/schema/logo/image/"}}]}</script>
<!-- / Yoast SEO plugin. -->

Policial reformado é preso suspeito de homicídio em Mossoró - Taveira Jr

O suspeito tem 65 anos e é apontado como autor de um crime ocorrido no último dia 29 de junho. Um revólver calibre 38 foi apreendido com o suspeito. Divulgação/Polícia ...

Início
