{"id":7670,"date":"2024-07-10T20:33:50","date_gmt":"2024-07-10T23:33:50","guid":{"rendered":"https:\/\/deputadotaveirajr.com.br\/?page_id=7670"},"modified":"2024-07-10T20:33:50","modified_gmt":"2024-07-10T23:33:50","slug":"festival-casa-tomada-recebe-inscricoes-de-trabalhos-artisticos-ate-12-de-julho-saiba-como-participar","status":"publish","type":"page","link":"https:\/\/deputadotaveirajr.com.br\/index.php\/festival-casa-tomada-recebe-inscricoes-de-trabalhos-artisticos-ate-12-de-julho-saiba-como-participar\/","title":{"rendered":"Festival Casa Tomada recebe inscri\u00e7\u00f5es de trabalhos art\u00edsticos at\u00e9 12 de julho; saiba como participar"},"content":{"rendered":"<p>     Pessoas f\u00edsicas e jur\u00eddicas podem submeter propostas c\u00eanicas e cinematogr\u00e1ficas em uma das quatro categorias do festival. O festival teve in\u00edcio em 2016 com foco primordial na dan\u00e7a. Em 2024, chega em sua 9\u00aa edi\u00e7\u00e3o.<br \/>\nBrunno Martins<br \/>\nA 9\u00aa edi\u00e7\u00e3o do Festival Casa Tomada est\u00e1 com inscri\u00e7\u00f5es abertas para a submiss\u00e3o de trabalhos art\u00edsticos que v\u00e3o compor a sua programa\u00e7\u00e3o. O evento est\u00e1 marcado para o m\u00eas de setembro e a submiss\u00e3o de trabalhos ocorre at\u00e9 o dia 12 de julho.<br \/>\nOs interessados poder\u00e3o se inscrever atrav\u00e9s de um formul\u00e1rio on-line. Podem se inscrever pessoas f\u00edsicas e jur\u00eddicas para integrar a programa\u00e7\u00e3o do festival, que ser\u00e1 realizado no Teatro Alberto Maranh\u00e3o, em Natal.<br \/>\nA 9\u00aa edi\u00e7\u00e3o marca o retorno do evento ap\u00f3s um hiato de tr\u00eas anos. &#8220;\u00c9 uma oportunidade para questionarmos, desconstruirmos e reconstruirmos nossos entendimentos sobre arte, sociedade e n\u00f3s mesmos&#8221;, afirma Ren\u00e9 Loui, core\u00f3grafo e int\u00e9rprete do Coletivo CIDA<br \/>\nSele\u00e7\u00e3o<br \/>\nA convocat\u00f3ria est\u00e1 aberta para espet\u00e1culos, filmes, artistas e grupos que explorem pr\u00e1ticas plurais e h\u00edbridas nas est\u00e9ticas contempor\u00e2neas.<br \/>\nAs categorias dispon\u00edveis incluem Resid\u00eancia Art\u00edstica Internacional, Mostra C\u00eanica Nacional, Mostra Cinematogr\u00e1fica Nacional e Mostra de Processos Local.<br \/>\nCada proponente pode inscrever at\u00e9 duas propostas, desde que sejam em categorias distintas, assegurando assim a diversidade e representatividade dos participantes e das obras selecionadas.<br \/>\nO regulamento completo do IX Festival Casa Tomada est\u00e1 dispon\u00edvel para consulta no site do Coletivo CIDA. As propostas ser\u00e3o analisadas e os resultados ser\u00e3o divulgados no dia 5 de agosto.<\/p>","protected":false},"excerpt":{"rendered":"<p>Pessoas f\u00edsicas e jur\u00eddicas podem submeter propostas c\u00eanicas e cinematogr\u00e1ficas em uma das quatro categorias do festival. O festival teve in\u00edcio em 2016 com foco primordial na dan\u00e7a. Em 2024, &#8230;<\/p>\n","protected":false},"author":0,"featured_media":7671,"parent":0,"menu_order":0,"comment_status":"closed","ping_status":"closed","template":"","meta":{"footnotes":""},"class_list":["post-7670","page","type-page","status-publish","has-post-thumbnail","hentry"],"yoast_head":"<!-- This site is optimized with the Yoast SEO plugin v27.1.1 - https:\/\/yoast.com\/product\/yoast-seo-wordpress\/ -->\n<title>Festival Casa Tomada recebe inscri\u00e7\u00f5es de trabalhos art\u00edsticos at\u00e9 12 de julho; saiba como participar - Taveira Jr<\/title>\n<meta name=\"robots\" content=\"index, follow, max-snippet:-1, max-image-preview:large, max-video-preview:-1\" \/>\n<link rel=\"canonical\" href=\"https:\/\/deputadotaveirajr.com.br\/index.php\/festival-casa-tomada-recebe-inscricoes-de-trabalhos-artisticos-ate-12-de-julho-saiba-como-participar\/\" \/>\n<meta property=\"og:locale\" content=\"pt_BR\" \/>\n<meta property=\"og:type\" content=\"article\" \/>\n<meta property=\"og:title\" content=\"Festival Casa Tomada recebe inscri\u00e7\u00f5es de trabalhos art\u00edsticos at\u00e9 12 de julho; saiba como participar - Taveira Jr\" \/>\n<meta property=\"og:description\" content=\"Pessoas f\u00edsicas e jur\u00eddicas podem submeter propostas c\u00eanicas e cinematogr\u00e1ficas em uma das quatro categorias do festival. O festival teve in\u00edcio em 2016 com foco primordial na dan\u00e7a. Em 2024, ...\" \/>\n<meta property=\"og:url\" content=\"https:\/\/deputadotaveirajr.com.br\/index.php\/festival-casa-tomada-recebe-inscricoes-de-trabalhos-artisticos-ate-12-de-julho-saiba-como-participar\/\" \/>\n<meta property=\"og:site_name\" content=\"Taveira Jr\" \/>\n<meta property=\"og:image\" content=\"https:\/\/deputadotaveirajr.com.br\/wp-content\/uploads\/2024\/07\/whatsapp-image-2024-07-10-at-17.08.11-eH8KP9.jpeg\" \/>\n\t<meta property=\"og:image:width\" content=\"1280\" \/>\n\t<meta property=\"og:image:height\" content=\"853\" \/>\n\t<meta property=\"og:image:type\" content=\"image\/jpeg\" \/>\n<meta name=\"twitter:card\" content=\"summary_large_image\" \/>\n<meta name=\"twitter:label1\" content=\"Est. tempo de leitura\" \/>\n\t<meta name=\"twitter:data1\" content=\"1 minuto\" \/>\n<script type=\"application\/ld+json\" class=\"yoast-schema-graph\">{\"@context\":\"https:\/\/schema.org\",\"@graph\":[{\"@type\":\"WebPage\",\"@id\":\"https:\/\/deputadotaveirajr.com.br\/index.php\/festival-casa-tomada-recebe-inscricoes-de-trabalhos-artisticos-ate-12-de-julho-saiba-como-participar\/\",\"url\":\"https:\/\/deputadotaveirajr.com.br\/index.php\/festival-casa-tomada-recebe-inscricoes-de-trabalhos-artisticos-ate-12-de-julho-saiba-como-participar\/\",\"name\":\"Festival Casa Tomada recebe inscri\u00e7\u00f5es de trabalhos art\u00edsticos at\u00e9 12 de julho; saiba como participar - Taveira Jr\",\"isPartOf\":{\"@id\":\"https:\/\/deputadotaveirajr.com.br\/#website\"},\"primaryImageOfPage\":{\"@id\":\"https:\/\/deputadotaveirajr.com.br\/index.php\/festival-casa-tomada-recebe-inscricoes-de-trabalhos-artisticos-ate-12-de-julho-saiba-como-participar\/#primaryimage\"},\"image\":{\"@id\":\"https:\/\/deputadotaveirajr.com.br\/index.php\/festival-casa-tomada-recebe-inscricoes-de-trabalhos-artisticos-ate-12-de-julho-saiba-como-participar\/#primaryimage\"},\"thumbnailUrl\":\"https:\/\/deputadotaveirajr.com.br\/wp-content\/uploads\/2024\/07\/whatsapp-image-2024-07-10-at-17.08.11-eH8KP9.jpeg\",\"datePublished\":\"2024-07-10T23:33:50+00:00\",\"breadcrumb\":{\"@id\":\"https:\/\/deputadotaveirajr.com.br\/index.php\/festival-casa-tomada-recebe-inscricoes-de-trabalhos-artisticos-ate-12-de-julho-saiba-como-participar\/#breadcrumb\"},\"inLanguage\":\"pt-BR\",\"potentialAction\":[{\"@type\":\"ReadAction\",\"target\":[\"https:\/\/deputadotaveirajr.com.br\/index.php\/festival-casa-tomada-recebe-inscricoes-de-trabalhos-artisticos-ate-12-de-julho-saiba-como-participar\/\"]}]},{\"@type\":\"ImageObject\",\"inLanguage\":\"pt-BR\",\"@id\":\"https:\/\/deputadotaveirajr.com.br\/index.php\/festival-casa-tomada-recebe-inscricoes-de-trabalhos-artisticos-ate-12-de-julho-saiba-como-participar\/#primaryimage\",\"url\":\"https:\/\/deputadotaveirajr.com.br\/wp-content\/uploads\/2024\/07\/whatsapp-image-2024-07-10-at-17.08.11-eH8KP9.jpeg\",\"contentUrl\":\"https:\/\/deputadotaveirajr.com.br\/wp-content\/uploads\/2024\/07\/whatsapp-image-2024-07-10-at-17.08.11-eH8KP9.jpeg\",\"width\":1280,\"height\":853},{\"@type\":\"BreadcrumbList\",\"@id\":\"https:\/\/deputadotaveirajr.com.br\/index.php\/festival-casa-tomada-recebe-inscricoes-de-trabalhos-artisticos-ate-12-de-julho-saiba-como-participar\/#breadcrumb\",\"itemListElement\":[{\"@type\":\"ListItem\",\"position\":1,\"name\":\"In\u00edcio\",\"item\":\"https:\/\/deputadotaveirajr.com.br\/\"},{\"@type\":\"ListItem\",\"position\":2,\"name\":\"Festival Casa Tomada recebe inscri\u00e7\u00f5es de trabalhos art\u00edsticos at\u00e9 12 de julho; saiba como participar\"}]},{\"@type\":\"WebSite\",\"@id\":\"https:\/\/deputadotaveirajr.com.br\/#website\",\"url\":\"https:\/\/deputadotaveirajr.com.br\/\",\"name\":\"Taveira Jr\",\"description\":\"Deputado Estadual\",\"publisher\":{\"@id\":\"https:\/\/deputadotaveirajr.com.br\/#organization\"},\"potentialAction\":[{\"@type\":\"SearchAction\",\"target\":{\"@type\":\"EntryPoint\",\"urlTemplate\":\"https:\/\/deputadotaveirajr.com.br\/?s={search_term_string}\"},\"query-input\":{\"@type\":\"PropertyValueSpecification\",\"valueRequired\":true,\"valueName\":\"search_term_string\"}}],\"inLanguage\":\"pt-BR\"},{\"@type\":\"Organization\",\"@id\":\"https:\/\/deputadotaveirajr.com.br\/#organization\",\"name\":\"Taveira Jr\",\"url\":\"https:\/\/deputadotaveirajr.com.br\/\",\"logo\":{\"@type\":\"ImageObject\",\"inLanguage\":\"pt-BR\",\"@id\":\"https:\/\/deputadotaveirajr.com.br\/#\/schema\/logo\/image\/\",\"url\":\"https:\/\/deputadotaveirajr.com.br\/wp-content\/uploads\/2026\/01\/logolow2a.png\",\"contentUrl\":\"https:\/\/deputadotaveirajr.com.br\/wp-content\/uploads\/2026\/01\/logolow2a.png\",\"width\":290,\"height\":80,\"caption\":\"Taveira Jr\"},\"image\":{\"@id\":\"https:\/\/deputadotaveirajr.com.br\/#\/schema\/logo\/image\/\"}}]}<\/script>\n<!-- \/ Yoast SEO plugin. -->","yoast_head_json":{"title":"Festival Casa Tomada recebe inscri\u00e7\u00f5es de trabalhos art\u00edsticos at\u00e9 12 de julho; saiba como participar - Taveira Jr","robots":{"index":"index","follow":"follow","max-snippet":"max-snippet:-1","max-image-preview":"max-image-preview:large","max-video-preview":"max-video-preview:-1"},"canonical":"https:\/\/deputadotaveirajr.com.br\/index.php\/festival-casa-tomada-recebe-inscricoes-de-trabalhos-artisticos-ate-12-de-julho-saiba-como-participar\/","og_locale":"pt_BR","og_type":"article","og_title":"Festival Casa Tomada recebe inscri\u00e7\u00f5es de trabalhos art\u00edsticos at\u00e9 12 de julho; saiba como participar - Taveira Jr","og_description":"Pessoas f\u00edsicas e jur\u00eddicas podem submeter propostas c\u00eanicas e cinematogr\u00e1ficas em uma das quatro categorias do festival. O festival teve in\u00edcio em 2016 com foco primordial na dan\u00e7a. Em 2024, ...","og_url":"https:\/\/deputadotaveirajr.com.br\/index.php\/festival-casa-tomada-recebe-inscricoes-de-trabalhos-artisticos-ate-12-de-julho-saiba-como-participar\/","og_site_name":"Taveira Jr","og_image":[{"width":1280,"height":853,"url":"https:\/\/deputadotaveirajr.com.br\/wp-content\/uploads\/2024\/07\/whatsapp-image-2024-07-10-at-17.08.11-eH8KP9.jpeg","type":"image\/jpeg"}],"twitter_card":"summary_large_image","twitter_misc":{"Est. tempo de leitura":"1 minuto"},"schema":{"@context":"https:\/\/schema.org","@graph":[{"@type":"WebPage","@id":"https:\/\/deputadotaveirajr.com.br\/index.php\/festival-casa-tomada-recebe-inscricoes-de-trabalhos-artisticos-ate-12-de-julho-saiba-como-participar\/","url":"https:\/\/deputadotaveirajr.com.br\/index.php\/festival-casa-tomada-recebe-inscricoes-de-trabalhos-artisticos-ate-12-de-julho-saiba-como-participar\/","name":"Festival Casa Tomada recebe inscri\u00e7\u00f5es de trabalhos art\u00edsticos at\u00e9 12 de julho; saiba como participar - Taveira Jr","isPartOf":{"@id":"https:\/\/deputadotaveirajr.com.br\/#website"},"primaryImageOfPage":{"@id":"https:\/\/deputadotaveirajr.com.br\/index.php\/festival-casa-tomada-recebe-inscricoes-de-trabalhos-artisticos-ate-12-de-julho-saiba-como-participar\/#primaryimage"},"image":{"@id":"https:\/\/deputadotaveirajr.com.br\/index.php\/festival-casa-tomada-recebe-inscricoes-de-trabalhos-artisticos-ate-12-de-julho-saiba-como-participar\/#primaryimage"},"thumbnailUrl":"https:\/\/deputadotaveirajr.com.br\/wp-content\/uploads\/2024\/07\/whatsapp-image-2024-07-10-at-17.08.11-eH8KP9.jpeg","datePublished":"2024-07-10T23:33:50+00:00","breadcrumb":{"@id":"https:\/\/deputadotaveirajr.com.br\/index.php\/festival-casa-tomada-recebe-inscricoes-de-trabalhos-artisticos-ate-12-de-julho-saiba-como-participar\/#breadcrumb"},"inLanguage":"pt-BR","potentialAction":[{"@type":"ReadAction","target":["https:\/\/deputadotaveirajr.com.br\/index.php\/festival-casa-tomada-recebe-inscricoes-de-trabalhos-artisticos-ate-12-de-julho-saiba-como-participar\/"]}]},{"@type":"ImageObject","inLanguage":"pt-BR","@id":"https:\/\/deputadotaveirajr.com.br\/index.php\/festival-casa-tomada-recebe-inscricoes-de-trabalhos-artisticos-ate-12-de-julho-saiba-como-participar\/#primaryimage","url":"https:\/\/deputadotaveirajr.com.br\/wp-content\/uploads\/2024\/07\/whatsapp-image-2024-07-10-at-17.08.11-eH8KP9.jpeg","contentUrl":"https:\/\/deputadotaveirajr.com.br\/wp-content\/uploads\/2024\/07\/whatsapp-image-2024-07-10-at-17.08.11-eH8KP9.jpeg","width":1280,"height":853},{"@type":"BreadcrumbList","@id":"https:\/\/deputadotaveirajr.com.br\/index.php\/festival-casa-tomada-recebe-inscricoes-de-trabalhos-artisticos-ate-12-de-julho-saiba-como-participar\/#breadcrumb","itemListElement":[{"@type":"ListItem","position":1,"name":"In\u00edcio","item":"https:\/\/deputadotaveirajr.com.br\/"},{"@type":"ListItem","position":2,"name":"Festival Casa Tomada recebe inscri\u00e7\u00f5es de trabalhos art\u00edsticos at\u00e9 12 de julho; saiba como participar"}]},{"@type":"WebSite","@id":"https:\/\/deputadotaveirajr.com.br\/#website","url":"https:\/\/deputadotaveirajr.com.br\/","name":"Taveira Jr","description":"Deputado Estadual","publisher":{"@id":"https:\/\/deputadotaveirajr.com.br\/#organization"},"potentialAction":[{"@type":"SearchAction","target":{"@type":"EntryPoint","urlTemplate":"https:\/\/deputadotaveirajr.com.br\/?s={search_term_string}"},"query-input":{"@type":"PropertyValueSpecification","valueRequired":true,"valueName":"search_term_string"}}],"inLanguage":"pt-BR"},{"@type":"Organization","@id":"https:\/\/deputadotaveirajr.com.br\/#organization","name":"Taveira Jr","url":"https:\/\/deputadotaveirajr.com.br\/","logo":{"@type":"ImageObject","inLanguage":"pt-BR","@id":"https:\/\/deputadotaveirajr.com.br\/#\/schema\/logo\/image\/","url":"https:\/\/deputadotaveirajr.com.br\/wp-content\/uploads\/2026\/01\/logolow2a.png","contentUrl":"https:\/\/deputadotaveirajr.com.br\/wp-content\/uploads\/2026\/01\/logolow2a.png","width":290,"height":80,"caption":"Taveira Jr"},"image":{"@id":"https:\/\/deputadotaveirajr.com.br\/#\/schema\/logo\/image\/"}}]}},"_links":{"self":[{"href":"https:\/\/deputadotaveirajr.com.br\/index.php\/wp-json\/wp\/v2\/pages\/7670","targetHints":{"allow":["GET"]}}],"collection":[{"href":"https:\/\/deputadotaveirajr.com.br\/index.php\/wp-json\/wp\/v2\/pages"}],"about":[{"href":"https:\/\/deputadotaveirajr.com.br\/index.php\/wp-json\/wp\/v2\/types\/page"}],"replies":[{"embeddable":true,"href":"https:\/\/deputadotaveirajr.com.br\/index.php\/wp-json\/wp\/v2\/comments?post=7670"}],"version-history":[{"count":1,"href":"https:\/\/deputadotaveirajr.com.br\/index.php\/wp-json\/wp\/v2\/pages\/7670\/revisions"}],"predecessor-version":[{"id":7673,"href":"https:\/\/deputadotaveirajr.com.br\/index.php\/wp-json\/wp\/v2\/pages\/7670\/revisions\/7673"}],"wp:featuredmedia":[{"embeddable":true,"href":"https:\/\/deputadotaveirajr.com.br\/index.php\/wp-json\/wp\/v2\/media\/7671"}],"wp:attachment":[{"href":"https:\/\/deputadotaveirajr.com.br\/index.php\/wp-json\/wp\/v2\/media?parent=7670"}],"curies":[{"name":"wp","href":"https:\/\/api.w.org\/{rel}","templated":true}]}}