{"id":7736,"date":"2024-07-12T20:36:11","date_gmt":"2024-07-12T23:36:11","guid":{"rendered":"https:\/\/deputadotaveirajr.com.br\/?page_id=7736"},"modified":"2024-07-12T20:36:11","modified_gmt":"2024-07-12T23:36:11","slug":"prefeitura-de-natal-entrega-respostas-aos-questionamentos-do-idema-sobre-a-engorda-da-praia-de-ponta-negra","status":"publish","type":"page","link":"https:\/\/deputadotaveirajr.com.br\/index.php\/prefeitura-de-natal-entrega-respostas-aos-questionamentos-do-idema-sobre-a-engorda-da-praia-de-ponta-negra\/","title":{"rendered":"Prefeitura de Natal entrega respostas aos questionamentos do Idema sobre a engorda da praia de Ponta Negra"},"content":{"rendered":"<p>     As \u00faltimas 14 respostas foram protocoladas nesta sexta-feira (12). O conte\u00fado ser\u00e1, agora, avaliado pela equipe t\u00e9cnica do \u00f3rg\u00e3o. Prefeitura de Natal afirma conclus\u00e3o de respostas para Idema sobre engorda de Ponta Negra<br \/>\nA Prefeitura de Natal protocolou nesta sexta-feira (12) o envio das respostas aos questionamentos do Instituto de Desenvolvimento Sustent\u00e1vel e Meio Ambiente do Rio Grande do Norte (Idema) sobre a obra de engorda de Ponta Negra.<br \/>\nA semana come\u00e7ou com 17 questionamentos pendentes e as respostas foram entregues ao longo dos dias. Ap\u00f3s protocolados os primeiros esclarecimentos, o munic\u00edpio entregou as 14 \u00faltimas respostas na manh\u00e3 desta sexta.<br \/>\n\ud83d\udcf3Participe do canal do g1 RN no WhatsApp<br \/>\nEntre as respostas entregues no documento, obtido pela Inter TV Cabugi, podem se destacar pontos como:<br \/>\nApresenta\u00e7\u00e3o de informa\u00e7\u00f5es sobre os crust\u00e1ceos (obtidas em coletas de campo);<br \/>\nDemonstra\u00e7\u00e3o de um diagn\u00f3stico s\u00f3cioecon\u00f4mico da atividade pesqueira;<br \/>\nMapeamento das \u00e1reas recifais do local;<br \/>\nApresenta\u00e7\u00e3o de quais s\u00e3o os principais peixes pescados por pescadores artesanais da praia.<br \/>\nA informa\u00e7\u00e3o foi confirmada pela Prefeitura de Natal e pela assessoria do Idema. O conte\u00fado ser\u00e1 avaliado pela equipe t\u00e9cnica do \u00f3rg\u00e3o.<br \/>\nA licen\u00e7a foi solicitada pelo Munic\u00edpio no dia 12 de junho, e o Idema t\u00eam 120 dias para analisar a documento. Ou seja, at\u00e9 outubro para conceder ou n\u00e3o a autoriza\u00e7\u00e3o.<br \/>\nLEIA TAMB\u00c9M<br \/>\nCOMO FUNCIONA: Entenda como ser\u00e1 a obra de engorda<br \/>\nLICEN\u00c7A PR\u00c9VIA: Idema emitiu documento em 2023<br \/>\nLICITA\u00c7\u00c3O: Empresa \u00e9 a mesma que atuou em Balne\u00e1rio Cambori\u00fa<br \/>\nIMBR\u00d3GLIO: Licita\u00e7\u00e3o chegou a ser suspensa, e suspens\u00e3o foi revogada na Justi\u00e7a<br \/>\nEXTRATO: Prefeitura de Natal publicou contrato de R$ 73 milh\u00f5es para obra<br \/>\nPRA N\u00c3O HAVER D\u00daVIDAS: Especialista esclarece questionamentos sobre a engorda da praia de Ponta Negra<br \/>\nPraia de Ponta Negra, em Natal<br \/>\nAndr\u00e9 Silva\/Cedida<br \/>\nPol\u00eamica<br \/>\nA obra da engorda de Ponta Negra voltou \u00e0 discuss\u00e3o p\u00fablica nesta semana, ap\u00f3s a draga contratada pela prefeitura deixar Natal ap\u00f3s menos de 10 dias da chegada na capital potiguar, j\u00e1 que n\u00e3o tinha autoriza\u00e7\u00e3o para iniciar o servi\u00e7o.<br \/>\nNo in\u00edcio da semana, a sede do Idema acabou sendo alvo de uma ocupa\u00e7\u00e3o de manifestantes &#8211; entre eles, o prefeito de Natal, \u00c1lvaro Dias (Republicanos) &#8211; que cobravam que a autoriza\u00e7\u00e3o fosse concedida de maneira imediata.<br \/>\nV\u00eddeos mais assistidos do g1 RN<\/p>","protected":false},"excerpt":{"rendered":"<p>As \u00faltimas 14 respostas foram protocoladas nesta sexta-feira (12). O conte\u00fado ser\u00e1, agora, avaliado pela equipe t\u00e9cnica do \u00f3rg\u00e3o. Prefeitura de Natal afirma conclus\u00e3o de respostas para Idema sobre engorda &#8230;<\/p>\n","protected":false},"author":0,"featured_media":7737,"parent":0,"menu_order":0,"comment_status":"closed","ping_status":"closed","template":"","meta":{"footnotes":""},"class_list":["post-7736","page","type-page","status-publish","has-post-thumbnail","hentry"],"yoast_head":"<!-- This site is optimized with the Yoast SEO plugin v27.1.1 - https:\/\/yoast.com\/product\/yoast-seo-wordpress\/ -->\n<title>Prefeitura de Natal entrega respostas aos questionamentos do Idema sobre a engorda da praia de Ponta Negra - Taveira Jr<\/title>\n<meta name=\"robots\" content=\"index, follow, max-snippet:-1, max-image-preview:large, max-video-preview:-1\" \/>\n<link rel=\"canonical\" href=\"https:\/\/deputadotaveirajr.com.br\/index.php\/prefeitura-de-natal-entrega-respostas-aos-questionamentos-do-idema-sobre-a-engorda-da-praia-de-ponta-negra\/\" \/>\n<meta property=\"og:locale\" content=\"pt_BR\" \/>\n<meta property=\"og:type\" content=\"article\" \/>\n<meta property=\"og:title\" content=\"Prefeitura de Natal entrega respostas aos questionamentos do Idema sobre a engorda da praia de Ponta Negra - Taveira Jr\" \/>\n<meta property=\"og:description\" content=\"As \u00faltimas 14 respostas foram protocoladas nesta sexta-feira (12). O conte\u00fado ser\u00e1, agora, avaliado pela equipe t\u00e9cnica do \u00f3rg\u00e3o. Prefeitura de Natal afirma conclus\u00e3o de respostas para Idema sobre engorda ...\" \/>\n<meta property=\"og:url\" content=\"https:\/\/deputadotaveirajr.com.br\/index.php\/prefeitura-de-natal-entrega-respostas-aos-questionamentos-do-idema-sobre-a-engorda-da-praia-de-ponta-negra\/\" \/>\n<meta property=\"og:site_name\" content=\"Taveira Jr\" \/>\n<meta property=\"og:image\" content=\"https:\/\/deputadotaveirajr.com.br\/wp-content\/uploads\/2024\/07\/whatsapp-image-2023-08-23-at-09.49.29-RnM1fY.jpeg\" \/>\n\t<meta property=\"og:image:width\" content=\"1600\" \/>\n\t<meta property=\"og:image:height\" content=\"900\" \/>\n\t<meta property=\"og:image:type\" content=\"image\/jpeg\" \/>\n<meta name=\"twitter:card\" content=\"summary_large_image\" \/>\n<meta name=\"twitter:label1\" content=\"Est. tempo de leitura\" \/>\n\t<meta name=\"twitter:data1\" content=\"2 minutos\" \/>\n<script type=\"application\/ld+json\" class=\"yoast-schema-graph\">{\"@context\":\"https:\/\/schema.org\",\"@graph\":[{\"@type\":\"WebPage\",\"@id\":\"https:\/\/deputadotaveirajr.com.br\/index.php\/prefeitura-de-natal-entrega-respostas-aos-questionamentos-do-idema-sobre-a-engorda-da-praia-de-ponta-negra\/\",\"url\":\"https:\/\/deputadotaveirajr.com.br\/index.php\/prefeitura-de-natal-entrega-respostas-aos-questionamentos-do-idema-sobre-a-engorda-da-praia-de-ponta-negra\/\",\"name\":\"Prefeitura de Natal entrega respostas aos questionamentos do Idema sobre a engorda da praia de Ponta Negra - Taveira Jr\",\"isPartOf\":{\"@id\":\"https:\/\/deputadotaveirajr.com.br\/#website\"},\"primaryImageOfPage\":{\"@id\":\"https:\/\/deputadotaveirajr.com.br\/index.php\/prefeitura-de-natal-entrega-respostas-aos-questionamentos-do-idema-sobre-a-engorda-da-praia-de-ponta-negra\/#primaryimage\"},\"image\":{\"@id\":\"https:\/\/deputadotaveirajr.com.br\/index.php\/prefeitura-de-natal-entrega-respostas-aos-questionamentos-do-idema-sobre-a-engorda-da-praia-de-ponta-negra\/#primaryimage\"},\"thumbnailUrl\":\"https:\/\/deputadotaveirajr.com.br\/wp-content\/uploads\/2024\/07\/whatsapp-image-2023-08-23-at-09.49.29-RnM1fY.jpeg\",\"datePublished\":\"2024-07-12T23:36:11+00:00\",\"breadcrumb\":{\"@id\":\"https:\/\/deputadotaveirajr.com.br\/index.php\/prefeitura-de-natal-entrega-respostas-aos-questionamentos-do-idema-sobre-a-engorda-da-praia-de-ponta-negra\/#breadcrumb\"},\"inLanguage\":\"pt-BR\",\"potentialAction\":[{\"@type\":\"ReadAction\",\"target\":[\"https:\/\/deputadotaveirajr.com.br\/index.php\/prefeitura-de-natal-entrega-respostas-aos-questionamentos-do-idema-sobre-a-engorda-da-praia-de-ponta-negra\/\"]}]},{\"@type\":\"ImageObject\",\"inLanguage\":\"pt-BR\",\"@id\":\"https:\/\/deputadotaveirajr.com.br\/index.php\/prefeitura-de-natal-entrega-respostas-aos-questionamentos-do-idema-sobre-a-engorda-da-praia-de-ponta-negra\/#primaryimage\",\"url\":\"https:\/\/deputadotaveirajr.com.br\/wp-content\/uploads\/2024\/07\/whatsapp-image-2023-08-23-at-09.49.29-RnM1fY.jpeg\",\"contentUrl\":\"https:\/\/deputadotaveirajr.com.br\/wp-content\/uploads\/2024\/07\/whatsapp-image-2023-08-23-at-09.49.29-RnM1fY.jpeg\",\"width\":1600,\"height\":900},{\"@type\":\"BreadcrumbList\",\"@id\":\"https:\/\/deputadotaveirajr.com.br\/index.php\/prefeitura-de-natal-entrega-respostas-aos-questionamentos-do-idema-sobre-a-engorda-da-praia-de-ponta-negra\/#breadcrumb\",\"itemListElement\":[{\"@type\":\"ListItem\",\"position\":1,\"name\":\"In\u00edcio\",\"item\":\"https:\/\/deputadotaveirajr.com.br\/\"},{\"@type\":\"ListItem\",\"position\":2,\"name\":\"Prefeitura de Natal entrega respostas aos questionamentos do Idema sobre a engorda da praia de Ponta Negra\"}]},{\"@type\":\"WebSite\",\"@id\":\"https:\/\/deputadotaveirajr.com.br\/#website\",\"url\":\"https:\/\/deputadotaveirajr.com.br\/\",\"name\":\"Taveira Jr\",\"description\":\"Deputado Estadual\",\"publisher\":{\"@id\":\"https:\/\/deputadotaveirajr.com.br\/#organization\"},\"potentialAction\":[{\"@type\":\"SearchAction\",\"target\":{\"@type\":\"EntryPoint\",\"urlTemplate\":\"https:\/\/deputadotaveirajr.com.br\/?s={search_term_string}\"},\"query-input\":{\"@type\":\"PropertyValueSpecification\",\"valueRequired\":true,\"valueName\":\"search_term_string\"}}],\"inLanguage\":\"pt-BR\"},{\"@type\":\"Organization\",\"@id\":\"https:\/\/deputadotaveirajr.com.br\/#organization\",\"name\":\"Taveira Jr\",\"url\":\"https:\/\/deputadotaveirajr.com.br\/\",\"logo\":{\"@type\":\"ImageObject\",\"inLanguage\":\"pt-BR\",\"@id\":\"https:\/\/deputadotaveirajr.com.br\/#\/schema\/logo\/image\/\",\"url\":\"https:\/\/deputadotaveirajr.com.br\/wp-content\/uploads\/2026\/01\/logolow2a.png\",\"contentUrl\":\"https:\/\/deputadotaveirajr.com.br\/wp-content\/uploads\/2026\/01\/logolow2a.png\",\"width\":290,\"height\":80,\"caption\":\"Taveira Jr\"},\"image\":{\"@id\":\"https:\/\/deputadotaveirajr.com.br\/#\/schema\/logo\/image\/\"}}]}<\/script>\n<!-- \/ Yoast SEO plugin. -->","yoast_head_json":{"title":"Prefeitura de Natal entrega respostas aos questionamentos do Idema sobre a engorda da praia de Ponta Negra - Taveira Jr","robots":{"index":"index","follow":"follow","max-snippet":"max-snippet:-1","max-image-preview":"max-image-preview:large","max-video-preview":"max-video-preview:-1"},"canonical":"https:\/\/deputadotaveirajr.com.br\/index.php\/prefeitura-de-natal-entrega-respostas-aos-questionamentos-do-idema-sobre-a-engorda-da-praia-de-ponta-negra\/","og_locale":"pt_BR","og_type":"article","og_title":"Prefeitura de Natal entrega respostas aos questionamentos do Idema sobre a engorda da praia de Ponta Negra - Taveira Jr","og_description":"As \u00faltimas 14 respostas foram protocoladas nesta sexta-feira (12). O conte\u00fado ser\u00e1, agora, avaliado pela equipe t\u00e9cnica do \u00f3rg\u00e3o. Prefeitura de Natal afirma conclus\u00e3o de respostas para Idema sobre engorda ...","og_url":"https:\/\/deputadotaveirajr.com.br\/index.php\/prefeitura-de-natal-entrega-respostas-aos-questionamentos-do-idema-sobre-a-engorda-da-praia-de-ponta-negra\/","og_site_name":"Taveira Jr","og_image":[{"width":1600,"height":900,"url":"https:\/\/deputadotaveirajr.com.br\/wp-content\/uploads\/2024\/07\/whatsapp-image-2023-08-23-at-09.49.29-RnM1fY.jpeg","type":"image\/jpeg"}],"twitter_card":"summary_large_image","twitter_misc":{"Est. tempo de leitura":"2 minutos"},"schema":{"@context":"https:\/\/schema.org","@graph":[{"@type":"WebPage","@id":"https:\/\/deputadotaveirajr.com.br\/index.php\/prefeitura-de-natal-entrega-respostas-aos-questionamentos-do-idema-sobre-a-engorda-da-praia-de-ponta-negra\/","url":"https:\/\/deputadotaveirajr.com.br\/index.php\/prefeitura-de-natal-entrega-respostas-aos-questionamentos-do-idema-sobre-a-engorda-da-praia-de-ponta-negra\/","name":"Prefeitura de Natal entrega respostas aos questionamentos do Idema sobre a engorda da praia de Ponta Negra - Taveira Jr","isPartOf":{"@id":"https:\/\/deputadotaveirajr.com.br\/#website"},"primaryImageOfPage":{"@id":"https:\/\/deputadotaveirajr.com.br\/index.php\/prefeitura-de-natal-entrega-respostas-aos-questionamentos-do-idema-sobre-a-engorda-da-praia-de-ponta-negra\/#primaryimage"},"image":{"@id":"https:\/\/deputadotaveirajr.com.br\/index.php\/prefeitura-de-natal-entrega-respostas-aos-questionamentos-do-idema-sobre-a-engorda-da-praia-de-ponta-negra\/#primaryimage"},"thumbnailUrl":"https:\/\/deputadotaveirajr.com.br\/wp-content\/uploads\/2024\/07\/whatsapp-image-2023-08-23-at-09.49.29-RnM1fY.jpeg","datePublished":"2024-07-12T23:36:11+00:00","breadcrumb":{"@id":"https:\/\/deputadotaveirajr.com.br\/index.php\/prefeitura-de-natal-entrega-respostas-aos-questionamentos-do-idema-sobre-a-engorda-da-praia-de-ponta-negra\/#breadcrumb"},"inLanguage":"pt-BR","potentialAction":[{"@type":"ReadAction","target":["https:\/\/deputadotaveirajr.com.br\/index.php\/prefeitura-de-natal-entrega-respostas-aos-questionamentos-do-idema-sobre-a-engorda-da-praia-de-ponta-negra\/"]}]},{"@type":"ImageObject","inLanguage":"pt-BR","@id":"https:\/\/deputadotaveirajr.com.br\/index.php\/prefeitura-de-natal-entrega-respostas-aos-questionamentos-do-idema-sobre-a-engorda-da-praia-de-ponta-negra\/#primaryimage","url":"https:\/\/deputadotaveirajr.com.br\/wp-content\/uploads\/2024\/07\/whatsapp-image-2023-08-23-at-09.49.29-RnM1fY.jpeg","contentUrl":"https:\/\/deputadotaveirajr.com.br\/wp-content\/uploads\/2024\/07\/whatsapp-image-2023-08-23-at-09.49.29-RnM1fY.jpeg","width":1600,"height":900},{"@type":"BreadcrumbList","@id":"https:\/\/deputadotaveirajr.com.br\/index.php\/prefeitura-de-natal-entrega-respostas-aos-questionamentos-do-idema-sobre-a-engorda-da-praia-de-ponta-negra\/#breadcrumb","itemListElement":[{"@type":"ListItem","position":1,"name":"In\u00edcio","item":"https:\/\/deputadotaveirajr.com.br\/"},{"@type":"ListItem","position":2,"name":"Prefeitura de Natal entrega respostas aos questionamentos do Idema sobre a engorda da praia de Ponta Negra"}]},{"@type":"WebSite","@id":"https:\/\/deputadotaveirajr.com.br\/#website","url":"https:\/\/deputadotaveirajr.com.br\/","name":"Taveira Jr","description":"Deputado Estadual","publisher":{"@id":"https:\/\/deputadotaveirajr.com.br\/#organization"},"potentialAction":[{"@type":"SearchAction","target":{"@type":"EntryPoint","urlTemplate":"https:\/\/deputadotaveirajr.com.br\/?s={search_term_string}"},"query-input":{"@type":"PropertyValueSpecification","valueRequired":true,"valueName":"search_term_string"}}],"inLanguage":"pt-BR"},{"@type":"Organization","@id":"https:\/\/deputadotaveirajr.com.br\/#organization","name":"Taveira Jr","url":"https:\/\/deputadotaveirajr.com.br\/","logo":{"@type":"ImageObject","inLanguage":"pt-BR","@id":"https:\/\/deputadotaveirajr.com.br\/#\/schema\/logo\/image\/","url":"https:\/\/deputadotaveirajr.com.br\/wp-content\/uploads\/2026\/01\/logolow2a.png","contentUrl":"https:\/\/deputadotaveirajr.com.br\/wp-content\/uploads\/2026\/01\/logolow2a.png","width":290,"height":80,"caption":"Taveira Jr"},"image":{"@id":"https:\/\/deputadotaveirajr.com.br\/#\/schema\/logo\/image\/"}}]}},"_links":{"self":[{"href":"https:\/\/deputadotaveirajr.com.br\/index.php\/wp-json\/wp\/v2\/pages\/7736","targetHints":{"allow":["GET"]}}],"collection":[{"href":"https:\/\/deputadotaveirajr.com.br\/index.php\/wp-json\/wp\/v2\/pages"}],"about":[{"href":"https:\/\/deputadotaveirajr.com.br\/index.php\/wp-json\/wp\/v2\/types\/page"}],"replies":[{"embeddable":true,"href":"https:\/\/deputadotaveirajr.com.br\/index.php\/wp-json\/wp\/v2\/comments?post=7736"}],"version-history":[{"count":1,"href":"https:\/\/deputadotaveirajr.com.br\/index.php\/wp-json\/wp\/v2\/pages\/7736\/revisions"}],"predecessor-version":[{"id":7738,"href":"https:\/\/deputadotaveirajr.com.br\/index.php\/wp-json\/wp\/v2\/pages\/7736\/revisions\/7738"}],"wp:featuredmedia":[{"embeddable":true,"href":"https:\/\/deputadotaveirajr.com.br\/index.php\/wp-json\/wp\/v2\/media\/7737"}],"wp:attachment":[{"href":"https:\/\/deputadotaveirajr.com.br\/index.php\/wp-json\/wp\/v2\/media?parent=7736"}],"curies":[{"name":"wp","href":"https:\/\/api.w.org\/{rel}","templated":true}]}}