{"id":7752,"date":"2024-07-13T14:05:24","date_gmt":"2024-07-13T17:05:24","guid":{"rendered":"https:\/\/deputadotaveirajr.com.br\/index.php\/parque-das-dunas-tem-programacao-gratuita-neste-domingo-14-confira-atracoes\/"},"modified":"2024-07-13T14:05:24","modified_gmt":"2024-07-13T17:05:24","slug":"parque-das-dunas-tem-programacao-gratuita-neste-domingo-14-confira-atracoes","status":"publish","type":"page","link":"https:\/\/deputadotaveirajr.com.br\/index.php\/parque-das-dunas-tem-programacao-gratuita-neste-domingo-14-confira-atracoes\/","title":{"rendered":"Parque das Dunas tem programa\u00e7\u00e3o gratuita neste domingo (14); confira atra\u00e7\u00f5es"},"content":{"rendered":"<p>     Bosque Encena apresenta o ilusionista Rian Razzani a partir das 10h, e o projeto Som da Mata tem show do sanfoneiro Bruno Cirino, \u00e0s 16h30. Ilusionista Rian Razzani se apresenta no projeto Bosque Encena<br \/>\nTiago Lima<br \/>\nO Parque das Dunas recebe neste domingo (14) mais uma edi\u00e7\u00e3o do projeto Bosque Encena. A atra\u00e7\u00e3o \u00e9 o ilusionista Rian Razzani com o espet\u00e1culo &#8220;A M\u00e1gica e Seus Encantos&#8221;. A apresenta\u00e7\u00e3o come\u00e7a \u00e0s 10h, no Anfiteatro Pau-brasil.<br \/>\n\ud83d\udcf3Participe do canal do g1 RN no WhatsApp<br \/>\nRian j\u00e1 percorreu diversos estados brasileiros e pa\u00edses da Europa, levando sua m\u00e1gica para grandes companhias de circo como Stankowich, Le Cirque, Orfey e Golden Circus. Em 2022, tamb\u00e9m participou do programa &#8220;Caldeir\u00e3o com Mion&#8221;, da TV Globo.<br \/>\nSom da Mata<br \/>\n\u00c0 tarde, a partir das 16h30, o Som da Mata apresenta o sanfoneiro Bruno Cirino, acompanhado pelos m\u00fasicos L\u00e9o Tavares (pandeiro), Gil Mendes (tri\u00e2ngulo) e Ricardo Baya (viol\u00e3o). Acordeonista h\u00e1 mais de 20 anos, Cirino j\u00e1 gravou com v\u00e1rios artistas do cen\u00e1rio musical nacional e participou de festivais no Brasil e no exterior.<br \/>\nAs apresenta\u00e7\u00f5es s\u00e3o gratuitas. O acesso ao Parque das Dunas custa R$ 1.<br \/>\nV\u00cdDEOS: Mais assistidos do RN nos \u00faltimos 7 dias<br \/>\nAs apresenta\u00e7\u00f5es s\u00e3o gaAcesso ao Parque: R$ 1,00<\/p>","protected":false},"excerpt":{"rendered":"<p>Bosque Encena apresenta o ilusionista Rian Razzani a partir das 10h, e o projeto Som da Mata tem show do sanfoneiro Bruno Cirino, \u00e0s 16h30. Ilusionista Rian Razzani se apresenta &#8230;<\/p>\n","protected":false},"author":0,"featured_media":7753,"parent":0,"menu_order":0,"comment_status":"closed","ping_status":"closed","template":"","meta":{"footnotes":""},"class_list":["post-7752","page","type-page","status-publish","has-post-thumbnail","hentry"],"yoast_head":"<!-- This site is optimized with the Yoast SEO plugin v27.1.1 - https:\/\/yoast.com\/product\/yoast-seo-wordpress\/ -->\n<title>Parque das Dunas tem programa\u00e7\u00e3o gratuita neste domingo (14); confira atra\u00e7\u00f5es - Taveira Jr<\/title>\n<meta name=\"robots\" content=\"index, follow, max-snippet:-1, max-image-preview:large, max-video-preview:-1\" \/>\n<link rel=\"canonical\" href=\"https:\/\/deputadotaveirajr.com.br\/index.php\/parque-das-dunas-tem-programacao-gratuita-neste-domingo-14-confira-atracoes\/\" \/>\n<meta property=\"og:locale\" content=\"pt_BR\" \/>\n<meta property=\"og:type\" content=\"article\" \/>\n<meta property=\"og:title\" content=\"Parque das Dunas tem programa\u00e7\u00e3o gratuita neste domingo (14); confira atra\u00e7\u00f5es - Taveira Jr\" \/>\n<meta property=\"og:description\" content=\"Bosque Encena apresenta o ilusionista Rian Razzani a partir das 10h, e o projeto Som da Mata tem show do sanfoneiro Bruno Cirino, \u00e0s 16h30. Ilusionista Rian Razzani se apresenta ...\" \/>\n<meta property=\"og:url\" content=\"https:\/\/deputadotaveirajr.com.br\/index.php\/parque-das-dunas-tem-programacao-gratuita-neste-domingo-14-confira-atracoes\/\" \/>\n<meta property=\"og:site_name\" content=\"Taveira Jr\" \/>\n<meta name=\"twitter:card\" content=\"summary_large_image\" \/>\n<meta name=\"twitter:label1\" content=\"Est. tempo de leitura\" \/>\n\t<meta name=\"twitter:data1\" content=\"1 minuto\" \/>\n<script type=\"application\/ld+json\" class=\"yoast-schema-graph\">{\"@context\":\"https:\/\/schema.org\",\"@graph\":[{\"@type\":\"WebPage\",\"@id\":\"https:\/\/deputadotaveirajr.com.br\/index.php\/parque-das-dunas-tem-programacao-gratuita-neste-domingo-14-confira-atracoes\/\",\"url\":\"https:\/\/deputadotaveirajr.com.br\/index.php\/parque-das-dunas-tem-programacao-gratuita-neste-domingo-14-confira-atracoes\/\",\"name\":\"Parque das Dunas tem programa\u00e7\u00e3o gratuita neste domingo (14); confira atra\u00e7\u00f5es - Taveira Jr\",\"isPartOf\":{\"@id\":\"https:\/\/deputadotaveirajr.com.br\/#website\"},\"primaryImageOfPage\":{\"@id\":\"https:\/\/deputadotaveirajr.com.br\/index.php\/parque-das-dunas-tem-programacao-gratuita-neste-domingo-14-confira-atracoes\/#primaryimage\"},\"image\":{\"@id\":\"https:\/\/deputadotaveirajr.com.br\/index.php\/parque-das-dunas-tem-programacao-gratuita-neste-domingo-14-confira-atracoes\/#primaryimage\"},\"thumbnailUrl\":\"https:\/\/deputadotaveirajr.com.br\/wp-content\/uploads\/2024\/07\/magico-P5fZcf.jpeg\",\"datePublished\":\"2024-07-13T17:05:24+00:00\",\"breadcrumb\":{\"@id\":\"https:\/\/deputadotaveirajr.com.br\/index.php\/parque-das-dunas-tem-programacao-gratuita-neste-domingo-14-confira-atracoes\/#breadcrumb\"},\"inLanguage\":\"pt-BR\",\"potentialAction\":[{\"@type\":\"ReadAction\",\"target\":[\"https:\/\/deputadotaveirajr.com.br\/index.php\/parque-das-dunas-tem-programacao-gratuita-neste-domingo-14-confira-atracoes\/\"]}]},{\"@type\":\"ImageObject\",\"inLanguage\":\"pt-BR\",\"@id\":\"https:\/\/deputadotaveirajr.com.br\/index.php\/parque-das-dunas-tem-programacao-gratuita-neste-domingo-14-confira-atracoes\/#primaryimage\",\"url\":\"https:\/\/deputadotaveirajr.com.br\/wp-content\/uploads\/2024\/07\/magico-P5fZcf.jpeg\",\"contentUrl\":\"https:\/\/deputadotaveirajr.com.br\/wp-content\/uploads\/2024\/07\/magico-P5fZcf.jpeg\",\"width\":1227,\"height\":818},{\"@type\":\"BreadcrumbList\",\"@id\":\"https:\/\/deputadotaveirajr.com.br\/index.php\/parque-das-dunas-tem-programacao-gratuita-neste-domingo-14-confira-atracoes\/#breadcrumb\",\"itemListElement\":[{\"@type\":\"ListItem\",\"position\":1,\"name\":\"In\u00edcio\",\"item\":\"https:\/\/deputadotaveirajr.com.br\/\"},{\"@type\":\"ListItem\",\"position\":2,\"name\":\"Parque das Dunas tem programa\u00e7\u00e3o gratuita neste domingo (14); confira atra\u00e7\u00f5es\"}]},{\"@type\":\"WebSite\",\"@id\":\"https:\/\/deputadotaveirajr.com.br\/#website\",\"url\":\"https:\/\/deputadotaveirajr.com.br\/\",\"name\":\"Taveira Jr\",\"description\":\"Deputado Estadual\",\"publisher\":{\"@id\":\"https:\/\/deputadotaveirajr.com.br\/#organization\"},\"potentialAction\":[{\"@type\":\"SearchAction\",\"target\":{\"@type\":\"EntryPoint\",\"urlTemplate\":\"https:\/\/deputadotaveirajr.com.br\/?s={search_term_string}\"},\"query-input\":{\"@type\":\"PropertyValueSpecification\",\"valueRequired\":true,\"valueName\":\"search_term_string\"}}],\"inLanguage\":\"pt-BR\"},{\"@type\":\"Organization\",\"@id\":\"https:\/\/deputadotaveirajr.com.br\/#organization\",\"name\":\"Taveira Jr\",\"url\":\"https:\/\/deputadotaveirajr.com.br\/\",\"logo\":{\"@type\":\"ImageObject\",\"inLanguage\":\"pt-BR\",\"@id\":\"https:\/\/deputadotaveirajr.com.br\/#\/schema\/logo\/image\/\",\"url\":\"https:\/\/deputadotaveirajr.com.br\/wp-content\/uploads\/2026\/01\/logolow2a.png\",\"contentUrl\":\"https:\/\/deputadotaveirajr.com.br\/wp-content\/uploads\/2026\/01\/logolow2a.png\",\"width\":290,\"height\":80,\"caption\":\"Taveira Jr\"},\"image\":{\"@id\":\"https:\/\/deputadotaveirajr.com.br\/#\/schema\/logo\/image\/\"}}]}<\/script>\n<!-- \/ Yoast SEO plugin. -->","yoast_head_json":{"title":"Parque das Dunas tem programa\u00e7\u00e3o gratuita neste domingo (14); confira atra\u00e7\u00f5es - Taveira Jr","robots":{"index":"index","follow":"follow","max-snippet":"max-snippet:-1","max-image-preview":"max-image-preview:large","max-video-preview":"max-video-preview:-1"},"canonical":"https:\/\/deputadotaveirajr.com.br\/index.php\/parque-das-dunas-tem-programacao-gratuita-neste-domingo-14-confira-atracoes\/","og_locale":"pt_BR","og_type":"article","og_title":"Parque das Dunas tem programa\u00e7\u00e3o gratuita neste domingo (14); confira atra\u00e7\u00f5es - Taveira Jr","og_description":"Bosque Encena apresenta o ilusionista Rian Razzani a partir das 10h, e o projeto Som da Mata tem show do sanfoneiro Bruno Cirino, \u00e0s 16h30. Ilusionista Rian Razzani se apresenta ...","og_url":"https:\/\/deputadotaveirajr.com.br\/index.php\/parque-das-dunas-tem-programacao-gratuita-neste-domingo-14-confira-atracoes\/","og_site_name":"Taveira Jr","twitter_card":"summary_large_image","twitter_misc":{"Est. tempo de leitura":"1 minuto"},"schema":{"@context":"https:\/\/schema.org","@graph":[{"@type":"WebPage","@id":"https:\/\/deputadotaveirajr.com.br\/index.php\/parque-das-dunas-tem-programacao-gratuita-neste-domingo-14-confira-atracoes\/","url":"https:\/\/deputadotaveirajr.com.br\/index.php\/parque-das-dunas-tem-programacao-gratuita-neste-domingo-14-confira-atracoes\/","name":"Parque das Dunas tem programa\u00e7\u00e3o gratuita neste domingo (14); confira atra\u00e7\u00f5es - Taveira Jr","isPartOf":{"@id":"https:\/\/deputadotaveirajr.com.br\/#website"},"primaryImageOfPage":{"@id":"https:\/\/deputadotaveirajr.com.br\/index.php\/parque-das-dunas-tem-programacao-gratuita-neste-domingo-14-confira-atracoes\/#primaryimage"},"image":{"@id":"https:\/\/deputadotaveirajr.com.br\/index.php\/parque-das-dunas-tem-programacao-gratuita-neste-domingo-14-confira-atracoes\/#primaryimage"},"thumbnailUrl":"https:\/\/deputadotaveirajr.com.br\/wp-content\/uploads\/2024\/07\/magico-P5fZcf.jpeg","datePublished":"2024-07-13T17:05:24+00:00","breadcrumb":{"@id":"https:\/\/deputadotaveirajr.com.br\/index.php\/parque-das-dunas-tem-programacao-gratuita-neste-domingo-14-confira-atracoes\/#breadcrumb"},"inLanguage":"pt-BR","potentialAction":[{"@type":"ReadAction","target":["https:\/\/deputadotaveirajr.com.br\/index.php\/parque-das-dunas-tem-programacao-gratuita-neste-domingo-14-confira-atracoes\/"]}]},{"@type":"ImageObject","inLanguage":"pt-BR","@id":"https:\/\/deputadotaveirajr.com.br\/index.php\/parque-das-dunas-tem-programacao-gratuita-neste-domingo-14-confira-atracoes\/#primaryimage","url":"https:\/\/deputadotaveirajr.com.br\/wp-content\/uploads\/2024\/07\/magico-P5fZcf.jpeg","contentUrl":"https:\/\/deputadotaveirajr.com.br\/wp-content\/uploads\/2024\/07\/magico-P5fZcf.jpeg","width":1227,"height":818},{"@type":"BreadcrumbList","@id":"https:\/\/deputadotaveirajr.com.br\/index.php\/parque-das-dunas-tem-programacao-gratuita-neste-domingo-14-confira-atracoes\/#breadcrumb","itemListElement":[{"@type":"ListItem","position":1,"name":"In\u00edcio","item":"https:\/\/deputadotaveirajr.com.br\/"},{"@type":"ListItem","position":2,"name":"Parque das Dunas tem programa\u00e7\u00e3o gratuita neste domingo (14); confira atra\u00e7\u00f5es"}]},{"@type":"WebSite","@id":"https:\/\/deputadotaveirajr.com.br\/#website","url":"https:\/\/deputadotaveirajr.com.br\/","name":"Taveira Jr","description":"Deputado Estadual","publisher":{"@id":"https:\/\/deputadotaveirajr.com.br\/#organization"},"potentialAction":[{"@type":"SearchAction","target":{"@type":"EntryPoint","urlTemplate":"https:\/\/deputadotaveirajr.com.br\/?s={search_term_string}"},"query-input":{"@type":"PropertyValueSpecification","valueRequired":true,"valueName":"search_term_string"}}],"inLanguage":"pt-BR"},{"@type":"Organization","@id":"https:\/\/deputadotaveirajr.com.br\/#organization","name":"Taveira Jr","url":"https:\/\/deputadotaveirajr.com.br\/","logo":{"@type":"ImageObject","inLanguage":"pt-BR","@id":"https:\/\/deputadotaveirajr.com.br\/#\/schema\/logo\/image\/","url":"https:\/\/deputadotaveirajr.com.br\/wp-content\/uploads\/2026\/01\/logolow2a.png","contentUrl":"https:\/\/deputadotaveirajr.com.br\/wp-content\/uploads\/2026\/01\/logolow2a.png","width":290,"height":80,"caption":"Taveira Jr"},"image":{"@id":"https:\/\/deputadotaveirajr.com.br\/#\/schema\/logo\/image\/"}}]}},"_links":{"self":[{"href":"https:\/\/deputadotaveirajr.com.br\/index.php\/wp-json\/wp\/v2\/pages\/7752","targetHints":{"allow":["GET"]}}],"collection":[{"href":"https:\/\/deputadotaveirajr.com.br\/index.php\/wp-json\/wp\/v2\/pages"}],"about":[{"href":"https:\/\/deputadotaveirajr.com.br\/index.php\/wp-json\/wp\/v2\/types\/page"}],"replies":[{"embeddable":true,"href":"https:\/\/deputadotaveirajr.com.br\/index.php\/wp-json\/wp\/v2\/comments?post=7752"}],"version-history":[{"count":0,"href":"https:\/\/deputadotaveirajr.com.br\/index.php\/wp-json\/wp\/v2\/pages\/7752\/revisions"}],"wp:featuredmedia":[{"embeddable":true,"href":"https:\/\/deputadotaveirajr.com.br\/index.php\/wp-json\/wp\/v2\/media\/7753"}],"wp:attachment":[{"href":"https:\/\/deputadotaveirajr.com.br\/index.php\/wp-json\/wp\/v2\/media?parent=7752"}],"curies":[{"name":"wp","href":"https:\/\/api.w.org\/{rel}","templated":true}]}}