{"id":7796,"date":"2024-07-16T13:40:04","date_gmt":"2024-07-16T16:40:04","guid":{"rendered":"https:\/\/deputadotaveirajr.com.br\/?page_id=7796"},"modified":"2024-07-16T13:40:04","modified_gmt":"2024-07-16T16:40:04","slug":"suspeito-de-matar-a-companheira-a-facadas-em-serra-negra-do-norte-e-preso","status":"publish","type":"page","link":"https:\/\/deputadotaveirajr.com.br\/index.php\/suspeito-de-matar-a-companheira-a-facadas-em-serra-negra-do-norte-e-preso\/","title":{"rendered":"Suspeito de matar a companheira a facadas em Serra Negra do Norte \u00e9 preso"},"content":{"rendered":"<p>     Crime aconteceu na noite desta quinta-feira (11) na casa onde a v\u00edtima morava com o suspeito. Daiane do Nascimento tinha 31 anos<br \/>\nRedes sociais<br \/>\nA Pol\u00edcia Civil prendeu um homem de 29 anos suspeito de ter matado a companheira a facadas em Serra Negra do Norte. O crime aconteceu no dia 11 de julho na casa onde a v\u00edtima morava com o suspeito.<br \/>\nDe acordo com as investiga\u00e7\u00f5es, o suspeito iniciou uma discuss\u00e3o com a companheira movido por ci\u00fames. Durante a briga, ele esfaqueou a mulher. Ela chegou a ser levada para o hospital, mas n\u00e3o resistiu aos ferimentos.<br \/>\n\ud83d\udcf3Participe do canal do g1 RN no WhatsApp<br \/>\nA Pol\u00edcia Civil pediu a pris\u00e3o preventiva do suspeito e o Tribunal de Justi\u00e7a do Rio Grande do Norte (TJRN) acatou.<br \/>\nO suspeito, ent\u00e3o, se apresentou na delegacia acompanhado do seu advogado.<br \/>\nEm sua defesa, o homem afirmou n\u00e3o ter tido a inten\u00e7\u00e3o de ferir sua companheira e declarou estar arrependido. De acordo com a Pol\u00edcia Civil, as investiga\u00e7\u00f5es continuam, para esclarecer alguns detalhes do caso. O suspeito foi encaminhado ao sistema prisional e ficar\u00e1 \u00e0 disposi\u00e7\u00e3o da Justi\u00e7a.<br \/>\nO crime<br \/>\nDaiane do Nascimento, de 31 anos de idade, foi morta com golpes de faca na porta de casa, na Rua Oscar Batista de Farias, no Centro da cidade, por volta das 19h do dia 11 de julho.<br \/>\nSegundo a Pol\u00edcia Militar, testemunhas relataram que Daiane e o marido dela discutiram momentos antes do crime, o que levantou a suspeita dele ter sido o autor do assassinato.<br \/>\nQuando a PM chegou \u00e0 resid\u00eancia, uma equipe m\u00e9dica j\u00e1 atendia Daiane. A v\u00edtima chegou a ser levada para o Hospital Maria C\u00e2ndida Medeiros Mariz, no Centro de Serra Negra do Norte, mas deu entrada na unidade sem vida, segundo a equipe m\u00e9dica.<br \/>\nV\u00eddeos mais assistidos do g1 RN<\/p>","protected":false},"excerpt":{"rendered":"<p>Crime aconteceu na noite desta quinta-feira (11) na casa onde a v\u00edtima morava com o suspeito. Daiane do Nascimento tinha 31 anos Redes sociais A Pol\u00edcia Civil prendeu um homem &#8230;<\/p>\n","protected":false},"author":0,"featured_media":7797,"parent":0,"menu_order":0,"comment_status":"closed","ping_status":"closed","template":"","meta":{"footnotes":""},"class_list":["post-7796","page","type-page","status-publish","has-post-thumbnail","hentry"],"yoast_head":"<!-- This site is optimized with the Yoast SEO plugin v27.1.1 - https:\/\/yoast.com\/product\/yoast-seo-wordpress\/ -->\n<title>Suspeito de matar a companheira a facadas em Serra Negra do Norte \u00e9 preso - Taveira Jr<\/title>\n<meta name=\"robots\" content=\"index, follow, max-snippet:-1, max-image-preview:large, max-video-preview:-1\" \/>\n<link rel=\"canonical\" href=\"https:\/\/deputadotaveirajr.com.br\/index.php\/suspeito-de-matar-a-companheira-a-facadas-em-serra-negra-do-norte-e-preso\/\" \/>\n<meta property=\"og:locale\" content=\"pt_BR\" \/>\n<meta property=\"og:type\" content=\"article\" \/>\n<meta property=\"og:title\" content=\"Suspeito de matar a companheira a facadas em Serra Negra do Norte \u00e9 preso - Taveira Jr\" \/>\n<meta property=\"og:description\" content=\"Crime aconteceu na noite desta quinta-feira (11) na casa onde a v\u00edtima morava com o suspeito. Daiane do Nascimento tinha 31 anos Redes sociais A Pol\u00edcia Civil prendeu um homem ...\" \/>\n<meta property=\"og:url\" content=\"https:\/\/deputadotaveirajr.com.br\/index.php\/suspeito-de-matar-a-companheira-a-facadas-em-serra-negra-do-norte-e-preso\/\" \/>\n<meta property=\"og:site_name\" content=\"Taveira Jr\" \/>\n<meta property=\"og:image\" content=\"https:\/\/deputadotaveirajr.com.br\/wp-content\/uploads\/2024\/07\/daiane-nascimento-TZOtvT.jpeg\" \/>\n\t<meta property=\"og:image:width\" content=\"825\" \/>\n\t<meta property=\"og:image:height\" content=\"712\" \/>\n\t<meta property=\"og:image:type\" content=\"image\/jpeg\" \/>\n<meta name=\"twitter:card\" content=\"summary_large_image\" \/>\n<meta name=\"twitter:label1\" content=\"Est. tempo de leitura\" \/>\n\t<meta name=\"twitter:data1\" content=\"2 minutos\" \/>\n<script type=\"application\/ld+json\" class=\"yoast-schema-graph\">{\"@context\":\"https:\/\/schema.org\",\"@graph\":[{\"@type\":\"WebPage\",\"@id\":\"https:\/\/deputadotaveirajr.com.br\/index.php\/suspeito-de-matar-a-companheira-a-facadas-em-serra-negra-do-norte-e-preso\/\",\"url\":\"https:\/\/deputadotaveirajr.com.br\/index.php\/suspeito-de-matar-a-companheira-a-facadas-em-serra-negra-do-norte-e-preso\/\",\"name\":\"Suspeito de matar a companheira a facadas em Serra Negra do Norte \u00e9 preso - Taveira Jr\",\"isPartOf\":{\"@id\":\"https:\/\/deputadotaveirajr.com.br\/#website\"},\"primaryImageOfPage\":{\"@id\":\"https:\/\/deputadotaveirajr.com.br\/index.php\/suspeito-de-matar-a-companheira-a-facadas-em-serra-negra-do-norte-e-preso\/#primaryimage\"},\"image\":{\"@id\":\"https:\/\/deputadotaveirajr.com.br\/index.php\/suspeito-de-matar-a-companheira-a-facadas-em-serra-negra-do-norte-e-preso\/#primaryimage\"},\"thumbnailUrl\":\"https:\/\/deputadotaveirajr.com.br\/wp-content\/uploads\/2024\/07\/daiane-nascimento-TZOtvT.jpeg\",\"datePublished\":\"2024-07-16T16:40:04+00:00\",\"breadcrumb\":{\"@id\":\"https:\/\/deputadotaveirajr.com.br\/index.php\/suspeito-de-matar-a-companheira-a-facadas-em-serra-negra-do-norte-e-preso\/#breadcrumb\"},\"inLanguage\":\"pt-BR\",\"potentialAction\":[{\"@type\":\"ReadAction\",\"target\":[\"https:\/\/deputadotaveirajr.com.br\/index.php\/suspeito-de-matar-a-companheira-a-facadas-em-serra-negra-do-norte-e-preso\/\"]}]},{\"@type\":\"ImageObject\",\"inLanguage\":\"pt-BR\",\"@id\":\"https:\/\/deputadotaveirajr.com.br\/index.php\/suspeito-de-matar-a-companheira-a-facadas-em-serra-negra-do-norte-e-preso\/#primaryimage\",\"url\":\"https:\/\/deputadotaveirajr.com.br\/wp-content\/uploads\/2024\/07\/daiane-nascimento-TZOtvT.jpeg\",\"contentUrl\":\"https:\/\/deputadotaveirajr.com.br\/wp-content\/uploads\/2024\/07\/daiane-nascimento-TZOtvT.jpeg\",\"width\":825,\"height\":712},{\"@type\":\"BreadcrumbList\",\"@id\":\"https:\/\/deputadotaveirajr.com.br\/index.php\/suspeito-de-matar-a-companheira-a-facadas-em-serra-negra-do-norte-e-preso\/#breadcrumb\",\"itemListElement\":[{\"@type\":\"ListItem\",\"position\":1,\"name\":\"In\u00edcio\",\"item\":\"https:\/\/deputadotaveirajr.com.br\/\"},{\"@type\":\"ListItem\",\"position\":2,\"name\":\"Suspeito de matar a companheira a facadas em Serra Negra do Norte \u00e9 preso\"}]},{\"@type\":\"WebSite\",\"@id\":\"https:\/\/deputadotaveirajr.com.br\/#website\",\"url\":\"https:\/\/deputadotaveirajr.com.br\/\",\"name\":\"Taveira Jr\",\"description\":\"Deputado Estadual\",\"publisher\":{\"@id\":\"https:\/\/deputadotaveirajr.com.br\/#organization\"},\"potentialAction\":[{\"@type\":\"SearchAction\",\"target\":{\"@type\":\"EntryPoint\",\"urlTemplate\":\"https:\/\/deputadotaveirajr.com.br\/?s={search_term_string}\"},\"query-input\":{\"@type\":\"PropertyValueSpecification\",\"valueRequired\":true,\"valueName\":\"search_term_string\"}}],\"inLanguage\":\"pt-BR\"},{\"@type\":\"Organization\",\"@id\":\"https:\/\/deputadotaveirajr.com.br\/#organization\",\"name\":\"Taveira Jr\",\"url\":\"https:\/\/deputadotaveirajr.com.br\/\",\"logo\":{\"@type\":\"ImageObject\",\"inLanguage\":\"pt-BR\",\"@id\":\"https:\/\/deputadotaveirajr.com.br\/#\/schema\/logo\/image\/\",\"url\":\"https:\/\/deputadotaveirajr.com.br\/wp-content\/uploads\/2026\/01\/logolow2a.png\",\"contentUrl\":\"https:\/\/deputadotaveirajr.com.br\/wp-content\/uploads\/2026\/01\/logolow2a.png\",\"width\":290,\"height\":80,\"caption\":\"Taveira Jr\"},\"image\":{\"@id\":\"https:\/\/deputadotaveirajr.com.br\/#\/schema\/logo\/image\/\"}}]}<\/script>\n<!-- \/ Yoast SEO plugin. -->","yoast_head_json":{"title":"Suspeito de matar a companheira a facadas em Serra Negra do Norte \u00e9 preso - Taveira Jr","robots":{"index":"index","follow":"follow","max-snippet":"max-snippet:-1","max-image-preview":"max-image-preview:large","max-video-preview":"max-video-preview:-1"},"canonical":"https:\/\/deputadotaveirajr.com.br\/index.php\/suspeito-de-matar-a-companheira-a-facadas-em-serra-negra-do-norte-e-preso\/","og_locale":"pt_BR","og_type":"article","og_title":"Suspeito de matar a companheira a facadas em Serra Negra do Norte \u00e9 preso - Taveira Jr","og_description":"Crime aconteceu na noite desta quinta-feira (11) na casa onde a v\u00edtima morava com o suspeito. Daiane do Nascimento tinha 31 anos Redes sociais A Pol\u00edcia Civil prendeu um homem ...","og_url":"https:\/\/deputadotaveirajr.com.br\/index.php\/suspeito-de-matar-a-companheira-a-facadas-em-serra-negra-do-norte-e-preso\/","og_site_name":"Taveira Jr","og_image":[{"width":825,"height":712,"url":"https:\/\/deputadotaveirajr.com.br\/wp-content\/uploads\/2024\/07\/daiane-nascimento-TZOtvT.jpeg","type":"image\/jpeg"}],"twitter_card":"summary_large_image","twitter_misc":{"Est. tempo de leitura":"2 minutos"},"schema":{"@context":"https:\/\/schema.org","@graph":[{"@type":"WebPage","@id":"https:\/\/deputadotaveirajr.com.br\/index.php\/suspeito-de-matar-a-companheira-a-facadas-em-serra-negra-do-norte-e-preso\/","url":"https:\/\/deputadotaveirajr.com.br\/index.php\/suspeito-de-matar-a-companheira-a-facadas-em-serra-negra-do-norte-e-preso\/","name":"Suspeito de matar a companheira a facadas em Serra Negra do Norte \u00e9 preso - Taveira Jr","isPartOf":{"@id":"https:\/\/deputadotaveirajr.com.br\/#website"},"primaryImageOfPage":{"@id":"https:\/\/deputadotaveirajr.com.br\/index.php\/suspeito-de-matar-a-companheira-a-facadas-em-serra-negra-do-norte-e-preso\/#primaryimage"},"image":{"@id":"https:\/\/deputadotaveirajr.com.br\/index.php\/suspeito-de-matar-a-companheira-a-facadas-em-serra-negra-do-norte-e-preso\/#primaryimage"},"thumbnailUrl":"https:\/\/deputadotaveirajr.com.br\/wp-content\/uploads\/2024\/07\/daiane-nascimento-TZOtvT.jpeg","datePublished":"2024-07-16T16:40:04+00:00","breadcrumb":{"@id":"https:\/\/deputadotaveirajr.com.br\/index.php\/suspeito-de-matar-a-companheira-a-facadas-em-serra-negra-do-norte-e-preso\/#breadcrumb"},"inLanguage":"pt-BR","potentialAction":[{"@type":"ReadAction","target":["https:\/\/deputadotaveirajr.com.br\/index.php\/suspeito-de-matar-a-companheira-a-facadas-em-serra-negra-do-norte-e-preso\/"]}]},{"@type":"ImageObject","inLanguage":"pt-BR","@id":"https:\/\/deputadotaveirajr.com.br\/index.php\/suspeito-de-matar-a-companheira-a-facadas-em-serra-negra-do-norte-e-preso\/#primaryimage","url":"https:\/\/deputadotaveirajr.com.br\/wp-content\/uploads\/2024\/07\/daiane-nascimento-TZOtvT.jpeg","contentUrl":"https:\/\/deputadotaveirajr.com.br\/wp-content\/uploads\/2024\/07\/daiane-nascimento-TZOtvT.jpeg","width":825,"height":712},{"@type":"BreadcrumbList","@id":"https:\/\/deputadotaveirajr.com.br\/index.php\/suspeito-de-matar-a-companheira-a-facadas-em-serra-negra-do-norte-e-preso\/#breadcrumb","itemListElement":[{"@type":"ListItem","position":1,"name":"In\u00edcio","item":"https:\/\/deputadotaveirajr.com.br\/"},{"@type":"ListItem","position":2,"name":"Suspeito de matar a companheira a facadas em Serra Negra do Norte \u00e9 preso"}]},{"@type":"WebSite","@id":"https:\/\/deputadotaveirajr.com.br\/#website","url":"https:\/\/deputadotaveirajr.com.br\/","name":"Taveira Jr","description":"Deputado Estadual","publisher":{"@id":"https:\/\/deputadotaveirajr.com.br\/#organization"},"potentialAction":[{"@type":"SearchAction","target":{"@type":"EntryPoint","urlTemplate":"https:\/\/deputadotaveirajr.com.br\/?s={search_term_string}"},"query-input":{"@type":"PropertyValueSpecification","valueRequired":true,"valueName":"search_term_string"}}],"inLanguage":"pt-BR"},{"@type":"Organization","@id":"https:\/\/deputadotaveirajr.com.br\/#organization","name":"Taveira Jr","url":"https:\/\/deputadotaveirajr.com.br\/","logo":{"@type":"ImageObject","inLanguage":"pt-BR","@id":"https:\/\/deputadotaveirajr.com.br\/#\/schema\/logo\/image\/","url":"https:\/\/deputadotaveirajr.com.br\/wp-content\/uploads\/2026\/01\/logolow2a.png","contentUrl":"https:\/\/deputadotaveirajr.com.br\/wp-content\/uploads\/2026\/01\/logolow2a.png","width":290,"height":80,"caption":"Taveira Jr"},"image":{"@id":"https:\/\/deputadotaveirajr.com.br\/#\/schema\/logo\/image\/"}}]}},"_links":{"self":[{"href":"https:\/\/deputadotaveirajr.com.br\/index.php\/wp-json\/wp\/v2\/pages\/7796","targetHints":{"allow":["GET"]}}],"collection":[{"href":"https:\/\/deputadotaveirajr.com.br\/index.php\/wp-json\/wp\/v2\/pages"}],"about":[{"href":"https:\/\/deputadotaveirajr.com.br\/index.php\/wp-json\/wp\/v2\/types\/page"}],"replies":[{"embeddable":true,"href":"https:\/\/deputadotaveirajr.com.br\/index.php\/wp-json\/wp\/v2\/comments?post=7796"}],"version-history":[{"count":1,"href":"https:\/\/deputadotaveirajr.com.br\/index.php\/wp-json\/wp\/v2\/pages\/7796\/revisions"}],"predecessor-version":[{"id":7805,"href":"https:\/\/deputadotaveirajr.com.br\/index.php\/wp-json\/wp\/v2\/pages\/7796\/revisions\/7805"}],"wp:featuredmedia":[{"embeddable":true,"href":"https:\/\/deputadotaveirajr.com.br\/index.php\/wp-json\/wp\/v2\/media\/7797"}],"wp:attachment":[{"href":"https:\/\/deputadotaveirajr.com.br\/index.php\/wp-json\/wp\/v2\/media?parent=7796"}],"curies":[{"name":"wp","href":"https:\/\/api.w.org\/{rel}","templated":true}]}}

Suspeito de matar a companheira a facadas em Serra Negra do Norte é preso

<p>     Crime aconteceu na noite desta quinta-feira (11) na casa onde a vítima morava com o suspeito. Daiane do Nascimento tinha 31 anos<br />
Redes sociais<br />
A Polícia Civil prendeu um homem de 29 anos suspeito de ter matado a companheira a facadas em Serra Negra do Norte. O crime aconteceu no dia 11 de julho na casa onde a vítima morava com o suspeito.<br />
De acordo com as investigações, o suspeito iniciou uma discussão com a companheira movido por ciúmes. Durante a briga, ele esfaqueou a mulher. Ela chegou a ser levada para o hospital, mas não resistiu aos ferimentos.<br />
📳Participe do canal do g1 RN no WhatsApp<br />
A Polícia Civil pediu a prisão preventiva do suspeito e o Tribunal de Justiça do Rio Grande do Norte (TJRN) acatou.<br />
O suspeito, então, se apresentou na delegacia acompanhado do seu advogado.<br />
Em sua defesa, o homem afirmou não ter tido a intenção de ferir sua companheira e declarou estar arrependido. De acordo com a Polícia Civil, as investigações continuam, para esclarecer alguns detalhes do caso. O suspeito foi encaminhado ao sistema prisional e ficará à disposição da Justiça.<br />
O crime<br />
Daiane do Nascimento, de 31 anos de idade, foi morta com golpes de faca na porta de casa, na Rua Oscar Batista de Farias, no Centro da cidade, por volta das 19h do dia 11 de julho.<br />
Segundo a Polícia Militar, testemunhas relataram que Daiane e o marido dela discutiram momentos antes do crime, o que levantou a suspeita dele ter sido o autor do assassinato.<br />
Quando a PM chegou à residência, uma equipe médica já atendia Daiane. A vítima chegou a ser levada para o Hospital Maria Cândida Medeiros Mariz, no Centro de Serra Negra do Norte, mas deu entrada na unidade sem vida, segundo a equipe médica.<br />
Vídeos mais assistidos do g1 RN</p>

<p>Crime aconteceu na noite desta quinta-feira (11) na casa onde a vítima morava com o suspeito. Daiane do Nascimento tinha 31 anos Redes sociais A Polícia Civil prendeu um homem &#8230;</p>

<!-- This site is optimized with the Yoast SEO plugin v27.1.1 - https://yoast.com/product/yoast-seo-wordpress/ -->
<title>Suspeito de matar a companheira a facadas em Serra Negra do Norte é preso - Taveira Jr</title>
<meta name="robots" content="index, follow, max-snippet:-1, max-image-preview:large, max-video-preview:-1" />
<link rel="canonical" href="https://deputadotaveirajr.com.br/index.php/suspeito-de-matar-a-companheira-a-facadas-em-serra-negra-do-norte-e-preso/" />
<meta property="og:locale" content="pt_BR" />
<meta property="og:type" content="article" />
<meta property="og:title" content="Suspeito de matar a companheira a facadas em Serra Negra do Norte é preso - Taveira Jr" />
<meta property="og:description" content="Crime aconteceu na noite desta quinta-feira (11) na casa onde a vítima morava com o suspeito. Daiane do Nascimento tinha 31 anos Redes sociais A Polícia Civil prendeu um homem ..." />
<meta property="og:url" content="https://deputadotaveirajr.com.br/index.php/suspeito-de-matar-a-companheira-a-facadas-em-serra-negra-do-norte-e-preso/" />
<meta property="og:site_name" content="Taveira Jr" />
<meta property="og:image" content="https://deputadotaveirajr.com.br/wp-content/uploads/2024/07/daiane-nascimento-TZOtvT.jpeg" />
	<meta property="og:image:width" content="825" />
	<meta property="og:image:height" content="712" />
	<meta property="og:image:type" content="image/jpeg" />
<meta name="twitter:card" content="summary_large_image" />
<meta name="twitter:label1" content="Est. tempo de leitura" />
	<meta name="twitter:data1" content="2 minutos" />
<script type="application/ld+json" class="yoast-schema-graph">{"@context":"https://schema.org","@graph":[{"@type":"WebPage","@id":"https://deputadotaveirajr.com.br/index.php/suspeito-de-matar-a-companheira-a-facadas-em-serra-negra-do-norte-e-preso/","url":"https://deputadotaveirajr.com.br/index.php/suspeito-de-matar-a-companheira-a-facadas-em-serra-negra-do-norte-e-preso/","name":"Suspeito de matar a companheira a facadas em Serra Negra do Norte é preso - Taveira Jr","isPartOf":{"@id":"https://deputadotaveirajr.com.br/#website"},"primaryImageOfPage":{"@id":"https://deputadotaveirajr.com.br/index.php/suspeito-de-matar-a-companheira-a-facadas-em-serra-negra-do-norte-e-preso/#primaryimage"},"image":{"@id":"https://deputadotaveirajr.com.br/index.php/suspeito-de-matar-a-companheira-a-facadas-em-serra-negra-do-norte-e-preso/#primaryimage"},"thumbnailUrl":"https://deputadotaveirajr.com.br/wp-content/uploads/2024/07/daiane-nascimento-TZOtvT.jpeg","datePublished":"2024-07-16T16:40:04+00:00","breadcrumb":{"@id":"https://deputadotaveirajr.com.br/index.php/suspeito-de-matar-a-companheira-a-facadas-em-serra-negra-do-norte-e-preso/#breadcrumb"},"inLanguage":"pt-BR","potentialAction":[{"@type":"ReadAction","target":["https://deputadotaveirajr.com.br/index.php/suspeito-de-matar-a-companheira-a-facadas-em-serra-negra-do-norte-e-preso/"]}]},{"@type":"ImageObject","inLanguage":"pt-BR","@id":"https://deputadotaveirajr.com.br/index.php/suspeito-de-matar-a-companheira-a-facadas-em-serra-negra-do-norte-e-preso/#primaryimage","url":"https://deputadotaveirajr.com.br/wp-content/uploads/2024/07/daiane-nascimento-TZOtvT.jpeg","contentUrl":"https://deputadotaveirajr.com.br/wp-content/uploads/2024/07/daiane-nascimento-TZOtvT.jpeg","width":825,"height":712},{"@type":"BreadcrumbList","@id":"https://deputadotaveirajr.com.br/index.php/suspeito-de-matar-a-companheira-a-facadas-em-serra-negra-do-norte-e-preso/#breadcrumb","itemListElement":[{"@type":"ListItem","position":1,"name":"Início","item":"https://deputadotaveirajr.com.br/"},{"@type":"ListItem","position":2,"name":"Suspeito de matar a companheira a facadas em Serra Negra do Norte é preso"}]},{"@type":"WebSite","@id":"https://deputadotaveirajr.com.br/#website","url":"https://deputadotaveirajr.com.br/","name":"Taveira Jr","description":"Deputado Estadual","publisher":{"@id":"https://deputadotaveirajr.com.br/#organization"},"potentialAction":[{"@type":"SearchAction","target":{"@type":"EntryPoint","urlTemplate":"https://deputadotaveirajr.com.br/?s={search_term_string}"},"query-input":{"@type":"PropertyValueSpecification","valueRequired":true,"valueName":"search_term_string"}}],"inLanguage":"pt-BR"},{"@type":"Organization","@id":"https://deputadotaveirajr.com.br/#organization","name":"Taveira Jr","url":"https://deputadotaveirajr.com.br/","logo":{"@type":"ImageObject","inLanguage":"pt-BR","@id":"https://deputadotaveirajr.com.br/#/schema/logo/image/","url":"https://deputadotaveirajr.com.br/wp-content/uploads/2026/01/logolow2a.png","contentUrl":"https://deputadotaveirajr.com.br/wp-content/uploads/2026/01/logolow2a.png","width":290,"height":80,"caption":"Taveira Jr"},"image":{"@id":"https://deputadotaveirajr.com.br/#/schema/logo/image/"}}]}</script>
<!-- / Yoast SEO plugin. -->

Suspeito de matar a companheira a facadas em Serra Negra do Norte é preso - Taveira Jr

Crime aconteceu na noite desta quinta-feira (11) na casa onde a vítima morava com o suspeito. Daiane do Nascimento tinha 31 anos Redes sociais A Polícia Civil prendeu um homem ...

Início
