{"id":7864,"date":"2024-07-18T13:03:05","date_gmt":"2024-07-18T16:03:05","guid":{"rendered":"https:\/\/deputadotaveirajr.com.br\/?page_id=7864"},"modified":"2024-07-18T13:03:05","modified_gmt":"2024-07-18T16:03:05","slug":"numero-de-transplantes-aumenta-25-no-primeiro-semestre-de-2024-no-rn","status":"publish","type":"page","link":"https:\/\/deputadotaveirajr.com.br\/index.php\/numero-de-transplantes-aumenta-25-no-primeiro-semestre-de-2024-no-rn\/","title":{"rendered":"N\u00famero de transplantes aumenta 25% no primeiro semestre de 2024 no RN"},"content":{"rendered":"<p>     Estado teve, segundo a Sesap, 198 transplantes realizados nos primeiros seis meses deste ano &#8211; 38 a mais do que os 160 registrados at\u00e9 junho de 2023. Unidade da Liga Contra o C\u00e2ncer em Natal: local foi autorizado pelo Minist\u00e9rio da Sa\u00fade para realizar transplantes<br \/>\nReprodu\u00e7\u00e3o\/Inter TV Cabugi<br \/>\nO n\u00famero de transplantes realizados no Rio Grande do Norte aumentou 25% no primeiro semestre de 2024 em rela\u00e7\u00e3o ao mesmo per\u00edodo do ano anterior. Os dados foram divulgados pela Secretaria de Estado da Sa\u00fade P\u00fablica do RN (Sesap).<br \/>\nSegundo a pasta, o estado teve 198 transplantes realizados nos primeiros seis meses deste ano &#8211; 38 a mais do que os 160 registrados at\u00e9 junho de 2023.<br \/>\n\ud83d\udcf3Participe do canal do g1 RN no WhatsApp<br \/>\nGeana Virginia foi uma das pacientes que conseguiram o transplante neste ano. Em maio de 2023, ela descobriu uma leucemia e precisou fazer quatro ciclos de quimioterapia, chegando a ficar seis meses internada.<br \/>\n&#8220;Gra\u00e7as a Deus foi tudo muito r\u00e1pido. Eu descobri, eu consegui doador e est\u00e1 dando tudo certo&#8221;, comemorou.<br \/>\nA filha dela, Mariana Virg\u00ednia, contou que chegou a se candidatar para ser doadora de medula \u00f3ssea, mas descobriram doadores mais compat\u00edveis com a m\u00e3e no per\u00edodo do tratamento.<br \/>\n&#8220;Eu estava cotada pra ser. S\u00f3 que a gente tinha esperan\u00e7a nos irm\u00e3os dela. E n\u00e3o deu certo. Ent\u00e3o eu j\u00e1 estava me preparando, mas a\u00ed surgiram dois doadores mais compat\u00edveis do que eu. A gente fica bem ansioso, porque \u00e9 uma demora, porque tem que procurar no banco, tem que entrar em contato e tem que esperar a aceita\u00e7\u00e3o&#8221;, lembrou.<br \/>\nSegundo a Central de Transplantes da Sesap, o n\u00famero de transplantes de medula \u00f3ssea foi um dos que aumentou: saindo de 60 para 81 no comparativo dos primeiros seis meses de 2023 e 2024.<br \/>\nA Sesap acredita que o aumento est\u00e1  atribu\u00eddo \u00e0 entrada da Liga Norte Riograndense contra o C\u00e2ncer no sistema de realiza\u00e7\u00e3o de procedimentos, ap\u00f3s habilita\u00e7\u00e3o no Minist\u00e9rio da Sa\u00fade.<br \/>\nO maior n\u00famero de procedimentos, no entanto, foi o de transplante de c\u00f3rneas, que subiu de de 71 procedimentos em 2023 para 94 em 2024.<br \/>\nSegundo a coordenadora da Central Estadual de Transplantes do RN, Rog\u00e9ria Medeiros, houve um incentivo maior para a capta\u00e7\u00e3o desse \u00f3rg\u00e3o.<br \/>\n\u201cO aumento no n\u00famero de transplantes de c\u00f3rneas \u00e9 resultado do trabalho de conscientiza\u00e7\u00e3o nas unidades hospitalares\u201d, explicou.<br \/>\nRog\u00e9ria explicou ainda que a fila de pacientes em busca de transplantes segue grande no Rio Grande do Norte e que isso se deve tamb\u00e9m a um maior acesso a consultas e maior n\u00famero de diagn\u00f3sticos corretos.<br \/>\n&#8220;Nossa fila ainda \u00e9 muito grande e, apesar desse aumento do n\u00famero de transplantes realizados, nossa fila continua aumentando. E por que isso acontece? Provavelmente por um melhor acesso dessas pessoas a um diagn\u00f3stico e \u00e0 fila de transplantes&#8221;, disse.<br \/>\nV\u00eddeos mais assistidos do g1 RN<\/p>","protected":false},"excerpt":{"rendered":"<p>Estado teve, segundo a Sesap, 198 transplantes realizados nos primeiros seis meses deste ano &#8211; 38 a mais do que os 160 registrados at\u00e9 junho de 2023. Unidade da Liga &#8230;<\/p>\n","protected":false},"author":0,"featured_media":7865,"parent":0,"menu_order":0,"comment_status":"closed","ping_status":"closed","template":"","meta":{"footnotes":""},"class_list":["post-7864","page","type-page","status-publish","has-post-thumbnail","hentry"],"yoast_head":"<!-- This site is optimized with the Yoast SEO plugin v27.1.1 - https:\/\/yoast.com\/product\/yoast-seo-wordpress\/ -->\n<title>N\u00famero de transplantes aumenta 25% no primeiro semestre de 2024 no RN - Taveira Jr<\/title>\n<meta name=\"robots\" content=\"index, follow, max-snippet:-1, max-image-preview:large, max-video-preview:-1\" \/>\n<link rel=\"canonical\" href=\"https:\/\/deputadotaveirajr.com.br\/index.php\/numero-de-transplantes-aumenta-25-no-primeiro-semestre-de-2024-no-rn\/\" \/>\n<meta property=\"og:locale\" content=\"pt_BR\" \/>\n<meta property=\"og:type\" content=\"article\" \/>\n<meta property=\"og:title\" content=\"N\u00famero de transplantes aumenta 25% no primeiro semestre de 2024 no RN - Taveira Jr\" \/>\n<meta property=\"og:description\" content=\"Estado teve, segundo a Sesap, 198 transplantes realizados nos primeiros seis meses deste ano &#8211; 38 a mais do que os 160 registrados at\u00e9 junho de 2023. Unidade da Liga ...\" \/>\n<meta property=\"og:url\" content=\"https:\/\/deputadotaveirajr.com.br\/index.php\/numero-de-transplantes-aumenta-25-no-primeiro-semestre-de-2024-no-rn\/\" \/>\n<meta property=\"og:site_name\" content=\"Taveira Jr\" \/>\n<meta property=\"og:image\" content=\"https:\/\/deputadotaveirajr.com.br\/wp-content\/uploads\/2024\/07\/captura-de-tela-2024-07-18-095452-56g0Sp.jpeg\" \/>\n\t<meta property=\"og:image:width\" content=\"1569\" \/>\n\t<meta property=\"og:image:height\" content=\"875\" \/>\n\t<meta property=\"og:image:type\" content=\"image\/jpeg\" \/>\n<meta name=\"twitter:card\" content=\"summary_large_image\" \/>\n<meta name=\"twitter:label1\" content=\"Est. tempo de leitura\" \/>\n\t<meta name=\"twitter:data1\" content=\"2 minutos\" \/>\n<script type=\"application\/ld+json\" class=\"yoast-schema-graph\">{\"@context\":\"https:\/\/schema.org\",\"@graph\":[{\"@type\":\"WebPage\",\"@id\":\"https:\/\/deputadotaveirajr.com.br\/index.php\/numero-de-transplantes-aumenta-25-no-primeiro-semestre-de-2024-no-rn\/\",\"url\":\"https:\/\/deputadotaveirajr.com.br\/index.php\/numero-de-transplantes-aumenta-25-no-primeiro-semestre-de-2024-no-rn\/\",\"name\":\"N\u00famero de transplantes aumenta 25% no primeiro semestre de 2024 no RN - Taveira Jr\",\"isPartOf\":{\"@id\":\"https:\/\/deputadotaveirajr.com.br\/#website\"},\"primaryImageOfPage\":{\"@id\":\"https:\/\/deputadotaveirajr.com.br\/index.php\/numero-de-transplantes-aumenta-25-no-primeiro-semestre-de-2024-no-rn\/#primaryimage\"},\"image\":{\"@id\":\"https:\/\/deputadotaveirajr.com.br\/index.php\/numero-de-transplantes-aumenta-25-no-primeiro-semestre-de-2024-no-rn\/#primaryimage\"},\"thumbnailUrl\":\"https:\/\/deputadotaveirajr.com.br\/wp-content\/uploads\/2024\/07\/captura-de-tela-2024-07-18-095452-56g0Sp.jpeg\",\"datePublished\":\"2024-07-18T16:03:05+00:00\",\"breadcrumb\":{\"@id\":\"https:\/\/deputadotaveirajr.com.br\/index.php\/numero-de-transplantes-aumenta-25-no-primeiro-semestre-de-2024-no-rn\/#breadcrumb\"},\"inLanguage\":\"pt-BR\",\"potentialAction\":[{\"@type\":\"ReadAction\",\"target\":[\"https:\/\/deputadotaveirajr.com.br\/index.php\/numero-de-transplantes-aumenta-25-no-primeiro-semestre-de-2024-no-rn\/\"]}]},{\"@type\":\"ImageObject\",\"inLanguage\":\"pt-BR\",\"@id\":\"https:\/\/deputadotaveirajr.com.br\/index.php\/numero-de-transplantes-aumenta-25-no-primeiro-semestre-de-2024-no-rn\/#primaryimage\",\"url\":\"https:\/\/deputadotaveirajr.com.br\/wp-content\/uploads\/2024\/07\/captura-de-tela-2024-07-18-095452-56g0Sp.jpeg\",\"contentUrl\":\"https:\/\/deputadotaveirajr.com.br\/wp-content\/uploads\/2024\/07\/captura-de-tela-2024-07-18-095452-56g0Sp.jpeg\",\"width\":1569,\"height\":875},{\"@type\":\"BreadcrumbList\",\"@id\":\"https:\/\/deputadotaveirajr.com.br\/index.php\/numero-de-transplantes-aumenta-25-no-primeiro-semestre-de-2024-no-rn\/#breadcrumb\",\"itemListElement\":[{\"@type\":\"ListItem\",\"position\":1,\"name\":\"In\u00edcio\",\"item\":\"https:\/\/deputadotaveirajr.com.br\/\"},{\"@type\":\"ListItem\",\"position\":2,\"name\":\"N\u00famero de transplantes aumenta 25% no primeiro semestre de 2024 no RN\"}]},{\"@type\":\"WebSite\",\"@id\":\"https:\/\/deputadotaveirajr.com.br\/#website\",\"url\":\"https:\/\/deputadotaveirajr.com.br\/\",\"name\":\"Taveira Jr\",\"description\":\"Deputado Estadual\",\"publisher\":{\"@id\":\"https:\/\/deputadotaveirajr.com.br\/#organization\"},\"potentialAction\":[{\"@type\":\"SearchAction\",\"target\":{\"@type\":\"EntryPoint\",\"urlTemplate\":\"https:\/\/deputadotaveirajr.com.br\/?s={search_term_string}\"},\"query-input\":{\"@type\":\"PropertyValueSpecification\",\"valueRequired\":true,\"valueName\":\"search_term_string\"}}],\"inLanguage\":\"pt-BR\"},{\"@type\":\"Organization\",\"@id\":\"https:\/\/deputadotaveirajr.com.br\/#organization\",\"name\":\"Taveira Jr\",\"url\":\"https:\/\/deputadotaveirajr.com.br\/\",\"logo\":{\"@type\":\"ImageObject\",\"inLanguage\":\"pt-BR\",\"@id\":\"https:\/\/deputadotaveirajr.com.br\/#\/schema\/logo\/image\/\",\"url\":\"https:\/\/deputadotaveirajr.com.br\/wp-content\/uploads\/2026\/01\/logolow2a.png\",\"contentUrl\":\"https:\/\/deputadotaveirajr.com.br\/wp-content\/uploads\/2026\/01\/logolow2a.png\",\"width\":290,\"height\":80,\"caption\":\"Taveira Jr\"},\"image\":{\"@id\":\"https:\/\/deputadotaveirajr.com.br\/#\/schema\/logo\/image\/\"}}]}<\/script>\n<!-- \/ Yoast SEO plugin. -->","yoast_head_json":{"title":"N\u00famero de transplantes aumenta 25% no primeiro semestre de 2024 no RN - Taveira Jr","robots":{"index":"index","follow":"follow","max-snippet":"max-snippet:-1","max-image-preview":"max-image-preview:large","max-video-preview":"max-video-preview:-1"},"canonical":"https:\/\/deputadotaveirajr.com.br\/index.php\/numero-de-transplantes-aumenta-25-no-primeiro-semestre-de-2024-no-rn\/","og_locale":"pt_BR","og_type":"article","og_title":"N\u00famero de transplantes aumenta 25% no primeiro semestre de 2024 no RN - Taveira Jr","og_description":"Estado teve, segundo a Sesap, 198 transplantes realizados nos primeiros seis meses deste ano &#8211; 38 a mais do que os 160 registrados at\u00e9 junho de 2023. Unidade da Liga ...","og_url":"https:\/\/deputadotaveirajr.com.br\/index.php\/numero-de-transplantes-aumenta-25-no-primeiro-semestre-de-2024-no-rn\/","og_site_name":"Taveira Jr","og_image":[{"width":1569,"height":875,"url":"https:\/\/deputadotaveirajr.com.br\/wp-content\/uploads\/2024\/07\/captura-de-tela-2024-07-18-095452-56g0Sp.jpeg","type":"image\/jpeg"}],"twitter_card":"summary_large_image","twitter_misc":{"Est. tempo de leitura":"2 minutos"},"schema":{"@context":"https:\/\/schema.org","@graph":[{"@type":"WebPage","@id":"https:\/\/deputadotaveirajr.com.br\/index.php\/numero-de-transplantes-aumenta-25-no-primeiro-semestre-de-2024-no-rn\/","url":"https:\/\/deputadotaveirajr.com.br\/index.php\/numero-de-transplantes-aumenta-25-no-primeiro-semestre-de-2024-no-rn\/","name":"N\u00famero de transplantes aumenta 25% no primeiro semestre de 2024 no RN - Taveira Jr","isPartOf":{"@id":"https:\/\/deputadotaveirajr.com.br\/#website"},"primaryImageOfPage":{"@id":"https:\/\/deputadotaveirajr.com.br\/index.php\/numero-de-transplantes-aumenta-25-no-primeiro-semestre-de-2024-no-rn\/#primaryimage"},"image":{"@id":"https:\/\/deputadotaveirajr.com.br\/index.php\/numero-de-transplantes-aumenta-25-no-primeiro-semestre-de-2024-no-rn\/#primaryimage"},"thumbnailUrl":"https:\/\/deputadotaveirajr.com.br\/wp-content\/uploads\/2024\/07\/captura-de-tela-2024-07-18-095452-56g0Sp.jpeg","datePublished":"2024-07-18T16:03:05+00:00","breadcrumb":{"@id":"https:\/\/deputadotaveirajr.com.br\/index.php\/numero-de-transplantes-aumenta-25-no-primeiro-semestre-de-2024-no-rn\/#breadcrumb"},"inLanguage":"pt-BR","potentialAction":[{"@type":"ReadAction","target":["https:\/\/deputadotaveirajr.com.br\/index.php\/numero-de-transplantes-aumenta-25-no-primeiro-semestre-de-2024-no-rn\/"]}]},{"@type":"ImageObject","inLanguage":"pt-BR","@id":"https:\/\/deputadotaveirajr.com.br\/index.php\/numero-de-transplantes-aumenta-25-no-primeiro-semestre-de-2024-no-rn\/#primaryimage","url":"https:\/\/deputadotaveirajr.com.br\/wp-content\/uploads\/2024\/07\/captura-de-tela-2024-07-18-095452-56g0Sp.jpeg","contentUrl":"https:\/\/deputadotaveirajr.com.br\/wp-content\/uploads\/2024\/07\/captura-de-tela-2024-07-18-095452-56g0Sp.jpeg","width":1569,"height":875},{"@type":"BreadcrumbList","@id":"https:\/\/deputadotaveirajr.com.br\/index.php\/numero-de-transplantes-aumenta-25-no-primeiro-semestre-de-2024-no-rn\/#breadcrumb","itemListElement":[{"@type":"ListItem","position":1,"name":"In\u00edcio","item":"https:\/\/deputadotaveirajr.com.br\/"},{"@type":"ListItem","position":2,"name":"N\u00famero de transplantes aumenta 25% no primeiro semestre de 2024 no RN"}]},{"@type":"WebSite","@id":"https:\/\/deputadotaveirajr.com.br\/#website","url":"https:\/\/deputadotaveirajr.com.br\/","name":"Taveira Jr","description":"Deputado Estadual","publisher":{"@id":"https:\/\/deputadotaveirajr.com.br\/#organization"},"potentialAction":[{"@type":"SearchAction","target":{"@type":"EntryPoint","urlTemplate":"https:\/\/deputadotaveirajr.com.br\/?s={search_term_string}"},"query-input":{"@type":"PropertyValueSpecification","valueRequired":true,"valueName":"search_term_string"}}],"inLanguage":"pt-BR"},{"@type":"Organization","@id":"https:\/\/deputadotaveirajr.com.br\/#organization","name":"Taveira Jr","url":"https:\/\/deputadotaveirajr.com.br\/","logo":{"@type":"ImageObject","inLanguage":"pt-BR","@id":"https:\/\/deputadotaveirajr.com.br\/#\/schema\/logo\/image\/","url":"https:\/\/deputadotaveirajr.com.br\/wp-content\/uploads\/2026\/01\/logolow2a.png","contentUrl":"https:\/\/deputadotaveirajr.com.br\/wp-content\/uploads\/2026\/01\/logolow2a.png","width":290,"height":80,"caption":"Taveira Jr"},"image":{"@id":"https:\/\/deputadotaveirajr.com.br\/#\/schema\/logo\/image\/"}}]}},"_links":{"self":[{"href":"https:\/\/deputadotaveirajr.com.br\/index.php\/wp-json\/wp\/v2\/pages\/7864","targetHints":{"allow":["GET"]}}],"collection":[{"href":"https:\/\/deputadotaveirajr.com.br\/index.php\/wp-json\/wp\/v2\/pages"}],"about":[{"href":"https:\/\/deputadotaveirajr.com.br\/index.php\/wp-json\/wp\/v2\/types\/page"}],"replies":[{"embeddable":true,"href":"https:\/\/deputadotaveirajr.com.br\/index.php\/wp-json\/wp\/v2\/comments?post=7864"}],"version-history":[{"count":1,"href":"https:\/\/deputadotaveirajr.com.br\/index.php\/wp-json\/wp\/v2\/pages\/7864\/revisions"}],"predecessor-version":[{"id":7871,"href":"https:\/\/deputadotaveirajr.com.br\/index.php\/wp-json\/wp\/v2\/pages\/7864\/revisions\/7871"}],"wp:featuredmedia":[{"embeddable":true,"href":"https:\/\/deputadotaveirajr.com.br\/index.php\/wp-json\/wp\/v2\/media\/7865"}],"wp:attachment":[{"href":"https:\/\/deputadotaveirajr.com.br\/index.php\/wp-json\/wp\/v2\/media?parent=7864"}],"curies":[{"name":"wp","href":"https:\/\/api.w.org\/{rel}","templated":true}]}}