{"id":7891,"date":"2024-07-19T11:04:51","date_gmt":"2024-07-19T14:04:51","guid":{"rendered":"https:\/\/deputadotaveirajr.com.br\/?page_id=7891"},"modified":"2024-07-19T11:04:51","modified_gmt":"2024-07-19T14:04:51","slug":"evento-distribui-4-mil-xicaras-de-cafe-gratuitamente-em-natal-nesta-sexta-feira-19","status":"publish","type":"page","link":"https:\/\/deputadotaveirajr.com.br\/index.php\/evento-distribui-4-mil-xicaras-de-cafe-gratuitamente-em-natal-nesta-sexta-feira-19\/","title":{"rendered":"Evento distribui 4 mil x\u00edcaras de caf\u00e9 gratuitamente em Natal nesta sexta-feira (19)"},"content":{"rendered":"<p>     Caf\u00e9 na Rua acontece das 15h \u00e0s 22h no estacionamento do shopping Seaway, na Avenida Engenheiro Roberto Freire, em Capim Macio. Caf\u00e9 coado, Goi\u00e2nia, Goi\u00e1s<br \/>\nThauany Melo\/g1<br \/>\nA 1\u00aa edi\u00e7\u00e3o do evento Caf\u00e9 na Rua vai distribuir nesta sexta-feira (19) cerca de 4 mil x\u00edcaras de caf\u00e9 gratuitamente em Natal.<br \/>\n\ud83d\udccd O evento acontece no estacionamento do shopping Seaway, na Avenida Engenheiro Roberto Freire, em Capim Macio, das 15h \u00e0s 22h.<br \/>\nA iniciativa est\u00e1 sendo realizada por nove cafeterias de Natal que se uniram em parceria com o Sebrae-RN. O evento prev\u00ea oferecer uma ampla variedade de exposi\u00e7\u00f5es e degusta\u00e7\u00f5es de produtos, visando fomentar o setor de caf\u00e9s especiais no estado.<br \/>\n\ud83d\udcf3Participe do canal do g1 RN no WhatsApp<br \/>\nUm dos organizadores do evento, o barista e propriet\u00e1rio do Observat\u00f3rio do Caf\u00e9 Valdick Oliveira, explicou que o \u201cCaf\u00e9 na Rua\u201d foi planejado para tr\u00eas objetivos principais: difundir a cultura de caf\u00e9s especiais no estado, valorizar os profissionais baristas e unir as empresas do setor em um prop\u00f3sito comum de fortalecimento.<br \/>\nPara o gestor do Programa Agronordeste no RN, Elton Alves, o evento ser\u00e1 uma importante vitrine da qualidade do caf\u00e9 potiguar.<br \/>\nLEIA TAMB\u00c9M<br \/>\nQuem quer caf\u00e9? Pequenos produtores retomam cafeicultura no RN na onda do aumento do interesse pela bebida<br \/>\n\u201cEste evento ser\u00e1 uma importante vitrine das cafeterias que priorizam o caf\u00e9 de qualidade como estrat\u00e9gia de mercado e ainda uma excelente oportunidade para os consumidores e curiosos entenderem sobre o segmento e o que est\u00e1 por tr\u00e1s de um mercado t\u00e3o aquecido e cada vez mais crescente&#8221;, disse.<br \/>\n\u2615 Haver\u00e1, no evento, as possibilidade de usufruir de caf\u00e9s filtrados, expressos e cappuccinos preparados com leite vegetal.<br \/>\nAs cafeterias participantes s\u00e3o: Observat\u00f3rio do Caf\u00e9, Biankombi Cafeteria, Ocre Cafeteria, Caffeina, Letra A Cafeteria, Coffee Way, Fire Caf\u00e9, Piacere Caff\u00e9 e A dos Anjos.<br \/>\nNo mesmo dia, ser\u00e1 lan\u00e7ado o 1\u00ba Natal Coffee, que oferecer\u00e1, de 20 de julho a 4 de agosto, combos especiais com pre\u00e7os promocionais nas nove cafeterias participantes. Cada combo incluir\u00e1 uma bebida \u00e0 base de caf\u00e9, um salgado e um doce, todos com nomes que homenageiam \u00edcones da cultura potiguar.<br \/>\nV\u00eddeos mais assistidos do g1 RN<\/p>","protected":false},"excerpt":{"rendered":"<p>Caf\u00e9 na Rua acontece das 15h \u00e0s 22h no estacionamento do shopping Seaway, na Avenida Engenheiro Roberto Freire, em Capim Macio. Caf\u00e9 coado, Goi\u00e2nia, Goi\u00e1s Thauany Melo\/g1 A 1\u00aa edi\u00e7\u00e3o &#8230;<\/p>\n","protected":false},"author":0,"featured_media":7892,"parent":0,"menu_order":0,"comment_status":"closed","ping_status":"closed","template":"","meta":{"footnotes":""},"class_list":["post-7891","page","type-page","status-publish","has-post-thumbnail","hentry"],"yoast_head":"<!-- This site is optimized with the Yoast SEO plugin v27.1.1 - https:\/\/yoast.com\/product\/yoast-seo-wordpress\/ -->\n<title>Evento distribui 4 mil x\u00edcaras de caf\u00e9 gratuitamente em Natal nesta sexta-feira (19) - Taveira Jr<\/title>\n<meta name=\"robots\" content=\"index, follow, max-snippet:-1, max-image-preview:large, max-video-preview:-1\" \/>\n<link rel=\"canonical\" href=\"https:\/\/deputadotaveirajr.com.br\/index.php\/evento-distribui-4-mil-xicaras-de-cafe-gratuitamente-em-natal-nesta-sexta-feira-19\/\" \/>\n<meta property=\"og:locale\" content=\"pt_BR\" \/>\n<meta property=\"og:type\" content=\"article\" \/>\n<meta property=\"og:title\" content=\"Evento distribui 4 mil x\u00edcaras de caf\u00e9 gratuitamente em Natal nesta sexta-feira (19) - Taveira Jr\" \/>\n<meta property=\"og:description\" content=\"Caf\u00e9 na Rua acontece das 15h \u00e0s 22h no estacionamento do shopping Seaway, na Avenida Engenheiro Roberto Freire, em Capim Macio. Caf\u00e9 coado, Goi\u00e2nia, Goi\u00e1s Thauany Melo\/g1 A 1\u00aa edi\u00e7\u00e3o ...\" \/>\n<meta property=\"og:url\" content=\"https:\/\/deputadotaveirajr.com.br\/index.php\/evento-distribui-4-mil-xicaras-de-cafe-gratuitamente-em-natal-nesta-sexta-feira-19\/\" \/>\n<meta property=\"og:site_name\" content=\"Taveira Jr\" \/>\n<meta property=\"og:image\" content=\"https:\/\/deputadotaveirajr.com.br\/wp-content\/uploads\/2024\/07\/imagem-g1-7-omMRZx.jpeg\" \/>\n\t<meta property=\"og:image:width\" content=\"1700\" \/>\n\t<meta property=\"og:image:height\" content=\"1065\" \/>\n\t<meta property=\"og:image:type\" content=\"image\/jpeg\" \/>\n<meta name=\"twitter:card\" content=\"summary_large_image\" \/>\n<meta name=\"twitter:label1\" content=\"Est. tempo de leitura\" \/>\n\t<meta name=\"twitter:data1\" content=\"2 minutos\" \/>\n<script type=\"application\/ld+json\" class=\"yoast-schema-graph\">{\"@context\":\"https:\/\/schema.org\",\"@graph\":[{\"@type\":\"WebPage\",\"@id\":\"https:\/\/deputadotaveirajr.com.br\/index.php\/evento-distribui-4-mil-xicaras-de-cafe-gratuitamente-em-natal-nesta-sexta-feira-19\/\",\"url\":\"https:\/\/deputadotaveirajr.com.br\/index.php\/evento-distribui-4-mil-xicaras-de-cafe-gratuitamente-em-natal-nesta-sexta-feira-19\/\",\"name\":\"Evento distribui 4 mil x\u00edcaras de caf\u00e9 gratuitamente em Natal nesta sexta-feira (19) - Taveira Jr\",\"isPartOf\":{\"@id\":\"https:\/\/deputadotaveirajr.com.br\/#website\"},\"primaryImageOfPage\":{\"@id\":\"https:\/\/deputadotaveirajr.com.br\/index.php\/evento-distribui-4-mil-xicaras-de-cafe-gratuitamente-em-natal-nesta-sexta-feira-19\/#primaryimage\"},\"image\":{\"@id\":\"https:\/\/deputadotaveirajr.com.br\/index.php\/evento-distribui-4-mil-xicaras-de-cafe-gratuitamente-em-natal-nesta-sexta-feira-19\/#primaryimage\"},\"thumbnailUrl\":\"https:\/\/deputadotaveirajr.com.br\/wp-content\/uploads\/2024\/07\/imagem-g1-7-omMRZx.jpeg\",\"datePublished\":\"2024-07-19T14:04:51+00:00\",\"breadcrumb\":{\"@id\":\"https:\/\/deputadotaveirajr.com.br\/index.php\/evento-distribui-4-mil-xicaras-de-cafe-gratuitamente-em-natal-nesta-sexta-feira-19\/#breadcrumb\"},\"inLanguage\":\"pt-BR\",\"potentialAction\":[{\"@type\":\"ReadAction\",\"target\":[\"https:\/\/deputadotaveirajr.com.br\/index.php\/evento-distribui-4-mil-xicaras-de-cafe-gratuitamente-em-natal-nesta-sexta-feira-19\/\"]}]},{\"@type\":\"ImageObject\",\"inLanguage\":\"pt-BR\",\"@id\":\"https:\/\/deputadotaveirajr.com.br\/index.php\/evento-distribui-4-mil-xicaras-de-cafe-gratuitamente-em-natal-nesta-sexta-feira-19\/#primaryimage\",\"url\":\"https:\/\/deputadotaveirajr.com.br\/wp-content\/uploads\/2024\/07\/imagem-g1-7-omMRZx.jpeg\",\"contentUrl\":\"https:\/\/deputadotaveirajr.com.br\/wp-content\/uploads\/2024\/07\/imagem-g1-7-omMRZx.jpeg\",\"width\":1700,\"height\":1065},{\"@type\":\"BreadcrumbList\",\"@id\":\"https:\/\/deputadotaveirajr.com.br\/index.php\/evento-distribui-4-mil-xicaras-de-cafe-gratuitamente-em-natal-nesta-sexta-feira-19\/#breadcrumb\",\"itemListElement\":[{\"@type\":\"ListItem\",\"position\":1,\"name\":\"In\u00edcio\",\"item\":\"https:\/\/deputadotaveirajr.com.br\/\"},{\"@type\":\"ListItem\",\"position\":2,\"name\":\"Evento distribui 4 mil x\u00edcaras de caf\u00e9 gratuitamente em Natal nesta sexta-feira (19)\"}]},{\"@type\":\"WebSite\",\"@id\":\"https:\/\/deputadotaveirajr.com.br\/#website\",\"url\":\"https:\/\/deputadotaveirajr.com.br\/\",\"name\":\"Taveira Jr\",\"description\":\"Deputado Estadual\",\"publisher\":{\"@id\":\"https:\/\/deputadotaveirajr.com.br\/#organization\"},\"potentialAction\":[{\"@type\":\"SearchAction\",\"target\":{\"@type\":\"EntryPoint\",\"urlTemplate\":\"https:\/\/deputadotaveirajr.com.br\/?s={search_term_string}\"},\"query-input\":{\"@type\":\"PropertyValueSpecification\",\"valueRequired\":true,\"valueName\":\"search_term_string\"}}],\"inLanguage\":\"pt-BR\"},{\"@type\":\"Organization\",\"@id\":\"https:\/\/deputadotaveirajr.com.br\/#organization\",\"name\":\"Taveira Jr\",\"url\":\"https:\/\/deputadotaveirajr.com.br\/\",\"logo\":{\"@type\":\"ImageObject\",\"inLanguage\":\"pt-BR\",\"@id\":\"https:\/\/deputadotaveirajr.com.br\/#\/schema\/logo\/image\/\",\"url\":\"https:\/\/deputadotaveirajr.com.br\/wp-content\/uploads\/2026\/01\/logolow2a.png\",\"contentUrl\":\"https:\/\/deputadotaveirajr.com.br\/wp-content\/uploads\/2026\/01\/logolow2a.png\",\"width\":290,\"height\":80,\"caption\":\"Taveira Jr\"},\"image\":{\"@id\":\"https:\/\/deputadotaveirajr.com.br\/#\/schema\/logo\/image\/\"}}]}<\/script>\n<!-- \/ Yoast SEO plugin. -->","yoast_head_json":{"title":"Evento distribui 4 mil x\u00edcaras de caf\u00e9 gratuitamente em Natal nesta sexta-feira (19) - Taveira Jr","robots":{"index":"index","follow":"follow","max-snippet":"max-snippet:-1","max-image-preview":"max-image-preview:large","max-video-preview":"max-video-preview:-1"},"canonical":"https:\/\/deputadotaveirajr.com.br\/index.php\/evento-distribui-4-mil-xicaras-de-cafe-gratuitamente-em-natal-nesta-sexta-feira-19\/","og_locale":"pt_BR","og_type":"article","og_title":"Evento distribui 4 mil x\u00edcaras de caf\u00e9 gratuitamente em Natal nesta sexta-feira (19) - Taveira Jr","og_description":"Caf\u00e9 na Rua acontece das 15h \u00e0s 22h no estacionamento do shopping Seaway, na Avenida Engenheiro Roberto Freire, em Capim Macio. Caf\u00e9 coado, Goi\u00e2nia, Goi\u00e1s Thauany Melo\/g1 A 1\u00aa edi\u00e7\u00e3o ...","og_url":"https:\/\/deputadotaveirajr.com.br\/index.php\/evento-distribui-4-mil-xicaras-de-cafe-gratuitamente-em-natal-nesta-sexta-feira-19\/","og_site_name":"Taveira Jr","og_image":[{"width":1700,"height":1065,"url":"https:\/\/deputadotaveirajr.com.br\/wp-content\/uploads\/2024\/07\/imagem-g1-7-omMRZx.jpeg","type":"image\/jpeg"}],"twitter_card":"summary_large_image","twitter_misc":{"Est. tempo de leitura":"2 minutos"},"schema":{"@context":"https:\/\/schema.org","@graph":[{"@type":"WebPage","@id":"https:\/\/deputadotaveirajr.com.br\/index.php\/evento-distribui-4-mil-xicaras-de-cafe-gratuitamente-em-natal-nesta-sexta-feira-19\/","url":"https:\/\/deputadotaveirajr.com.br\/index.php\/evento-distribui-4-mil-xicaras-de-cafe-gratuitamente-em-natal-nesta-sexta-feira-19\/","name":"Evento distribui 4 mil x\u00edcaras de caf\u00e9 gratuitamente em Natal nesta sexta-feira (19) - Taveira Jr","isPartOf":{"@id":"https:\/\/deputadotaveirajr.com.br\/#website"},"primaryImageOfPage":{"@id":"https:\/\/deputadotaveirajr.com.br\/index.php\/evento-distribui-4-mil-xicaras-de-cafe-gratuitamente-em-natal-nesta-sexta-feira-19\/#primaryimage"},"image":{"@id":"https:\/\/deputadotaveirajr.com.br\/index.php\/evento-distribui-4-mil-xicaras-de-cafe-gratuitamente-em-natal-nesta-sexta-feira-19\/#primaryimage"},"thumbnailUrl":"https:\/\/deputadotaveirajr.com.br\/wp-content\/uploads\/2024\/07\/imagem-g1-7-omMRZx.jpeg","datePublished":"2024-07-19T14:04:51+00:00","breadcrumb":{"@id":"https:\/\/deputadotaveirajr.com.br\/index.php\/evento-distribui-4-mil-xicaras-de-cafe-gratuitamente-em-natal-nesta-sexta-feira-19\/#breadcrumb"},"inLanguage":"pt-BR","potentialAction":[{"@type":"ReadAction","target":["https:\/\/deputadotaveirajr.com.br\/index.php\/evento-distribui-4-mil-xicaras-de-cafe-gratuitamente-em-natal-nesta-sexta-feira-19\/"]}]},{"@type":"ImageObject","inLanguage":"pt-BR","@id":"https:\/\/deputadotaveirajr.com.br\/index.php\/evento-distribui-4-mil-xicaras-de-cafe-gratuitamente-em-natal-nesta-sexta-feira-19\/#primaryimage","url":"https:\/\/deputadotaveirajr.com.br\/wp-content\/uploads\/2024\/07\/imagem-g1-7-omMRZx.jpeg","contentUrl":"https:\/\/deputadotaveirajr.com.br\/wp-content\/uploads\/2024\/07\/imagem-g1-7-omMRZx.jpeg","width":1700,"height":1065},{"@type":"BreadcrumbList","@id":"https:\/\/deputadotaveirajr.com.br\/index.php\/evento-distribui-4-mil-xicaras-de-cafe-gratuitamente-em-natal-nesta-sexta-feira-19\/#breadcrumb","itemListElement":[{"@type":"ListItem","position":1,"name":"In\u00edcio","item":"https:\/\/deputadotaveirajr.com.br\/"},{"@type":"ListItem","position":2,"name":"Evento distribui 4 mil x\u00edcaras de caf\u00e9 gratuitamente em Natal nesta sexta-feira (19)"}]},{"@type":"WebSite","@id":"https:\/\/deputadotaveirajr.com.br\/#website","url":"https:\/\/deputadotaveirajr.com.br\/","name":"Taveira Jr","description":"Deputado Estadual","publisher":{"@id":"https:\/\/deputadotaveirajr.com.br\/#organization"},"potentialAction":[{"@type":"SearchAction","target":{"@type":"EntryPoint","urlTemplate":"https:\/\/deputadotaveirajr.com.br\/?s={search_term_string}"},"query-input":{"@type":"PropertyValueSpecification","valueRequired":true,"valueName":"search_term_string"}}],"inLanguage":"pt-BR"},{"@type":"Organization","@id":"https:\/\/deputadotaveirajr.com.br\/#organization","name":"Taveira Jr","url":"https:\/\/deputadotaveirajr.com.br\/","logo":{"@type":"ImageObject","inLanguage":"pt-BR","@id":"https:\/\/deputadotaveirajr.com.br\/#\/schema\/logo\/image\/","url":"https:\/\/deputadotaveirajr.com.br\/wp-content\/uploads\/2026\/01\/logolow2a.png","contentUrl":"https:\/\/deputadotaveirajr.com.br\/wp-content\/uploads\/2026\/01\/logolow2a.png","width":290,"height":80,"caption":"Taveira Jr"},"image":{"@id":"https:\/\/deputadotaveirajr.com.br\/#\/schema\/logo\/image\/"}}]}},"_links":{"self":[{"href":"https:\/\/deputadotaveirajr.com.br\/index.php\/wp-json\/wp\/v2\/pages\/7891","targetHints":{"allow":["GET"]}}],"collection":[{"href":"https:\/\/deputadotaveirajr.com.br\/index.php\/wp-json\/wp\/v2\/pages"}],"about":[{"href":"https:\/\/deputadotaveirajr.com.br\/index.php\/wp-json\/wp\/v2\/types\/page"}],"replies":[{"embeddable":true,"href":"https:\/\/deputadotaveirajr.com.br\/index.php\/wp-json\/wp\/v2\/comments?post=7891"}],"version-history":[{"count":1,"href":"https:\/\/deputadotaveirajr.com.br\/index.php\/wp-json\/wp\/v2\/pages\/7891\/revisions"}],"predecessor-version":[{"id":7898,"href":"https:\/\/deputadotaveirajr.com.br\/index.php\/wp-json\/wp\/v2\/pages\/7891\/revisions\/7898"}],"wp:featuredmedia":[{"embeddable":true,"href":"https:\/\/deputadotaveirajr.com.br\/index.php\/wp-json\/wp\/v2\/media\/7892"}],"wp:attachment":[{"href":"https:\/\/deputadotaveirajr.com.br\/index.php\/wp-json\/wp\/v2\/media?parent=7891"}],"curies":[{"name":"wp","href":"https:\/\/api.w.org\/{rel}","templated":true}]}}