{"id":7914,"date":"2024-07-19T19:24:40","date_gmt":"2024-07-19T22:24:40","guid":{"rendered":"https:\/\/deputadotaveirajr.com.br\/?page_id=7914"},"modified":"2024-07-19T19:24:40","modified_gmt":"2024-07-19T22:24:40","slug":"estupros-registrados-no-rn-crescem-30-em-1-ano-aponta-anuario-da-violencia","status":"publish","type":"page","link":"https:\/\/deputadotaveirajr.com.br\/index.php\/estupros-registrados-no-rn-crescem-30-em-1-ano-aponta-anuario-da-violencia\/","title":{"rendered":"Estupros registrados no RN crescem 30% em 1 ano, aponta Anu\u00e1rio da Viol\u00eancia"},"content":{"rendered":"<p>     Segundo o relat\u00f3rio, entre janeiro e dezembro do ano passado, ocorreram 1.242 estupros no estado, 288 casos a mais que nos 12 meses anteriores.  Viol\u00eancia contra a mulher<br \/>\nG1<br \/>\nO n\u00famero de estupros no Rio Grande do Norte teve um aumento de 30% entre os anos de 2022 e 2023, segundo dados do 18\u00ba Anu\u00e1rio Brasileiro de Seguran\u00e7a P\u00fablica, divulgado nesta quinta-feira (18).<br \/>\nSegundo o relat\u00f3rio, entre janeiro e dezembro do ano passado, ocorreram 1.242 estupros no estado, 288 casos a mais que nos 12 meses anteriores.<br \/>\n\ud83d\udcf3Participe do canal do g1 RN no WhatsApp<br \/>\n\u00c9 importante destacar que o estupro n\u00e3o se configura apenas quando h\u00e1 penetra\u00e7\u00e3o sem consentimento. Qualquer tipo de contato sexual constrangedor, como sexo oral, masturba\u00e7\u00e3o, toques \u00edntimos ou introdu\u00e7\u00e3o for\u00e7ada de objetos, pode ser caracterizado como esse tipo de crime.<br \/>\nLEIA MAIS<br \/>\nPol\u00edcia prende segundo suspeito de matar enfermeira em Natal<br \/>\nNo Rio Grande do Norte, ainda segundo o Anu\u00e1rio Brasileiro de Seguran\u00e7a P\u00fablica, 78% do total dos casos foram classificados como estupro de vulner\u00e1vel &#8211; quando a v\u00edtima tem menos de 14 anos ou \u00e9 incapaz de consentir com o ato sexual por qualquer motivo.<br \/>\nO estado registrou a terceira maior taxa de viol\u00eancia sexual do Nordeste. Em 2023, foram 37,6 abusos cometidos para cada 100 mil potiguares.<br \/>\nNesse cen\u00e1rio, o Rio Grande do Norte s\u00f3 fica atr\u00e1s do Piau\u00ed (47,9) e de Sergipe (45,5), primeiro e segundo estados nordestinos com as maiores taxas de estupro para cada 100 mil habitantes.<br \/>\nRede de acolhimento para v\u00edtimas<br \/>\nO Centro de Educa\u00e7\u00e3o e Pesquisa em Sa\u00fade Anita Garibaldi (Anita) \u00e9 uma unidade de refer\u00eancia no munic\u00edpio de Maca\u00edba para acolhimento, notifica\u00e7\u00e3o e acompanhamento de v\u00edtimas de viol\u00eancia sexual. Funciona de portas abertas, recebendo demandas espont\u00e2neas ou pacientes encaminhados pela rede (UPA, UBS, CREAS).<br \/>\nNo Anita, o atendimento inicial \u00e9 realizado por uma equipe multidisciplinar, que inclui psic\u00f3logo, assistente social e enfermeiro.<br \/>\nCaso seja necess\u00e1rio, a v\u00edtima pode ser encaminhada para avalia\u00e7\u00e3o pedi\u00e1trica ou ginecol\u00f3gica na pr\u00f3pria unidade. Al\u00e9m disso, podem ser realizados testes r\u00e1pidos para diagn\u00f3stico de infec\u00e7\u00f5es sexualmente transmiss\u00edveis e administrada medica\u00e7\u00e3o.<br \/>\nO processo de atendimento \u00e9 realizado de forma humanizada e o sigilo da v\u00edtima \u00e9 garantido. \u201cEsse primeiro atendimento \u00e9 fundamental para garantir seguran\u00e7a e conforto para a pessoa que sofreu a viol\u00eancia sexual\u201d, explica a preceptora psic\u00f3loga do Instituto Santos Dumont, Maria Dolores Medeiros.<br \/>\nV\u00eddeos mais assistidos do g1 RN<\/p>","protected":false},"excerpt":{"rendered":"<p>Segundo o relat\u00f3rio, entre janeiro e dezembro do ano passado, ocorreram 1.242 estupros no estado, 288 casos a mais que nos 12 meses anteriores. Viol\u00eancia contra a mulher G1 O &#8230;<\/p>\n","protected":false},"author":0,"featured_media":7915,"parent":0,"menu_order":0,"comment_status":"closed","ping_status":"closed","template":"","meta":{"footnotes":""},"class_list":["post-7914","page","type-page","status-publish","has-post-thumbnail","hentry"],"yoast_head":"<!-- This site is optimized with the Yoast SEO plugin v27.1.1 - https:\/\/yoast.com\/product\/yoast-seo-wordpress\/ -->\n<title>Estupros registrados no RN crescem 30% em 1 ano, aponta Anu\u00e1rio da Viol\u00eancia - Taveira Jr<\/title>\n<meta name=\"robots\" content=\"index, follow, max-snippet:-1, max-image-preview:large, max-video-preview:-1\" \/>\n<link rel=\"canonical\" href=\"https:\/\/deputadotaveirajr.com.br\/index.php\/estupros-registrados-no-rn-crescem-30-em-1-ano-aponta-anuario-da-violencia\/\" \/>\n<meta property=\"og:locale\" content=\"pt_BR\" \/>\n<meta property=\"og:type\" content=\"article\" \/>\n<meta property=\"og:title\" content=\"Estupros registrados no RN crescem 30% em 1 ano, aponta Anu\u00e1rio da Viol\u00eancia - Taveira Jr\" \/>\n<meta property=\"og:description\" content=\"Segundo o relat\u00f3rio, entre janeiro e dezembro do ano passado, ocorreram 1.242 estupros no estado, 288 casos a mais que nos 12 meses anteriores. Viol\u00eancia contra a mulher G1 O ...\" \/>\n<meta property=\"og:url\" content=\"https:\/\/deputadotaveirajr.com.br\/index.php\/estupros-registrados-no-rn-crescem-30-em-1-ano-aponta-anuario-da-violencia\/\" \/>\n<meta property=\"og:site_name\" content=\"Taveira Jr\" \/>\n<meta property=\"og:image\" content=\"https:\/\/deputadotaveirajr.com.br\/wp-content\/uploads\/2024\/07\/violencia-mulherr-6mZgSY.jpeg\" \/>\n\t<meta property=\"og:image:width\" content=\"653\" \/>\n\t<meta property=\"og:image:height\" content=\"398\" \/>\n\t<meta property=\"og:image:type\" content=\"image\/jpeg\" \/>\n<meta name=\"twitter:card\" content=\"summary_large_image\" \/>\n<meta name=\"twitter:label1\" content=\"Est. tempo de leitura\" \/>\n\t<meta name=\"twitter:data1\" content=\"2 minutos\" \/>\n<script type=\"application\/ld+json\" class=\"yoast-schema-graph\">{\"@context\":\"https:\/\/schema.org\",\"@graph\":[{\"@type\":\"WebPage\",\"@id\":\"https:\/\/deputadotaveirajr.com.br\/index.php\/estupros-registrados-no-rn-crescem-30-em-1-ano-aponta-anuario-da-violencia\/\",\"url\":\"https:\/\/deputadotaveirajr.com.br\/index.php\/estupros-registrados-no-rn-crescem-30-em-1-ano-aponta-anuario-da-violencia\/\",\"name\":\"Estupros registrados no RN crescem 30% em 1 ano, aponta Anu\u00e1rio da Viol\u00eancia - Taveira Jr\",\"isPartOf\":{\"@id\":\"https:\/\/deputadotaveirajr.com.br\/#website\"},\"primaryImageOfPage\":{\"@id\":\"https:\/\/deputadotaveirajr.com.br\/index.php\/estupros-registrados-no-rn-crescem-30-em-1-ano-aponta-anuario-da-violencia\/#primaryimage\"},\"image\":{\"@id\":\"https:\/\/deputadotaveirajr.com.br\/index.php\/estupros-registrados-no-rn-crescem-30-em-1-ano-aponta-anuario-da-violencia\/#primaryimage\"},\"thumbnailUrl\":\"https:\/\/deputadotaveirajr.com.br\/wp-content\/uploads\/2024\/07\/violencia-mulherr-6mZgSY.jpeg\",\"datePublished\":\"2024-07-19T22:24:40+00:00\",\"breadcrumb\":{\"@id\":\"https:\/\/deputadotaveirajr.com.br\/index.php\/estupros-registrados-no-rn-crescem-30-em-1-ano-aponta-anuario-da-violencia\/#breadcrumb\"},\"inLanguage\":\"pt-BR\",\"potentialAction\":[{\"@type\":\"ReadAction\",\"target\":[\"https:\/\/deputadotaveirajr.com.br\/index.php\/estupros-registrados-no-rn-crescem-30-em-1-ano-aponta-anuario-da-violencia\/\"]}]},{\"@type\":\"ImageObject\",\"inLanguage\":\"pt-BR\",\"@id\":\"https:\/\/deputadotaveirajr.com.br\/index.php\/estupros-registrados-no-rn-crescem-30-em-1-ano-aponta-anuario-da-violencia\/#primaryimage\",\"url\":\"https:\/\/deputadotaveirajr.com.br\/wp-content\/uploads\/2024\/07\/violencia-mulherr-6mZgSY.jpeg\",\"contentUrl\":\"https:\/\/deputadotaveirajr.com.br\/wp-content\/uploads\/2024\/07\/violencia-mulherr-6mZgSY.jpeg\",\"width\":653,\"height\":398},{\"@type\":\"BreadcrumbList\",\"@id\":\"https:\/\/deputadotaveirajr.com.br\/index.php\/estupros-registrados-no-rn-crescem-30-em-1-ano-aponta-anuario-da-violencia\/#breadcrumb\",\"itemListElement\":[{\"@type\":\"ListItem\",\"position\":1,\"name\":\"In\u00edcio\",\"item\":\"https:\/\/deputadotaveirajr.com.br\/\"},{\"@type\":\"ListItem\",\"position\":2,\"name\":\"Estupros registrados no RN crescem 30% em 1 ano, aponta Anu\u00e1rio da Viol\u00eancia\"}]},{\"@type\":\"WebSite\",\"@id\":\"https:\/\/deputadotaveirajr.com.br\/#website\",\"url\":\"https:\/\/deputadotaveirajr.com.br\/\",\"name\":\"Taveira Jr\",\"description\":\"Deputado Estadual\",\"publisher\":{\"@id\":\"https:\/\/deputadotaveirajr.com.br\/#organization\"},\"potentialAction\":[{\"@type\":\"SearchAction\",\"target\":{\"@type\":\"EntryPoint\",\"urlTemplate\":\"https:\/\/deputadotaveirajr.com.br\/?s={search_term_string}\"},\"query-input\":{\"@type\":\"PropertyValueSpecification\",\"valueRequired\":true,\"valueName\":\"search_term_string\"}}],\"inLanguage\":\"pt-BR\"},{\"@type\":\"Organization\",\"@id\":\"https:\/\/deputadotaveirajr.com.br\/#organization\",\"name\":\"Taveira Jr\",\"url\":\"https:\/\/deputadotaveirajr.com.br\/\",\"logo\":{\"@type\":\"ImageObject\",\"inLanguage\":\"pt-BR\",\"@id\":\"https:\/\/deputadotaveirajr.com.br\/#\/schema\/logo\/image\/\",\"url\":\"https:\/\/deputadotaveirajr.com.br\/wp-content\/uploads\/2026\/01\/logolow2a.png\",\"contentUrl\":\"https:\/\/deputadotaveirajr.com.br\/wp-content\/uploads\/2026\/01\/logolow2a.png\",\"width\":290,\"height\":80,\"caption\":\"Taveira Jr\"},\"image\":{\"@id\":\"https:\/\/deputadotaveirajr.com.br\/#\/schema\/logo\/image\/\"}}]}<\/script>\n<!-- \/ Yoast SEO plugin. -->","yoast_head_json":{"title":"Estupros registrados no RN crescem 30% em 1 ano, aponta Anu\u00e1rio da Viol\u00eancia - Taveira Jr","robots":{"index":"index","follow":"follow","max-snippet":"max-snippet:-1","max-image-preview":"max-image-preview:large","max-video-preview":"max-video-preview:-1"},"canonical":"https:\/\/deputadotaveirajr.com.br\/index.php\/estupros-registrados-no-rn-crescem-30-em-1-ano-aponta-anuario-da-violencia\/","og_locale":"pt_BR","og_type":"article","og_title":"Estupros registrados no RN crescem 30% em 1 ano, aponta Anu\u00e1rio da Viol\u00eancia - Taveira Jr","og_description":"Segundo o relat\u00f3rio, entre janeiro e dezembro do ano passado, ocorreram 1.242 estupros no estado, 288 casos a mais que nos 12 meses anteriores. Viol\u00eancia contra a mulher G1 O ...","og_url":"https:\/\/deputadotaveirajr.com.br\/index.php\/estupros-registrados-no-rn-crescem-30-em-1-ano-aponta-anuario-da-violencia\/","og_site_name":"Taveira Jr","og_image":[{"width":653,"height":398,"url":"https:\/\/deputadotaveirajr.com.br\/wp-content\/uploads\/2024\/07\/violencia-mulherr-6mZgSY.jpeg","type":"image\/jpeg"}],"twitter_card":"summary_large_image","twitter_misc":{"Est. tempo de leitura":"2 minutos"},"schema":{"@context":"https:\/\/schema.org","@graph":[{"@type":"WebPage","@id":"https:\/\/deputadotaveirajr.com.br\/index.php\/estupros-registrados-no-rn-crescem-30-em-1-ano-aponta-anuario-da-violencia\/","url":"https:\/\/deputadotaveirajr.com.br\/index.php\/estupros-registrados-no-rn-crescem-30-em-1-ano-aponta-anuario-da-violencia\/","name":"Estupros registrados no RN crescem 30% em 1 ano, aponta Anu\u00e1rio da Viol\u00eancia - Taveira Jr","isPartOf":{"@id":"https:\/\/deputadotaveirajr.com.br\/#website"},"primaryImageOfPage":{"@id":"https:\/\/deputadotaveirajr.com.br\/index.php\/estupros-registrados-no-rn-crescem-30-em-1-ano-aponta-anuario-da-violencia\/#primaryimage"},"image":{"@id":"https:\/\/deputadotaveirajr.com.br\/index.php\/estupros-registrados-no-rn-crescem-30-em-1-ano-aponta-anuario-da-violencia\/#primaryimage"},"thumbnailUrl":"https:\/\/deputadotaveirajr.com.br\/wp-content\/uploads\/2024\/07\/violencia-mulherr-6mZgSY.jpeg","datePublished":"2024-07-19T22:24:40+00:00","breadcrumb":{"@id":"https:\/\/deputadotaveirajr.com.br\/index.php\/estupros-registrados-no-rn-crescem-30-em-1-ano-aponta-anuario-da-violencia\/#breadcrumb"},"inLanguage":"pt-BR","potentialAction":[{"@type":"ReadAction","target":["https:\/\/deputadotaveirajr.com.br\/index.php\/estupros-registrados-no-rn-crescem-30-em-1-ano-aponta-anuario-da-violencia\/"]}]},{"@type":"ImageObject","inLanguage":"pt-BR","@id":"https:\/\/deputadotaveirajr.com.br\/index.php\/estupros-registrados-no-rn-crescem-30-em-1-ano-aponta-anuario-da-violencia\/#primaryimage","url":"https:\/\/deputadotaveirajr.com.br\/wp-content\/uploads\/2024\/07\/violencia-mulherr-6mZgSY.jpeg","contentUrl":"https:\/\/deputadotaveirajr.com.br\/wp-content\/uploads\/2024\/07\/violencia-mulherr-6mZgSY.jpeg","width":653,"height":398},{"@type":"BreadcrumbList","@id":"https:\/\/deputadotaveirajr.com.br\/index.php\/estupros-registrados-no-rn-crescem-30-em-1-ano-aponta-anuario-da-violencia\/#breadcrumb","itemListElement":[{"@type":"ListItem","position":1,"name":"In\u00edcio","item":"https:\/\/deputadotaveirajr.com.br\/"},{"@type":"ListItem","position":2,"name":"Estupros registrados no RN crescem 30% em 1 ano, aponta Anu\u00e1rio da Viol\u00eancia"}]},{"@type":"WebSite","@id":"https:\/\/deputadotaveirajr.com.br\/#website","url":"https:\/\/deputadotaveirajr.com.br\/","name":"Taveira Jr","description":"Deputado Estadual","publisher":{"@id":"https:\/\/deputadotaveirajr.com.br\/#organization"},"potentialAction":[{"@type":"SearchAction","target":{"@type":"EntryPoint","urlTemplate":"https:\/\/deputadotaveirajr.com.br\/?s={search_term_string}"},"query-input":{"@type":"PropertyValueSpecification","valueRequired":true,"valueName":"search_term_string"}}],"inLanguage":"pt-BR"},{"@type":"Organization","@id":"https:\/\/deputadotaveirajr.com.br\/#organization","name":"Taveira Jr","url":"https:\/\/deputadotaveirajr.com.br\/","logo":{"@type":"ImageObject","inLanguage":"pt-BR","@id":"https:\/\/deputadotaveirajr.com.br\/#\/schema\/logo\/image\/","url":"https:\/\/deputadotaveirajr.com.br\/wp-content\/uploads\/2026\/01\/logolow2a.png","contentUrl":"https:\/\/deputadotaveirajr.com.br\/wp-content\/uploads\/2026\/01\/logolow2a.png","width":290,"height":80,"caption":"Taveira Jr"},"image":{"@id":"https:\/\/deputadotaveirajr.com.br\/#\/schema\/logo\/image\/"}}]}},"_links":{"self":[{"href":"https:\/\/deputadotaveirajr.com.br\/index.php\/wp-json\/wp\/v2\/pages\/7914","targetHints":{"allow":["GET"]}}],"collection":[{"href":"https:\/\/deputadotaveirajr.com.br\/index.php\/wp-json\/wp\/v2\/pages"}],"about":[{"href":"https:\/\/deputadotaveirajr.com.br\/index.php\/wp-json\/wp\/v2\/types\/page"}],"replies":[{"embeddable":true,"href":"https:\/\/deputadotaveirajr.com.br\/index.php\/wp-json\/wp\/v2\/comments?post=7914"}],"version-history":[{"count":1,"href":"https:\/\/deputadotaveirajr.com.br\/index.php\/wp-json\/wp\/v2\/pages\/7914\/revisions"}],"predecessor-version":[{"id":7919,"href":"https:\/\/deputadotaveirajr.com.br\/index.php\/wp-json\/wp\/v2\/pages\/7914\/revisions\/7919"}],"wp:featuredmedia":[{"embeddable":true,"href":"https:\/\/deputadotaveirajr.com.br\/index.php\/wp-json\/wp\/v2\/media\/7915"}],"wp:attachment":[{"href":"https:\/\/deputadotaveirajr.com.br\/index.php\/wp-json\/wp\/v2\/media?parent=7914"}],"curies":[{"name":"wp","href":"https:\/\/api.w.org\/{rel}","templated":true}]}}