{"id":7935,"date":"2024-07-20T15:59:47","date_gmt":"2024-07-20T18:59:47","guid":{"rendered":"https:\/\/deputadotaveirajr.com.br\/?page_id=7935"},"modified":"2024-07-20T15:59:47","modified_gmt":"2024-07-20T18:59:47","slug":"justica-determina-que-idema-conceda-de-forma-imediata-licenca-para-obra-da-engorda-de-ponta-negra","status":"publish","type":"page","link":"https:\/\/deputadotaveirajr.com.br\/index.php\/justica-determina-que-idema-conceda-de-forma-imediata-licenca-para-obra-da-engorda-de-ponta-negra\/","title":{"rendered":"Justi\u00e7a determina que Idema conceda de forma imediata licen\u00e7a para obra da engorda de Ponta Negra"},"content":{"rendered":"<p>     Juiz Geraldo Ant\u00f4nio da Mota deu prazo de 10 dias para \u00f3rg\u00e3o conceder licen\u00e7a de instala\u00e7\u00e3o e opera\u00e7\u00e3o. Idema disse que n\u00e3o foi notificado, mas que trabalha para responder demanda da prefeitura de forma c\u00e9lere. Barracas na Praia de Ponta Negra em Natal Consuma\u00e7\u00e3o m\u00ednima Rio Grande do Norte RN vendas<br \/>\nS\u00e9rgio Henrique Santos\/Inter TV Cabugi<br \/>\nO juiz Geraldo Ant\u00f4nio da Mota, da 3\u00aa Vara da Fazenda P\u00fablica de Natal, deferiu na noite de sexta-feira (19) uma decis\u00e3o liminar que determina que o Instituto de Desenvolvimento Sustent\u00e1vel e Meio Ambiente (Idema) conceda de forma imediata a licen\u00e7a de instala\u00e7\u00e3o e opera\u00e7\u00e3o da obra da engorda da praia de Ponta Negra.<br \/>\nUm impasse em rela\u00e7\u00e3o \u00e0 obra tem ocorrido de forma mais intensa h\u00e1 pelo menos duas semanas. Isso porque o Idema n\u00e3o concedeu as licen\u00e7as ambientais para execu\u00e7\u00e3o da obra, alegando que a prefeitura de Natal apresentou algumas respostas &#8220;fr\u00e1geis&#8221; aos questionamentos feitos (entenda o impasse mais abaixo).<br \/>\n\ud83d\udcf3Participe do canal do g1 RN no WhatsApp<br \/>\nO pedido de licen\u00e7a foi solicitado \u00e0 prefeitura no dia 12 de junho e o Idema tem 120 dias para analisar e responder \u00e0 documenta\u00e7\u00e3o. Ou seja, o prazo vai at\u00e9 outubro.<br \/>\nNesta semana, a prefeitura de Natal respondeu aos oito questionamentos considerados fr\u00e1geis e o Idema informou na sexta-feira (19) que as respostas foram &#8220;satisfat\u00f3rias&#8221; e que a an\u00e1lise do conte\u00fado est\u00e1 em &#8220;est\u00e1gio avan\u00e7ado de conclus\u00e3o&#8221;.<br \/>\nNesta semana, o Minist\u00e9rio P\u00fablico Federal tamb\u00e9m recomendou que o Idema n\u00e3o emitisse a licen\u00e7a para a obra da engorda sem consulta pr\u00e9via das comunidades impactadas &#8211; a consulta livre aos impactados, como \u00e0 comunidade de pescadores, \u00e9 um dos questionamentos feitos pelo Idema.<br \/>\nO Idema tem 10 dias para cumprir a decis\u00e3o judicial desta sexta-feira. O \u00f3rg\u00e3o informou que n\u00e3o foi notificado at\u00e9 a manh\u00e3 deste s\u00e1bado sobre a decis\u00e3o, mas que trabalha de forma c\u00e9lere nas an\u00e1lises das novas respostas da prefeitura.<br \/>\nO secret\u00e1rio de Urbanismo e Meio Ambiente de Natal, Thiago Mesquita, disse que o munic\u00edpio conseguiu demonstrar ao ju\u00edz que os aspectos t\u00e9cnicos &#8220;davam seguran\u00e7a e fundamento t\u00e9cnico completamente plaus\u00edveis para emiss\u00e3o da licen\u00e7a, sem poder esperar&#8221;.<br \/>\n&#8220;Uma vez que esse prazo j\u00e1 estava se tornando praticamente inviabilizando a execu\u00e7\u00e3o da obra em 2024&#8221;, disse.<br \/>\nQUESTIONAMENTOS N\u00c3O RESPONDIDOS: Veja os 8 pontos n\u00e3o respondidos pela Prefeitura de Natal ao Idema<br \/>\nRESPOSTAS DO MUNIC\u00cdPIO: Veja o que a prefeitura diz sobre os pontos cobrados pelo Idema<br \/>\nTUBAR\u00d5ES? AFOGAMENTOS? Especialista esclarece d\u00favidas sobre a engorda em Natal<br \/>\nPESCA: Entidade pede &#8216;estudos mais aprofundados&#8217; e acesso ao processo da obra<br \/>\nCOMO FUNCIONA: Entenda como ser\u00e1 a obra de engorda<br \/>\nDecis\u00e3o<br \/>\nA decis\u00e3o liminar do juiz Geraldo Ant\u00f4nio da Mota determinou que o Idema d\u00ea a licen\u00e7a &#8220;dado o longo prazo transcorrido para resposta&#8221; ou que o \u00f3rg\u00e3o indique as raz\u00f5es de n\u00e3o a conced\u00ea-la ao Munic\u00edpio em at\u00e9 10 dias..<br \/>\nNa decis\u00e3o, juiz citou que o Idema concedeu, em 2023, a licen\u00e7a pr\u00e9via para que a obra acontecesse &#8211; essa licen\u00e7a, no entanto, n\u00e3o autoriza a instala\u00e7\u00e3o e opera\u00e7\u00e3o da obra.<br \/>\nSegundo o juiz, no documento pr\u00e9vio, o \u00f3rg\u00e3o estadual reconheceu a &#8220;viabilidade ambiental solicitada pelo ente p\u00fablico municipal, tendo elencado determinadas condicionantes a serem atendidas pelo Munic\u00edpio de Natal&#8221;<br \/>\nO juiz citou que, entre as condicionantes elencadas na referida licen\u00e7a pr\u00e9via, n\u00e3o constava a necessidade de realiza\u00e7\u00e3o de consulta livre, pr\u00e9via e informada \u00e0s comunidades impactadas.<br \/>\nPortanto, n\u00e3o considerou &#8220;razo\u00e1vel&#8221; por parte do Idema &#8220;inovar nos crit\u00e9rios anteriormente fixados, para criar exig\u00eancias de maior complexidade nessa fase do processo, tendo em vista que o ente p\u00fablico municipal e o \u00f3rg\u00e3o de apoio t\u00e9cnico contratado se prepararam para o atendimento dos quesitos fixados na licen\u00e7a pr\u00e9via&#8221;.<br \/>\nO juiz citou ainda que o Idema de crit\u00e9rios que n\u00e3o se encontravam previstos na licen\u00e7a pr\u00e9via, &#8220;para retardar a expedi\u00e7\u00e3o dos atos administrativos necess\u00e1rios, &#8220;prejudicando assim sem motivo id\u00f4neo o cumprimento do cronograma da obra&#8221;.<br \/>\nSegundo a decis\u00e3o, &#8220;a partir do momento que o requerente preenche os requisitos legais, \u00e9 dever da administra\u00e7\u00e3o p\u00fablica autorizar a concess\u00e3o da licen\u00e7a, n\u00e3o podendo se valer de crit\u00e9rios discricion\u00e1rios para definir o momento mais adequado, de acordo com par\u00e2metros pr\u00f3prios de conveni\u00eancia e oportunidade&#8221;.<br \/>\nIdema diz que deve finalizar an\u00e1lise de licen\u00e7a da engorda at\u00e9 pr\u00f3xima semana<br \/>\nImpasse<br \/>\nO impasse em rela\u00e7\u00e3o \u00e0 obra da engorda de Ponta Negra aumentou ap\u00f3s a draga holandesa, que havia chegado no dia 24 de junho em Natal para executar a obra, ir embora no dia 7 de julho sem ter sido utilizada, j\u00e1 que a licen\u00e7a ambiental para o in\u00edcio da obra ainda n\u00e3o havia sido concedida pelo Idema.<br \/>\nO Munic\u00edpio solicitou a licen\u00e7a de instala\u00e7\u00e3o &#8211; que autoriza a execu\u00e7\u00e3o do projeto &#8211; no dia 12 de junho. O Idema &#8211; \u00f3rg\u00e3o estadual respons\u00e1vel pela autoriza\u00e7\u00e3o &#8211; tem o prazo legal de 120 dias para emitir a licen\u00e7a. Ou seja, at\u00e9 outubro.<br \/>\nNo dia seguinte, em 8 de julho, manifestantes ocuparam a sede do Idema para cobrar o in\u00edcio da obra da engorda. Entre os manifestantes, estavam o prefeito de Natal, \u00c1lvaro Dias (Republicanos) e o secret\u00e1rio municipal de Urbanismo e Meio Ambiente, Thiago Mesquita.<br \/>\nHouve confus\u00e3o, port\u00f5es do Instituto foram quebrados e um bolsista registrou boletim de ocorr\u00eancia por agress\u00e3o.<br \/>\nDraga passou por Natal novamente<br \/>\nA draga contratada pelo munic\u00edpio para fazer a engorda da faixa de areia passou em Natal mais uma vez. A embarca\u00e7\u00e3o foi vista na Boca da Barra, \u00e1rea perto da Ponte Newton Navarro entre o Forte dos Reis Magos e a Praia da Redinha.<br \/>\nEm seguida, o equipamento fez uma manobra no canal de acesso ao Rio Potengi e deixou Natal novamente em dire\u00e7\u00e3o \u00e0 Fortaleza.<br \/>\nDraga holandesa que seria utilizada nas obras da engorda da Praia de Ponta Negra, em Natal, buscou trabalhadores na capital potiguar ap\u00f3s servi\u00e7o na PB, e seguiu para o CE<br \/>\nKleber Teixeira\/Inter TV Cabugi<br \/>\nV\u00eddeos mais assistidos do g1 RN<\/p>","protected":false},"excerpt":{"rendered":"<p>Juiz Geraldo Ant\u00f4nio da Mota deu prazo de 10 dias para \u00f3rg\u00e3o conceder licen\u00e7a de instala\u00e7\u00e3o e opera\u00e7\u00e3o. Idema disse que n\u00e3o foi notificado, mas que trabalha para responder demanda &#8230;<\/p>\n","protected":false},"author":0,"featured_media":7936,"parent":0,"menu_order":0,"comment_status":"closed","ping_status":"closed","template":"","meta":{"footnotes":""},"class_list":["post-7935","page","type-page","status-publish","has-post-thumbnail","hentry"],"yoast_head":"<!-- This site is optimized with the Yoast SEO plugin v27.1.1 - https:\/\/yoast.com\/product\/yoast-seo-wordpress\/ -->\n<title>Justi\u00e7a determina que Idema conceda de forma imediata licen\u00e7a para obra da engorda de Ponta Negra - Taveira Jr<\/title>\n<meta name=\"robots\" content=\"index, follow, max-snippet:-1, max-image-preview:large, max-video-preview:-1\" \/>\n<link rel=\"canonical\" href=\"https:\/\/deputadotaveirajr.com.br\/index.php\/justica-determina-que-idema-conceda-de-forma-imediata-licenca-para-obra-da-engorda-de-ponta-negra\/\" \/>\n<meta property=\"og:locale\" content=\"pt_BR\" \/>\n<meta property=\"og:type\" content=\"article\" \/>\n<meta property=\"og:title\" content=\"Justi\u00e7a determina que Idema conceda de forma imediata licen\u00e7a para obra da engorda de Ponta Negra - Taveira Jr\" \/>\n<meta property=\"og:description\" content=\"Juiz Geraldo Ant\u00f4nio da Mota deu prazo de 10 dias para \u00f3rg\u00e3o conceder licen\u00e7a de instala\u00e7\u00e3o e opera\u00e7\u00e3o. Idema disse que n\u00e3o foi notificado, mas que trabalha para responder demanda ...\" \/>\n<meta property=\"og:url\" content=\"https:\/\/deputadotaveirajr.com.br\/index.php\/justica-determina-que-idema-conceda-de-forma-imediata-licenca-para-obra-da-engorda-de-ponta-negra\/\" \/>\n<meta property=\"og:site_name\" content=\"Taveira Jr\" \/>\n<meta property=\"og:image\" content=\"https:\/\/deputadotaveirajr.com.br\/wp-content\/uploads\/2024\/07\/whatsapp-image-2024-07-03-at-12.25.54-n4d2Dc.jpeg\" \/>\n\t<meta property=\"og:image:width\" content=\"1152\" \/>\n\t<meta property=\"og:image:height\" content=\"648\" \/>\n\t<meta property=\"og:image:type\" content=\"image\/jpeg\" \/>\n<meta name=\"twitter:card\" content=\"summary_large_image\" \/>\n<meta name=\"twitter:label1\" content=\"Est. tempo de leitura\" \/>\n\t<meta name=\"twitter:data1\" content=\"5 minutos\" \/>\n<script type=\"application\/ld+json\" class=\"yoast-schema-graph\">{\"@context\":\"https:\/\/schema.org\",\"@graph\":[{\"@type\":\"WebPage\",\"@id\":\"https:\/\/deputadotaveirajr.com.br\/index.php\/justica-determina-que-idema-conceda-de-forma-imediata-licenca-para-obra-da-engorda-de-ponta-negra\/\",\"url\":\"https:\/\/deputadotaveirajr.com.br\/index.php\/justica-determina-que-idema-conceda-de-forma-imediata-licenca-para-obra-da-engorda-de-ponta-negra\/\",\"name\":\"Justi\u00e7a determina que Idema conceda de forma imediata licen\u00e7a para obra da engorda de Ponta Negra - Taveira Jr\",\"isPartOf\":{\"@id\":\"https:\/\/deputadotaveirajr.com.br\/#website\"},\"primaryImageOfPage\":{\"@id\":\"https:\/\/deputadotaveirajr.com.br\/index.php\/justica-determina-que-idema-conceda-de-forma-imediata-licenca-para-obra-da-engorda-de-ponta-negra\/#primaryimage\"},\"image\":{\"@id\":\"https:\/\/deputadotaveirajr.com.br\/index.php\/justica-determina-que-idema-conceda-de-forma-imediata-licenca-para-obra-da-engorda-de-ponta-negra\/#primaryimage\"},\"thumbnailUrl\":\"https:\/\/deputadotaveirajr.com.br\/wp-content\/uploads\/2024\/07\/whatsapp-image-2024-07-03-at-12.25.54-n4d2Dc.jpeg\",\"datePublished\":\"2024-07-20T18:59:47+00:00\",\"breadcrumb\":{\"@id\":\"https:\/\/deputadotaveirajr.com.br\/index.php\/justica-determina-que-idema-conceda-de-forma-imediata-licenca-para-obra-da-engorda-de-ponta-negra\/#breadcrumb\"},\"inLanguage\":\"pt-BR\",\"potentialAction\":[{\"@type\":\"ReadAction\",\"target\":[\"https:\/\/deputadotaveirajr.com.br\/index.php\/justica-determina-que-idema-conceda-de-forma-imediata-licenca-para-obra-da-engorda-de-ponta-negra\/\"]}]},{\"@type\":\"ImageObject\",\"inLanguage\":\"pt-BR\",\"@id\":\"https:\/\/deputadotaveirajr.com.br\/index.php\/justica-determina-que-idema-conceda-de-forma-imediata-licenca-para-obra-da-engorda-de-ponta-negra\/#primaryimage\",\"url\":\"https:\/\/deputadotaveirajr.com.br\/wp-content\/uploads\/2024\/07\/whatsapp-image-2024-07-03-at-12.25.54-n4d2Dc.jpeg\",\"contentUrl\":\"https:\/\/deputadotaveirajr.com.br\/wp-content\/uploads\/2024\/07\/whatsapp-image-2024-07-03-at-12.25.54-n4d2Dc.jpeg\",\"width\":1152,\"height\":648},{\"@type\":\"BreadcrumbList\",\"@id\":\"https:\/\/deputadotaveirajr.com.br\/index.php\/justica-determina-que-idema-conceda-de-forma-imediata-licenca-para-obra-da-engorda-de-ponta-negra\/#breadcrumb\",\"itemListElement\":[{\"@type\":\"ListItem\",\"position\":1,\"name\":\"In\u00edcio\",\"item\":\"https:\/\/deputadotaveirajr.com.br\/\"},{\"@type\":\"ListItem\",\"position\":2,\"name\":\"Justi\u00e7a determina que Idema conceda de forma imediata licen\u00e7a para obra da engorda de Ponta Negra\"}]},{\"@type\":\"WebSite\",\"@id\":\"https:\/\/deputadotaveirajr.com.br\/#website\",\"url\":\"https:\/\/deputadotaveirajr.com.br\/\",\"name\":\"Taveira Jr\",\"description\":\"Deputado Estadual\",\"publisher\":{\"@id\":\"https:\/\/deputadotaveirajr.com.br\/#organization\"},\"potentialAction\":[{\"@type\":\"SearchAction\",\"target\":{\"@type\":\"EntryPoint\",\"urlTemplate\":\"https:\/\/deputadotaveirajr.com.br\/?s={search_term_string}\"},\"query-input\":{\"@type\":\"PropertyValueSpecification\",\"valueRequired\":true,\"valueName\":\"search_term_string\"}}],\"inLanguage\":\"pt-BR\"},{\"@type\":\"Organization\",\"@id\":\"https:\/\/deputadotaveirajr.com.br\/#organization\",\"name\":\"Taveira Jr\",\"url\":\"https:\/\/deputadotaveirajr.com.br\/\",\"logo\":{\"@type\":\"ImageObject\",\"inLanguage\":\"pt-BR\",\"@id\":\"https:\/\/deputadotaveirajr.com.br\/#\/schema\/logo\/image\/\",\"url\":\"https:\/\/deputadotaveirajr.com.br\/wp-content\/uploads\/2026\/01\/logolow2a.png\",\"contentUrl\":\"https:\/\/deputadotaveirajr.com.br\/wp-content\/uploads\/2026\/01\/logolow2a.png\",\"width\":290,\"height\":80,\"caption\":\"Taveira Jr\"},\"image\":{\"@id\":\"https:\/\/deputadotaveirajr.com.br\/#\/schema\/logo\/image\/\"}}]}<\/script>\n<!-- \/ Yoast SEO plugin. -->","yoast_head_json":{"title":"Justi\u00e7a determina que Idema conceda de forma imediata licen\u00e7a para obra da engorda de Ponta Negra - Taveira Jr","robots":{"index":"index","follow":"follow","max-snippet":"max-snippet:-1","max-image-preview":"max-image-preview:large","max-video-preview":"max-video-preview:-1"},"canonical":"https:\/\/deputadotaveirajr.com.br\/index.php\/justica-determina-que-idema-conceda-de-forma-imediata-licenca-para-obra-da-engorda-de-ponta-negra\/","og_locale":"pt_BR","og_type":"article","og_title":"Justi\u00e7a determina que Idema conceda de forma imediata licen\u00e7a para obra da engorda de Ponta Negra - Taveira Jr","og_description":"Juiz Geraldo Ant\u00f4nio da Mota deu prazo de 10 dias para \u00f3rg\u00e3o conceder licen\u00e7a de instala\u00e7\u00e3o e opera\u00e7\u00e3o. Idema disse que n\u00e3o foi notificado, mas que trabalha para responder demanda ...","og_url":"https:\/\/deputadotaveirajr.com.br\/index.php\/justica-determina-que-idema-conceda-de-forma-imediata-licenca-para-obra-da-engorda-de-ponta-negra\/","og_site_name":"Taveira Jr","og_image":[{"width":1152,"height":648,"url":"https:\/\/deputadotaveirajr.com.br\/wp-content\/uploads\/2024\/07\/whatsapp-image-2024-07-03-at-12.25.54-n4d2Dc.jpeg","type":"image\/jpeg"}],"twitter_card":"summary_large_image","twitter_misc":{"Est. tempo de leitura":"5 minutos"},"schema":{"@context":"https:\/\/schema.org","@graph":[{"@type":"WebPage","@id":"https:\/\/deputadotaveirajr.com.br\/index.php\/justica-determina-que-idema-conceda-de-forma-imediata-licenca-para-obra-da-engorda-de-ponta-negra\/","url":"https:\/\/deputadotaveirajr.com.br\/index.php\/justica-determina-que-idema-conceda-de-forma-imediata-licenca-para-obra-da-engorda-de-ponta-negra\/","name":"Justi\u00e7a determina que Idema conceda de forma imediata licen\u00e7a para obra da engorda de Ponta Negra - Taveira Jr","isPartOf":{"@id":"https:\/\/deputadotaveirajr.com.br\/#website"},"primaryImageOfPage":{"@id":"https:\/\/deputadotaveirajr.com.br\/index.php\/justica-determina-que-idema-conceda-de-forma-imediata-licenca-para-obra-da-engorda-de-ponta-negra\/#primaryimage"},"image":{"@id":"https:\/\/deputadotaveirajr.com.br\/index.php\/justica-determina-que-idema-conceda-de-forma-imediata-licenca-para-obra-da-engorda-de-ponta-negra\/#primaryimage"},"thumbnailUrl":"https:\/\/deputadotaveirajr.com.br\/wp-content\/uploads\/2024\/07\/whatsapp-image-2024-07-03-at-12.25.54-n4d2Dc.jpeg","datePublished":"2024-07-20T18:59:47+00:00","breadcrumb":{"@id":"https:\/\/deputadotaveirajr.com.br\/index.php\/justica-determina-que-idema-conceda-de-forma-imediata-licenca-para-obra-da-engorda-de-ponta-negra\/#breadcrumb"},"inLanguage":"pt-BR","potentialAction":[{"@type":"ReadAction","target":["https:\/\/deputadotaveirajr.com.br\/index.php\/justica-determina-que-idema-conceda-de-forma-imediata-licenca-para-obra-da-engorda-de-ponta-negra\/"]}]},{"@type":"ImageObject","inLanguage":"pt-BR","@id":"https:\/\/deputadotaveirajr.com.br\/index.php\/justica-determina-que-idema-conceda-de-forma-imediata-licenca-para-obra-da-engorda-de-ponta-negra\/#primaryimage","url":"https:\/\/deputadotaveirajr.com.br\/wp-content\/uploads\/2024\/07\/whatsapp-image-2024-07-03-at-12.25.54-n4d2Dc.jpeg","contentUrl":"https:\/\/deputadotaveirajr.com.br\/wp-content\/uploads\/2024\/07\/whatsapp-image-2024-07-03-at-12.25.54-n4d2Dc.jpeg","width":1152,"height":648},{"@type":"BreadcrumbList","@id":"https:\/\/deputadotaveirajr.com.br\/index.php\/justica-determina-que-idema-conceda-de-forma-imediata-licenca-para-obra-da-engorda-de-ponta-negra\/#breadcrumb","itemListElement":[{"@type":"ListItem","position":1,"name":"In\u00edcio","item":"https:\/\/deputadotaveirajr.com.br\/"},{"@type":"ListItem","position":2,"name":"Justi\u00e7a determina que Idema conceda de forma imediata licen\u00e7a para obra da engorda de Ponta Negra"}]},{"@type":"WebSite","@id":"https:\/\/deputadotaveirajr.com.br\/#website","url":"https:\/\/deputadotaveirajr.com.br\/","name":"Taveira Jr","description":"Deputado Estadual","publisher":{"@id":"https:\/\/deputadotaveirajr.com.br\/#organization"},"potentialAction":[{"@type":"SearchAction","target":{"@type":"EntryPoint","urlTemplate":"https:\/\/deputadotaveirajr.com.br\/?s={search_term_string}"},"query-input":{"@type":"PropertyValueSpecification","valueRequired":true,"valueName":"search_term_string"}}],"inLanguage":"pt-BR"},{"@type":"Organization","@id":"https:\/\/deputadotaveirajr.com.br\/#organization","name":"Taveira Jr","url":"https:\/\/deputadotaveirajr.com.br\/","logo":{"@type":"ImageObject","inLanguage":"pt-BR","@id":"https:\/\/deputadotaveirajr.com.br\/#\/schema\/logo\/image\/","url":"https:\/\/deputadotaveirajr.com.br\/wp-content\/uploads\/2026\/01\/logolow2a.png","contentUrl":"https:\/\/deputadotaveirajr.com.br\/wp-content\/uploads\/2026\/01\/logolow2a.png","width":290,"height":80,"caption":"Taveira Jr"},"image":{"@id":"https:\/\/deputadotaveirajr.com.br\/#\/schema\/logo\/image\/"}}]}},"_links":{"self":[{"href":"https:\/\/deputadotaveirajr.com.br\/index.php\/wp-json\/wp\/v2\/pages\/7935","targetHints":{"allow":["GET"]}}],"collection":[{"href":"https:\/\/deputadotaveirajr.com.br\/index.php\/wp-json\/wp\/v2\/pages"}],"about":[{"href":"https:\/\/deputadotaveirajr.com.br\/index.php\/wp-json\/wp\/v2\/types\/page"}],"replies":[{"embeddable":true,"href":"https:\/\/deputadotaveirajr.com.br\/index.php\/wp-json\/wp\/v2\/comments?post=7935"}],"version-history":[{"count":1,"href":"https:\/\/deputadotaveirajr.com.br\/index.php\/wp-json\/wp\/v2\/pages\/7935\/revisions"}],"predecessor-version":[{"id":7938,"href":"https:\/\/deputadotaveirajr.com.br\/index.php\/wp-json\/wp\/v2\/pages\/7935\/revisions\/7938"}],"wp:featuredmedia":[{"embeddable":true,"href":"https:\/\/deputadotaveirajr.com.br\/index.php\/wp-json\/wp\/v2\/media\/7936"}],"wp:attachment":[{"href":"https:\/\/deputadotaveirajr.com.br\/index.php\/wp-json\/wp\/v2\/media?parent=7935"}],"curies":[{"name":"wp","href":"https:\/\/api.w.org\/{rel}","templated":true}]}}