{"id":7973,"date":"2024-07-22T18:14:16","date_gmt":"2024-07-22T21:14:16","guid":{"rendered":"https:\/\/deputadotaveirajr.com.br\/?page_id=7973"},"modified":"2024-07-22T18:14:16","modified_gmt":"2024-07-22T21:14:16","slug":"idoso-morre-apos-colidir-moto-com-carro-na-br-304-no-interior-do-rn","status":"publish","type":"page","link":"https:\/\/deputadotaveirajr.com.br\/index.php\/idoso-morre-apos-colidir-moto-com-carro-na-br-304-no-interior-do-rn\/","title":{"rendered":"Idoso morre ap\u00f3s colidir moto com carro na BR-304 no interior do RN"},"content":{"rendered":"<p>     Acidente foi registrado em Ass\u00fa por volta das 5h30 de domingo (21), segundo PRF. Um outro acidente na BR-304, horas depois, vitimou jovem de 25 anos em Angicos. Idoso de 64 anos pilotava moto<br \/>\nDivulga\u00e7\u00e3o<br \/>\nUm idoso de 64 anos morreu na manh\u00e3 deste domingo (21) ap\u00f3s a moto que pilotava bater em um carro na BR-304, em Ass\u00fa, Regi\u00e3o Oeste do Rio Grande do Norte. Firmino Pereira estava sozinho na moto e morreu na hora.<br \/>\nO acidente aconteceu por volta das 5h30 e, segundo Pol\u00edcia Rodovi\u00e1ria Federal, os ve\u00edculos bateram de frente &#8211; eles estavam em sentidos diferentes da pista.<br \/>\nO carro envolvido no acidente era um do tipo Etios, de cor amarela. A condutora do carro permaneceu no local durante todo o per\u00edodo.<br \/>\n\ud83d\udcf3Participe do canal do g1 RN no WhatsApp<br \/>\nO corpo de Firmino foi levado para o Instituto T\u00e9cnico-Cient\u00edfico de Per\u00edcia (Itep) de Mossor\u00f3 para passar por necropsia e o caso ser\u00e1 investigado pela Pol\u00edcia Civil. A v\u00edtima era natural de Messias Targino, interior do RN.<br \/>\nOutro acidente na BR-304<br \/>\nAinda na manh\u00e3 de domingo (21) um outro acidente foi registrado na BR-304, na cidade de Angicos. Uma motocicleta e um micro-\u00f4nibus bateram de frente. O motociclista, Jo\u00e3o Matheus Pereira de Ara\u00fajo, de 25 anos, morreu na hora &#8211; ele seguia de Itaj\u00e1 para Natal.<br \/>\nSegundo a PRF, com o impacto da batida, a motocicleta ficou preso ao micro-\u00f4nibus. Motorista e passageiros do micro-\u00f4nibus n\u00e3o ficaram feridos.<br \/>\nAs causa do acidente v\u00e3o ser investigadas pela Pol\u00edcia Civil.<br \/>\nV\u00eddeos mais assistidos do g1 RN<\/p>","protected":false},"excerpt":{"rendered":"<p>Acidente foi registrado em Ass\u00fa por volta das 5h30 de domingo (21), segundo PRF. Um outro acidente na BR-304, horas depois, vitimou jovem de 25 anos em Angicos. Idoso de &#8230;<\/p>\n","protected":false},"author":0,"featured_media":7974,"parent":0,"menu_order":0,"comment_status":"closed","ping_status":"closed","template":"","meta":{"footnotes":""},"class_list":["post-7973","page","type-page","status-publish","has-post-thumbnail","hentry"],"yoast_head":"<!-- This site is optimized with the Yoast SEO plugin v27.1.1 - https:\/\/yoast.com\/product\/yoast-seo-wordpress\/ -->\n<title>Idoso morre ap\u00f3s colidir moto com carro na BR-304 no interior do RN - Taveira Jr<\/title>\n<meta name=\"robots\" content=\"index, follow, max-snippet:-1, max-image-preview:large, max-video-preview:-1\" \/>\n<link rel=\"canonical\" href=\"https:\/\/deputadotaveirajr.com.br\/index.php\/idoso-morre-apos-colidir-moto-com-carro-na-br-304-no-interior-do-rn\/\" \/>\n<meta property=\"og:locale\" content=\"pt_BR\" \/>\n<meta property=\"og:type\" content=\"article\" \/>\n<meta property=\"og:title\" content=\"Idoso morre ap\u00f3s colidir moto com carro na BR-304 no interior do RN - Taveira Jr\" \/>\n<meta property=\"og:description\" content=\"Acidente foi registrado em Ass\u00fa por volta das 5h30 de domingo (21), segundo PRF. Um outro acidente na BR-304, horas depois, vitimou jovem de 25 anos em Angicos. Idoso de ...\" \/>\n<meta property=\"og:url\" content=\"https:\/\/deputadotaveirajr.com.br\/index.php\/idoso-morre-apos-colidir-moto-com-carro-na-br-304-no-interior-do-rn\/\" \/>\n<meta property=\"og:site_name\" content=\"Taveira Jr\" \/>\n<meta property=\"og:image\" content=\"https:\/\/deputadotaveirajr.com.br\/wp-content\/uploads\/2024\/07\/whatsapp-image-2024-07-22-at-10.18.18-9gZlbg.jpeg\" \/>\n\t<meta property=\"og:image:width\" content=\"1600\" \/>\n\t<meta property=\"og:image:height\" content=\"1200\" \/>\n\t<meta property=\"og:image:type\" content=\"image\/jpeg\" \/>\n<meta name=\"twitter:card\" content=\"summary_large_image\" \/>\n<meta name=\"twitter:label1\" content=\"Est. tempo de leitura\" \/>\n\t<meta name=\"twitter:data1\" content=\"1 minuto\" \/>\n<script type=\"application\/ld+json\" class=\"yoast-schema-graph\">{\"@context\":\"https:\/\/schema.org\",\"@graph\":[{\"@type\":\"WebPage\",\"@id\":\"https:\/\/deputadotaveirajr.com.br\/index.php\/idoso-morre-apos-colidir-moto-com-carro-na-br-304-no-interior-do-rn\/\",\"url\":\"https:\/\/deputadotaveirajr.com.br\/index.php\/idoso-morre-apos-colidir-moto-com-carro-na-br-304-no-interior-do-rn\/\",\"name\":\"Idoso morre ap\u00f3s colidir moto com carro na BR-304 no interior do RN - Taveira Jr\",\"isPartOf\":{\"@id\":\"https:\/\/deputadotaveirajr.com.br\/#website\"},\"primaryImageOfPage\":{\"@id\":\"https:\/\/deputadotaveirajr.com.br\/index.php\/idoso-morre-apos-colidir-moto-com-carro-na-br-304-no-interior-do-rn\/#primaryimage\"},\"image\":{\"@id\":\"https:\/\/deputadotaveirajr.com.br\/index.php\/idoso-morre-apos-colidir-moto-com-carro-na-br-304-no-interior-do-rn\/#primaryimage\"},\"thumbnailUrl\":\"https:\/\/deputadotaveirajr.com.br\/wp-content\/uploads\/2024\/07\/whatsapp-image-2024-07-22-at-10.18.18-9gZlbg.jpeg\",\"datePublished\":\"2024-07-22T21:14:16+00:00\",\"breadcrumb\":{\"@id\":\"https:\/\/deputadotaveirajr.com.br\/index.php\/idoso-morre-apos-colidir-moto-com-carro-na-br-304-no-interior-do-rn\/#breadcrumb\"},\"inLanguage\":\"pt-BR\",\"potentialAction\":[{\"@type\":\"ReadAction\",\"target\":[\"https:\/\/deputadotaveirajr.com.br\/index.php\/idoso-morre-apos-colidir-moto-com-carro-na-br-304-no-interior-do-rn\/\"]}]},{\"@type\":\"ImageObject\",\"inLanguage\":\"pt-BR\",\"@id\":\"https:\/\/deputadotaveirajr.com.br\/index.php\/idoso-morre-apos-colidir-moto-com-carro-na-br-304-no-interior-do-rn\/#primaryimage\",\"url\":\"https:\/\/deputadotaveirajr.com.br\/wp-content\/uploads\/2024\/07\/whatsapp-image-2024-07-22-at-10.18.18-9gZlbg.jpeg\",\"contentUrl\":\"https:\/\/deputadotaveirajr.com.br\/wp-content\/uploads\/2024\/07\/whatsapp-image-2024-07-22-at-10.18.18-9gZlbg.jpeg\",\"width\":1600,\"height\":1200},{\"@type\":\"BreadcrumbList\",\"@id\":\"https:\/\/deputadotaveirajr.com.br\/index.php\/idoso-morre-apos-colidir-moto-com-carro-na-br-304-no-interior-do-rn\/#breadcrumb\",\"itemListElement\":[{\"@type\":\"ListItem\",\"position\":1,\"name\":\"In\u00edcio\",\"item\":\"https:\/\/deputadotaveirajr.com.br\/\"},{\"@type\":\"ListItem\",\"position\":2,\"name\":\"Idoso morre ap\u00f3s colidir moto com carro na BR-304 no interior do RN\"}]},{\"@type\":\"WebSite\",\"@id\":\"https:\/\/deputadotaveirajr.com.br\/#website\",\"url\":\"https:\/\/deputadotaveirajr.com.br\/\",\"name\":\"Taveira Jr\",\"description\":\"Deputado Estadual\",\"publisher\":{\"@id\":\"https:\/\/deputadotaveirajr.com.br\/#organization\"},\"potentialAction\":[{\"@type\":\"SearchAction\",\"target\":{\"@type\":\"EntryPoint\",\"urlTemplate\":\"https:\/\/deputadotaveirajr.com.br\/?s={search_term_string}\"},\"query-input\":{\"@type\":\"PropertyValueSpecification\",\"valueRequired\":true,\"valueName\":\"search_term_string\"}}],\"inLanguage\":\"pt-BR\"},{\"@type\":\"Organization\",\"@id\":\"https:\/\/deputadotaveirajr.com.br\/#organization\",\"name\":\"Taveira Jr\",\"url\":\"https:\/\/deputadotaveirajr.com.br\/\",\"logo\":{\"@type\":\"ImageObject\",\"inLanguage\":\"pt-BR\",\"@id\":\"https:\/\/deputadotaveirajr.com.br\/#\/schema\/logo\/image\/\",\"url\":\"https:\/\/deputadotaveirajr.com.br\/wp-content\/uploads\/2026\/01\/logolow2a.png\",\"contentUrl\":\"https:\/\/deputadotaveirajr.com.br\/wp-content\/uploads\/2026\/01\/logolow2a.png\",\"width\":290,\"height\":80,\"caption\":\"Taveira Jr\"},\"image\":{\"@id\":\"https:\/\/deputadotaveirajr.com.br\/#\/schema\/logo\/image\/\"}}]}<\/script>\n<!-- \/ Yoast SEO plugin. -->","yoast_head_json":{"title":"Idoso morre ap\u00f3s colidir moto com carro na BR-304 no interior do RN - Taveira Jr","robots":{"index":"index","follow":"follow","max-snippet":"max-snippet:-1","max-image-preview":"max-image-preview:large","max-video-preview":"max-video-preview:-1"},"canonical":"https:\/\/deputadotaveirajr.com.br\/index.php\/idoso-morre-apos-colidir-moto-com-carro-na-br-304-no-interior-do-rn\/","og_locale":"pt_BR","og_type":"article","og_title":"Idoso morre ap\u00f3s colidir moto com carro na BR-304 no interior do RN - Taveira Jr","og_description":"Acidente foi registrado em Ass\u00fa por volta das 5h30 de domingo (21), segundo PRF. Um outro acidente na BR-304, horas depois, vitimou jovem de 25 anos em Angicos. Idoso de ...","og_url":"https:\/\/deputadotaveirajr.com.br\/index.php\/idoso-morre-apos-colidir-moto-com-carro-na-br-304-no-interior-do-rn\/","og_site_name":"Taveira Jr","og_image":[{"width":1600,"height":1200,"url":"https:\/\/deputadotaveirajr.com.br\/wp-content\/uploads\/2024\/07\/whatsapp-image-2024-07-22-at-10.18.18-9gZlbg.jpeg","type":"image\/jpeg"}],"twitter_card":"summary_large_image","twitter_misc":{"Est. tempo de leitura":"1 minuto"},"schema":{"@context":"https:\/\/schema.org","@graph":[{"@type":"WebPage","@id":"https:\/\/deputadotaveirajr.com.br\/index.php\/idoso-morre-apos-colidir-moto-com-carro-na-br-304-no-interior-do-rn\/","url":"https:\/\/deputadotaveirajr.com.br\/index.php\/idoso-morre-apos-colidir-moto-com-carro-na-br-304-no-interior-do-rn\/","name":"Idoso morre ap\u00f3s colidir moto com carro na BR-304 no interior do RN - Taveira Jr","isPartOf":{"@id":"https:\/\/deputadotaveirajr.com.br\/#website"},"primaryImageOfPage":{"@id":"https:\/\/deputadotaveirajr.com.br\/index.php\/idoso-morre-apos-colidir-moto-com-carro-na-br-304-no-interior-do-rn\/#primaryimage"},"image":{"@id":"https:\/\/deputadotaveirajr.com.br\/index.php\/idoso-morre-apos-colidir-moto-com-carro-na-br-304-no-interior-do-rn\/#primaryimage"},"thumbnailUrl":"https:\/\/deputadotaveirajr.com.br\/wp-content\/uploads\/2024\/07\/whatsapp-image-2024-07-22-at-10.18.18-9gZlbg.jpeg","datePublished":"2024-07-22T21:14:16+00:00","breadcrumb":{"@id":"https:\/\/deputadotaveirajr.com.br\/index.php\/idoso-morre-apos-colidir-moto-com-carro-na-br-304-no-interior-do-rn\/#breadcrumb"},"inLanguage":"pt-BR","potentialAction":[{"@type":"ReadAction","target":["https:\/\/deputadotaveirajr.com.br\/index.php\/idoso-morre-apos-colidir-moto-com-carro-na-br-304-no-interior-do-rn\/"]}]},{"@type":"ImageObject","inLanguage":"pt-BR","@id":"https:\/\/deputadotaveirajr.com.br\/index.php\/idoso-morre-apos-colidir-moto-com-carro-na-br-304-no-interior-do-rn\/#primaryimage","url":"https:\/\/deputadotaveirajr.com.br\/wp-content\/uploads\/2024\/07\/whatsapp-image-2024-07-22-at-10.18.18-9gZlbg.jpeg","contentUrl":"https:\/\/deputadotaveirajr.com.br\/wp-content\/uploads\/2024\/07\/whatsapp-image-2024-07-22-at-10.18.18-9gZlbg.jpeg","width":1600,"height":1200},{"@type":"BreadcrumbList","@id":"https:\/\/deputadotaveirajr.com.br\/index.php\/idoso-morre-apos-colidir-moto-com-carro-na-br-304-no-interior-do-rn\/#breadcrumb","itemListElement":[{"@type":"ListItem","position":1,"name":"In\u00edcio","item":"https:\/\/deputadotaveirajr.com.br\/"},{"@type":"ListItem","position":2,"name":"Idoso morre ap\u00f3s colidir moto com carro na BR-304 no interior do RN"}]},{"@type":"WebSite","@id":"https:\/\/deputadotaveirajr.com.br\/#website","url":"https:\/\/deputadotaveirajr.com.br\/","name":"Taveira Jr","description":"Deputado Estadual","publisher":{"@id":"https:\/\/deputadotaveirajr.com.br\/#organization"},"potentialAction":[{"@type":"SearchAction","target":{"@type":"EntryPoint","urlTemplate":"https:\/\/deputadotaveirajr.com.br\/?s={search_term_string}"},"query-input":{"@type":"PropertyValueSpecification","valueRequired":true,"valueName":"search_term_string"}}],"inLanguage":"pt-BR"},{"@type":"Organization","@id":"https:\/\/deputadotaveirajr.com.br\/#organization","name":"Taveira Jr","url":"https:\/\/deputadotaveirajr.com.br\/","logo":{"@type":"ImageObject","inLanguage":"pt-BR","@id":"https:\/\/deputadotaveirajr.com.br\/#\/schema\/logo\/image\/","url":"https:\/\/deputadotaveirajr.com.br\/wp-content\/uploads\/2026\/01\/logolow2a.png","contentUrl":"https:\/\/deputadotaveirajr.com.br\/wp-content\/uploads\/2026\/01\/logolow2a.png","width":290,"height":80,"caption":"Taveira Jr"},"image":{"@id":"https:\/\/deputadotaveirajr.com.br\/#\/schema\/logo\/image\/"}}]}},"_links":{"self":[{"href":"https:\/\/deputadotaveirajr.com.br\/index.php\/wp-json\/wp\/v2\/pages\/7973","targetHints":{"allow":["GET"]}}],"collection":[{"href":"https:\/\/deputadotaveirajr.com.br\/index.php\/wp-json\/wp\/v2\/pages"}],"about":[{"href":"https:\/\/deputadotaveirajr.com.br\/index.php\/wp-json\/wp\/v2\/types\/page"}],"replies":[{"embeddable":true,"href":"https:\/\/deputadotaveirajr.com.br\/index.php\/wp-json\/wp\/v2\/comments?post=7973"}],"version-history":[{"count":1,"href":"https:\/\/deputadotaveirajr.com.br\/index.php\/wp-json\/wp\/v2\/pages\/7973\/revisions"}],"predecessor-version":[{"id":7977,"href":"https:\/\/deputadotaveirajr.com.br\/index.php\/wp-json\/wp\/v2\/pages\/7973\/revisions\/7977"}],"wp:featuredmedia":[{"embeddable":true,"href":"https:\/\/deputadotaveirajr.com.br\/index.php\/wp-json\/wp\/v2\/media\/7974"}],"wp:attachment":[{"href":"https:\/\/deputadotaveirajr.com.br\/index.php\/wp-json\/wp\/v2\/media?parent=7973"}],"curies":[{"name":"wp","href":"https:\/\/api.w.org\/{rel}","templated":true}]}}

Idoso morre após colidir moto com carro na BR-304 no interior do RN

<p>     Acidente foi registrado em Assú por volta das 5h30 de domingo (21), segundo PRF. Um outro acidente na BR-304, horas depois, vitimou jovem de 25 anos em Angicos. Idoso de 64 anos pilotava moto<br />
Divulgação<br />
Um idoso de 64 anos morreu na manhã deste domingo (21) após a moto que pilotava bater em um carro na BR-304, em Assú, Região Oeste do Rio Grande do Norte. Firmino Pereira estava sozinho na moto e morreu na hora.<br />
O acidente aconteceu por volta das 5h30 e, segundo Polícia Rodoviária Federal, os veículos bateram de frente &#8211; eles estavam em sentidos diferentes da pista.<br />
O carro envolvido no acidente era um do tipo Etios, de cor amarela. A condutora do carro permaneceu no local durante todo o período.<br />
📳Participe do canal do g1 RN no WhatsApp<br />
O corpo de Firmino foi levado para o Instituto Técnico-Científico de Perícia (Itep) de Mossoró para passar por necropsia e o caso será investigado pela Polícia Civil. A vítima era natural de Messias Targino, interior do RN.<br />
Outro acidente na BR-304<br />
Ainda na manhã de domingo (21) um outro acidente foi registrado na BR-304, na cidade de Angicos. Uma motocicleta e um micro-ônibus bateram de frente. O motociclista, João Matheus Pereira de Araújo, de 25 anos, morreu na hora &#8211; ele seguia de Itajá para Natal.<br />
Segundo a PRF, com o impacto da batida, a motocicleta ficou preso ao micro-ônibus. Motorista e passageiros do micro-ônibus não ficaram feridos.<br />
As causa do acidente vão ser investigadas pela Polícia Civil.<br />
Vídeos mais assistidos do g1 RN</p>

<p>Acidente foi registrado em Assú por volta das 5h30 de domingo (21), segundo PRF. Um outro acidente na BR-304, horas depois, vitimou jovem de 25 anos em Angicos. Idoso de &#8230;</p>

<!-- This site is optimized with the Yoast SEO plugin v27.1.1 - https://yoast.com/product/yoast-seo-wordpress/ -->
<title>Idoso morre após colidir moto com carro na BR-304 no interior do RN - Taveira Jr</title>
<meta name="robots" content="index, follow, max-snippet:-1, max-image-preview:large, max-video-preview:-1" />
<link rel="canonical" href="https://deputadotaveirajr.com.br/index.php/idoso-morre-apos-colidir-moto-com-carro-na-br-304-no-interior-do-rn/" />
<meta property="og:locale" content="pt_BR" />
<meta property="og:type" content="article" />
<meta property="og:title" content="Idoso morre após colidir moto com carro na BR-304 no interior do RN - Taveira Jr" />
<meta property="og:description" content="Acidente foi registrado em Assú por volta das 5h30 de domingo (21), segundo PRF. Um outro acidente na BR-304, horas depois, vitimou jovem de 25 anos em Angicos. Idoso de ..." />
<meta property="og:url" content="https://deputadotaveirajr.com.br/index.php/idoso-morre-apos-colidir-moto-com-carro-na-br-304-no-interior-do-rn/" />
<meta property="og:site_name" content="Taveira Jr" />
<meta property="og:image" content="https://deputadotaveirajr.com.br/wp-content/uploads/2024/07/whatsapp-image-2024-07-22-at-10.18.18-9gZlbg.jpeg" />
	<meta property="og:image:width" content="1600" />
	<meta property="og:image:height" content="1200" />
	<meta property="og:image:type" content="image/jpeg" />
<meta name="twitter:card" content="summary_large_image" />
<meta name="twitter:label1" content="Est. tempo de leitura" />
	<meta name="twitter:data1" content="1 minuto" />
<script type="application/ld+json" class="yoast-schema-graph">{"@context":"https://schema.org","@graph":[{"@type":"WebPage","@id":"https://deputadotaveirajr.com.br/index.php/idoso-morre-apos-colidir-moto-com-carro-na-br-304-no-interior-do-rn/","url":"https://deputadotaveirajr.com.br/index.php/idoso-morre-apos-colidir-moto-com-carro-na-br-304-no-interior-do-rn/","name":"Idoso morre após colidir moto com carro na BR-304 no interior do RN - Taveira Jr","isPartOf":{"@id":"https://deputadotaveirajr.com.br/#website"},"primaryImageOfPage":{"@id":"https://deputadotaveirajr.com.br/index.php/idoso-morre-apos-colidir-moto-com-carro-na-br-304-no-interior-do-rn/#primaryimage"},"image":{"@id":"https://deputadotaveirajr.com.br/index.php/idoso-morre-apos-colidir-moto-com-carro-na-br-304-no-interior-do-rn/#primaryimage"},"thumbnailUrl":"https://deputadotaveirajr.com.br/wp-content/uploads/2024/07/whatsapp-image-2024-07-22-at-10.18.18-9gZlbg.jpeg","datePublished":"2024-07-22T21:14:16+00:00","breadcrumb":{"@id":"https://deputadotaveirajr.com.br/index.php/idoso-morre-apos-colidir-moto-com-carro-na-br-304-no-interior-do-rn/#breadcrumb"},"inLanguage":"pt-BR","potentialAction":[{"@type":"ReadAction","target":["https://deputadotaveirajr.com.br/index.php/idoso-morre-apos-colidir-moto-com-carro-na-br-304-no-interior-do-rn/"]}]},{"@type":"ImageObject","inLanguage":"pt-BR","@id":"https://deputadotaveirajr.com.br/index.php/idoso-morre-apos-colidir-moto-com-carro-na-br-304-no-interior-do-rn/#primaryimage","url":"https://deputadotaveirajr.com.br/wp-content/uploads/2024/07/whatsapp-image-2024-07-22-at-10.18.18-9gZlbg.jpeg","contentUrl":"https://deputadotaveirajr.com.br/wp-content/uploads/2024/07/whatsapp-image-2024-07-22-at-10.18.18-9gZlbg.jpeg","width":1600,"height":1200},{"@type":"BreadcrumbList","@id":"https://deputadotaveirajr.com.br/index.php/idoso-morre-apos-colidir-moto-com-carro-na-br-304-no-interior-do-rn/#breadcrumb","itemListElement":[{"@type":"ListItem","position":1,"name":"Início","item":"https://deputadotaveirajr.com.br/"},{"@type":"ListItem","position":2,"name":"Idoso morre após colidir moto com carro na BR-304 no interior do RN"}]},{"@type":"WebSite","@id":"https://deputadotaveirajr.com.br/#website","url":"https://deputadotaveirajr.com.br/","name":"Taveira Jr","description":"Deputado Estadual","publisher":{"@id":"https://deputadotaveirajr.com.br/#organization"},"potentialAction":[{"@type":"SearchAction","target":{"@type":"EntryPoint","urlTemplate":"https://deputadotaveirajr.com.br/?s={search_term_string}"},"query-input":{"@type":"PropertyValueSpecification","valueRequired":true,"valueName":"search_term_string"}}],"inLanguage":"pt-BR"},{"@type":"Organization","@id":"https://deputadotaveirajr.com.br/#organization","name":"Taveira Jr","url":"https://deputadotaveirajr.com.br/","logo":{"@type":"ImageObject","inLanguage":"pt-BR","@id":"https://deputadotaveirajr.com.br/#/schema/logo/image/","url":"https://deputadotaveirajr.com.br/wp-content/uploads/2026/01/logolow2a.png","contentUrl":"https://deputadotaveirajr.com.br/wp-content/uploads/2026/01/logolow2a.png","width":290,"height":80,"caption":"Taveira Jr"},"image":{"@id":"https://deputadotaveirajr.com.br/#/schema/logo/image/"}}]}</script>
<!-- / Yoast SEO plugin. -->

Idoso morre após colidir moto com carro na BR-304 no interior do RN - Taveira Jr

Acidente foi registrado em Assú por volta das 5h30 de domingo (21), segundo PRF. Um outro acidente na BR-304, horas depois, vitimou jovem de 25 anos em Angicos. Idoso de ...

Início
