{"id":8023,"date":"2024-07-24T20:01:49","date_gmt":"2024-07-24T23:01:49","guid":{"rendered":"https:\/\/deputadotaveirajr.com.br\/?page_id=8023"},"modified":"2024-07-24T20:01:49","modified_gmt":"2024-07-24T23:01:49","slug":"em-protesto-pescadores-e-moradores-de-ponta-negra-pedem-consulta-previa-a-comunidade-local-sobre-a-engorda-de-ponta-negra","status":"publish","type":"page","link":"https:\/\/deputadotaveirajr.com.br\/index.php\/em-protesto-pescadores-e-moradores-de-ponta-negra-pedem-consulta-previa-a-comunidade-local-sobre-a-engorda-de-ponta-negra\/","title":{"rendered":"Em protesto, pescadores e moradores de Ponta Negra pedem consulta pr\u00e9via \u00e0 comunidade local sobre a engorda de Ponta Negra"},"content":{"rendered":"<p>     De acordo com os manifestantes, a \u00e1rea tem mais de 200 fam\u00edlias que dependem da pesca como fonte de renda. Pescadores e familiares de comunidades tradicionais protestaram nesta quarta-feira (24)<br \/>\nS\u00e9rgio Henrique Santos\/Inter TV Cabugi<br \/>\nPescadores e moradores de comunidades tradicionais protestaram nesta quarta-feira (24) sobre a falta de di\u00e1logo no processo que culminou a libera\u00e7\u00e3o da licen\u00e7a para a obra da engorda da praia de Ponta Negra, em Natal.<br \/>\nCom faixas e cartazes, o grupo interditou o tr\u00e2nsito nas principal rotat\u00f3ria que d\u00e1 acesso \u00e0 orla. Eles pediam a realiza\u00e7\u00e3o de uma consulta pr\u00e9via com os povos tradicionais, diretamente impactados com a mudan\u00e7a que a obra vai trazer para a regi\u00e3o.<br \/>\n\ud83d\udcf3Participe do canal do g1 RN no WhatsApp<br \/>\nAl\u00e9m dos pescadores, familiares de comunidades tradicionais, como as Rendeiras de Bilro, tamb\u00e9m marcaram presen\u00e7a.<br \/>\nFoi em rela\u00e7\u00e3o \u00e0 falta de uma Consulta Livre, Pr\u00e9via e Informada com os povos tradicionais que o Minist\u00e9rio P\u00fablico Federal (MPF) pediu a anula\u00e7\u00e3o de todas as licen\u00e7as ambientais da obra de engorda.<br \/>\nO protesto foi acompanhado pela Pol\u00edcia Militar e o tr\u00e2nsito, inicialmente afetado ap\u00f3s a mobiliza\u00e7\u00e3o, foi liberado gradualmente.<br \/>\nDe acordo com os manifestantes, a \u00e1rea tem mais de 200 fam\u00edlias que dependem da pesca como fonte de renda. Eles tamb\u00e9m informaram que mais de 60 fam\u00edlias s\u00e3o descendentes das Rendeiras de Bilro, uma das comunidades tradicionais com ra\u00edzes no local.<br \/>\nPraia de Ponta Negra, em Natal<br \/>\nS\u00e9rgio Henrique Santos\/Inter TV Cabugi<br \/>\nPreocupa\u00e7\u00e3o com a atividade pesqueira<br \/>\nDezenas de pescadores participaram da mobiliza\u00e7\u00e3o. Al\u00e9m de reclamar de n\u00e3o terem participado de nenhuma das etapas que antecederam a libera\u00e7\u00e3o, eles demonstraram preocupa\u00e7\u00e3o de como a atividade da pesca ficar\u00e1 ap\u00f3s a obra.<br \/>\nOs trabalhadores tamb\u00e9m pedem uma indeniza\u00e7\u00e3o enquanto a obra estiver sendo realizada. &#8220;A gente tamb\u00e9m merece. N\u00e3o sabemos quanto tempo a obra vai ser executada, tamb\u00e9m n\u00e3o podemos ficar parado sem poder pescar e receber o nosso dinheiro. A gente vive da pesca&#8221;, disse o pescador Armando dos Santos, conhecido como Beto.<br \/>\nUma das entidades que representam os trabalhadores \u00e9 a Col\u00f4nia de Pescadores de Natal. De acordo com a vice-presidente N\u00fabia Peixoto, eles n\u00e3o s\u00e3o contra a libera\u00e7\u00e3o da obra, mas reclamam dos tr\u00e2mites terem ocorrido sem que as comunidades tradicionais fossem consultadas.<br \/>\n&#8220;A gente n\u00e3o \u00e9 contra a engorda, mas queremos transpar\u00eancia. Queremos uma informa\u00e7\u00e3o mais clara, saber como vai ficar a situa\u00e7\u00e3o dos pescadores. At\u00e9 agora n\u00e3o estamos sabendo de nada&#8221;, afirmou.<br \/>\nIdema emite licenc\u0327a para obra da engorda da Praia de Ponta Negra, em Natal<br \/>\nPedido de licen\u00e7a<br \/>\nO pedido de licen\u00e7a de instala\u00e7\u00e3o e opera\u00e7\u00e3o foi solicitado pela prefeitura no dia 12 de junho e o Idema tinha 120 dias para analisar e responder \u00e0 documenta\u00e7\u00e3o &#8211; at\u00e9 outubro. O \u00f3rg\u00e3o fez questionamentos ao projeto do Munic\u00edpio, que inicialmente constava com 17 quest\u00f5es n\u00e3o respondidas &#8211; n\u00famero que diminuiu para oito.<br \/>\nNa semana passada, a prefeitura de Natal respondeu aos oito questionamentos considerados fr\u00e1geis e o Idema informou na sexta-feira (19) que as respostas foram &#8220;satisfat\u00f3rias&#8221;, e que a an\u00e1lise do conte\u00fado ficou em &#8220;est\u00e1gio avan\u00e7ado de conclus\u00e3o&#8221;.<br \/>\nO Minist\u00e9rio P\u00fablico Federal (MPF) recomendou &#8211; tamb\u00e9m na semana passada &#8211; que o Idema n\u00e3o concedesse a licen\u00e7a ambiental sem consulta pr\u00e9via das comunidades impactadas, como, por exemplo, os pescadores da praia.<br \/>\nDecis\u00e3o judicial<br \/>\nA decis\u00e3o liminar do juiz Geraldo Ant\u00f4nio da Mota determinou que o Idema d\u00ea a licen\u00e7a &#8220;dado o longo prazo transcorrido para resposta&#8221; ou que o \u00f3rg\u00e3o indique as raz\u00f5es de n\u00e3o a conced\u00ea-la ao Munic\u00edpio em at\u00e9 10 dias.<br \/>\nNa decis\u00e3o, juiz citou que o Idema concedeu, em 2023, a licen\u00e7a pr\u00e9via para que a obra acontecesse &#8211; essa licen\u00e7a, no entanto, n\u00e3o autoriza a instala\u00e7\u00e3o e opera\u00e7\u00e3o da obra.<br \/>\nSegundo o juiz, no documento pr\u00e9vio, o \u00f3rg\u00e3o estadual reconheceu a &#8220;viabilidade ambiental solicitada pelo ente p\u00fablico municipal, tendo elencado determinadas condicionantes a serem atendidas pelo Munic\u00edpio de Natal&#8221;<br \/>\nO juiz citou que, entre as condicionantes elencadas na referida licen\u00e7a pr\u00e9via, n\u00e3o constava a necessidade de realiza\u00e7\u00e3o de consulta livre, pr\u00e9via e informada \u00e0s comunidades impactadas.<br \/>\nPortanto, n\u00e3o considerou &#8220;razo\u00e1vel&#8221; por parte do Idema &#8220;inovar nos crit\u00e9rios anteriormente fixados, para criar exig\u00eancias de maior complexidade nessa fase do processo, tendo em vista que o ente p\u00fablico municipal e o \u00f3rg\u00e3o de apoio t\u00e9cnico contratado se prepararam para o atendimento dos quesitos fixados na licen\u00e7a pr\u00e9via&#8221;.<br \/>\nO juiz citou ainda que o Idema de crit\u00e9rios que n\u00e3o se encontravam previstos na licen\u00e7a pr\u00e9via, &#8220;para retardar a expedi\u00e7\u00e3o dos atos administrativos necess\u00e1rios, &#8220;prejudicando assim sem motivo id\u00f4neo o cumprimento do cronograma da obra&#8221;.<\/p>","protected":false},"excerpt":{"rendered":"<p>De acordo com os manifestantes, a \u00e1rea tem mais de 200 fam\u00edlias que dependem da pesca como fonte de renda. Pescadores e familiares de comunidades tradicionais protestaram nesta quarta-feira (24) &#8230;<\/p>\n","protected":false},"author":0,"featured_media":8024,"parent":0,"menu_order":0,"comment_status":"closed","ping_status":"closed","template":"","meta":{"footnotes":""},"class_list":["post-8023","page","type-page","status-publish","has-post-thumbnail","hentry"],"yoast_head":"<!-- This site is optimized with the Yoast SEO plugin v27.1.1 - https:\/\/yoast.com\/product\/yoast-seo-wordpress\/ -->\n<title>Em protesto, pescadores e moradores de Ponta Negra pedem consulta pr\u00e9via \u00e0 comunidade local sobre a engorda de Ponta Negra - Taveira Jr<\/title>\n<meta name=\"robots\" content=\"index, follow, max-snippet:-1, max-image-preview:large, max-video-preview:-1\" \/>\n<link rel=\"canonical\" href=\"https:\/\/deputadotaveirajr.com.br\/index.php\/em-protesto-pescadores-e-moradores-de-ponta-negra-pedem-consulta-previa-a-comunidade-local-sobre-a-engorda-de-ponta-negra\/\" \/>\n<meta property=\"og:locale\" content=\"pt_BR\" \/>\n<meta property=\"og:type\" content=\"article\" \/>\n<meta property=\"og:title\" content=\"Em protesto, pescadores e moradores de Ponta Negra pedem consulta pr\u00e9via \u00e0 comunidade local sobre a engorda de Ponta Negra - Taveira Jr\" \/>\n<meta property=\"og:description\" content=\"De acordo com os manifestantes, a \u00e1rea tem mais de 200 fam\u00edlias que dependem da pesca como fonte de renda. Pescadores e familiares de comunidades tradicionais protestaram nesta quarta-feira (24) ...\" \/>\n<meta property=\"og:url\" content=\"https:\/\/deputadotaveirajr.com.br\/index.php\/em-protesto-pescadores-e-moradores-de-ponta-negra-pedem-consulta-previa-a-comunidade-local-sobre-a-engorda-de-ponta-negra\/\" \/>\n<meta property=\"og:site_name\" content=\"Taveira Jr\" \/>\n<meta property=\"og:image\" content=\"https:\/\/deputadotaveirajr.com.br\/wp-content\/uploads\/2024\/07\/whatsapp-image-2024-07-24-at-15.18.04-Ykd0fH.jpeg\" \/>\n\t<meta property=\"og:image:width\" content=\"1599\" \/>\n\t<meta property=\"og:image:height\" content=\"899\" \/>\n\t<meta property=\"og:image:type\" content=\"image\/jpeg\" \/>\n<meta name=\"twitter:card\" content=\"summary_large_image\" \/>\n<meta name=\"twitter:label1\" content=\"Est. tempo de leitura\" \/>\n\t<meta name=\"twitter:data1\" content=\"4 minutos\" \/>\n<script type=\"application\/ld+json\" class=\"yoast-schema-graph\">{\"@context\":\"https:\/\/schema.org\",\"@graph\":[{\"@type\":\"WebPage\",\"@id\":\"https:\/\/deputadotaveirajr.com.br\/index.php\/em-protesto-pescadores-e-moradores-de-ponta-negra-pedem-consulta-previa-a-comunidade-local-sobre-a-engorda-de-ponta-negra\/\",\"url\":\"https:\/\/deputadotaveirajr.com.br\/index.php\/em-protesto-pescadores-e-moradores-de-ponta-negra-pedem-consulta-previa-a-comunidade-local-sobre-a-engorda-de-ponta-negra\/\",\"name\":\"Em protesto, pescadores e moradores de Ponta Negra pedem consulta pr\u00e9via \u00e0 comunidade local sobre a engorda de Ponta Negra - Taveira Jr\",\"isPartOf\":{\"@id\":\"https:\/\/deputadotaveirajr.com.br\/#website\"},\"primaryImageOfPage\":{\"@id\":\"https:\/\/deputadotaveirajr.com.br\/index.php\/em-protesto-pescadores-e-moradores-de-ponta-negra-pedem-consulta-previa-a-comunidade-local-sobre-a-engorda-de-ponta-negra\/#primaryimage\"},\"image\":{\"@id\":\"https:\/\/deputadotaveirajr.com.br\/index.php\/em-protesto-pescadores-e-moradores-de-ponta-negra-pedem-consulta-previa-a-comunidade-local-sobre-a-engorda-de-ponta-negra\/#primaryimage\"},\"thumbnailUrl\":\"https:\/\/deputadotaveirajr.com.br\/wp-content\/uploads\/2024\/07\/whatsapp-image-2024-07-24-at-15.18.04-Ykd0fH.jpeg\",\"datePublished\":\"2024-07-24T23:01:49+00:00\",\"breadcrumb\":{\"@id\":\"https:\/\/deputadotaveirajr.com.br\/index.php\/em-protesto-pescadores-e-moradores-de-ponta-negra-pedem-consulta-previa-a-comunidade-local-sobre-a-engorda-de-ponta-negra\/#breadcrumb\"},\"inLanguage\":\"pt-BR\",\"potentialAction\":[{\"@type\":\"ReadAction\",\"target\":[\"https:\/\/deputadotaveirajr.com.br\/index.php\/em-protesto-pescadores-e-moradores-de-ponta-negra-pedem-consulta-previa-a-comunidade-local-sobre-a-engorda-de-ponta-negra\/\"]}]},{\"@type\":\"ImageObject\",\"inLanguage\":\"pt-BR\",\"@id\":\"https:\/\/deputadotaveirajr.com.br\/index.php\/em-protesto-pescadores-e-moradores-de-ponta-negra-pedem-consulta-previa-a-comunidade-local-sobre-a-engorda-de-ponta-negra\/#primaryimage\",\"url\":\"https:\/\/deputadotaveirajr.com.br\/wp-content\/uploads\/2024\/07\/whatsapp-image-2024-07-24-at-15.18.04-Ykd0fH.jpeg\",\"contentUrl\":\"https:\/\/deputadotaveirajr.com.br\/wp-content\/uploads\/2024\/07\/whatsapp-image-2024-07-24-at-15.18.04-Ykd0fH.jpeg\",\"width\":1599,\"height\":899},{\"@type\":\"BreadcrumbList\",\"@id\":\"https:\/\/deputadotaveirajr.com.br\/index.php\/em-protesto-pescadores-e-moradores-de-ponta-negra-pedem-consulta-previa-a-comunidade-local-sobre-a-engorda-de-ponta-negra\/#breadcrumb\",\"itemListElement\":[{\"@type\":\"ListItem\",\"position\":1,\"name\":\"In\u00edcio\",\"item\":\"https:\/\/deputadotaveirajr.com.br\/\"},{\"@type\":\"ListItem\",\"position\":2,\"name\":\"Em protesto, pescadores e moradores de Ponta Negra pedem consulta pr\u00e9via \u00e0 comunidade local sobre a engorda de Ponta Negra\"}]},{\"@type\":\"WebSite\",\"@id\":\"https:\/\/deputadotaveirajr.com.br\/#website\",\"url\":\"https:\/\/deputadotaveirajr.com.br\/\",\"name\":\"Taveira Jr\",\"description\":\"Deputado Estadual\",\"publisher\":{\"@id\":\"https:\/\/deputadotaveirajr.com.br\/#organization\"},\"potentialAction\":[{\"@type\":\"SearchAction\",\"target\":{\"@type\":\"EntryPoint\",\"urlTemplate\":\"https:\/\/deputadotaveirajr.com.br\/?s={search_term_string}\"},\"query-input\":{\"@type\":\"PropertyValueSpecification\",\"valueRequired\":true,\"valueName\":\"search_term_string\"}}],\"inLanguage\":\"pt-BR\"},{\"@type\":\"Organization\",\"@id\":\"https:\/\/deputadotaveirajr.com.br\/#organization\",\"name\":\"Taveira Jr\",\"url\":\"https:\/\/deputadotaveirajr.com.br\/\",\"logo\":{\"@type\":\"ImageObject\",\"inLanguage\":\"pt-BR\",\"@id\":\"https:\/\/deputadotaveirajr.com.br\/#\/schema\/logo\/image\/\",\"url\":\"https:\/\/deputadotaveirajr.com.br\/wp-content\/uploads\/2026\/01\/logolow2a.png\",\"contentUrl\":\"https:\/\/deputadotaveirajr.com.br\/wp-content\/uploads\/2026\/01\/logolow2a.png\",\"width\":290,\"height\":80,\"caption\":\"Taveira Jr\"},\"image\":{\"@id\":\"https:\/\/deputadotaveirajr.com.br\/#\/schema\/logo\/image\/\"}}]}<\/script>\n<!-- \/ Yoast SEO plugin. -->","yoast_head_json":{"title":"Em protesto, pescadores e moradores de Ponta Negra pedem consulta pr\u00e9via \u00e0 comunidade local sobre a engorda de Ponta Negra - Taveira Jr","robots":{"index":"index","follow":"follow","max-snippet":"max-snippet:-1","max-image-preview":"max-image-preview:large","max-video-preview":"max-video-preview:-1"},"canonical":"https:\/\/deputadotaveirajr.com.br\/index.php\/em-protesto-pescadores-e-moradores-de-ponta-negra-pedem-consulta-previa-a-comunidade-local-sobre-a-engorda-de-ponta-negra\/","og_locale":"pt_BR","og_type":"article","og_title":"Em protesto, pescadores e moradores de Ponta Negra pedem consulta pr\u00e9via \u00e0 comunidade local sobre a engorda de Ponta Negra - Taveira Jr","og_description":"De acordo com os manifestantes, a \u00e1rea tem mais de 200 fam\u00edlias que dependem da pesca como fonte de renda. Pescadores e familiares de comunidades tradicionais protestaram nesta quarta-feira (24) ...","og_url":"https:\/\/deputadotaveirajr.com.br\/index.php\/em-protesto-pescadores-e-moradores-de-ponta-negra-pedem-consulta-previa-a-comunidade-local-sobre-a-engorda-de-ponta-negra\/","og_site_name":"Taveira Jr","og_image":[{"width":1599,"height":899,"url":"https:\/\/deputadotaveirajr.com.br\/wp-content\/uploads\/2024\/07\/whatsapp-image-2024-07-24-at-15.18.04-Ykd0fH.jpeg","type":"image\/jpeg"}],"twitter_card":"summary_large_image","twitter_misc":{"Est. tempo de leitura":"4 minutos"},"schema":{"@context":"https:\/\/schema.org","@graph":[{"@type":"WebPage","@id":"https:\/\/deputadotaveirajr.com.br\/index.php\/em-protesto-pescadores-e-moradores-de-ponta-negra-pedem-consulta-previa-a-comunidade-local-sobre-a-engorda-de-ponta-negra\/","url":"https:\/\/deputadotaveirajr.com.br\/index.php\/em-protesto-pescadores-e-moradores-de-ponta-negra-pedem-consulta-previa-a-comunidade-local-sobre-a-engorda-de-ponta-negra\/","name":"Em protesto, pescadores e moradores de Ponta Negra pedem consulta pr\u00e9via \u00e0 comunidade local sobre a engorda de Ponta Negra - Taveira Jr","isPartOf":{"@id":"https:\/\/deputadotaveirajr.com.br\/#website"},"primaryImageOfPage":{"@id":"https:\/\/deputadotaveirajr.com.br\/index.php\/em-protesto-pescadores-e-moradores-de-ponta-negra-pedem-consulta-previa-a-comunidade-local-sobre-a-engorda-de-ponta-negra\/#primaryimage"},"image":{"@id":"https:\/\/deputadotaveirajr.com.br\/index.php\/em-protesto-pescadores-e-moradores-de-ponta-negra-pedem-consulta-previa-a-comunidade-local-sobre-a-engorda-de-ponta-negra\/#primaryimage"},"thumbnailUrl":"https:\/\/deputadotaveirajr.com.br\/wp-content\/uploads\/2024\/07\/whatsapp-image-2024-07-24-at-15.18.04-Ykd0fH.jpeg","datePublished":"2024-07-24T23:01:49+00:00","breadcrumb":{"@id":"https:\/\/deputadotaveirajr.com.br\/index.php\/em-protesto-pescadores-e-moradores-de-ponta-negra-pedem-consulta-previa-a-comunidade-local-sobre-a-engorda-de-ponta-negra\/#breadcrumb"},"inLanguage":"pt-BR","potentialAction":[{"@type":"ReadAction","target":["https:\/\/deputadotaveirajr.com.br\/index.php\/em-protesto-pescadores-e-moradores-de-ponta-negra-pedem-consulta-previa-a-comunidade-local-sobre-a-engorda-de-ponta-negra\/"]}]},{"@type":"ImageObject","inLanguage":"pt-BR","@id":"https:\/\/deputadotaveirajr.com.br\/index.php\/em-protesto-pescadores-e-moradores-de-ponta-negra-pedem-consulta-previa-a-comunidade-local-sobre-a-engorda-de-ponta-negra\/#primaryimage","url":"https:\/\/deputadotaveirajr.com.br\/wp-content\/uploads\/2024\/07\/whatsapp-image-2024-07-24-at-15.18.04-Ykd0fH.jpeg","contentUrl":"https:\/\/deputadotaveirajr.com.br\/wp-content\/uploads\/2024\/07\/whatsapp-image-2024-07-24-at-15.18.04-Ykd0fH.jpeg","width":1599,"height":899},{"@type":"BreadcrumbList","@id":"https:\/\/deputadotaveirajr.com.br\/index.php\/em-protesto-pescadores-e-moradores-de-ponta-negra-pedem-consulta-previa-a-comunidade-local-sobre-a-engorda-de-ponta-negra\/#breadcrumb","itemListElement":[{"@type":"ListItem","position":1,"name":"In\u00edcio","item":"https:\/\/deputadotaveirajr.com.br\/"},{"@type":"ListItem","position":2,"name":"Em protesto, pescadores e moradores de Ponta Negra pedem consulta pr\u00e9via \u00e0 comunidade local sobre a engorda de Ponta Negra"}]},{"@type":"WebSite","@id":"https:\/\/deputadotaveirajr.com.br\/#website","url":"https:\/\/deputadotaveirajr.com.br\/","name":"Taveira Jr","description":"Deputado Estadual","publisher":{"@id":"https:\/\/deputadotaveirajr.com.br\/#organization"},"potentialAction":[{"@type":"SearchAction","target":{"@type":"EntryPoint","urlTemplate":"https:\/\/deputadotaveirajr.com.br\/?s={search_term_string}"},"query-input":{"@type":"PropertyValueSpecification","valueRequired":true,"valueName":"search_term_string"}}],"inLanguage":"pt-BR"},{"@type":"Organization","@id":"https:\/\/deputadotaveirajr.com.br\/#organization","name":"Taveira Jr","url":"https:\/\/deputadotaveirajr.com.br\/","logo":{"@type":"ImageObject","inLanguage":"pt-BR","@id":"https:\/\/deputadotaveirajr.com.br\/#\/schema\/logo\/image\/","url":"https:\/\/deputadotaveirajr.com.br\/wp-content\/uploads\/2026\/01\/logolow2a.png","contentUrl":"https:\/\/deputadotaveirajr.com.br\/wp-content\/uploads\/2026\/01\/logolow2a.png","width":290,"height":80,"caption":"Taveira Jr"},"image":{"@id":"https:\/\/deputadotaveirajr.com.br\/#\/schema\/logo\/image\/"}}]}},"_links":{"self":[{"href":"https:\/\/deputadotaveirajr.com.br\/index.php\/wp-json\/wp\/v2\/pages\/8023","targetHints":{"allow":["GET"]}}],"collection":[{"href":"https:\/\/deputadotaveirajr.com.br\/index.php\/wp-json\/wp\/v2\/pages"}],"about":[{"href":"https:\/\/deputadotaveirajr.com.br\/index.php\/wp-json\/wp\/v2\/types\/page"}],"replies":[{"embeddable":true,"href":"https:\/\/deputadotaveirajr.com.br\/index.php\/wp-json\/wp\/v2\/comments?post=8023"}],"version-history":[{"count":1,"href":"https:\/\/deputadotaveirajr.com.br\/index.php\/wp-json\/wp\/v2\/pages\/8023\/revisions"}],"predecessor-version":[{"id":8028,"href":"https:\/\/deputadotaveirajr.com.br\/index.php\/wp-json\/wp\/v2\/pages\/8023\/revisions\/8028"}],"wp:featuredmedia":[{"embeddable":true,"href":"https:\/\/deputadotaveirajr.com.br\/index.php\/wp-json\/wp\/v2\/media\/8024"}],"wp:attachment":[{"href":"https:\/\/deputadotaveirajr.com.br\/index.php\/wp-json\/wp\/v2\/media?parent=8023"}],"curies":[{"name":"wp","href":"https:\/\/api.w.org\/{rel}","templated":true}]}}