{"id":8044,"date":"2024-07-25T14:49:23","date_gmt":"2024-07-25T17:49:23","guid":{"rendered":"https:\/\/deputadotaveirajr.com.br\/?page_id=8044"},"modified":"2024-07-25T14:49:23","modified_gmt":"2024-07-25T17:49:23","slug":"prefeitura-de-natal-aciona-justica-para-que-pedido-do-mpf-de-anulacao-de-licencas-da-engorda-de-ponta-negra-seja-negado","status":"publish","type":"page","link":"https:\/\/deputadotaveirajr.com.br\/index.php\/prefeitura-de-natal-aciona-justica-para-que-pedido-do-mpf-de-anulacao-de-licencas-da-engorda-de-ponta-negra-seja-negado\/","title":{"rendered":"Prefeitura de Natal aciona Justi\u00e7a para que pedido do MPF de anula\u00e7\u00e3o de licen\u00e7as da engorda de Ponta Negra seja negado"},"content":{"rendered":"<p>     MPF entrou com uma a\u00e7\u00e3o civil p\u00fablica na Justi\u00e7a Federal nesta quarta-feira (24). Procuradoria-Geral do Munic\u00edpio informou que fez uma manifesta\u00e7\u00e3o antecipada para indeferir pedido. A Vila de Ponta \u00e9 um territ\u00f3rio tradicionalmente pesqueiro<br \/>\nFernanda Zauli\/g1<br \/>\nA prefeitura de Natal acionou a Justi\u00e7a Federal solicitando o indeferimento da a\u00e7\u00e3o do Minist\u00e9rio P\u00fablico Federal que pede a anula\u00e7\u00e3o de todas as licen\u00e7as ambientais da obra de engorda da praia de Ponta Negra, em Natal, j\u00e1 emitidas pelo Instituto de Desenvolvimento Sustent\u00e1vel e Meio Ambiente (Idema).<br \/>\nA informa\u00e7\u00e3o foi confirmada pelo procurador-geral do Munic\u00edpio, Thiago Tavares Queiroz, \u00e0 Inter TV Cabugi na manh\u00e3 desta quinta-feira (25). A a\u00e7\u00e3o do MPF foi divulgada na quarta (24).<br \/>\n\ud83d\udcf3Participe do canal do g1 RN no WhatsApp<br \/>\nSegundo o procurador-geral, a a\u00e7\u00e3o se trata de uma manifesta\u00e7\u00e3o antecipada \u00e0 Justi\u00e7a Federal. O procurador-geral explicou que, no documento, o Munic\u00edpio alegou pontos que considera importantes que sejam analisados pela ju\u00edza do caso.<br \/>\nA a\u00e7\u00e3o civil p\u00fablica com o pedido do Minist\u00e9rio P\u00fablico Federal est\u00e1 sendo analisada pela ju\u00edza Moniky Mayara, da 5\u00aa Vara Federal do Rio Grande do Norte. At\u00e9 a manh\u00e3 desta quinta-feira (25), nenhuma decis\u00e3o havia sido tomada.<br \/>\nQuanto \u00e0 a\u00e7\u00e3o do MPF, a Procuradoria-Geral do Estado do Rio Grande do Norte (PGE) informou que aguarda a notifica\u00e7\u00e3o judicial para se pronunciar, o que n\u00e3o havia ocorrido at\u00e9 a manh\u00e3 desta quinta.<br \/>\nMPF pede anula\u00e7\u00e3o das licen\u00e7as<br \/>\nO Minist\u00e9rio P\u00fablico Federal (MPF) entrou com uma a\u00e7\u00e3o civil p\u00fablica pedindo a anula\u00e7\u00e3o de todas as licen\u00e7as ambientais da obra de engorda da praia de Ponta Negra, em Natal, j\u00e1 emitidas pelo Instituto de Desenvolvimento Sustent\u00e1vel e Meio Ambiente (Idema).<br \/>\nA medida foi tomada um dia ap\u00f3s o Idema emitir a licen\u00e7a de instala\u00e7\u00e3o e opera\u00e7\u00e3o da obra, o que permite o in\u00edcio da execu\u00e7\u00e3o.<br \/>\nNa a\u00e7\u00e3o, o MPF alega que \u00e9 &#8220;certo que h\u00e1 preju\u00edzo \u00e0s comunidades tradicionais situadas na localidade do empreendimento&#8221; e que n\u00e3o houve consulta pr\u00e9via a essas comunidades.<br \/>\nO \u00f3rg\u00e3o pede, em regime de urg\u00eancia, a imediata suspens\u00e3o de qualquer interven\u00e7\u00e3o na \u00e1rea e no entorno da Praia de Ponta Negra.<br \/>\nNa tarde de quarta-feira (24), pescadores e moradores de comunidades tradicionais protestaram contra a falta de di\u00e1logo no processo que culminou a libera\u00e7\u00e3o da licen\u00e7a para a obra da engorda.<br \/>\nO MPF pede ainda a condena\u00e7\u00e3o do Idema a realizar a Consulta Livre, Pr\u00e9via e Informada das comunidades tradicionais da \u00e1rea e a &#8220;condicionar todo e qualquer licenciamento ambiental ao efetivo cumprimento de eventuais medidas mitigat\u00f3rias e\/ou compensat\u00f3rias porventura pertinentes&#8221;.<br \/>\nNo dia 16 de julho a Federa\u00e7\u00e3o dos Pescadores do Rio Grande do Norte informou que n\u00e3o havia sido consultada ou oficiada por nenhum \u00f3rg\u00e3o interessado na engorda. Na ocasi\u00e3o, a entidade pediu ao Idema acesso ao processo que trata da obra de engorda.<br \/>\nA a\u00e7\u00e3o civil p\u00fablica \u00e9 assinada pelo procurador da Rep\u00fablica Daniel Fontenele Sampaio Cunha.<br \/>\nLicen\u00e7a por determina\u00e7\u00e3o judicial<br \/>\nSegundo o diretor geral do Idema, Werner Farkatt, a licen\u00e7a de instala\u00e7\u00e3o e oprea\u00e7\u00e3o foi emitida para cumprir uma determina\u00e7\u00e3o judicial da sexta-feira (19), do juiz Geraldo Ant\u00f4nio da Mota, da 3\u00aa Vara da Fazenda P\u00fablica de Natal,  que determinou que o Idema concedesse de forma imediata a licen\u00e7a (veja detalhes mais abaixo).<br \/>\n&#8220;At\u00e9 a sexta-feira o Idema estava trabalhando, caminhando para chegar numa conclus\u00e3o desse processo. N\u00f3s est\u00e1vamos discutindo periodicamente com a equipe t\u00e9cnica contratada pela prefeitura. Infelizmente, o \u00e2mbito t\u00e9cnico foi contaminado e usaram de toda sorte e de artimanhas para for\u00e7ar a libera\u00e7\u00e3o dessa licen\u00e7a. Estamos emitindo a licen\u00e7a sob uma ordem judicial&#8221;, disse.<br \/>\nO ato administrativo permite o in\u00edcio das interven\u00e7\u00f5es na orla, mas imp\u00f5e condicionantes &#8211; e algumas delas precisam ser cumpridas antes da execu\u00e7\u00e3o da obra, como a drenagem conclu\u00edda em todos pontos em que a engorda estiver sendo executada.<br \/>\nUm impasse em rela\u00e7\u00e3o \u00e0 obra tem ocorrido de forma mais intensa h\u00e1 pelo menos duas semanas, ap\u00f3s a chegada &#8211; e partida &#8211; da draga que executaria o servi\u00e7o. Isso ocorreu porque o Idema n\u00e3o havia concedido as licen\u00e7as ambientais para execu\u00e7\u00e3o da obra, alegando que a prefeitura de Natal apresentou algumas respostas &#8220;fr\u00e1geis&#8221; a questionamentos feitos.<br \/>\nSegundo o diretor geral do Idema, a licen\u00e7a sairia nesta semana com algumas condicionantes, &#8220;que s\u00e3o praxes, crit\u00e9rios normais em qualquer ato de licenciamento&#8221;. Werner Farkatt explicou que o \u00f3rg\u00e3o confia que a equipe t\u00e9cnica contratada pela prefeitura ir\u00e1 executar o trabalho com responsabilidade.<br \/>\n&#8220;Nosso corpo t\u00e9cnico emitiu um relat\u00f3rio com todas as quest\u00f5es que trazem inseguran\u00e7a \u00e0 execu\u00e7\u00e3o dessa obra, na nossa \u00f3tica. A prefeitura n\u00e3o est\u00e1 livre para fazer a obra de qualquer maneira, ela tem que acompanhar de alguma maneira os ritos dessas condicionantes&#8221;, pontuou.<br \/>\nCondicionantes<br \/>\nA emiss\u00e3o da licen\u00e7a estabeleceu 83 condicionantes que dever\u00e3o ser atendidas pelo empreendedor. Entre os principais pontos que precisam de complementa\u00e7\u00f5es, est\u00e3o:<br \/>\na realiza\u00e7\u00e3o de monitoramento da eros\u00e3o costeira;<br \/>\no comportamento da praia afetada e adjacentes, e das esp\u00e9cies marinhas no entorno da jazida de onde ser\u00e1 retirada a areia;<br \/>\na observ\u00e2ncia \u00e0s especificidades e compatibilidade do projeto de drenagem com a obra do aterro hidr\u00e1ulico;<br \/>\nmonitoramento e execu\u00e7\u00e3o do Plano de Gerenciamento de Res\u00edduos S\u00f3lido;<br \/>\napresentar e executar no prazo de 20 dias a complementa\u00e7\u00e3o dos dados de crust\u00e1ceos terrestre com dados secund\u00e1rios;<br \/>\napresentar, no prazo de 30 dias, o mapeamento completo de toda a \u00c1rea Diretamente Afetada-ADA e da \u00c1rea de Influ\u00eancia Direta-AID, com objetivo de identificar \u00e1reas recifais, sejam \u00e1reas de fundo consolidado natural ou artificial;<br \/>\napresentar em 20 dias estudos complementares referentes \u00e0 fauna e flora presentes, al\u00e9m dos dados prim\u00e1rios da ictiofauna da \u00e1rea da jazida;<br \/>\napresentar, num prazo m\u00e1ximo de 20 dias, relat\u00f3rio conclusivo da Consulta Livre, Pr\u00e9via e Informada.<br \/>\nPedido de licen\u00e7a<br \/>\nO pedido de licen\u00e7a de instala\u00e7\u00e3o e opera\u00e7\u00e3o foi solicitado pela prefeitura no dia 12 de junho e o Idema tinha 120 dias para analisar e responder \u00e0 documenta\u00e7\u00e3o &#8211; at\u00e9 outubro. O \u00f3rg\u00e3o fez questionamentos ao projeto do Munic\u00edpio, que inicialmente constava com 17 quest\u00f5es n\u00e3o respondidas &#8211; n\u00famero que diminuiu para oito.<br \/>\nNa semana passada, a prefeitura de Natal respondeu aos oito questionamentos considerados fr\u00e1geis e o Idema informou na sexta-feira (19) que as respostas foram &#8220;satisfat\u00f3rias&#8221;, e que a an\u00e1lise do conte\u00fado ficou em &#8220;est\u00e1gio avan\u00e7ado de conclus\u00e3o&#8221;.<br \/>\nO Minist\u00e9rio P\u00fablico Federal (MPF) recomendou &#8211; tamb\u00e9m na semana passada &#8211; que Idema n\u00e3o concedesse a licen\u00e7a ambiental sem consulta pr\u00e9via das comunidades impactadas, como, por exemplo, os pescadores da praia.<br \/>\nQUESTIONAMENTOS N\u00c3O RESPONDIDOS: Veja os 8 pontos n\u00e3o respondidos pela Prefeitura de Natal ao Idema<br \/>\nRESPOSTAS DO MUNIC\u00cdPIO: Veja o que a prefeitura diz sobre os pontos cobrados pelo Idema<br \/>\nTUBAR\u00d5ES? AFOGAMENTOS? Especialista esclarece d\u00favidas sobre a engorda em Natal<br \/>\nPESCA: Entidade pede &#8216;estudos mais aprofundados&#8217; e acesso ao processo da obra<br \/>\nCOMO FUNCIONA: Entenda como ser\u00e1 a obra de engorda<br \/>\nDecis\u00e3o judicial<br \/>\nA decis\u00e3o liminar do juiz Geraldo Ant\u00f4nio da Mota determinou que o Idema d\u00ea a licen\u00e7a &#8220;dado o longo prazo transcorrido para resposta&#8221; ou que o \u00f3rg\u00e3o indique as raz\u00f5es de n\u00e3o a conced\u00ea-la ao Munic\u00edpio em at\u00e9 10 dias.<br \/>\nNa decis\u00e3o, juiz citou que o Idema concedeu, em 2023, a licen\u00e7a pr\u00e9via para que a obra acontecesse &#8211; essa licen\u00e7a, no entanto, n\u00e3o autoriza a instala\u00e7\u00e3o e opera\u00e7\u00e3o da obra.<br \/>\nSegundo o juiz, no documento pr\u00e9vio, o \u00f3rg\u00e3o estadual reconheceu a &#8220;viabilidade ambiental solicitada pelo ente p\u00fablico municipal, tendo elencado determinadas condicionantes a serem atendidas pelo Munic\u00edpio de Natal&#8221;<br \/>\nO juiz citou que, entre as condicionantes elencadas na referida licen\u00e7a pr\u00e9via, n\u00e3o constava a necessidade de realiza\u00e7\u00e3o de consulta livre, pr\u00e9via e informada \u00e0s comunidades impactadas.<br \/>\nPortanto, n\u00e3o considerou &#8220;razo\u00e1vel&#8221; por parte do Idema &#8220;inovar nos crit\u00e9rios anteriormente fixados, para criar exig\u00eancias de maior complexidade nessa fase do processo, tendo em vista que o ente p\u00fablico municipal e o \u00f3rg\u00e3o de apoio t\u00e9cnico contratado se prepararam para o atendimento dos quesitos fixados na licen\u00e7a pr\u00e9via&#8221;.<br \/>\nO juiz citou ainda que o Idema de crit\u00e9rios que n\u00e3o se encontravam previstos na licen\u00e7a pr\u00e9via, &#8220;para retardar a expedi\u00e7\u00e3o dos atos administrativos necess\u00e1rios, &#8220;prejudicando assim sem motivo id\u00f4neo o cumprimento do cronograma da obra&#8221;.<br \/>\nSegundo a decis\u00e3o, &#8220;a partir do momento que o requerente preenche os requisitos legais, \u00e9 dever da administra\u00e7\u00e3o p\u00fablica autorizar a concess\u00e3o da licen\u00e7a, n\u00e3o podendo se valer de crit\u00e9rios discricion\u00e1rios para definir o momento mais adequado, de acordo com par\u00e2metros pr\u00f3prios de conveni\u00eancia e oportunidade&#8221;.<br \/>\nIdema diz que deve finalizar an\u00e1lise de licen\u00e7a da engorda at\u00e9 pr\u00f3xima semana<br \/>\nImpasse<br \/>\nO impasse em rela\u00e7\u00e3o \u00e0 obra da engorda de Ponta Negra aumentou ap\u00f3s a draga holandesa, que havia chegado no dia 24 de junho em Natal para executar a obra, ir embora no dia 7 de julho sem ter sido utilizada, j\u00e1 que a licen\u00e7a ambiental para o in\u00edcio da obra ainda n\u00e3o havia sido concedida pelo Idema.<br \/>\nO Munic\u00edpio solicitou a licen\u00e7a de instala\u00e7\u00e3o &#8211; que autoriza a execu\u00e7\u00e3o do projeto &#8211; no dia 12 de junho. O Idema &#8211; \u00f3rg\u00e3o estadual respons\u00e1vel pela autoriza\u00e7\u00e3o &#8211; tinha o prazo legal de 120 dias para emitir a licen\u00e7a. Ou seja, at\u00e9 outubro.<br \/>\nNo dia seguinte, em 8 de julho, manifestantes ocuparam a sede do Idema para cobrar o in\u00edcio da obra da engorda. Entre os manifestantes, estavam o prefeito de Natal, \u00c1lvaro Dias (Republicanos) e o secret\u00e1rio municipal de Urbanismo e Meio Ambiente, Thiago Mesquita.<br \/>\nHouve confus\u00e3o, port\u00f5es do Instituto foram quebrados e um bolsista registrou boletim de ocorr\u00eancia por agress\u00e3o.<br \/>\nV\u00eddeos mais assistidos do g1 RN<\/p>","protected":false},"excerpt":{"rendered":"<p>MPF entrou com uma a\u00e7\u00e3o civil p\u00fablica na Justi\u00e7a Federal nesta quarta-feira (24). Procuradoria-Geral do Munic\u00edpio informou que fez uma manifesta\u00e7\u00e3o antecipada para indeferir pedido. A Vila de Ponta \u00e9 &#8230;<\/p>\n","protected":false},"author":0,"featured_media":8045,"parent":0,"menu_order":0,"comment_status":"closed","ping_status":"closed","template":"","meta":{"footnotes":""},"class_list":["post-8044","page","type-page","status-publish","has-post-thumbnail","hentry"],"yoast_head":"<!-- This site is optimized with the Yoast SEO plugin v27.1.1 - https:\/\/yoast.com\/product\/yoast-seo-wordpress\/ -->\n<title>Prefeitura de Natal aciona Justi\u00e7a para que pedido do MPF de anula\u00e7\u00e3o de licen\u00e7as da engorda de Ponta Negra seja negado - Taveira Jr<\/title>\n<meta name=\"robots\" content=\"index, follow, max-snippet:-1, max-image-preview:large, max-video-preview:-1\" \/>\n<link rel=\"canonical\" href=\"https:\/\/deputadotaveirajr.com.br\/index.php\/prefeitura-de-natal-aciona-justica-para-que-pedido-do-mpf-de-anulacao-de-licencas-da-engorda-de-ponta-negra-seja-negado\/\" \/>\n<meta property=\"og:locale\" content=\"pt_BR\" \/>\n<meta property=\"og:type\" content=\"article\" \/>\n<meta property=\"og:title\" content=\"Prefeitura de Natal aciona Justi\u00e7a para que pedido do MPF de anula\u00e7\u00e3o de licen\u00e7as da engorda de Ponta Negra seja negado - Taveira Jr\" \/>\n<meta property=\"og:description\" content=\"MPF entrou com uma a\u00e7\u00e3o civil p\u00fablica na Justi\u00e7a Federal nesta quarta-feira (24). Procuradoria-Geral do Munic\u00edpio informou que fez uma manifesta\u00e7\u00e3o antecipada para indeferir pedido. A Vila de Ponta \u00e9 ...\" \/>\n<meta property=\"og:url\" content=\"https:\/\/deputadotaveirajr.com.br\/index.php\/prefeitura-de-natal-aciona-justica-para-que-pedido-do-mpf-de-anulacao-de-licencas-da-engorda-de-ponta-negra-seja-negado\/\" \/>\n<meta property=\"og:site_name\" content=\"Taveira Jr\" \/>\n<meta property=\"og:image\" content=\"https:\/\/deputadotaveirajr.com.br\/wp-content\/uploads\/2024\/07\/whatsapp-image-2024-07-16-at-09.20.01-JE44Ck.jpeg\" \/>\n\t<meta property=\"og:image:width\" content=\"1600\" \/>\n\t<meta property=\"og:image:height\" content=\"899\" \/>\n\t<meta property=\"og:image:type\" content=\"image\/jpeg\" \/>\n<meta name=\"twitter:card\" content=\"summary_large_image\" \/>\n<meta name=\"twitter:label1\" content=\"Est. tempo de leitura\" \/>\n\t<meta name=\"twitter:data1\" content=\"9 minutos\" \/>\n<script type=\"application\/ld+json\" class=\"yoast-schema-graph\">{\"@context\":\"https:\/\/schema.org\",\"@graph\":[{\"@type\":\"WebPage\",\"@id\":\"https:\/\/deputadotaveirajr.com.br\/index.php\/prefeitura-de-natal-aciona-justica-para-que-pedido-do-mpf-de-anulacao-de-licencas-da-engorda-de-ponta-negra-seja-negado\/\",\"url\":\"https:\/\/deputadotaveirajr.com.br\/index.php\/prefeitura-de-natal-aciona-justica-para-que-pedido-do-mpf-de-anulacao-de-licencas-da-engorda-de-ponta-negra-seja-negado\/\",\"name\":\"Prefeitura de Natal aciona Justi\u00e7a para que pedido do MPF de anula\u00e7\u00e3o de licen\u00e7as da engorda de Ponta Negra seja negado - Taveira Jr\",\"isPartOf\":{\"@id\":\"https:\/\/deputadotaveirajr.com.br\/#website\"},\"primaryImageOfPage\":{\"@id\":\"https:\/\/deputadotaveirajr.com.br\/index.php\/prefeitura-de-natal-aciona-justica-para-que-pedido-do-mpf-de-anulacao-de-licencas-da-engorda-de-ponta-negra-seja-negado\/#primaryimage\"},\"image\":{\"@id\":\"https:\/\/deputadotaveirajr.com.br\/index.php\/prefeitura-de-natal-aciona-justica-para-que-pedido-do-mpf-de-anulacao-de-licencas-da-engorda-de-ponta-negra-seja-negado\/#primaryimage\"},\"thumbnailUrl\":\"https:\/\/deputadotaveirajr.com.br\/wp-content\/uploads\/2024\/07\/whatsapp-image-2024-07-16-at-09.20.01-JE44Ck.jpeg\",\"datePublished\":\"2024-07-25T17:49:23+00:00\",\"breadcrumb\":{\"@id\":\"https:\/\/deputadotaveirajr.com.br\/index.php\/prefeitura-de-natal-aciona-justica-para-que-pedido-do-mpf-de-anulacao-de-licencas-da-engorda-de-ponta-negra-seja-negado\/#breadcrumb\"},\"inLanguage\":\"pt-BR\",\"potentialAction\":[{\"@type\":\"ReadAction\",\"target\":[\"https:\/\/deputadotaveirajr.com.br\/index.php\/prefeitura-de-natal-aciona-justica-para-que-pedido-do-mpf-de-anulacao-de-licencas-da-engorda-de-ponta-negra-seja-negado\/\"]}]},{\"@type\":\"ImageObject\",\"inLanguage\":\"pt-BR\",\"@id\":\"https:\/\/deputadotaveirajr.com.br\/index.php\/prefeitura-de-natal-aciona-justica-para-que-pedido-do-mpf-de-anulacao-de-licencas-da-engorda-de-ponta-negra-seja-negado\/#primaryimage\",\"url\":\"https:\/\/deputadotaveirajr.com.br\/wp-content\/uploads\/2024\/07\/whatsapp-image-2024-07-16-at-09.20.01-JE44Ck.jpeg\",\"contentUrl\":\"https:\/\/deputadotaveirajr.com.br\/wp-content\/uploads\/2024\/07\/whatsapp-image-2024-07-16-at-09.20.01-JE44Ck.jpeg\",\"width\":1600,\"height\":899},{\"@type\":\"BreadcrumbList\",\"@id\":\"https:\/\/deputadotaveirajr.com.br\/index.php\/prefeitura-de-natal-aciona-justica-para-que-pedido-do-mpf-de-anulacao-de-licencas-da-engorda-de-ponta-negra-seja-negado\/#breadcrumb\",\"itemListElement\":[{\"@type\":\"ListItem\",\"position\":1,\"name\":\"In\u00edcio\",\"item\":\"https:\/\/deputadotaveirajr.com.br\/\"},{\"@type\":\"ListItem\",\"position\":2,\"name\":\"Prefeitura de Natal aciona Justi\u00e7a para que pedido do MPF de anula\u00e7\u00e3o de licen\u00e7as da engorda de Ponta Negra seja negado\"}]},{\"@type\":\"WebSite\",\"@id\":\"https:\/\/deputadotaveirajr.com.br\/#website\",\"url\":\"https:\/\/deputadotaveirajr.com.br\/\",\"name\":\"Taveira Jr\",\"description\":\"Deputado Estadual\",\"publisher\":{\"@id\":\"https:\/\/deputadotaveirajr.com.br\/#organization\"},\"potentialAction\":[{\"@type\":\"SearchAction\",\"target\":{\"@type\":\"EntryPoint\",\"urlTemplate\":\"https:\/\/deputadotaveirajr.com.br\/?s={search_term_string}\"},\"query-input\":{\"@type\":\"PropertyValueSpecification\",\"valueRequired\":true,\"valueName\":\"search_term_string\"}}],\"inLanguage\":\"pt-BR\"},{\"@type\":\"Organization\",\"@id\":\"https:\/\/deputadotaveirajr.com.br\/#organization\",\"name\":\"Taveira Jr\",\"url\":\"https:\/\/deputadotaveirajr.com.br\/\",\"logo\":{\"@type\":\"ImageObject\",\"inLanguage\":\"pt-BR\",\"@id\":\"https:\/\/deputadotaveirajr.com.br\/#\/schema\/logo\/image\/\",\"url\":\"https:\/\/deputadotaveirajr.com.br\/wp-content\/uploads\/2026\/01\/logolow2a.png\",\"contentUrl\":\"https:\/\/deputadotaveirajr.com.br\/wp-content\/uploads\/2026\/01\/logolow2a.png\",\"width\":290,\"height\":80,\"caption\":\"Taveira Jr\"},\"image\":{\"@id\":\"https:\/\/deputadotaveirajr.com.br\/#\/schema\/logo\/image\/\"}}]}<\/script>\n<!-- \/ Yoast SEO plugin. -->","yoast_head_json":{"title":"Prefeitura de Natal aciona Justi\u00e7a para que pedido do MPF de anula\u00e7\u00e3o de licen\u00e7as da engorda de Ponta Negra seja negado - Taveira Jr","robots":{"index":"index","follow":"follow","max-snippet":"max-snippet:-1","max-image-preview":"max-image-preview:large","max-video-preview":"max-video-preview:-1"},"canonical":"https:\/\/deputadotaveirajr.com.br\/index.php\/prefeitura-de-natal-aciona-justica-para-que-pedido-do-mpf-de-anulacao-de-licencas-da-engorda-de-ponta-negra-seja-negado\/","og_locale":"pt_BR","og_type":"article","og_title":"Prefeitura de Natal aciona Justi\u00e7a para que pedido do MPF de anula\u00e7\u00e3o de licen\u00e7as da engorda de Ponta Negra seja negado - Taveira Jr","og_description":"MPF entrou com uma a\u00e7\u00e3o civil p\u00fablica na Justi\u00e7a Federal nesta quarta-feira (24). Procuradoria-Geral do Munic\u00edpio informou que fez uma manifesta\u00e7\u00e3o antecipada para indeferir pedido. A Vila de Ponta \u00e9 ...","og_url":"https:\/\/deputadotaveirajr.com.br\/index.php\/prefeitura-de-natal-aciona-justica-para-que-pedido-do-mpf-de-anulacao-de-licencas-da-engorda-de-ponta-negra-seja-negado\/","og_site_name":"Taveira Jr","og_image":[{"width":1600,"height":899,"url":"https:\/\/deputadotaveirajr.com.br\/wp-content\/uploads\/2024\/07\/whatsapp-image-2024-07-16-at-09.20.01-JE44Ck.jpeg","type":"image\/jpeg"}],"twitter_card":"summary_large_image","twitter_misc":{"Est. tempo de leitura":"9 minutos"},"schema":{"@context":"https:\/\/schema.org","@graph":[{"@type":"WebPage","@id":"https:\/\/deputadotaveirajr.com.br\/index.php\/prefeitura-de-natal-aciona-justica-para-que-pedido-do-mpf-de-anulacao-de-licencas-da-engorda-de-ponta-negra-seja-negado\/","url":"https:\/\/deputadotaveirajr.com.br\/index.php\/prefeitura-de-natal-aciona-justica-para-que-pedido-do-mpf-de-anulacao-de-licencas-da-engorda-de-ponta-negra-seja-negado\/","name":"Prefeitura de Natal aciona Justi\u00e7a para que pedido do MPF de anula\u00e7\u00e3o de licen\u00e7as da engorda de Ponta Negra seja negado - Taveira Jr","isPartOf":{"@id":"https:\/\/deputadotaveirajr.com.br\/#website"},"primaryImageOfPage":{"@id":"https:\/\/deputadotaveirajr.com.br\/index.php\/prefeitura-de-natal-aciona-justica-para-que-pedido-do-mpf-de-anulacao-de-licencas-da-engorda-de-ponta-negra-seja-negado\/#primaryimage"},"image":{"@id":"https:\/\/deputadotaveirajr.com.br\/index.php\/prefeitura-de-natal-aciona-justica-para-que-pedido-do-mpf-de-anulacao-de-licencas-da-engorda-de-ponta-negra-seja-negado\/#primaryimage"},"thumbnailUrl":"https:\/\/deputadotaveirajr.com.br\/wp-content\/uploads\/2024\/07\/whatsapp-image-2024-07-16-at-09.20.01-JE44Ck.jpeg","datePublished":"2024-07-25T17:49:23+00:00","breadcrumb":{"@id":"https:\/\/deputadotaveirajr.com.br\/index.php\/prefeitura-de-natal-aciona-justica-para-que-pedido-do-mpf-de-anulacao-de-licencas-da-engorda-de-ponta-negra-seja-negado\/#breadcrumb"},"inLanguage":"pt-BR","potentialAction":[{"@type":"ReadAction","target":["https:\/\/deputadotaveirajr.com.br\/index.php\/prefeitura-de-natal-aciona-justica-para-que-pedido-do-mpf-de-anulacao-de-licencas-da-engorda-de-ponta-negra-seja-negado\/"]}]},{"@type":"ImageObject","inLanguage":"pt-BR","@id":"https:\/\/deputadotaveirajr.com.br\/index.php\/prefeitura-de-natal-aciona-justica-para-que-pedido-do-mpf-de-anulacao-de-licencas-da-engorda-de-ponta-negra-seja-negado\/#primaryimage","url":"https:\/\/deputadotaveirajr.com.br\/wp-content\/uploads\/2024\/07\/whatsapp-image-2024-07-16-at-09.20.01-JE44Ck.jpeg","contentUrl":"https:\/\/deputadotaveirajr.com.br\/wp-content\/uploads\/2024\/07\/whatsapp-image-2024-07-16-at-09.20.01-JE44Ck.jpeg","width":1600,"height":899},{"@type":"BreadcrumbList","@id":"https:\/\/deputadotaveirajr.com.br\/index.php\/prefeitura-de-natal-aciona-justica-para-que-pedido-do-mpf-de-anulacao-de-licencas-da-engorda-de-ponta-negra-seja-negado\/#breadcrumb","itemListElement":[{"@type":"ListItem","position":1,"name":"In\u00edcio","item":"https:\/\/deputadotaveirajr.com.br\/"},{"@type":"ListItem","position":2,"name":"Prefeitura de Natal aciona Justi\u00e7a para que pedido do MPF de anula\u00e7\u00e3o de licen\u00e7as da engorda de Ponta Negra seja negado"}]},{"@type":"WebSite","@id":"https:\/\/deputadotaveirajr.com.br\/#website","url":"https:\/\/deputadotaveirajr.com.br\/","name":"Taveira Jr","description":"Deputado Estadual","publisher":{"@id":"https:\/\/deputadotaveirajr.com.br\/#organization"},"potentialAction":[{"@type":"SearchAction","target":{"@type":"EntryPoint","urlTemplate":"https:\/\/deputadotaveirajr.com.br\/?s={search_term_string}"},"query-input":{"@type":"PropertyValueSpecification","valueRequired":true,"valueName":"search_term_string"}}],"inLanguage":"pt-BR"},{"@type":"Organization","@id":"https:\/\/deputadotaveirajr.com.br\/#organization","name":"Taveira Jr","url":"https:\/\/deputadotaveirajr.com.br\/","logo":{"@type":"ImageObject","inLanguage":"pt-BR","@id":"https:\/\/deputadotaveirajr.com.br\/#\/schema\/logo\/image\/","url":"https:\/\/deputadotaveirajr.com.br\/wp-content\/uploads\/2026\/01\/logolow2a.png","contentUrl":"https:\/\/deputadotaveirajr.com.br\/wp-content\/uploads\/2026\/01\/logolow2a.png","width":290,"height":80,"caption":"Taveira Jr"},"image":{"@id":"https:\/\/deputadotaveirajr.com.br\/#\/schema\/logo\/image\/"}}]}},"_links":{"self":[{"href":"https:\/\/deputadotaveirajr.com.br\/index.php\/wp-json\/wp\/v2\/pages\/8044","targetHints":{"allow":["GET"]}}],"collection":[{"href":"https:\/\/deputadotaveirajr.com.br\/index.php\/wp-json\/wp\/v2\/pages"}],"about":[{"href":"https:\/\/deputadotaveirajr.com.br\/index.php\/wp-json\/wp\/v2\/types\/page"}],"replies":[{"embeddable":true,"href":"https:\/\/deputadotaveirajr.com.br\/index.php\/wp-json\/wp\/v2\/comments?post=8044"}],"version-history":[{"count":1,"href":"https:\/\/deputadotaveirajr.com.br\/index.php\/wp-json\/wp\/v2\/pages\/8044\/revisions"}],"predecessor-version":[{"id":8050,"href":"https:\/\/deputadotaveirajr.com.br\/index.php\/wp-json\/wp\/v2\/pages\/8044\/revisions\/8050"}],"wp:featuredmedia":[{"embeddable":true,"href":"https:\/\/deputadotaveirajr.com.br\/index.php\/wp-json\/wp\/v2\/media\/8045"}],"wp:attachment":[{"href":"https:\/\/deputadotaveirajr.com.br\/index.php\/wp-json\/wp\/v2\/media?parent=8044"}],"curies":[{"name":"wp","href":"https:\/\/api.w.org\/{rel}","templated":true}]}}