{"id":8079,"date":"2024-07-26T20:32:44","date_gmt":"2024-07-26T23:32:44","guid":{"rendered":"https:\/\/deputadotaveirajr.com.br\/?page_id=8079"},"modified":"2024-07-26T20:32:44","modified_gmt":"2024-07-26T23:32:44","slug":"video-na-primeira-fila-bordadeiras-do-rn-vibram-com-desfile-do-brasil-nas-olimpiadas-de-paris","status":"publish","type":"page","link":"https:\/\/deputadotaveirajr.com.br\/index.php\/video-na-primeira-fila-bordadeiras-do-rn-vibram-com-desfile-do-brasil-nas-olimpiadas-de-paris\/","title":{"rendered":"V\u00cdDEO: Na primeira fila, bordadeiras do RN vibram com desfile do Brasil nas Olimp\u00edadas de Paris"},"content":{"rendered":"<p>     Salmira Clemente e Jailma Ara\u00fajo representaram, em Paris, as cerca de 80 bordadeiras de Timba\u00faba dos Batistas que produziram as artes estampadas no uniforme brasileiro.  Na primeira fila, bordadeiras do RN vibram com o desfile do Brasil em Paris<br \/>\nDuas bordadeiras de Timba\u00faba dos Batistas, pequena cidade do interior do Rio Grande do Norte, assistiram da primeira fila \u00e0 cerim\u00f4nia de abertura dos Jogos Ol\u00edmpicos de Paris 2024 nesta sexta-feira (26) e vibraram com o desfile da delega\u00e7\u00e3o brasileira no Rio Sena.<br \/>\nSalmira de Ara\u00fajo Torres Clemente e Jailma Ara\u00fajo representaram em Paris o grupo respons\u00e1vel pelos bordados que estamparam as jaquetas jeans do uniforme da delega\u00e7\u00e3o brasileira.<br \/>\n\ud83d\udcf3Participe do canal do g1 RN no WhatsApp<br \/>\nAs duas foram convidadas nesta sexta-feira &#8211; quando j\u00e1 estavam em Paris &#8211; para acompanharem o desfile de abertura da primeira fila. Elas vibraram e se emocionaram com o momento.<br \/>\n&#8220;O principal segredo \u00e9 que esse bordado representa, em parte, a cultura do nosso munic\u00edpio de Timba\u00faba dos Batistas. Ele passa de gera\u00e7\u00e3o para gera\u00e7\u00e3o e sempre nos foi ensinado pela m\u00e3e ou por algu\u00e9m da fam\u00edlia mais pr\u00f3ximo&#8221;, contou a bordadeira Salmira, que tem 68 anos e trabalha com isso h\u00e1 mais de 50.<br \/>\n&#8220;A gente carrega no cora\u00e7\u00e3o a arte de bordar e, a forma como ela \u00e9 repassada, aumenta a nossa responsabilidade pela perfei\u00e7\u00e3o do trabalho. Costumo dizer que nosso trabalho tem o tempero do amor, porque a gente aprendeu com nossas m\u00e3es&#8221;, completou.<br \/>\nJailma Ara\u00fajo e Salmira Clemente vibraram com desfile do Brasil<br \/>\nDivulga\u00e7\u00e3o<br \/>\nSalmira e Ja\u00edma em Paris<br \/>\nDivulga\u00e7\u00e3o<br \/>\nBordadeiras se re\u00fanem em Timba\u00faba<br \/>\nAs outras bordadeiras se reuniram na pr\u00f3pria cidade de Timba\u00faba dos Batistas para assistirem \u00e0 abertura da Olimp\u00edada de Paris. Elas s\u00e3o respons\u00e1veis pelas artes estampadas nos uniformes do Brasil.<br \/>\nAs trabalhadoras e as fam\u00edlias se reuniram no pr\u00e9dio do centro de conviv\u00eancia da cidade para acompanhar a cerim\u00f4nia em um tel\u00e3o. O grupo se juntou para presenciar a delega\u00e7\u00e3o brasileira e ver as artes que produziram sendo expostas para todo mundo.<br \/>\nA bordadeira Valdineide Dantas, de 34 anos, relatou o momento de alegria quando a delega\u00e7\u00e3o brasileira passou de barco no Rio Sena vestindo o uniforme com as artes.<br \/>\n&#8220;Sentimento \u00e9 de gratid\u00e3o a Deus por mais essa conquista do nosso bordado. Estamos todas muito emocionadas por viver esse momento&#8221;, comemorou Valdineide.<br \/>\nDuas bordadeiras foram acompanhar a abertura das Olimp\u00edadas em Paris, em uma comitiva formada pelo governo do Rio Grande do Norte. J\u00e1 na cerim\u00f4nia, elas foram convidadas para assistir o desfile na primeira fila.<br \/>\n&#8220;Isso \u00e9 um orgulho imenso pra todas as bordadeiras de Timba\u00faba dos Batistas&#8221;, comemorou a bordadeira Iranilda Batista.<br \/>\nBordadeiras em Timba\u00faba dos Batistas comemoram entrada da delega\u00e7\u00e3o brasileira em Paris<br \/>\nBordadeiras defenderam uniforme, que foi alvo de cr\u00edticas<br \/>\nNas \u00faltimas semanas, v\u00e1rias postagens e coment\u00e1rios foram publicados nas redes sociais com cr\u00edticas ao uniforme e com compara\u00e7\u00f5es com a vestimenta de delega\u00e7\u00f5es de outros pa\u00edses. Sugiram at\u00e9 modelos alternativos desenhados por estilistas para o Brasil. Nesta quarta (24), o presidente do COB, Paulo Wanderley, tamb\u00e9m rebateu as cr\u00edticas e disse que &#8220;N\u00e3o \u00e9 Paris Fashion Week&#8221;.<br \/>\nEm entrevista ao g1, a coordenadora de Desenvolvimento Econ\u00f4mico e Artesanato do Munic\u00edpio e presidente da Cooperativa das M\u00e3os Artesanais de Timba\u00faba dos Batistas, Jailma Ara\u00fajo, ressaltou a arte feita pelas bordadeiras. &#8220;Temos muito orgulho nosso trabalho&#8221;, resumiu.<br \/>\nPara a bordadeira Alcilene Medeiros, de 44 anos, que participou do bordado das artes nas jaquetas da delega\u00e7\u00e3o, alguns coment\u00e1rios s\u00e3o pesados e &#8220;v\u00e3o al\u00e9m da conta&#8221;. Ela disse que, pessoalmente, teria feito o modelo com algumas mudan\u00e7as, mas acredita que tamb\u00e9m haja preconceito nas cr\u00edticas diante do uniforme ter sido produzido no Nordeste.<br \/>\n&#8220;N\u00e3o \u00e9 s\u00f3 pela modelagem, acho que existe ali um pouquinho de preconceito por saberem que a roupa foi feita aqui no Nordeste. Pode at\u00e9 ser que n\u00e3o seja isso, mas a minha intui\u00e7\u00e3o diz que tamb\u00e9m \u00e9 isso. Eu creio que se a roupa tivesse sido feita em outro lugar, por um estilista famoso e com essa mesma modelagem, a repercuss\u00e3o poderia ser diferente&#8221;, disse.<br \/>\nAlcilene relatou que as cr\u00edticas t\u00eam afetado as bordadeiras e tamb\u00e9m as pessoas que admiram o trabalho. Apesar disso, disse que tem visto coment\u00e1rios que tamb\u00e9m valorizam os bordados.<br \/>\n&#8220;Todos ficam um pouquinho chateados em rela\u00e7\u00e3o aos coment\u00e1rios, mas de qualquer forma a gente sabe que n\u00e3o \u00e9 com o bordado esses coment\u00e1rios horrorosos&#8221;, disse.<br \/>\n&#8220;De toda forma a gente fica um pouquinho triste, porque isso prejudica tamb\u00e9m o nosso trabalho, nosso artesanato, nosso amor que foi colocado ali naquelas pe\u00e7as&#8221;.<br \/>\nA opini\u00e3o \u00e9 compartilhada pela bordadeira Valdineide Dantas, de 34 anos. &#8220;Me deixa triste de uma certa maneira, porque o trabalho desenvolvido pelo bordado foi feito com muito amor. Muita dedica\u00e7\u00e3o&#8221;, falou.<br \/>\n&#8220;N\u00e3o falo s\u00f3 por mim, mas pelas outras bordadeiras que se empenharam v\u00e1rios meses bordando araras, tucanos e on\u00e7as pra esse projeto&#8221;.<br \/>\nUniformes do Brasil levam artes de bordadeiras do RN<br \/>\nBordadeiras de Timba\u00faba dos Batistas , cidade de pouco mais de 2,3 mil habitantes no interior do Rio Grande do Norte, foram as respons\u00e1veis por confeccionar as artes das roupas que ser\u00e3o utilizadas pelos atletas do Brasil na abertura dos Jogos Olimp\u00edcos de Paris.<br \/>\nO trabalho foi feito nas jaquetas que ser\u00e3o usadas pela delega\u00e7\u00e3o, tendo sido bordadas imagens que representam a fauna brasileira, como tucanos, araras e on\u00e7as. Tudo foi feito de forma artesanal &#8211; pe\u00e7a por pe\u00e7a &#8211; pelas m\u00e3os das trabalhadoras da regi\u00e3o Serid\u00f3 do RN, polo desse tipo de atividade no estado.<br \/>\nEsse, no entanto, n\u00e3o \u00e9 o primeiro trabalho de relev\u00e2ncia feito pelas bordadeiras, que j\u00e1  haviam confeccionado o vestido de casamento da primeira-dama Janja, em 2022, e a roupa que a soci\u00f3loga usou na posse do terceiro mandato de Lula como presidente, em janeiro de 2023.<br \/>\nAs bordadeiras visam ganhar mais visibilidade e romper novas barreiras ao mostrar a arte delas para v\u00e1rios pa\u00edses do mundo no evento.<br \/>\n&#8220;Fiquei muito  feliz em pode participar de um trabalho t\u00e3o importante e lindo, realizado por v\u00e1rias bordadeiras aqui de Timba\u00faba. Todas estamos muito agradecidas em pode levar nossa arte para o mundo&#8221;, comemorou a bordadeira Valdineide Dantas, de 34 anos, que participou da produ\u00e7\u00e3o.<br \/>\nSegundo a Associa\u00e7\u00e3o das Bordadeiras de Timba\u00faba dos Dantas, fundada em 1984, o trabalho foi feito por 80 trabalhadoras da cidade &#8211; que usaram l\u00e1pis, agulha, goma e m\u00e1quinas de costura. O trabalho inicialmente havia sido iniciado por 18 profissionais, mas aumentou devido \u00e0 demanda.<br \/>\nBordadeiras do RN criam uniformes que a delega\u00e7\u00e3o brasileira vai usar nas Olimp\u00edadas de Paris<br \/>\nMais de 2 mil pe\u00e7as em 5 meses<br \/>\nForam, ao todo, mais de 2.484 pe\u00e7as confeccionadas e entregues em cerca de cinco meses &#8211; sendo o \u00faltimo lote em abril.<br \/>\nAs bordadeiras de Timba\u00faba dos Batistas foram as respons\u00e1veis por reproduzir os desenhos  &#8211; que j\u00e1 haviam sido criados pela Riachuelo, empresa fornecedora do uniforme &#8211; e depois bord\u00e1-los para que fossem enviados \u00e0 f\u00e1brica, onde as artes foram aplicadas nas jaquetas.<br \/>\nAl\u00e9m do prazo curto, outro desafio para as bordadeiras foram os desenhos, segundo a coordenadora de Desenvolvimento Econ\u00f4mico e Artesanato do Munic\u00edpio e presidente da Cooperativa das M\u00e3os Artesanais de Timba\u00faba dos Batistas, Jailma Ara\u00fajo.<br \/>\n&#8220;O nosso bordado tradicionalmente s\u00e3o rosas, flores, mais essa parte de cama, mesa e banho. A maior parte nunca tinha feito p\u00e1ssaro. N\u00f3s precisamos ensinar \u00e0 maioria delas&#8221;, contou.<br \/>\nEm m\u00e9dia, a cria\u00e7\u00e3o de uma pe\u00e7a durava at\u00e9 8 horas, segundo contou a bordadeira Valdineide Dantas.<br \/>\nA presidente da cooperativa, Ja\u00edlma Ara\u00fajo, contou ainda que muitas das bordadeiras tem outras profiss\u00f5es nas quais trabalham durante meio per\u00edodo. Segundo ela, isso foi motivado tamb\u00e9m por crises pela qual a atividade passou.<br \/>\nJailma Ara\u00fajo bordando arte que ser\u00e1 estampada em uniforme do Brasil na abertura das Olimp\u00edadas<br \/>\nReprodu\u00e7\u00e3o\/arquivo pessoal<br \/>\n&#8220;Tem aquela bordadeira que passa o dia inteiro em casa, que vive somente do bordado, que \u00e9 a maioria. E tem aquelas que dividem, trabalham em outra coisa em um per\u00edodo e com o bordado no outro&#8221;, disse.<br \/>\n&#8220;Alguma bordadeiras passaram de 10 a 12 horas [com a demanda], de domingo a domingo. Quiseram mesmo se dedicar a produzir o m\u00e1ximo que conseguiam&#8221;.<br \/>\nNos \u00faltimos anos, segundo ela, com o apoio do poder p\u00fablico na divulga\u00e7\u00e3o e comercializa\u00e7\u00e3o, &#8220;as oportunidades foram aparecendo e o bordado voltou a ser valorizado&#8221;.<br \/>\n&#8220;Isso motivou as nossas bordadeiras a acreditarem que o bordado \u00e9 a oportunidade de melhorar a nossa qualidade de vida&#8221;, disse.<br \/>\n&#8216;Realiza\u00e7\u00e3o de um sonho&#8217;<br \/>\nA bordadeira Jailma Ara\u00fajo disse que esse momento \u00e9 &#8220;a realiza\u00e7\u00e3o de um sonho&#8221; e que aguarda ansiosamente pela abertura. &#8220;Todo artes\u00e3o, todo artista tem o sonho de ver o seu trabalho reconhecido, sendo valorizado&#8221;, disse.<br \/>\n&#8220;E ter conquistado um trabalho que foi desafiador, pela quantidade e pela import\u00e2ncia que tinha esse projeto&#8230;ver que foi finalizado, que conseguimos realizar isso, \u00e9 motivo de muito orgulho pro nosso munic\u00edpio, pras nossas bordadeiras e pro nosso estado. \u00c9 muita felicidade, \u00e9 emocionante&#8221;, completou.<br \/>\nRoupa bordada pelas bordadeiras de Timba\u00faba dos Batistas<br \/>\nMarcel Merguizo\/ge\/ARQUIVO<br \/>\nCidade vive do bordado<br \/>\nValdineide Dantas aprendeu a costurar e bordar aos 11 anos de idade com a m\u00e3e dela, hoje com 55 anos, que tamb\u00e9m \u00e9 bordadeira. A hist\u00f3ria dela \u00e9 um exemplo de como a atividade \u00e9 imprescind\u00edvel na economia de Timba\u00faba dos Batistas e como atravessa gera\u00e7\u00f5es.<br \/>\nDe acordo com o Servi\u00e7o Brasileiro de Apoio \u00e0s Micro e Pequenas Empresas do RN (Sebrae-RN), um ter\u00e7o de trabalhadores da cidade est\u00e1 na atividade do bordado.<br \/>\nValdineide Dantas foi uma das bordadeiras do interior do RN que trabalharam na produ\u00e7\u00e3o<br \/>\nCedida<br \/>\n&#8220;Nossa cidade \u00e9 muito pequena e a renda principal v\u00eam do bordado. Esse projeto ajudou v\u00e1rias fam\u00edlias. O bordado \u00e9 minha \u00fanica fonte de renda&#8221;, contou a bordadeira Valdineide Dantas.<br \/>\nMuitas delas, assim como Valdineide, trabalham com a atividade na pr\u00f3pria casa. Ela contou que a maioria das pe\u00e7as confeccionadas para as Olimp\u00edadas passou pelas m\u00e3os dela, que foi respons\u00e1vel por colocar o desenho dos animais no tecido para depois serem bordadas por outras colegas &#8211; e por ela mesma. A \u00faltima etapa foi a aplica\u00e7\u00e3o nas jaquetas &#8211; passo feito na f\u00e1brica da Riachuelo.<br \/>\nA avalia\u00e7\u00e3o final ficou por conta da presidente da Cooperativa das M\u00e3os Artesanais de Timba\u00faba dos Batistas, Jailma Ara\u00fajo.<br \/>\n&#8220;Eu avaliava cuidadosamente os pontos e as cores. Todas as pe\u00e7as precisavam ficar exatamente iguais nas cores e pontos e principalmente a express\u00e3o facial o mais realista poss\u00edvel&#8221;, contou.<br \/>\nAl\u00e9m das jaquetas jeans com os animais bordados, os uniformes tamb\u00e9m s\u00e3o compostos por saia, cal\u00e7as e camisetas com as cores da bandeira do Brasil. Tudo feito em f\u00e1brica e com mat\u00e9ria-prima recicl\u00e1vel.<br \/>\nV\u00eddeos mais assistidos do g1 RN<\/p>","protected":false},"excerpt":{"rendered":"<p>Salmira Clemente e Jailma Ara\u00fajo representaram, em Paris, as cerca de 80 bordadeiras de Timba\u00faba dos Batistas que produziram as artes estampadas no uniforme brasileiro. Na primeira fila, bordadeiras do &#8230;<\/p>\n","protected":false},"author":0,"featured_media":8080,"parent":0,"menu_order":0,"comment_status":"closed","ping_status":"closed","template":"","meta":{"footnotes":""},"class_list":["post-8079","page","type-page","status-publish","has-post-thumbnail","hentry"],"yoast_head":"<!-- This site is optimized with the Yoast SEO plugin v27.1.1 - https:\/\/yoast.com\/product\/yoast-seo-wordpress\/ -->\n<title>V\u00cdDEO: Na primeira fila, bordadeiras do RN vibram com desfile do Brasil nas Olimp\u00edadas de Paris - Taveira Jr<\/title>\n<meta name=\"robots\" content=\"index, follow, max-snippet:-1, max-image-preview:large, max-video-preview:-1\" \/>\n<link rel=\"canonical\" href=\"https:\/\/deputadotaveirajr.com.br\/index.php\/video-na-primeira-fila-bordadeiras-do-rn-vibram-com-desfile-do-brasil-nas-olimpiadas-de-paris\/\" \/>\n<meta property=\"og:locale\" content=\"pt_BR\" \/>\n<meta property=\"og:type\" content=\"article\" \/>\n<meta property=\"og:title\" content=\"V\u00cdDEO: Na primeira fila, bordadeiras do RN vibram com desfile do Brasil nas Olimp\u00edadas de Paris - Taveira Jr\" \/>\n<meta property=\"og:description\" content=\"Salmira Clemente e Jailma Ara\u00fajo representaram, em Paris, as cerca de 80 bordadeiras de Timba\u00faba dos Batistas que produziram as artes estampadas no uniforme brasileiro. Na primeira fila, bordadeiras do ...\" \/>\n<meta property=\"og:url\" content=\"https:\/\/deputadotaveirajr.com.br\/index.php\/video-na-primeira-fila-bordadeiras-do-rn-vibram-com-desfile-do-brasil-nas-olimpiadas-de-paris\/\" \/>\n<meta property=\"og:site_name\" content=\"Taveira Jr\" \/>\n<meta property=\"og:image\" content=\"https:\/\/deputadotaveirajr.com.br\/wp-content\/uploads\/2024\/07\/vibram-2yrp6G.jpeg\" \/>\n\t<meta property=\"og:image:width\" content=\"609\" \/>\n\t<meta property=\"og:image:height\" content=\"757\" \/>\n\t<meta property=\"og:image:type\" content=\"image\/jpeg\" \/>\n<meta name=\"twitter:card\" content=\"summary_large_image\" \/>\n<meta name=\"twitter:label1\" content=\"Est. tempo de leitura\" \/>\n\t<meta name=\"twitter:data1\" content=\"10 minutos\" \/>\n<script type=\"application\/ld+json\" class=\"yoast-schema-graph\">{\"@context\":\"https:\/\/schema.org\",\"@graph\":[{\"@type\":\"WebPage\",\"@id\":\"https:\/\/deputadotaveirajr.com.br\/index.php\/video-na-primeira-fila-bordadeiras-do-rn-vibram-com-desfile-do-brasil-nas-olimpiadas-de-paris\/\",\"url\":\"https:\/\/deputadotaveirajr.com.br\/index.php\/video-na-primeira-fila-bordadeiras-do-rn-vibram-com-desfile-do-brasil-nas-olimpiadas-de-paris\/\",\"name\":\"V\u00cdDEO: Na primeira fila, bordadeiras do RN vibram com desfile do Brasil nas Olimp\u00edadas de Paris - Taveira Jr\",\"isPartOf\":{\"@id\":\"https:\/\/deputadotaveirajr.com.br\/#website\"},\"primaryImageOfPage\":{\"@id\":\"https:\/\/deputadotaveirajr.com.br\/index.php\/video-na-primeira-fila-bordadeiras-do-rn-vibram-com-desfile-do-brasil-nas-olimpiadas-de-paris\/#primaryimage\"},\"image\":{\"@id\":\"https:\/\/deputadotaveirajr.com.br\/index.php\/video-na-primeira-fila-bordadeiras-do-rn-vibram-com-desfile-do-brasil-nas-olimpiadas-de-paris\/#primaryimage\"},\"thumbnailUrl\":\"https:\/\/deputadotaveirajr.com.br\/wp-content\/uploads\/2024\/07\/vibram-2yrp6G.jpeg\",\"datePublished\":\"2024-07-26T23:32:44+00:00\",\"breadcrumb\":{\"@id\":\"https:\/\/deputadotaveirajr.com.br\/index.php\/video-na-primeira-fila-bordadeiras-do-rn-vibram-com-desfile-do-brasil-nas-olimpiadas-de-paris\/#breadcrumb\"},\"inLanguage\":\"pt-BR\",\"potentialAction\":[{\"@type\":\"ReadAction\",\"target\":[\"https:\/\/deputadotaveirajr.com.br\/index.php\/video-na-primeira-fila-bordadeiras-do-rn-vibram-com-desfile-do-brasil-nas-olimpiadas-de-paris\/\"]}]},{\"@type\":\"ImageObject\",\"inLanguage\":\"pt-BR\",\"@id\":\"https:\/\/deputadotaveirajr.com.br\/index.php\/video-na-primeira-fila-bordadeiras-do-rn-vibram-com-desfile-do-brasil-nas-olimpiadas-de-paris\/#primaryimage\",\"url\":\"https:\/\/deputadotaveirajr.com.br\/wp-content\/uploads\/2024\/07\/vibram-2yrp6G.jpeg\",\"contentUrl\":\"https:\/\/deputadotaveirajr.com.br\/wp-content\/uploads\/2024\/07\/vibram-2yrp6G.jpeg\",\"width\":609,\"height\":757},{\"@type\":\"BreadcrumbList\",\"@id\":\"https:\/\/deputadotaveirajr.com.br\/index.php\/video-na-primeira-fila-bordadeiras-do-rn-vibram-com-desfile-do-brasil-nas-olimpiadas-de-paris\/#breadcrumb\",\"itemListElement\":[{\"@type\":\"ListItem\",\"position\":1,\"name\":\"In\u00edcio\",\"item\":\"https:\/\/deputadotaveirajr.com.br\/\"},{\"@type\":\"ListItem\",\"position\":2,\"name\":\"V\u00cdDEO: Na primeira fila, bordadeiras do RN vibram com desfile do Brasil nas Olimp\u00edadas de Paris\"}]},{\"@type\":\"WebSite\",\"@id\":\"https:\/\/deputadotaveirajr.com.br\/#website\",\"url\":\"https:\/\/deputadotaveirajr.com.br\/\",\"name\":\"Taveira Jr\",\"description\":\"Deputado Estadual\",\"publisher\":{\"@id\":\"https:\/\/deputadotaveirajr.com.br\/#organization\"},\"potentialAction\":[{\"@type\":\"SearchAction\",\"target\":{\"@type\":\"EntryPoint\",\"urlTemplate\":\"https:\/\/deputadotaveirajr.com.br\/?s={search_term_string}\"},\"query-input\":{\"@type\":\"PropertyValueSpecification\",\"valueRequired\":true,\"valueName\":\"search_term_string\"}}],\"inLanguage\":\"pt-BR\"},{\"@type\":\"Organization\",\"@id\":\"https:\/\/deputadotaveirajr.com.br\/#organization\",\"name\":\"Taveira Jr\",\"url\":\"https:\/\/deputadotaveirajr.com.br\/\",\"logo\":{\"@type\":\"ImageObject\",\"inLanguage\":\"pt-BR\",\"@id\":\"https:\/\/deputadotaveirajr.com.br\/#\/schema\/logo\/image\/\",\"url\":\"https:\/\/deputadotaveirajr.com.br\/wp-content\/uploads\/2026\/01\/logolow2a.png\",\"contentUrl\":\"https:\/\/deputadotaveirajr.com.br\/wp-content\/uploads\/2026\/01\/logolow2a.png\",\"width\":290,\"height\":80,\"caption\":\"Taveira Jr\"},\"image\":{\"@id\":\"https:\/\/deputadotaveirajr.com.br\/#\/schema\/logo\/image\/\"}}]}<\/script>\n<!-- \/ Yoast SEO plugin. -->","yoast_head_json":{"title":"V\u00cdDEO: Na primeira fila, bordadeiras do RN vibram com desfile do Brasil nas Olimp\u00edadas de Paris - Taveira Jr","robots":{"index":"index","follow":"follow","max-snippet":"max-snippet:-1","max-image-preview":"max-image-preview:large","max-video-preview":"max-video-preview:-1"},"canonical":"https:\/\/deputadotaveirajr.com.br\/index.php\/video-na-primeira-fila-bordadeiras-do-rn-vibram-com-desfile-do-brasil-nas-olimpiadas-de-paris\/","og_locale":"pt_BR","og_type":"article","og_title":"V\u00cdDEO: Na primeira fila, bordadeiras do RN vibram com desfile do Brasil nas Olimp\u00edadas de Paris - Taveira Jr","og_description":"Salmira Clemente e Jailma Ara\u00fajo representaram, em Paris, as cerca de 80 bordadeiras de Timba\u00faba dos Batistas que produziram as artes estampadas no uniforme brasileiro. Na primeira fila, bordadeiras do ...","og_url":"https:\/\/deputadotaveirajr.com.br\/index.php\/video-na-primeira-fila-bordadeiras-do-rn-vibram-com-desfile-do-brasil-nas-olimpiadas-de-paris\/","og_site_name":"Taveira Jr","og_image":[{"width":609,"height":757,"url":"https:\/\/deputadotaveirajr.com.br\/wp-content\/uploads\/2024\/07\/vibram-2yrp6G.jpeg","type":"image\/jpeg"}],"twitter_card":"summary_large_image","twitter_misc":{"Est. tempo de leitura":"10 minutos"},"schema":{"@context":"https:\/\/schema.org","@graph":[{"@type":"WebPage","@id":"https:\/\/deputadotaveirajr.com.br\/index.php\/video-na-primeira-fila-bordadeiras-do-rn-vibram-com-desfile-do-brasil-nas-olimpiadas-de-paris\/","url":"https:\/\/deputadotaveirajr.com.br\/index.php\/video-na-primeira-fila-bordadeiras-do-rn-vibram-com-desfile-do-brasil-nas-olimpiadas-de-paris\/","name":"V\u00cdDEO: Na primeira fila, bordadeiras do RN vibram com desfile do Brasil nas Olimp\u00edadas de Paris - Taveira Jr","isPartOf":{"@id":"https:\/\/deputadotaveirajr.com.br\/#website"},"primaryImageOfPage":{"@id":"https:\/\/deputadotaveirajr.com.br\/index.php\/video-na-primeira-fila-bordadeiras-do-rn-vibram-com-desfile-do-brasil-nas-olimpiadas-de-paris\/#primaryimage"},"image":{"@id":"https:\/\/deputadotaveirajr.com.br\/index.php\/video-na-primeira-fila-bordadeiras-do-rn-vibram-com-desfile-do-brasil-nas-olimpiadas-de-paris\/#primaryimage"},"thumbnailUrl":"https:\/\/deputadotaveirajr.com.br\/wp-content\/uploads\/2024\/07\/vibram-2yrp6G.jpeg","datePublished":"2024-07-26T23:32:44+00:00","breadcrumb":{"@id":"https:\/\/deputadotaveirajr.com.br\/index.php\/video-na-primeira-fila-bordadeiras-do-rn-vibram-com-desfile-do-brasil-nas-olimpiadas-de-paris\/#breadcrumb"},"inLanguage":"pt-BR","potentialAction":[{"@type":"ReadAction","target":["https:\/\/deputadotaveirajr.com.br\/index.php\/video-na-primeira-fila-bordadeiras-do-rn-vibram-com-desfile-do-brasil-nas-olimpiadas-de-paris\/"]}]},{"@type":"ImageObject","inLanguage":"pt-BR","@id":"https:\/\/deputadotaveirajr.com.br\/index.php\/video-na-primeira-fila-bordadeiras-do-rn-vibram-com-desfile-do-brasil-nas-olimpiadas-de-paris\/#primaryimage","url":"https:\/\/deputadotaveirajr.com.br\/wp-content\/uploads\/2024\/07\/vibram-2yrp6G.jpeg","contentUrl":"https:\/\/deputadotaveirajr.com.br\/wp-content\/uploads\/2024\/07\/vibram-2yrp6G.jpeg","width":609,"height":757},{"@type":"BreadcrumbList","@id":"https:\/\/deputadotaveirajr.com.br\/index.php\/video-na-primeira-fila-bordadeiras-do-rn-vibram-com-desfile-do-brasil-nas-olimpiadas-de-paris\/#breadcrumb","itemListElement":[{"@type":"ListItem","position":1,"name":"In\u00edcio","item":"https:\/\/deputadotaveirajr.com.br\/"},{"@type":"ListItem","position":2,"name":"V\u00cdDEO: Na primeira fila, bordadeiras do RN vibram com desfile do Brasil nas Olimp\u00edadas de Paris"}]},{"@type":"WebSite","@id":"https:\/\/deputadotaveirajr.com.br\/#website","url":"https:\/\/deputadotaveirajr.com.br\/","name":"Taveira Jr","description":"Deputado Estadual","publisher":{"@id":"https:\/\/deputadotaveirajr.com.br\/#organization"},"potentialAction":[{"@type":"SearchAction","target":{"@type":"EntryPoint","urlTemplate":"https:\/\/deputadotaveirajr.com.br\/?s={search_term_string}"},"query-input":{"@type":"PropertyValueSpecification","valueRequired":true,"valueName":"search_term_string"}}],"inLanguage":"pt-BR"},{"@type":"Organization","@id":"https:\/\/deputadotaveirajr.com.br\/#organization","name":"Taveira Jr","url":"https:\/\/deputadotaveirajr.com.br\/","logo":{"@type":"ImageObject","inLanguage":"pt-BR","@id":"https:\/\/deputadotaveirajr.com.br\/#\/schema\/logo\/image\/","url":"https:\/\/deputadotaveirajr.com.br\/wp-content\/uploads\/2026\/01\/logolow2a.png","contentUrl":"https:\/\/deputadotaveirajr.com.br\/wp-content\/uploads\/2026\/01\/logolow2a.png","width":290,"height":80,"caption":"Taveira Jr"},"image":{"@id":"https:\/\/deputadotaveirajr.com.br\/#\/schema\/logo\/image\/"}}]}},"_links":{"self":[{"href":"https:\/\/deputadotaveirajr.com.br\/index.php\/wp-json\/wp\/v2\/pages\/8079","targetHints":{"allow":["GET"]}}],"collection":[{"href":"https:\/\/deputadotaveirajr.com.br\/index.php\/wp-json\/wp\/v2\/pages"}],"about":[{"href":"https:\/\/deputadotaveirajr.com.br\/index.php\/wp-json\/wp\/v2\/types\/page"}],"replies":[{"embeddable":true,"href":"https:\/\/deputadotaveirajr.com.br\/index.php\/wp-json\/wp\/v2\/comments?post=8079"}],"version-history":[{"count":1,"href":"https:\/\/deputadotaveirajr.com.br\/index.php\/wp-json\/wp\/v2\/pages\/8079\/revisions"}],"predecessor-version":[{"id":8082,"href":"https:\/\/deputadotaveirajr.com.br\/index.php\/wp-json\/wp\/v2\/pages\/8079\/revisions\/8082"}],"wp:featuredmedia":[{"embeddable":true,"href":"https:\/\/deputadotaveirajr.com.br\/index.php\/wp-json\/wp\/v2\/media\/8080"}],"wp:attachment":[{"href":"https:\/\/deputadotaveirajr.com.br\/index.php\/wp-json\/wp\/v2\/media?parent=8079"}],"curies":[{"name":"wp","href":"https:\/\/api.w.org\/{rel}","templated":true}]}}