{"id":8130,"date":"2024-07-29T16:26:59","date_gmt":"2024-07-29T19:26:59","guid":{"rendered":"https:\/\/deputadotaveirajr.com.br\/?page_id=8130"},"modified":"2024-07-29T16:26:59","modified_gmt":"2024-07-29T19:26:59","slug":"detran-rn-retoma-servicos-de-habilitacao-apos-instabilidade-no-sistema-de-biometria","status":"publish","type":"page","link":"https:\/\/deputadotaveirajr.com.br\/index.php\/detran-rn-retoma-servicos-de-habilitacao-apos-instabilidade-no-sistema-de-biometria\/","title":{"rendered":"Detran-RN retoma servi\u00e7os de habilita\u00e7\u00e3o ap\u00f3s instabilidade no sistema de biometria"},"content":{"rendered":"<p>     Atendimentos foram normalizados nesta segunda-feira (29). Entrega de CNH no Detran RN<br \/>\nDivulga\u00e7\u00e3o\/ARQUIVO<br \/>\nO Departamento Estadual de Tr\u00e2nsito do Rio Grande do Norte (Detran) retomou nesta segunda-feira (29) todos os servi\u00e7os de habilita\u00e7\u00e3o e exames nas cl\u00ednicas.<br \/>\nOs atendimentos estavam suspensos desde a \u00faltima quinta (25) por causa de uma instabilidade no sistema geral de coleta biom\u00e9trica.<br \/>\n\ud83d\udcf3Participe do canal do g1 RN no WhatsApp<br \/>\nDe acordo com o Detran, as pessoas que n\u00e3o foram atendidas nesse per\u00edodo de inconsist\u00eancia do sistema podem comparecer \u00e0 unidade durante esta semana, apresentando o comprovante de agendamento. Tamb\u00e9m \u00e9 poss\u00edvel agendar novo servi\u00e7o pelo Portal do Detran.<br \/>\nV\u00eddeos mais assistidos do g1 RN<\/p>","protected":false},"excerpt":{"rendered":"<p>Atendimentos foram normalizados nesta segunda-feira (29). Entrega de CNH no Detran RN Divulga\u00e7\u00e3o\/ARQUIVO O Departamento Estadual de Tr\u00e2nsito do Rio Grande do Norte (Detran) retomou nesta segunda-feira (29) todos os &#8230;<\/p>\n","protected":false},"author":0,"featured_media":8131,"parent":0,"menu_order":0,"comment_status":"closed","ping_status":"closed","template":"","meta":{"footnotes":""},"class_list":["post-8130","page","type-page","status-publish","has-post-thumbnail","hentry"],"yoast_head":"<!-- This site is optimized with the Yoast SEO plugin v27.1.1 - https:\/\/yoast.com\/product\/yoast-seo-wordpress\/ -->\n<title>Detran-RN retoma servi\u00e7os de habilita\u00e7\u00e3o ap\u00f3s instabilidade no sistema de biometria - Taveira Jr<\/title>\n<meta name=\"robots\" content=\"index, follow, max-snippet:-1, max-image-preview:large, max-video-preview:-1\" \/>\n<link rel=\"canonical\" href=\"https:\/\/deputadotaveirajr.com.br\/index.php\/detran-rn-retoma-servicos-de-habilitacao-apos-instabilidade-no-sistema-de-biometria\/\" \/>\n<meta property=\"og:locale\" content=\"pt_BR\" \/>\n<meta property=\"og:type\" content=\"article\" \/>\n<meta property=\"og:title\" content=\"Detran-RN retoma servi\u00e7os de habilita\u00e7\u00e3o ap\u00f3s instabilidade no sistema de biometria - Taveira Jr\" \/>\n<meta property=\"og:description\" content=\"Atendimentos foram normalizados nesta segunda-feira (29). Entrega de CNH no Detran RN Divulga\u00e7\u00e3o\/ARQUIVO O Departamento Estadual de Tr\u00e2nsito do Rio Grande do Norte (Detran) retomou nesta segunda-feira (29) todos os ...\" \/>\n<meta property=\"og:url\" content=\"https:\/\/deputadotaveirajr.com.br\/index.php\/detran-rn-retoma-servicos-de-habilitacao-apos-instabilidade-no-sistema-de-biometria\/\" \/>\n<meta property=\"og:site_name\" content=\"Taveira Jr\" \/>\n<meta property=\"og:image\" content=\"https:\/\/deputadotaveirajr.com.br\/wp-content\/uploads\/2024\/07\/entrega-cnh-0MxuHm.jpeg\" \/>\n\t<meta property=\"og:image:width\" content=\"1280\" \/>\n\t<meta property=\"og:image:height\" content=\"960\" \/>\n\t<meta property=\"og:image:type\" content=\"image\/jpeg\" \/>\n<meta name=\"twitter:card\" content=\"summary_large_image\" \/>\n<meta name=\"twitter:label1\" content=\"Est. tempo de leitura\" \/>\n\t<meta name=\"twitter:data1\" content=\"1 minuto\" \/>\n<script type=\"application\/ld+json\" class=\"yoast-schema-graph\">{\"@context\":\"https:\/\/schema.org\",\"@graph\":[{\"@type\":\"WebPage\",\"@id\":\"https:\/\/deputadotaveirajr.com.br\/index.php\/detran-rn-retoma-servicos-de-habilitacao-apos-instabilidade-no-sistema-de-biometria\/\",\"url\":\"https:\/\/deputadotaveirajr.com.br\/index.php\/detran-rn-retoma-servicos-de-habilitacao-apos-instabilidade-no-sistema-de-biometria\/\",\"name\":\"Detran-RN retoma servi\u00e7os de habilita\u00e7\u00e3o ap\u00f3s instabilidade no sistema de biometria - Taveira Jr\",\"isPartOf\":{\"@id\":\"https:\/\/deputadotaveirajr.com.br\/#website\"},\"primaryImageOfPage\":{\"@id\":\"https:\/\/deputadotaveirajr.com.br\/index.php\/detran-rn-retoma-servicos-de-habilitacao-apos-instabilidade-no-sistema-de-biometria\/#primaryimage\"},\"image\":{\"@id\":\"https:\/\/deputadotaveirajr.com.br\/index.php\/detran-rn-retoma-servicos-de-habilitacao-apos-instabilidade-no-sistema-de-biometria\/#primaryimage\"},\"thumbnailUrl\":\"https:\/\/deputadotaveirajr.com.br\/wp-content\/uploads\/2024\/07\/entrega-cnh-0MxuHm.jpeg\",\"datePublished\":\"2024-07-29T19:26:59+00:00\",\"breadcrumb\":{\"@id\":\"https:\/\/deputadotaveirajr.com.br\/index.php\/detran-rn-retoma-servicos-de-habilitacao-apos-instabilidade-no-sistema-de-biometria\/#breadcrumb\"},\"inLanguage\":\"pt-BR\",\"potentialAction\":[{\"@type\":\"ReadAction\",\"target\":[\"https:\/\/deputadotaveirajr.com.br\/index.php\/detran-rn-retoma-servicos-de-habilitacao-apos-instabilidade-no-sistema-de-biometria\/\"]}]},{\"@type\":\"ImageObject\",\"inLanguage\":\"pt-BR\",\"@id\":\"https:\/\/deputadotaveirajr.com.br\/index.php\/detran-rn-retoma-servicos-de-habilitacao-apos-instabilidade-no-sistema-de-biometria\/#primaryimage\",\"url\":\"https:\/\/deputadotaveirajr.com.br\/wp-content\/uploads\/2024\/07\/entrega-cnh-0MxuHm.jpeg\",\"contentUrl\":\"https:\/\/deputadotaveirajr.com.br\/wp-content\/uploads\/2024\/07\/entrega-cnh-0MxuHm.jpeg\",\"width\":1280,\"height\":960},{\"@type\":\"BreadcrumbList\",\"@id\":\"https:\/\/deputadotaveirajr.com.br\/index.php\/detran-rn-retoma-servicos-de-habilitacao-apos-instabilidade-no-sistema-de-biometria\/#breadcrumb\",\"itemListElement\":[{\"@type\":\"ListItem\",\"position\":1,\"name\":\"In\u00edcio\",\"item\":\"https:\/\/deputadotaveirajr.com.br\/\"},{\"@type\":\"ListItem\",\"position\":2,\"name\":\"Detran-RN retoma servi\u00e7os de habilita\u00e7\u00e3o ap\u00f3s instabilidade no sistema de biometria\"}]},{\"@type\":\"WebSite\",\"@id\":\"https:\/\/deputadotaveirajr.com.br\/#website\",\"url\":\"https:\/\/deputadotaveirajr.com.br\/\",\"name\":\"Taveira Jr\",\"description\":\"Deputado Estadual\",\"publisher\":{\"@id\":\"https:\/\/deputadotaveirajr.com.br\/#organization\"},\"potentialAction\":[{\"@type\":\"SearchAction\",\"target\":{\"@type\":\"EntryPoint\",\"urlTemplate\":\"https:\/\/deputadotaveirajr.com.br\/?s={search_term_string}\"},\"query-input\":{\"@type\":\"PropertyValueSpecification\",\"valueRequired\":true,\"valueName\":\"search_term_string\"}}],\"inLanguage\":\"pt-BR\"},{\"@type\":\"Organization\",\"@id\":\"https:\/\/deputadotaveirajr.com.br\/#organization\",\"name\":\"Taveira Jr\",\"url\":\"https:\/\/deputadotaveirajr.com.br\/\",\"logo\":{\"@type\":\"ImageObject\",\"inLanguage\":\"pt-BR\",\"@id\":\"https:\/\/deputadotaveirajr.com.br\/#\/schema\/logo\/image\/\",\"url\":\"https:\/\/deputadotaveirajr.com.br\/wp-content\/uploads\/2026\/01\/logolow2a.png\",\"contentUrl\":\"https:\/\/deputadotaveirajr.com.br\/wp-content\/uploads\/2026\/01\/logolow2a.png\",\"width\":290,\"height\":80,\"caption\":\"Taveira Jr\"},\"image\":{\"@id\":\"https:\/\/deputadotaveirajr.com.br\/#\/schema\/logo\/image\/\"}}]}<\/script>\n<!-- \/ Yoast SEO plugin. -->","yoast_head_json":{"title":"Detran-RN retoma servi\u00e7os de habilita\u00e7\u00e3o ap\u00f3s instabilidade no sistema de biometria - Taveira Jr","robots":{"index":"index","follow":"follow","max-snippet":"max-snippet:-1","max-image-preview":"max-image-preview:large","max-video-preview":"max-video-preview:-1"},"canonical":"https:\/\/deputadotaveirajr.com.br\/index.php\/detran-rn-retoma-servicos-de-habilitacao-apos-instabilidade-no-sistema-de-biometria\/","og_locale":"pt_BR","og_type":"article","og_title":"Detran-RN retoma servi\u00e7os de habilita\u00e7\u00e3o ap\u00f3s instabilidade no sistema de biometria - Taveira Jr","og_description":"Atendimentos foram normalizados nesta segunda-feira (29). Entrega de CNH no Detran RN Divulga\u00e7\u00e3o\/ARQUIVO O Departamento Estadual de Tr\u00e2nsito do Rio Grande do Norte (Detran) retomou nesta segunda-feira (29) todos os ...","og_url":"https:\/\/deputadotaveirajr.com.br\/index.php\/detran-rn-retoma-servicos-de-habilitacao-apos-instabilidade-no-sistema-de-biometria\/","og_site_name":"Taveira Jr","og_image":[{"width":1280,"height":960,"url":"https:\/\/deputadotaveirajr.com.br\/wp-content\/uploads\/2024\/07\/entrega-cnh-0MxuHm.jpeg","type":"image\/jpeg"}],"twitter_card":"summary_large_image","twitter_misc":{"Est. tempo de leitura":"1 minuto"},"schema":{"@context":"https:\/\/schema.org","@graph":[{"@type":"WebPage","@id":"https:\/\/deputadotaveirajr.com.br\/index.php\/detran-rn-retoma-servicos-de-habilitacao-apos-instabilidade-no-sistema-de-biometria\/","url":"https:\/\/deputadotaveirajr.com.br\/index.php\/detran-rn-retoma-servicos-de-habilitacao-apos-instabilidade-no-sistema-de-biometria\/","name":"Detran-RN retoma servi\u00e7os de habilita\u00e7\u00e3o ap\u00f3s instabilidade no sistema de biometria - Taveira Jr","isPartOf":{"@id":"https:\/\/deputadotaveirajr.com.br\/#website"},"primaryImageOfPage":{"@id":"https:\/\/deputadotaveirajr.com.br\/index.php\/detran-rn-retoma-servicos-de-habilitacao-apos-instabilidade-no-sistema-de-biometria\/#primaryimage"},"image":{"@id":"https:\/\/deputadotaveirajr.com.br\/index.php\/detran-rn-retoma-servicos-de-habilitacao-apos-instabilidade-no-sistema-de-biometria\/#primaryimage"},"thumbnailUrl":"https:\/\/deputadotaveirajr.com.br\/wp-content\/uploads\/2024\/07\/entrega-cnh-0MxuHm.jpeg","datePublished":"2024-07-29T19:26:59+00:00","breadcrumb":{"@id":"https:\/\/deputadotaveirajr.com.br\/index.php\/detran-rn-retoma-servicos-de-habilitacao-apos-instabilidade-no-sistema-de-biometria\/#breadcrumb"},"inLanguage":"pt-BR","potentialAction":[{"@type":"ReadAction","target":["https:\/\/deputadotaveirajr.com.br\/index.php\/detran-rn-retoma-servicos-de-habilitacao-apos-instabilidade-no-sistema-de-biometria\/"]}]},{"@type":"ImageObject","inLanguage":"pt-BR","@id":"https:\/\/deputadotaveirajr.com.br\/index.php\/detran-rn-retoma-servicos-de-habilitacao-apos-instabilidade-no-sistema-de-biometria\/#primaryimage","url":"https:\/\/deputadotaveirajr.com.br\/wp-content\/uploads\/2024\/07\/entrega-cnh-0MxuHm.jpeg","contentUrl":"https:\/\/deputadotaveirajr.com.br\/wp-content\/uploads\/2024\/07\/entrega-cnh-0MxuHm.jpeg","width":1280,"height":960},{"@type":"BreadcrumbList","@id":"https:\/\/deputadotaveirajr.com.br\/index.php\/detran-rn-retoma-servicos-de-habilitacao-apos-instabilidade-no-sistema-de-biometria\/#breadcrumb","itemListElement":[{"@type":"ListItem","position":1,"name":"In\u00edcio","item":"https:\/\/deputadotaveirajr.com.br\/"},{"@type":"ListItem","position":2,"name":"Detran-RN retoma servi\u00e7os de habilita\u00e7\u00e3o ap\u00f3s instabilidade no sistema de biometria"}]},{"@type":"WebSite","@id":"https:\/\/deputadotaveirajr.com.br\/#website","url":"https:\/\/deputadotaveirajr.com.br\/","name":"Taveira Jr","description":"Deputado Estadual","publisher":{"@id":"https:\/\/deputadotaveirajr.com.br\/#organization"},"potentialAction":[{"@type":"SearchAction","target":{"@type":"EntryPoint","urlTemplate":"https:\/\/deputadotaveirajr.com.br\/?s={search_term_string}"},"query-input":{"@type":"PropertyValueSpecification","valueRequired":true,"valueName":"search_term_string"}}],"inLanguage":"pt-BR"},{"@type":"Organization","@id":"https:\/\/deputadotaveirajr.com.br\/#organization","name":"Taveira Jr","url":"https:\/\/deputadotaveirajr.com.br\/","logo":{"@type":"ImageObject","inLanguage":"pt-BR","@id":"https:\/\/deputadotaveirajr.com.br\/#\/schema\/logo\/image\/","url":"https:\/\/deputadotaveirajr.com.br\/wp-content\/uploads\/2026\/01\/logolow2a.png","contentUrl":"https:\/\/deputadotaveirajr.com.br\/wp-content\/uploads\/2026\/01\/logolow2a.png","width":290,"height":80,"caption":"Taveira Jr"},"image":{"@id":"https:\/\/deputadotaveirajr.com.br\/#\/schema\/logo\/image\/"}}]}},"_links":{"self":[{"href":"https:\/\/deputadotaveirajr.com.br\/index.php\/wp-json\/wp\/v2\/pages\/8130","targetHints":{"allow":["GET"]}}],"collection":[{"href":"https:\/\/deputadotaveirajr.com.br\/index.php\/wp-json\/wp\/v2\/pages"}],"about":[{"href":"https:\/\/deputadotaveirajr.com.br\/index.php\/wp-json\/wp\/v2\/types\/page"}],"replies":[{"embeddable":true,"href":"https:\/\/deputadotaveirajr.com.br\/index.php\/wp-json\/wp\/v2\/comments?post=8130"}],"version-history":[{"count":1,"href":"https:\/\/deputadotaveirajr.com.br\/index.php\/wp-json\/wp\/v2\/pages\/8130\/revisions"}],"predecessor-version":[{"id":8134,"href":"https:\/\/deputadotaveirajr.com.br\/index.php\/wp-json\/wp\/v2\/pages\/8130\/revisions\/8134"}],"wp:featuredmedia":[{"embeddable":true,"href":"https:\/\/deputadotaveirajr.com.br\/index.php\/wp-json\/wp\/v2\/media\/8131"}],"wp:attachment":[{"href":"https:\/\/deputadotaveirajr.com.br\/index.php\/wp-json\/wp\/v2\/media?parent=8130"}],"curies":[{"name":"wp","href":"https:\/\/api.w.org\/{rel}","templated":true}]}}

Detran-RN retoma serviços de habilitação após instabilidade no sistema de biometria

<p>     Atendimentos foram normalizados nesta segunda-feira (29). Entrega de CNH no Detran RN<br />
Divulgação/ARQUIVO<br />
O Departamento Estadual de Trânsito do Rio Grande do Norte (Detran) retomou nesta segunda-feira (29) todos os serviços de habilitação e exames nas clínicas.<br />
Os atendimentos estavam suspensos desde a última quinta (25) por causa de uma instabilidade no sistema geral de coleta biométrica.<br />
📳Participe do canal do g1 RN no WhatsApp<br />
De acordo com o Detran, as pessoas que não foram atendidas nesse período de inconsistência do sistema podem comparecer à unidade durante esta semana, apresentando o comprovante de agendamento. Também é possível agendar novo serviço pelo Portal do Detran.<br />
Vídeos mais assistidos do g1 RN</p>

<p>Atendimentos foram normalizados nesta segunda-feira (29). Entrega de CNH no Detran RN Divulgação/ARQUIVO O Departamento Estadual de Trânsito do Rio Grande do Norte (Detran) retomou nesta segunda-feira (29) todos os &#8230;</p>

<!-- This site is optimized with the Yoast SEO plugin v27.1.1 - https://yoast.com/product/yoast-seo-wordpress/ -->
<title>Detran-RN retoma serviços de habilitação após instabilidade no sistema de biometria - Taveira Jr</title>
<meta name="robots" content="index, follow, max-snippet:-1, max-image-preview:large, max-video-preview:-1" />
<link rel="canonical" href="https://deputadotaveirajr.com.br/index.php/detran-rn-retoma-servicos-de-habilitacao-apos-instabilidade-no-sistema-de-biometria/" />
<meta property="og:locale" content="pt_BR" />
<meta property="og:type" content="article" />
<meta property="og:title" content="Detran-RN retoma serviços de habilitação após instabilidade no sistema de biometria - Taveira Jr" />
<meta property="og:description" content="Atendimentos foram normalizados nesta segunda-feira (29). Entrega de CNH no Detran RN Divulgação/ARQUIVO O Departamento Estadual de Trânsito do Rio Grande do Norte (Detran) retomou nesta segunda-feira (29) todos os ..." />
<meta property="og:url" content="https://deputadotaveirajr.com.br/index.php/detran-rn-retoma-servicos-de-habilitacao-apos-instabilidade-no-sistema-de-biometria/" />
<meta property="og:site_name" content="Taveira Jr" />
<meta property="og:image" content="https://deputadotaveirajr.com.br/wp-content/uploads/2024/07/entrega-cnh-0MxuHm.jpeg" />
	<meta property="og:image:width" content="1280" />
	<meta property="og:image:height" content="960" />
	<meta property="og:image:type" content="image/jpeg" />
<meta name="twitter:card" content="summary_large_image" />
<meta name="twitter:label1" content="Est. tempo de leitura" />
	<meta name="twitter:data1" content="1 minuto" />
<script type="application/ld+json" class="yoast-schema-graph">{"@context":"https://schema.org","@graph":[{"@type":"WebPage","@id":"https://deputadotaveirajr.com.br/index.php/detran-rn-retoma-servicos-de-habilitacao-apos-instabilidade-no-sistema-de-biometria/","url":"https://deputadotaveirajr.com.br/index.php/detran-rn-retoma-servicos-de-habilitacao-apos-instabilidade-no-sistema-de-biometria/","name":"Detran-RN retoma serviços de habilitação após instabilidade no sistema de biometria - Taveira Jr","isPartOf":{"@id":"https://deputadotaveirajr.com.br/#website"},"primaryImageOfPage":{"@id":"https://deputadotaveirajr.com.br/index.php/detran-rn-retoma-servicos-de-habilitacao-apos-instabilidade-no-sistema-de-biometria/#primaryimage"},"image":{"@id":"https://deputadotaveirajr.com.br/index.php/detran-rn-retoma-servicos-de-habilitacao-apos-instabilidade-no-sistema-de-biometria/#primaryimage"},"thumbnailUrl":"https://deputadotaveirajr.com.br/wp-content/uploads/2024/07/entrega-cnh-0MxuHm.jpeg","datePublished":"2024-07-29T19:26:59+00:00","breadcrumb":{"@id":"https://deputadotaveirajr.com.br/index.php/detran-rn-retoma-servicos-de-habilitacao-apos-instabilidade-no-sistema-de-biometria/#breadcrumb"},"inLanguage":"pt-BR","potentialAction":[{"@type":"ReadAction","target":["https://deputadotaveirajr.com.br/index.php/detran-rn-retoma-servicos-de-habilitacao-apos-instabilidade-no-sistema-de-biometria/"]}]},{"@type":"ImageObject","inLanguage":"pt-BR","@id":"https://deputadotaveirajr.com.br/index.php/detran-rn-retoma-servicos-de-habilitacao-apos-instabilidade-no-sistema-de-biometria/#primaryimage","url":"https://deputadotaveirajr.com.br/wp-content/uploads/2024/07/entrega-cnh-0MxuHm.jpeg","contentUrl":"https://deputadotaveirajr.com.br/wp-content/uploads/2024/07/entrega-cnh-0MxuHm.jpeg","width":1280,"height":960},{"@type":"BreadcrumbList","@id":"https://deputadotaveirajr.com.br/index.php/detran-rn-retoma-servicos-de-habilitacao-apos-instabilidade-no-sistema-de-biometria/#breadcrumb","itemListElement":[{"@type":"ListItem","position":1,"name":"Início","item":"https://deputadotaveirajr.com.br/"},{"@type":"ListItem","position":2,"name":"Detran-RN retoma serviços de habilitação após instabilidade no sistema de biometria"}]},{"@type":"WebSite","@id":"https://deputadotaveirajr.com.br/#website","url":"https://deputadotaveirajr.com.br/","name":"Taveira Jr","description":"Deputado Estadual","publisher":{"@id":"https://deputadotaveirajr.com.br/#organization"},"potentialAction":[{"@type":"SearchAction","target":{"@type":"EntryPoint","urlTemplate":"https://deputadotaveirajr.com.br/?s={search_term_string}"},"query-input":{"@type":"PropertyValueSpecification","valueRequired":true,"valueName":"search_term_string"}}],"inLanguage":"pt-BR"},{"@type":"Organization","@id":"https://deputadotaveirajr.com.br/#organization","name":"Taveira Jr","url":"https://deputadotaveirajr.com.br/","logo":{"@type":"ImageObject","inLanguage":"pt-BR","@id":"https://deputadotaveirajr.com.br/#/schema/logo/image/","url":"https://deputadotaveirajr.com.br/wp-content/uploads/2026/01/logolow2a.png","contentUrl":"https://deputadotaveirajr.com.br/wp-content/uploads/2026/01/logolow2a.png","width":290,"height":80,"caption":"Taveira Jr"},"image":{"@id":"https://deputadotaveirajr.com.br/#/schema/logo/image/"}}]}</script>
<!-- / Yoast SEO plugin. -->

Detran-RN retoma serviços de habilitação após instabilidade no sistema de biometria - Taveira Jr

Atendimentos foram normalizados nesta segunda-feira (29). Entrega de CNH no Detran RN Divulgação/ARQUIVO O Departamento Estadual de Trânsito do Rio Grande do Norte (Detran) retomou nesta segunda-feira (29) todos os ...

Início
