{"id":8168,"date":"2024-07-31T11:03:46","date_gmt":"2024-07-31T14:03:46","guid":{"rendered":"https:\/\/deputadotaveirajr.com.br\/?page_id=8168"},"modified":"2024-07-31T11:03:46","modified_gmt":"2024-07-31T14:03:46","slug":"imposto-de-renda-2024-terceiro-lote-de-restituicao-e-pago-nesta-quarta-a-quase-60-mil-pessoas-no-rn","status":"publish","type":"page","link":"https:\/\/deputadotaveirajr.com.br\/index.php\/imposto-de-renda-2024-terceiro-lote-de-restituicao-e-pago-nesta-quarta-a-quase-60-mil-pessoas-no-rn\/","title":{"rendered":"Imposto de Renda 2024: Terceiro lote de restitui\u00e7\u00e3o \u00e9 pago nesta quarta a quase 60 mil pessoas no RN"},"content":{"rendered":"<p>     O valor total do cr\u00e9dito no estado \u00e9 de R$ 90.020.774,44. Imposto de renda<br \/>\nMarcos Serra\/g1<br \/>\nA Receita Federal paga nesta quarta-feira (31) o 3\u00ba lote de restitui\u00e7\u00f5es do Imposto de Renda 2024.<br \/>\nNo RN, 59.763 contribuintes ser\u00e3o contemplados, no valor total de R$ 90.020.774,44. (veja abaixo como fazer a consulta)<br \/>\nLEIA MAIS<br \/>\nSaiba tudo sobre o Imposto de Renda 2024<br \/>\nVeja como fazer a declara\u00e7\u00e3o<br \/>\nVeja quem \u00e9 obrigado a declarar<br \/>\nImposto de Renda 2024: Saiba como evitar cair na malha fina<br \/>\nVeja o calend\u00e1rio da restitui\u00e7\u00e3o do IR 2024<br \/>\nOs pagamentos das restitui\u00e7\u00f5es do IR 2024 ser\u00e3o feitos em cinco lotes, segundo informa\u00e7\u00f5es da Receita. O prazo para entrega das declara\u00e7\u00f5es come\u00e7ou no dia 15 de mar\u00e7o.<br \/>\nVeja as datas dos pagamentos:<br \/>\n1\u00ba lote: 31 de maio<br \/>\n2\u00ba lote: 28 de junho<br \/>\n3\u00ba lote: 31 de julho<br \/>\n4\u00ba lote: 30 de agosto<br \/>\n5\u00ba lote: 30 de setembro<br \/>\nComo fazer a consulta?<br \/>\nAssim que a consulta estiver dispon\u00edvel, o contribuinte deve acessar a p\u00e1gina da Receita na internet e clicar na op\u00e7\u00e3o &#8220;Meu Imposto de Renda&#8221;. Em seguida, basta clicar em &#8220;Consultar a Restitui\u00e7\u00e3o&#8221;.<br \/>\nA p\u00e1gina oferece orienta\u00e7\u00f5es e os canais de presta\u00e7\u00e3o do servi\u00e7o, permitindo uma consulta simplificada ou completa da situa\u00e7\u00e3o da declara\u00e7\u00e3o, por meio do extrato de processamento, acessado no e-CAC. Caso identifique alguma pend\u00eancia na declara\u00e7\u00e3o, o contribuinte pode retific\u00e1-la, corrigindo as informa\u00e7\u00f5es.<br \/>\nA Receita Federal disponibiliza, tamb\u00e9m, aplicativo para tablets e smartphones que permite consultar diretamente nas bases da Receita Federal informa\u00e7\u00f5es sobre libera\u00e7\u00e3o das restitui\u00e7\u00f5es do IRPF e a situa\u00e7\u00e3o cadastral de uma inscri\u00e7\u00e3o no CPF.<br \/>\nMalha fina<br \/>\nAo realizar a consulta, o contribuinte tamb\u00e9m poder\u00e1 saber se h\u00e1 alguma pend\u00eancia em sua declara\u00e7\u00e3o que impe\u00e7a o pagamento da restitui\u00e7\u00e3o, ou seja, se ele caiu na chamada &#8220;malha fina&#8221;.<br \/>\nPara saber se est\u00e1 na malha fina, os contribuintes tamb\u00e9m podem acessar o &#8220;extrato&#8221; do Imposto de Renda no site da Receita Federal no chamado e-CAC (Centro Virtual de Atendimento).<br \/>\nAo fazer o login, selecione a op\u00e7\u00e3o \u201cMeu Imposto de Renda (Extrato da DIRPF)\u201d. Na aba \u201cProcessamento\u201d, escolha o item \u201cPend\u00eancias de Malha\u201d. L\u00e1, voc\u00ea poder\u00e1 verificar se sua declara\u00e7\u00e3o est\u00e1 na malha fina e verificar qual o motivo pelo qual ela foi retida.<br \/>\nPara acessar o extrato do IR, \u00e9 necess\u00e1rio utilizar o c\u00f3digo de acesso gerado na pr\u00f3pria p\u00e1gina da Receita Federal ou certificado digital emitido por autoridade habilitada.<br \/>\nAs restitui\u00e7\u00f5es de declara\u00e7\u00f5es que apresentam inconsist\u00eancia (em situa\u00e7\u00e3o de malha) s\u00e3o liberadas apenas depois de corrigidas pelo cidad\u00e3o, ou ap\u00f3s o contribuinte apresentar comprova\u00e7\u00e3o de que sua declara\u00e7\u00e3o est\u00e1 correta.<br \/>\nQuem \u00e9 obrigado a declarar o Imposto de Renda em 2024<br \/>\nquem recebeu rendimentos tribut\u00e1veis acima de R$ 30.639,90 em 2023. O valor \u00e9 um pouco maior do que o da declara\u00e7\u00e3o do IR do ano passado (R$ 28.559,70) por conta da amplia\u00e7\u00e3o da faixa de isen\u00e7\u00e3o desde maio do ano passado;<br \/>\ncontribuintes que receberam rendimentos isentos, n\u00e3o-tribut\u00e1veis ou tributados exclusivamente na fonte, cuja soma tenha sido superior a R$ 200 mil no ano passado;<br \/>\nquem obteve, em qualquer m\u00eas de 2023, ganho de capital na aliena\u00e7\u00e3o de bens ou direitos, sujeito \u00e0 incid\u00eancia do imposto, ou realizou opera\u00e7\u00f5es em bolsas de valores, de mercadorias, de futuros e assemelhadas cuja soma foi superior a R$ 40 mil, ou com apura\u00e7\u00e3o de ganhos l\u00edquidos sujeitas \u00e0 incid\u00eancia do imposto;<br \/>\nquem teve isen\u00e7\u00e3o de imposto sobre o ganho de capital na venda de im\u00f3veis residenciais, seguido de aquisi\u00e7\u00e3o de outro im\u00f3vel residencial no prazo de 180 dias;<br \/>\nquem teve, em 2023, receita bruta em valor superior a R$ 153.199,50 em atividade rural (contra R$ R$ 142.798,50 em 2022);<br \/>\nquem tinha, at\u00e9 31 de dezembro de 2023, a posse ou a propriedade de bens ou direitos, inclusive terra nua, de valor total superior a R$ 800 mil (contra R$ 300 mil em 2022);<br \/>\nquem passou para a condi\u00e7\u00e3o de residente no Brasil em qualquer m\u00eas e se encontrava nessa condi\u00e7\u00e3o at\u00e9 31 de dezembro de 2023;<br \/>\nquem optou por declarar os bens, direitos e obriga\u00e7\u00f5es detidos pela entidade controlada, direta ou indireta, no exterior como se fossem detidos diretamente pela pessoa f\u00edsica;<br \/>\nPossui trust no exterior;<br \/>\nDeseja atualizar bens no exterior.<\/p>","protected":false},"excerpt":{"rendered":"<p>O valor total do cr\u00e9dito no estado \u00e9 de R$ 90.020.774,44. Imposto de renda Marcos Serra\/g1 A Receita Federal paga nesta quarta-feira (31) o 3\u00ba lote de restitui\u00e7\u00f5es do Imposto &#8230;<\/p>\n","protected":false},"author":0,"featured_media":8169,"parent":0,"menu_order":0,"comment_status":"closed","ping_status":"closed","template":"","meta":{"footnotes":""},"class_list":["post-8168","page","type-page","status-publish","has-post-thumbnail","hentry"],"yoast_head":"<!-- This site is optimized with the Yoast SEO plugin v27.1.1 - https:\/\/yoast.com\/product\/yoast-seo-wordpress\/ -->\n<title>Imposto de Renda 2024: Terceiro lote de restitui\u00e7\u00e3o \u00e9 pago nesta quarta a quase 60 mil pessoas no RN - Taveira Jr<\/title>\n<meta name=\"robots\" content=\"index, follow, max-snippet:-1, max-image-preview:large, max-video-preview:-1\" \/>\n<link rel=\"canonical\" href=\"https:\/\/deputadotaveirajr.com.br\/index.php\/imposto-de-renda-2024-terceiro-lote-de-restituicao-e-pago-nesta-quarta-a-quase-60-mil-pessoas-no-rn\/\" \/>\n<meta property=\"og:locale\" content=\"pt_BR\" \/>\n<meta property=\"og:type\" content=\"article\" \/>\n<meta property=\"og:title\" content=\"Imposto de Renda 2024: Terceiro lote de restitui\u00e7\u00e3o \u00e9 pago nesta quarta a quase 60 mil pessoas no RN - Taveira Jr\" \/>\n<meta property=\"og:description\" content=\"O valor total do cr\u00e9dito no estado \u00e9 de R$ 90.020.774,44. Imposto de renda Marcos Serra\/g1 A Receita Federal paga nesta quarta-feira (31) o 3\u00ba lote de restitui\u00e7\u00f5es do Imposto ...\" \/>\n<meta property=\"og:url\" content=\"https:\/\/deputadotaveirajr.com.br\/index.php\/imposto-de-renda-2024-terceiro-lote-de-restituicao-e-pago-nesta-quarta-a-quase-60-mil-pessoas-no-rn\/\" \/>\n<meta property=\"og:site_name\" content=\"Taveira Jr\" \/>\n<meta property=\"og:image\" content=\"https:\/\/deputadotaveirajr.com.br\/wp-content\/uploads\/2024\/07\/8-hYKLGW-scaled.jpeg\" \/>\n\t<meta property=\"og:image:width\" content=\"2560\" \/>\n\t<meta property=\"og:image:height\" content=\"1675\" \/>\n\t<meta property=\"og:image:type\" content=\"image\/jpeg\" \/>\n<meta name=\"twitter:card\" content=\"summary_large_image\" \/>\n<meta name=\"twitter:label1\" content=\"Est. tempo de leitura\" \/>\n\t<meta name=\"twitter:data1\" content=\"4 minutos\" \/>\n<script type=\"application\/ld+json\" class=\"yoast-schema-graph\">{\"@context\":\"https:\/\/schema.org\",\"@graph\":[{\"@type\":\"WebPage\",\"@id\":\"https:\/\/deputadotaveirajr.com.br\/index.php\/imposto-de-renda-2024-terceiro-lote-de-restituicao-e-pago-nesta-quarta-a-quase-60-mil-pessoas-no-rn\/\",\"url\":\"https:\/\/deputadotaveirajr.com.br\/index.php\/imposto-de-renda-2024-terceiro-lote-de-restituicao-e-pago-nesta-quarta-a-quase-60-mil-pessoas-no-rn\/\",\"name\":\"Imposto de Renda 2024: Terceiro lote de restitui\u00e7\u00e3o \u00e9 pago nesta quarta a quase 60 mil pessoas no RN - Taveira Jr\",\"isPartOf\":{\"@id\":\"https:\/\/deputadotaveirajr.com.br\/#website\"},\"primaryImageOfPage\":{\"@id\":\"https:\/\/deputadotaveirajr.com.br\/index.php\/imposto-de-renda-2024-terceiro-lote-de-restituicao-e-pago-nesta-quarta-a-quase-60-mil-pessoas-no-rn\/#primaryimage\"},\"image\":{\"@id\":\"https:\/\/deputadotaveirajr.com.br\/index.php\/imposto-de-renda-2024-terceiro-lote-de-restituicao-e-pago-nesta-quarta-a-quase-60-mil-pessoas-no-rn\/#primaryimage\"},\"thumbnailUrl\":\"https:\/\/deputadotaveirajr.com.br\/wp-content\/uploads\/2024\/07\/8-hYKLGW-scaled.jpeg\",\"datePublished\":\"2024-07-31T14:03:46+00:00\",\"breadcrumb\":{\"@id\":\"https:\/\/deputadotaveirajr.com.br\/index.php\/imposto-de-renda-2024-terceiro-lote-de-restituicao-e-pago-nesta-quarta-a-quase-60-mil-pessoas-no-rn\/#breadcrumb\"},\"inLanguage\":\"pt-BR\",\"potentialAction\":[{\"@type\":\"ReadAction\",\"target\":[\"https:\/\/deputadotaveirajr.com.br\/index.php\/imposto-de-renda-2024-terceiro-lote-de-restituicao-e-pago-nesta-quarta-a-quase-60-mil-pessoas-no-rn\/\"]}]},{\"@type\":\"ImageObject\",\"inLanguage\":\"pt-BR\",\"@id\":\"https:\/\/deputadotaveirajr.com.br\/index.php\/imposto-de-renda-2024-terceiro-lote-de-restituicao-e-pago-nesta-quarta-a-quase-60-mil-pessoas-no-rn\/#primaryimage\",\"url\":\"https:\/\/deputadotaveirajr.com.br\/wp-content\/uploads\/2024\/07\/8-hYKLGW-scaled.jpeg\",\"contentUrl\":\"https:\/\/deputadotaveirajr.com.br\/wp-content\/uploads\/2024\/07\/8-hYKLGW-scaled.jpeg\",\"width\":2560,\"height\":1675},{\"@type\":\"BreadcrumbList\",\"@id\":\"https:\/\/deputadotaveirajr.com.br\/index.php\/imposto-de-renda-2024-terceiro-lote-de-restituicao-e-pago-nesta-quarta-a-quase-60-mil-pessoas-no-rn\/#breadcrumb\",\"itemListElement\":[{\"@type\":\"ListItem\",\"position\":1,\"name\":\"In\u00edcio\",\"item\":\"https:\/\/deputadotaveirajr.com.br\/\"},{\"@type\":\"ListItem\",\"position\":2,\"name\":\"Imposto de Renda 2024: Terceiro lote de restitui\u00e7\u00e3o \u00e9 pago nesta quarta a quase 60 mil pessoas no RN\"}]},{\"@type\":\"WebSite\",\"@id\":\"https:\/\/deputadotaveirajr.com.br\/#website\",\"url\":\"https:\/\/deputadotaveirajr.com.br\/\",\"name\":\"Taveira Jr\",\"description\":\"Deputado Estadual\",\"publisher\":{\"@id\":\"https:\/\/deputadotaveirajr.com.br\/#organization\"},\"potentialAction\":[{\"@type\":\"SearchAction\",\"target\":{\"@type\":\"EntryPoint\",\"urlTemplate\":\"https:\/\/deputadotaveirajr.com.br\/?s={search_term_string}\"},\"query-input\":{\"@type\":\"PropertyValueSpecification\",\"valueRequired\":true,\"valueName\":\"search_term_string\"}}],\"inLanguage\":\"pt-BR\"},{\"@type\":\"Organization\",\"@id\":\"https:\/\/deputadotaveirajr.com.br\/#organization\",\"name\":\"Taveira Jr\",\"url\":\"https:\/\/deputadotaveirajr.com.br\/\",\"logo\":{\"@type\":\"ImageObject\",\"inLanguage\":\"pt-BR\",\"@id\":\"https:\/\/deputadotaveirajr.com.br\/#\/schema\/logo\/image\/\",\"url\":\"https:\/\/deputadotaveirajr.com.br\/wp-content\/uploads\/2026\/01\/logolow2a.png\",\"contentUrl\":\"https:\/\/deputadotaveirajr.com.br\/wp-content\/uploads\/2026\/01\/logolow2a.png\",\"width\":290,\"height\":80,\"caption\":\"Taveira Jr\"},\"image\":{\"@id\":\"https:\/\/deputadotaveirajr.com.br\/#\/schema\/logo\/image\/\"}}]}<\/script>\n<!-- \/ Yoast SEO plugin. -->","yoast_head_json":{"title":"Imposto de Renda 2024: Terceiro lote de restitui\u00e7\u00e3o \u00e9 pago nesta quarta a quase 60 mil pessoas no RN - Taveira Jr","robots":{"index":"index","follow":"follow","max-snippet":"max-snippet:-1","max-image-preview":"max-image-preview:large","max-video-preview":"max-video-preview:-1"},"canonical":"https:\/\/deputadotaveirajr.com.br\/index.php\/imposto-de-renda-2024-terceiro-lote-de-restituicao-e-pago-nesta-quarta-a-quase-60-mil-pessoas-no-rn\/","og_locale":"pt_BR","og_type":"article","og_title":"Imposto de Renda 2024: Terceiro lote de restitui\u00e7\u00e3o \u00e9 pago nesta quarta a quase 60 mil pessoas no RN - Taveira Jr","og_description":"O valor total do cr\u00e9dito no estado \u00e9 de R$ 90.020.774,44. Imposto de renda Marcos Serra\/g1 A Receita Federal paga nesta quarta-feira (31) o 3\u00ba lote de restitui\u00e7\u00f5es do Imposto ...","og_url":"https:\/\/deputadotaveirajr.com.br\/index.php\/imposto-de-renda-2024-terceiro-lote-de-restituicao-e-pago-nesta-quarta-a-quase-60-mil-pessoas-no-rn\/","og_site_name":"Taveira Jr","og_image":[{"width":2560,"height":1675,"url":"https:\/\/deputadotaveirajr.com.br\/wp-content\/uploads\/2024\/07\/8-hYKLGW-scaled.jpeg","type":"image\/jpeg"}],"twitter_card":"summary_large_image","twitter_misc":{"Est. tempo de leitura":"4 minutos"},"schema":{"@context":"https:\/\/schema.org","@graph":[{"@type":"WebPage","@id":"https:\/\/deputadotaveirajr.com.br\/index.php\/imposto-de-renda-2024-terceiro-lote-de-restituicao-e-pago-nesta-quarta-a-quase-60-mil-pessoas-no-rn\/","url":"https:\/\/deputadotaveirajr.com.br\/index.php\/imposto-de-renda-2024-terceiro-lote-de-restituicao-e-pago-nesta-quarta-a-quase-60-mil-pessoas-no-rn\/","name":"Imposto de Renda 2024: Terceiro lote de restitui\u00e7\u00e3o \u00e9 pago nesta quarta a quase 60 mil pessoas no RN - Taveira Jr","isPartOf":{"@id":"https:\/\/deputadotaveirajr.com.br\/#website"},"primaryImageOfPage":{"@id":"https:\/\/deputadotaveirajr.com.br\/index.php\/imposto-de-renda-2024-terceiro-lote-de-restituicao-e-pago-nesta-quarta-a-quase-60-mil-pessoas-no-rn\/#primaryimage"},"image":{"@id":"https:\/\/deputadotaveirajr.com.br\/index.php\/imposto-de-renda-2024-terceiro-lote-de-restituicao-e-pago-nesta-quarta-a-quase-60-mil-pessoas-no-rn\/#primaryimage"},"thumbnailUrl":"https:\/\/deputadotaveirajr.com.br\/wp-content\/uploads\/2024\/07\/8-hYKLGW-scaled.jpeg","datePublished":"2024-07-31T14:03:46+00:00","breadcrumb":{"@id":"https:\/\/deputadotaveirajr.com.br\/index.php\/imposto-de-renda-2024-terceiro-lote-de-restituicao-e-pago-nesta-quarta-a-quase-60-mil-pessoas-no-rn\/#breadcrumb"},"inLanguage":"pt-BR","potentialAction":[{"@type":"ReadAction","target":["https:\/\/deputadotaveirajr.com.br\/index.php\/imposto-de-renda-2024-terceiro-lote-de-restituicao-e-pago-nesta-quarta-a-quase-60-mil-pessoas-no-rn\/"]}]},{"@type":"ImageObject","inLanguage":"pt-BR","@id":"https:\/\/deputadotaveirajr.com.br\/index.php\/imposto-de-renda-2024-terceiro-lote-de-restituicao-e-pago-nesta-quarta-a-quase-60-mil-pessoas-no-rn\/#primaryimage","url":"https:\/\/deputadotaveirajr.com.br\/wp-content\/uploads\/2024\/07\/8-hYKLGW-scaled.jpeg","contentUrl":"https:\/\/deputadotaveirajr.com.br\/wp-content\/uploads\/2024\/07\/8-hYKLGW-scaled.jpeg","width":2560,"height":1675},{"@type":"BreadcrumbList","@id":"https:\/\/deputadotaveirajr.com.br\/index.php\/imposto-de-renda-2024-terceiro-lote-de-restituicao-e-pago-nesta-quarta-a-quase-60-mil-pessoas-no-rn\/#breadcrumb","itemListElement":[{"@type":"ListItem","position":1,"name":"In\u00edcio","item":"https:\/\/deputadotaveirajr.com.br\/"},{"@type":"ListItem","position":2,"name":"Imposto de Renda 2024: Terceiro lote de restitui\u00e7\u00e3o \u00e9 pago nesta quarta a quase 60 mil pessoas no RN"}]},{"@type":"WebSite","@id":"https:\/\/deputadotaveirajr.com.br\/#website","url":"https:\/\/deputadotaveirajr.com.br\/","name":"Taveira Jr","description":"Deputado Estadual","publisher":{"@id":"https:\/\/deputadotaveirajr.com.br\/#organization"},"potentialAction":[{"@type":"SearchAction","target":{"@type":"EntryPoint","urlTemplate":"https:\/\/deputadotaveirajr.com.br\/?s={search_term_string}"},"query-input":{"@type":"PropertyValueSpecification","valueRequired":true,"valueName":"search_term_string"}}],"inLanguage":"pt-BR"},{"@type":"Organization","@id":"https:\/\/deputadotaveirajr.com.br\/#organization","name":"Taveira Jr","url":"https:\/\/deputadotaveirajr.com.br\/","logo":{"@type":"ImageObject","inLanguage":"pt-BR","@id":"https:\/\/deputadotaveirajr.com.br\/#\/schema\/logo\/image\/","url":"https:\/\/deputadotaveirajr.com.br\/wp-content\/uploads\/2026\/01\/logolow2a.png","contentUrl":"https:\/\/deputadotaveirajr.com.br\/wp-content\/uploads\/2026\/01\/logolow2a.png","width":290,"height":80,"caption":"Taveira Jr"},"image":{"@id":"https:\/\/deputadotaveirajr.com.br\/#\/schema\/logo\/image\/"}}]}},"_links":{"self":[{"href":"https:\/\/deputadotaveirajr.com.br\/index.php\/wp-json\/wp\/v2\/pages\/8168","targetHints":{"allow":["GET"]}}],"collection":[{"href":"https:\/\/deputadotaveirajr.com.br\/index.php\/wp-json\/wp\/v2\/pages"}],"about":[{"href":"https:\/\/deputadotaveirajr.com.br\/index.php\/wp-json\/wp\/v2\/types\/page"}],"replies":[{"embeddable":true,"href":"https:\/\/deputadotaveirajr.com.br\/index.php\/wp-json\/wp\/v2\/comments?post=8168"}],"version-history":[{"count":1,"href":"https:\/\/deputadotaveirajr.com.br\/index.php\/wp-json\/wp\/v2\/pages\/8168\/revisions"}],"predecessor-version":[{"id":8172,"href":"https:\/\/deputadotaveirajr.com.br\/index.php\/wp-json\/wp\/v2\/pages\/8168\/revisions\/8172"}],"wp:featuredmedia":[{"embeddable":true,"href":"https:\/\/deputadotaveirajr.com.br\/index.php\/wp-json\/wp\/v2\/media\/8169"}],"wp:attachment":[{"href":"https:\/\/deputadotaveirajr.com.br\/index.php\/wp-json\/wp\/v2\/media?parent=8168"}],"curies":[{"name":"wp","href":"https:\/\/api.w.org\/{rel}","templated":true}]}}