{"id":8174,"date":"2024-07-31T15:00:13","date_gmt":"2024-07-31T18:00:13","guid":{"rendered":"https:\/\/deputadotaveirajr.com.br\/?page_id=8174"},"modified":"2024-07-31T15:00:13","modified_gmt":"2024-07-31T18:00:13","slug":"superintendencia-do-patrimonio-da-uniao-autoriza-obra-da-engorda-na-praia-de-ponta-negra","status":"publish","type":"page","link":"https:\/\/deputadotaveirajr.com.br\/index.php\/superintendencia-do-patrimonio-da-uniao-autoriza-obra-da-engorda-na-praia-de-ponta-negra\/","title":{"rendered":"Superintend\u00eancia do Patrim\u00f4nio da Uni\u00e3o autoriza obra da engorda na praia de Ponta Negra"},"content":{"rendered":"<p>     Autoriza\u00e7\u00e3o \u00e9 necess\u00e1ria por se tratar de uma \u00e1rea da Uni\u00e3o. In\u00edcio da obra est\u00e1 condicionado \u00e0 emiss\u00e3o das licen\u00e7as ambientais. Praia de Ponta Negra, em Natal<br \/>\nS\u00e9rgio Henrique Santos\/Inter TV Cabugi<br \/>\nA Superintend\u00eancia do Patrim\u00f4nio da Uni\u00e3o (SPU) no Rio Grande do Norte autorizou a prefeitura de Natal a executar a obra da engorda da praia de Ponta Negra, na Zona Sul da capital potiguar. A portaria foi publicada nesta quarta-feira (31) no Di\u00e1rio Oficial da Uni\u00e3o.<br \/>\nA portaria permite o munic\u00edpio a realizar a obra de &#8220;alimenta\u00e7\u00e3o artificial&#8221; da praia em uma \u00e1rea de &#8220;uso comum do povo&#8221;. O documento \u00e9 necess\u00e1rio porque as praias s\u00e3o de dom\u00ednio da Uni\u00e3o.<br \/>\n\ud83d\udcf3Participe do canal do g1 RN no WhatsApp<br \/>\nSegundo o documento, a obra contempla uma \u00e1rea de dom\u00ednio da Uni\u00e3o com mais de 700 mil metros quadrados.<br \/>\nA portaria tamb\u00e9m condiciona a execu\u00e7\u00e3o da obra \u00e0 apresenta\u00e7\u00e3o da Licen\u00e7a Ambiental de Instala\u00e7\u00e3o do Instituto de Desenvolvimento Sustent\u00e1vel e Meio Ambiente (Idema), bem como o cumprimento das recomenda\u00e7\u00f5es t\u00e9cnicas, ambientais, sanit\u00e1rias e urban\u00edsticas.<br \/>\n&#8220;A manuten\u00e7\u00e3o da referida autoriza\u00e7\u00e3o fica condicionada ao cumprimento das condicionantes ambientais exigidas pelo Instituto de Desenvolvimento Sustent\u00e1vel e Meio Ambiente (IDEMA) e das demais recomenda\u00e7\u00f5es t\u00e9cnicas e urban\u00edsticas emitidas pelos \u00f3rg\u00e3os competentes, aprova\u00e7\u00e3o de projetos, pagamentos de taxas e alvar\u00e1s, assim como qualquer exig\u00eancia complementar necess\u00e1ria \u00e0 regularidade da obra&#8221;, informou a portaria.<br \/>\nObra definitiva? Maior perigo de afogamento? Risco de tubar\u00f5es? Especialista tira d\u00favidas sobre a engorda da praia de Ponta Negra<br \/>\nA SPU ainda ressaltou que a autoriza\u00e7\u00e3o n\u00e3o implica na cria\u00e7\u00e3o de nenhum direito ou dom\u00ednio do munic\u00edpio sobre a \u00e1rea, nem dever\u00e1 gerar qualquer obriga\u00e7\u00e3o de indeniza\u00e7\u00e3o pelas benfeitorias realizadas e equipamentos instalados.<br \/>\nO documento \u00e9 mais um dos tr\u00e2mites burocr\u00e1ticos necess\u00e1rios para a obra. O g1 questionou a Secretaria de Meio Ambiente e Urbanismo sobre o prazo para in\u00edcio dos servi\u00e7os, ap\u00f3s a autoriza\u00e7\u00e3o, mas n\u00e3o recebeu retorno sobre o assunto at\u00e9 a \u00faltima atualiza\u00e7\u00e3o desta reportagem.<br \/>\nLicenciamento<br \/>\nO Idema emitiu a licen\u00e7a de instala\u00e7\u00e3o e opera\u00e7\u00e3o da obra da engorda da praia no \u00faltimo dia 23 de julho, em cumprimento a uma determina\u00e7\u00e3o do juiz Geraldo Ant\u00f4nio da Mota, da 3\u00aa Vara da Fazenda P\u00fablica de Natal, no dia 19.<br \/>\n&#8220;Infelizmente, o \u00e2mbito t\u00e9cnico foi contaminado e usaram de toda sorte e de artimanhas para for\u00e7ar a libera\u00e7\u00e3o dessa licen\u00e7a. Estamos emitindo a licen\u00e7a sob uma ordem judicial&#8221;, disse na ocasi\u00e3o o diretor geral do Idema, Werner Farkatt.<br \/>\nO ato administrativo imp\u00f4s condicionantes &#8211; e algumas delas precisam ser cumpridas antes da execu\u00e7\u00e3o da obra, como a conclus\u00e3o da drenagem em todos pontos em que a engorda estiver sendo executada.<br \/>\nEngorda de Ponta Negra: pescadores va\u0303o receber um sala\u0301rio mi\u0301nimo por me\u0302s<br \/>\nO impasse em rela\u00e7\u00e3o \u00e0 obra ocorreu de forma mais intensa desde o final de junho, ap\u00f3s a chegada &#8211; e partida &#8211; da draga que executaria o servi\u00e7o. Isso ocorreu porque o Idema n\u00e3o havia concedido as licen\u00e7as ambientais para execu\u00e7\u00e3o da obra, alegando que a prefeitura de Natal apresentou algumas respostas &#8220;fr\u00e1geis&#8221; a questionamentos feitos.<br \/>\nSegundo o diretor geral do Idema, a licen\u00e7a j\u00e1 sairia naquela semana com algumas condicionantes, &#8220;que s\u00e3o praxes, crit\u00e9rios normais em qualquer ato de licenciamento&#8221;.<br \/>\nUm dia ap\u00f3s emiss\u00e3o da licen\u00e7a, o Minist\u00e9rio P\u00fablico Federal (MPF) entrou com uma a\u00e7\u00e3o civil p\u00fablica pedindo a anula\u00e7\u00e3o de todas as licen\u00e7as ambientais da obra de engorda de Ponta Negra j\u00e1 emitidas pelo Idema.<br \/>\nNa a\u00e7\u00e3o, o MPF alegou &#8220;preju\u00edzo \u00e0s comunidades tradicionais situadas na localidade do empreendimento&#8221; e disse que n\u00e3o houve consulta pr\u00e9via a essas comunidades.<br \/>\nRepresentantes da prefeitura de Natal, do MPF e do Idema se reuniram nesta segunda-feira (29) em uma audi\u00eancia preliminar na Justi\u00e7a Federal sobre o tema. No encontro, ficou acordado entre os \u00f3rg\u00e3os que a Consulta Livre, Pr\u00e9via e Informada das comunidades tradicionais &#8211; como a dos pescadores &#8211; n\u00e3o ser\u00e1 um impeditivo para o in\u00edcio das obras. A consulta estava entre as condicionantes do MPF e do Idema.<br \/>\nA reuni\u00e3o, no entanto, n\u00e3o definiu quando as obras poder\u00e3o ser iniciadas, j\u00e1 que h\u00e1 outros pontos ainda n\u00e3o acordados. Uma nova reuni\u00e3o foi marcada para o dia 20 de agosto.<br \/>\nVeja os v\u00eddeos mais assistidos no g1 RN<\/p>","protected":false},"excerpt":{"rendered":"<p>Autoriza\u00e7\u00e3o \u00e9 necess\u00e1ria por se tratar de uma \u00e1rea da Uni\u00e3o. In\u00edcio da obra est\u00e1 condicionado \u00e0 emiss\u00e3o das licen\u00e7as ambientais. Praia de Ponta Negra, em Natal S\u00e9rgio Henrique Santos\/Inter &#8230;<\/p>\n","protected":false},"author":0,"featured_media":8175,"parent":0,"menu_order":0,"comment_status":"closed","ping_status":"closed","template":"","meta":{"footnotes":""},"class_list":["post-8174","page","type-page","status-publish","has-post-thumbnail","hentry"],"yoast_head":"<!-- This site is optimized with the Yoast SEO plugin v27.1.1 - https:\/\/yoast.com\/product\/yoast-seo-wordpress\/ -->\n<title>Superintend\u00eancia do Patrim\u00f4nio da Uni\u00e3o autoriza obra da engorda na praia de Ponta Negra - Taveira Jr<\/title>\n<meta name=\"robots\" content=\"index, follow, max-snippet:-1, max-image-preview:large, max-video-preview:-1\" \/>\n<link rel=\"canonical\" href=\"https:\/\/deputadotaveirajr.com.br\/index.php\/superintendencia-do-patrimonio-da-uniao-autoriza-obra-da-engorda-na-praia-de-ponta-negra\/\" \/>\n<meta property=\"og:locale\" content=\"pt_BR\" \/>\n<meta property=\"og:type\" content=\"article\" \/>\n<meta property=\"og:title\" content=\"Superintend\u00eancia do Patrim\u00f4nio da Uni\u00e3o autoriza obra da engorda na praia de Ponta Negra - Taveira Jr\" \/>\n<meta property=\"og:description\" content=\"Autoriza\u00e7\u00e3o \u00e9 necess\u00e1ria por se tratar de uma \u00e1rea da Uni\u00e3o. In\u00edcio da obra est\u00e1 condicionado \u00e0 emiss\u00e3o das licen\u00e7as ambientais. Praia de Ponta Negra, em Natal S\u00e9rgio Henrique Santos\/Inter ...\" \/>\n<meta property=\"og:url\" content=\"https:\/\/deputadotaveirajr.com.br\/index.php\/superintendencia-do-patrimonio-da-uniao-autoriza-obra-da-engorda-na-praia-de-ponta-negra\/\" \/>\n<meta property=\"og:site_name\" content=\"Taveira Jr\" \/>\n<meta property=\"og:image\" content=\"https:\/\/deputadotaveirajr.com.br\/wp-content\/uploads\/2024\/07\/whatsapp-image-2024-07-24-at-15.38.03-tmuxBv.jpeg\" \/>\n\t<meta property=\"og:image:width\" content=\"1599\" \/>\n\t<meta property=\"og:image:height\" content=\"899\" \/>\n\t<meta property=\"og:image:type\" content=\"image\/jpeg\" \/>\n<meta name=\"twitter:card\" content=\"summary_large_image\" \/>\n<meta name=\"twitter:label1\" content=\"Est. tempo de leitura\" \/>\n\t<meta name=\"twitter:data1\" content=\"4 minutos\" \/>\n<script type=\"application\/ld+json\" class=\"yoast-schema-graph\">{\"@context\":\"https:\/\/schema.org\",\"@graph\":[{\"@type\":\"WebPage\",\"@id\":\"https:\/\/deputadotaveirajr.com.br\/index.php\/superintendencia-do-patrimonio-da-uniao-autoriza-obra-da-engorda-na-praia-de-ponta-negra\/\",\"url\":\"https:\/\/deputadotaveirajr.com.br\/index.php\/superintendencia-do-patrimonio-da-uniao-autoriza-obra-da-engorda-na-praia-de-ponta-negra\/\",\"name\":\"Superintend\u00eancia do Patrim\u00f4nio da Uni\u00e3o autoriza obra da engorda na praia de Ponta Negra - Taveira Jr\",\"isPartOf\":{\"@id\":\"https:\/\/deputadotaveirajr.com.br\/#website\"},\"primaryImageOfPage\":{\"@id\":\"https:\/\/deputadotaveirajr.com.br\/index.php\/superintendencia-do-patrimonio-da-uniao-autoriza-obra-da-engorda-na-praia-de-ponta-negra\/#primaryimage\"},\"image\":{\"@id\":\"https:\/\/deputadotaveirajr.com.br\/index.php\/superintendencia-do-patrimonio-da-uniao-autoriza-obra-da-engorda-na-praia-de-ponta-negra\/#primaryimage\"},\"thumbnailUrl\":\"https:\/\/deputadotaveirajr.com.br\/wp-content\/uploads\/2024\/07\/whatsapp-image-2024-07-24-at-15.38.03-tmuxBv.jpeg\",\"datePublished\":\"2024-07-31T18:00:13+00:00\",\"breadcrumb\":{\"@id\":\"https:\/\/deputadotaveirajr.com.br\/index.php\/superintendencia-do-patrimonio-da-uniao-autoriza-obra-da-engorda-na-praia-de-ponta-negra\/#breadcrumb\"},\"inLanguage\":\"pt-BR\",\"potentialAction\":[{\"@type\":\"ReadAction\",\"target\":[\"https:\/\/deputadotaveirajr.com.br\/index.php\/superintendencia-do-patrimonio-da-uniao-autoriza-obra-da-engorda-na-praia-de-ponta-negra\/\"]}]},{\"@type\":\"ImageObject\",\"inLanguage\":\"pt-BR\",\"@id\":\"https:\/\/deputadotaveirajr.com.br\/index.php\/superintendencia-do-patrimonio-da-uniao-autoriza-obra-da-engorda-na-praia-de-ponta-negra\/#primaryimage\",\"url\":\"https:\/\/deputadotaveirajr.com.br\/wp-content\/uploads\/2024\/07\/whatsapp-image-2024-07-24-at-15.38.03-tmuxBv.jpeg\",\"contentUrl\":\"https:\/\/deputadotaveirajr.com.br\/wp-content\/uploads\/2024\/07\/whatsapp-image-2024-07-24-at-15.38.03-tmuxBv.jpeg\",\"width\":1599,\"height\":899},{\"@type\":\"BreadcrumbList\",\"@id\":\"https:\/\/deputadotaveirajr.com.br\/index.php\/superintendencia-do-patrimonio-da-uniao-autoriza-obra-da-engorda-na-praia-de-ponta-negra\/#breadcrumb\",\"itemListElement\":[{\"@type\":\"ListItem\",\"position\":1,\"name\":\"In\u00edcio\",\"item\":\"https:\/\/deputadotaveirajr.com.br\/\"},{\"@type\":\"ListItem\",\"position\":2,\"name\":\"Superintend\u00eancia do Patrim\u00f4nio da Uni\u00e3o autoriza obra da engorda na praia de Ponta Negra\"}]},{\"@type\":\"WebSite\",\"@id\":\"https:\/\/deputadotaveirajr.com.br\/#website\",\"url\":\"https:\/\/deputadotaveirajr.com.br\/\",\"name\":\"Taveira Jr\",\"description\":\"Deputado Estadual\",\"publisher\":{\"@id\":\"https:\/\/deputadotaveirajr.com.br\/#organization\"},\"potentialAction\":[{\"@type\":\"SearchAction\",\"target\":{\"@type\":\"EntryPoint\",\"urlTemplate\":\"https:\/\/deputadotaveirajr.com.br\/?s={search_term_string}\"},\"query-input\":{\"@type\":\"PropertyValueSpecification\",\"valueRequired\":true,\"valueName\":\"search_term_string\"}}],\"inLanguage\":\"pt-BR\"},{\"@type\":\"Organization\",\"@id\":\"https:\/\/deputadotaveirajr.com.br\/#organization\",\"name\":\"Taveira Jr\",\"url\":\"https:\/\/deputadotaveirajr.com.br\/\",\"logo\":{\"@type\":\"ImageObject\",\"inLanguage\":\"pt-BR\",\"@id\":\"https:\/\/deputadotaveirajr.com.br\/#\/schema\/logo\/image\/\",\"url\":\"https:\/\/deputadotaveirajr.com.br\/wp-content\/uploads\/2026\/01\/logolow2a.png\",\"contentUrl\":\"https:\/\/deputadotaveirajr.com.br\/wp-content\/uploads\/2026\/01\/logolow2a.png\",\"width\":290,\"height\":80,\"caption\":\"Taveira Jr\"},\"image\":{\"@id\":\"https:\/\/deputadotaveirajr.com.br\/#\/schema\/logo\/image\/\"}}]}<\/script>\n<!-- \/ Yoast SEO plugin. -->","yoast_head_json":{"title":"Superintend\u00eancia do Patrim\u00f4nio da Uni\u00e3o autoriza obra da engorda na praia de Ponta Negra - Taveira Jr","robots":{"index":"index","follow":"follow","max-snippet":"max-snippet:-1","max-image-preview":"max-image-preview:large","max-video-preview":"max-video-preview:-1"},"canonical":"https:\/\/deputadotaveirajr.com.br\/index.php\/superintendencia-do-patrimonio-da-uniao-autoriza-obra-da-engorda-na-praia-de-ponta-negra\/","og_locale":"pt_BR","og_type":"article","og_title":"Superintend\u00eancia do Patrim\u00f4nio da Uni\u00e3o autoriza obra da engorda na praia de Ponta Negra - Taveira Jr","og_description":"Autoriza\u00e7\u00e3o \u00e9 necess\u00e1ria por se tratar de uma \u00e1rea da Uni\u00e3o. In\u00edcio da obra est\u00e1 condicionado \u00e0 emiss\u00e3o das licen\u00e7as ambientais. Praia de Ponta Negra, em Natal S\u00e9rgio Henrique Santos\/Inter ...","og_url":"https:\/\/deputadotaveirajr.com.br\/index.php\/superintendencia-do-patrimonio-da-uniao-autoriza-obra-da-engorda-na-praia-de-ponta-negra\/","og_site_name":"Taveira Jr","og_image":[{"width":1599,"height":899,"url":"https:\/\/deputadotaveirajr.com.br\/wp-content\/uploads\/2024\/07\/whatsapp-image-2024-07-24-at-15.38.03-tmuxBv.jpeg","type":"image\/jpeg"}],"twitter_card":"summary_large_image","twitter_misc":{"Est. tempo de leitura":"4 minutos"},"schema":{"@context":"https:\/\/schema.org","@graph":[{"@type":"WebPage","@id":"https:\/\/deputadotaveirajr.com.br\/index.php\/superintendencia-do-patrimonio-da-uniao-autoriza-obra-da-engorda-na-praia-de-ponta-negra\/","url":"https:\/\/deputadotaveirajr.com.br\/index.php\/superintendencia-do-patrimonio-da-uniao-autoriza-obra-da-engorda-na-praia-de-ponta-negra\/","name":"Superintend\u00eancia do Patrim\u00f4nio da Uni\u00e3o autoriza obra da engorda na praia de Ponta Negra - Taveira Jr","isPartOf":{"@id":"https:\/\/deputadotaveirajr.com.br\/#website"},"primaryImageOfPage":{"@id":"https:\/\/deputadotaveirajr.com.br\/index.php\/superintendencia-do-patrimonio-da-uniao-autoriza-obra-da-engorda-na-praia-de-ponta-negra\/#primaryimage"},"image":{"@id":"https:\/\/deputadotaveirajr.com.br\/index.php\/superintendencia-do-patrimonio-da-uniao-autoriza-obra-da-engorda-na-praia-de-ponta-negra\/#primaryimage"},"thumbnailUrl":"https:\/\/deputadotaveirajr.com.br\/wp-content\/uploads\/2024\/07\/whatsapp-image-2024-07-24-at-15.38.03-tmuxBv.jpeg","datePublished":"2024-07-31T18:00:13+00:00","breadcrumb":{"@id":"https:\/\/deputadotaveirajr.com.br\/index.php\/superintendencia-do-patrimonio-da-uniao-autoriza-obra-da-engorda-na-praia-de-ponta-negra\/#breadcrumb"},"inLanguage":"pt-BR","potentialAction":[{"@type":"ReadAction","target":["https:\/\/deputadotaveirajr.com.br\/index.php\/superintendencia-do-patrimonio-da-uniao-autoriza-obra-da-engorda-na-praia-de-ponta-negra\/"]}]},{"@type":"ImageObject","inLanguage":"pt-BR","@id":"https:\/\/deputadotaveirajr.com.br\/index.php\/superintendencia-do-patrimonio-da-uniao-autoriza-obra-da-engorda-na-praia-de-ponta-negra\/#primaryimage","url":"https:\/\/deputadotaveirajr.com.br\/wp-content\/uploads\/2024\/07\/whatsapp-image-2024-07-24-at-15.38.03-tmuxBv.jpeg","contentUrl":"https:\/\/deputadotaveirajr.com.br\/wp-content\/uploads\/2024\/07\/whatsapp-image-2024-07-24-at-15.38.03-tmuxBv.jpeg","width":1599,"height":899},{"@type":"BreadcrumbList","@id":"https:\/\/deputadotaveirajr.com.br\/index.php\/superintendencia-do-patrimonio-da-uniao-autoriza-obra-da-engorda-na-praia-de-ponta-negra\/#breadcrumb","itemListElement":[{"@type":"ListItem","position":1,"name":"In\u00edcio","item":"https:\/\/deputadotaveirajr.com.br\/"},{"@type":"ListItem","position":2,"name":"Superintend\u00eancia do Patrim\u00f4nio da Uni\u00e3o autoriza obra da engorda na praia de Ponta Negra"}]},{"@type":"WebSite","@id":"https:\/\/deputadotaveirajr.com.br\/#website","url":"https:\/\/deputadotaveirajr.com.br\/","name":"Taveira Jr","description":"Deputado Estadual","publisher":{"@id":"https:\/\/deputadotaveirajr.com.br\/#organization"},"potentialAction":[{"@type":"SearchAction","target":{"@type":"EntryPoint","urlTemplate":"https:\/\/deputadotaveirajr.com.br\/?s={search_term_string}"},"query-input":{"@type":"PropertyValueSpecification","valueRequired":true,"valueName":"search_term_string"}}],"inLanguage":"pt-BR"},{"@type":"Organization","@id":"https:\/\/deputadotaveirajr.com.br\/#organization","name":"Taveira Jr","url":"https:\/\/deputadotaveirajr.com.br\/","logo":{"@type":"ImageObject","inLanguage":"pt-BR","@id":"https:\/\/deputadotaveirajr.com.br\/#\/schema\/logo\/image\/","url":"https:\/\/deputadotaveirajr.com.br\/wp-content\/uploads\/2026\/01\/logolow2a.png","contentUrl":"https:\/\/deputadotaveirajr.com.br\/wp-content\/uploads\/2026\/01\/logolow2a.png","width":290,"height":80,"caption":"Taveira Jr"},"image":{"@id":"https:\/\/deputadotaveirajr.com.br\/#\/schema\/logo\/image\/"}}]}},"_links":{"self":[{"href":"https:\/\/deputadotaveirajr.com.br\/index.php\/wp-json\/wp\/v2\/pages\/8174","targetHints":{"allow":["GET"]}}],"collection":[{"href":"https:\/\/deputadotaveirajr.com.br\/index.php\/wp-json\/wp\/v2\/pages"}],"about":[{"href":"https:\/\/deputadotaveirajr.com.br\/index.php\/wp-json\/wp\/v2\/types\/page"}],"replies":[{"embeddable":true,"href":"https:\/\/deputadotaveirajr.com.br\/index.php\/wp-json\/wp\/v2\/comments?post=8174"}],"version-history":[{"count":1,"href":"https:\/\/deputadotaveirajr.com.br\/index.php\/wp-json\/wp\/v2\/pages\/8174\/revisions"}],"predecessor-version":[{"id":8179,"href":"https:\/\/deputadotaveirajr.com.br\/index.php\/wp-json\/wp\/v2\/pages\/8174\/revisions\/8179"}],"wp:featuredmedia":[{"embeddable":true,"href":"https:\/\/deputadotaveirajr.com.br\/index.php\/wp-json\/wp\/v2\/media\/8175"}],"wp:attachment":[{"href":"https:\/\/deputadotaveirajr.com.br\/index.php\/wp-json\/wp\/v2\/media?parent=8174"}],"curies":[{"name":"wp","href":"https:\/\/api.w.org\/{rel}","templated":true}]}}