{"id":8185,"date":"2024-07-31T20:39:22","date_gmt":"2024-07-31T23:39:22","guid":{"rendered":"https:\/\/deputadotaveirajr.com.br\/?page_id=8185"},"modified":"2024-07-31T20:39:22","modified_gmt":"2024-07-31T23:39:22","slug":"familia-procura-professor-de-surfe-desaparecido-ha-5-dias-em-natal","status":"publish","type":"page","link":"https:\/\/deputadotaveirajr.com.br\/index.php\/familia-procura-professor-de-surfe-desaparecido-ha-5-dias-em-natal\/","title":{"rendered":"Fam\u00edlia procura professor de surfe desaparecido h\u00e1 5 dias em Natal"},"content":{"rendered":"<p>     Anderson Andrade Lima, de 54 anos, foi visto pela \u00faltima vez na praia de Areia Preta na \u00faltima sexta-feira (26). Professor de surfe est\u00e1 desaparecido desde a \u00faltima sexta-feira (26)<br \/>\nCedida<br \/>\nO professor de surfe Anderson Andrade Lima, de 54 anos, est\u00e1 desaparecido desde a \u00faltima sexta-feira (26), quando foi visto na praia de Areia Preta, na zona Leste de Natal. As informa\u00e7\u00f5es s\u00e3o da fam\u00edlia do homem, que registrou um boletim de ocorr\u00eancia e procura por ele.<br \/>\nSolteiro, pai de tr\u00eas filhos, sendo o mais novo de apenas dois anos, Anderson n\u00e3o deixou pistas de onde pode ter ido.<br \/>\n\ud83d\udcf3Participe do canal do g1 RN no WhatsApp<br \/>\nFamiliares afirmam ter procurado informa\u00e7\u00f5es com amigos pr\u00f3ximos e locais onde ele pode ter ido, como praias, mas sem sucesso.<br \/>\nAinda segundo os familiares, o professor s\u00f3 ficou sem dar not\u00edcias a fam\u00edlia uma \u00fanica vez. Foi h\u00e1 mais de 10 anos, quando a m\u00e3e dele faleceu.<br \/>\n&#8220;Ele estava t\u00e3o bem, falei com ele na quinta-feira, aparentava estar tudo tranquilo. At\u00e9 disse que ele tinha que se cuidar mais, ele aceitouo que eu falei. Quero encontrar ele de todo jeito&#8221;, afirmou Almeida J\u00fanior, irm\u00e3o de Anderson.<br \/>\nUm dos filhos do professor de surfe procurou a Central de Flagrantes da Pol\u00edcia Civil e formalizou o Boletim de Ocorr\u00eancia do desaparecimento. O caso est\u00e1 sendo investigado.<br \/>\n A Pol\u00edcia Civil pede que qualquer informa\u00e7\u00e3o sobre o caso seja dada atrav\u00e9s do n\u00famero 181.<br \/>\nV\u00eddeos mais assistidos do g1 RN<\/p>","protected":false},"excerpt":{"rendered":"<p>Anderson Andrade Lima, de 54 anos, foi visto pela \u00faltima vez na praia de Areia Preta na \u00faltima sexta-feira (26). Professor de surfe est\u00e1 desaparecido desde a \u00faltima sexta-feira (26) &#8230;<\/p>\n","protected":false},"author":0,"featured_media":8186,"parent":0,"menu_order":0,"comment_status":"closed","ping_status":"closed","template":"","meta":{"footnotes":""},"class_list":["post-8185","page","type-page","status-publish","has-post-thumbnail","hentry"],"yoast_head":"<!-- This site is optimized with the Yoast SEO plugin v27.1.1 - https:\/\/yoast.com\/product\/yoast-seo-wordpress\/ -->\n<title>Fam\u00edlia procura professor de surfe desaparecido h\u00e1 5 dias em Natal - Taveira Jr<\/title>\n<meta name=\"robots\" content=\"index, follow, max-snippet:-1, max-image-preview:large, max-video-preview:-1\" \/>\n<link rel=\"canonical\" href=\"https:\/\/deputadotaveirajr.com.br\/index.php\/familia-procura-professor-de-surfe-desaparecido-ha-5-dias-em-natal\/\" \/>\n<meta property=\"og:locale\" content=\"pt_BR\" \/>\n<meta property=\"og:type\" content=\"article\" \/>\n<meta property=\"og:title\" content=\"Fam\u00edlia procura professor de surfe desaparecido h\u00e1 5 dias em Natal - Taveira Jr\" \/>\n<meta property=\"og:description\" content=\"Anderson Andrade Lima, de 54 anos, foi visto pela \u00faltima vez na praia de Areia Preta na \u00faltima sexta-feira (26). Professor de surfe est\u00e1 desaparecido desde a \u00faltima sexta-feira (26) ...\" \/>\n<meta property=\"og:url\" content=\"https:\/\/deputadotaveirajr.com.br\/index.php\/familia-procura-professor-de-surfe-desaparecido-ha-5-dias-em-natal\/\" \/>\n<meta property=\"og:site_name\" content=\"Taveira Jr\" \/>\n<meta property=\"og:image\" content=\"https:\/\/deputadotaveirajr.com.br\/wp-content\/uploads\/2024\/07\/whatsapp-image-2024-07-31-at-16.58.52-25f0wk.jpeg\" \/>\n\t<meta property=\"og:image:width\" content=\"540\" \/>\n\t<meta property=\"og:image:height\" content=\"1200\" \/>\n\t<meta property=\"og:image:type\" content=\"image\/jpeg\" \/>\n<meta name=\"twitter:card\" content=\"summary_large_image\" \/>\n<meta name=\"twitter:label1\" content=\"Est. tempo de leitura\" \/>\n\t<meta name=\"twitter:data1\" content=\"1 minuto\" \/>\n<script type=\"application\/ld+json\" class=\"yoast-schema-graph\">{\"@context\":\"https:\/\/schema.org\",\"@graph\":[{\"@type\":\"WebPage\",\"@id\":\"https:\/\/deputadotaveirajr.com.br\/index.php\/familia-procura-professor-de-surfe-desaparecido-ha-5-dias-em-natal\/\",\"url\":\"https:\/\/deputadotaveirajr.com.br\/index.php\/familia-procura-professor-de-surfe-desaparecido-ha-5-dias-em-natal\/\",\"name\":\"Fam\u00edlia procura professor de surfe desaparecido h\u00e1 5 dias em Natal - Taveira Jr\",\"isPartOf\":{\"@id\":\"https:\/\/deputadotaveirajr.com.br\/#website\"},\"primaryImageOfPage\":{\"@id\":\"https:\/\/deputadotaveirajr.com.br\/index.php\/familia-procura-professor-de-surfe-desaparecido-ha-5-dias-em-natal\/#primaryimage\"},\"image\":{\"@id\":\"https:\/\/deputadotaveirajr.com.br\/index.php\/familia-procura-professor-de-surfe-desaparecido-ha-5-dias-em-natal\/#primaryimage\"},\"thumbnailUrl\":\"https:\/\/deputadotaveirajr.com.br\/wp-content\/uploads\/2024\/07\/whatsapp-image-2024-07-31-at-16.58.52-25f0wk.jpeg\",\"datePublished\":\"2024-07-31T23:39:22+00:00\",\"breadcrumb\":{\"@id\":\"https:\/\/deputadotaveirajr.com.br\/index.php\/familia-procura-professor-de-surfe-desaparecido-ha-5-dias-em-natal\/#breadcrumb\"},\"inLanguage\":\"pt-BR\",\"potentialAction\":[{\"@type\":\"ReadAction\",\"target\":[\"https:\/\/deputadotaveirajr.com.br\/index.php\/familia-procura-professor-de-surfe-desaparecido-ha-5-dias-em-natal\/\"]}]},{\"@type\":\"ImageObject\",\"inLanguage\":\"pt-BR\",\"@id\":\"https:\/\/deputadotaveirajr.com.br\/index.php\/familia-procura-professor-de-surfe-desaparecido-ha-5-dias-em-natal\/#primaryimage\",\"url\":\"https:\/\/deputadotaveirajr.com.br\/wp-content\/uploads\/2024\/07\/whatsapp-image-2024-07-31-at-16.58.52-25f0wk.jpeg\",\"contentUrl\":\"https:\/\/deputadotaveirajr.com.br\/wp-content\/uploads\/2024\/07\/whatsapp-image-2024-07-31-at-16.58.52-25f0wk.jpeg\",\"width\":540,\"height\":1200},{\"@type\":\"BreadcrumbList\",\"@id\":\"https:\/\/deputadotaveirajr.com.br\/index.php\/familia-procura-professor-de-surfe-desaparecido-ha-5-dias-em-natal\/#breadcrumb\",\"itemListElement\":[{\"@type\":\"ListItem\",\"position\":1,\"name\":\"In\u00edcio\",\"item\":\"https:\/\/deputadotaveirajr.com.br\/\"},{\"@type\":\"ListItem\",\"position\":2,\"name\":\"Fam\u00edlia procura professor de surfe desaparecido h\u00e1 5 dias em Natal\"}]},{\"@type\":\"WebSite\",\"@id\":\"https:\/\/deputadotaveirajr.com.br\/#website\",\"url\":\"https:\/\/deputadotaveirajr.com.br\/\",\"name\":\"Taveira Jr\",\"description\":\"Deputado Estadual\",\"publisher\":{\"@id\":\"https:\/\/deputadotaveirajr.com.br\/#organization\"},\"potentialAction\":[{\"@type\":\"SearchAction\",\"target\":{\"@type\":\"EntryPoint\",\"urlTemplate\":\"https:\/\/deputadotaveirajr.com.br\/?s={search_term_string}\"},\"query-input\":{\"@type\":\"PropertyValueSpecification\",\"valueRequired\":true,\"valueName\":\"search_term_string\"}}],\"inLanguage\":\"pt-BR\"},{\"@type\":\"Organization\",\"@id\":\"https:\/\/deputadotaveirajr.com.br\/#organization\",\"name\":\"Taveira Jr\",\"url\":\"https:\/\/deputadotaveirajr.com.br\/\",\"logo\":{\"@type\":\"ImageObject\",\"inLanguage\":\"pt-BR\",\"@id\":\"https:\/\/deputadotaveirajr.com.br\/#\/schema\/logo\/image\/\",\"url\":\"https:\/\/deputadotaveirajr.com.br\/wp-content\/uploads\/2026\/01\/logolow2a.png\",\"contentUrl\":\"https:\/\/deputadotaveirajr.com.br\/wp-content\/uploads\/2026\/01\/logolow2a.png\",\"width\":290,\"height\":80,\"caption\":\"Taveira Jr\"},\"image\":{\"@id\":\"https:\/\/deputadotaveirajr.com.br\/#\/schema\/logo\/image\/\"}}]}<\/script>\n<!-- \/ Yoast SEO plugin. -->","yoast_head_json":{"title":"Fam\u00edlia procura professor de surfe desaparecido h\u00e1 5 dias em Natal - Taveira Jr","robots":{"index":"index","follow":"follow","max-snippet":"max-snippet:-1","max-image-preview":"max-image-preview:large","max-video-preview":"max-video-preview:-1"},"canonical":"https:\/\/deputadotaveirajr.com.br\/index.php\/familia-procura-professor-de-surfe-desaparecido-ha-5-dias-em-natal\/","og_locale":"pt_BR","og_type":"article","og_title":"Fam\u00edlia procura professor de surfe desaparecido h\u00e1 5 dias em Natal - Taveira Jr","og_description":"Anderson Andrade Lima, de 54 anos, foi visto pela \u00faltima vez na praia de Areia Preta na \u00faltima sexta-feira (26). Professor de surfe est\u00e1 desaparecido desde a \u00faltima sexta-feira (26) ...","og_url":"https:\/\/deputadotaveirajr.com.br\/index.php\/familia-procura-professor-de-surfe-desaparecido-ha-5-dias-em-natal\/","og_site_name":"Taveira Jr","og_image":[{"width":540,"height":1200,"url":"https:\/\/deputadotaveirajr.com.br\/wp-content\/uploads\/2024\/07\/whatsapp-image-2024-07-31-at-16.58.52-25f0wk.jpeg","type":"image\/jpeg"}],"twitter_card":"summary_large_image","twitter_misc":{"Est. tempo de leitura":"1 minuto"},"schema":{"@context":"https:\/\/schema.org","@graph":[{"@type":"WebPage","@id":"https:\/\/deputadotaveirajr.com.br\/index.php\/familia-procura-professor-de-surfe-desaparecido-ha-5-dias-em-natal\/","url":"https:\/\/deputadotaveirajr.com.br\/index.php\/familia-procura-professor-de-surfe-desaparecido-ha-5-dias-em-natal\/","name":"Fam\u00edlia procura professor de surfe desaparecido h\u00e1 5 dias em Natal - Taveira Jr","isPartOf":{"@id":"https:\/\/deputadotaveirajr.com.br\/#website"},"primaryImageOfPage":{"@id":"https:\/\/deputadotaveirajr.com.br\/index.php\/familia-procura-professor-de-surfe-desaparecido-ha-5-dias-em-natal\/#primaryimage"},"image":{"@id":"https:\/\/deputadotaveirajr.com.br\/index.php\/familia-procura-professor-de-surfe-desaparecido-ha-5-dias-em-natal\/#primaryimage"},"thumbnailUrl":"https:\/\/deputadotaveirajr.com.br\/wp-content\/uploads\/2024\/07\/whatsapp-image-2024-07-31-at-16.58.52-25f0wk.jpeg","datePublished":"2024-07-31T23:39:22+00:00","breadcrumb":{"@id":"https:\/\/deputadotaveirajr.com.br\/index.php\/familia-procura-professor-de-surfe-desaparecido-ha-5-dias-em-natal\/#breadcrumb"},"inLanguage":"pt-BR","potentialAction":[{"@type":"ReadAction","target":["https:\/\/deputadotaveirajr.com.br\/index.php\/familia-procura-professor-de-surfe-desaparecido-ha-5-dias-em-natal\/"]}]},{"@type":"ImageObject","inLanguage":"pt-BR","@id":"https:\/\/deputadotaveirajr.com.br\/index.php\/familia-procura-professor-de-surfe-desaparecido-ha-5-dias-em-natal\/#primaryimage","url":"https:\/\/deputadotaveirajr.com.br\/wp-content\/uploads\/2024\/07\/whatsapp-image-2024-07-31-at-16.58.52-25f0wk.jpeg","contentUrl":"https:\/\/deputadotaveirajr.com.br\/wp-content\/uploads\/2024\/07\/whatsapp-image-2024-07-31-at-16.58.52-25f0wk.jpeg","width":540,"height":1200},{"@type":"BreadcrumbList","@id":"https:\/\/deputadotaveirajr.com.br\/index.php\/familia-procura-professor-de-surfe-desaparecido-ha-5-dias-em-natal\/#breadcrumb","itemListElement":[{"@type":"ListItem","position":1,"name":"In\u00edcio","item":"https:\/\/deputadotaveirajr.com.br\/"},{"@type":"ListItem","position":2,"name":"Fam\u00edlia procura professor de surfe desaparecido h\u00e1 5 dias em Natal"}]},{"@type":"WebSite","@id":"https:\/\/deputadotaveirajr.com.br\/#website","url":"https:\/\/deputadotaveirajr.com.br\/","name":"Taveira Jr","description":"Deputado Estadual","publisher":{"@id":"https:\/\/deputadotaveirajr.com.br\/#organization"},"potentialAction":[{"@type":"SearchAction","target":{"@type":"EntryPoint","urlTemplate":"https:\/\/deputadotaveirajr.com.br\/?s={search_term_string}"},"query-input":{"@type":"PropertyValueSpecification","valueRequired":true,"valueName":"search_term_string"}}],"inLanguage":"pt-BR"},{"@type":"Organization","@id":"https:\/\/deputadotaveirajr.com.br\/#organization","name":"Taveira Jr","url":"https:\/\/deputadotaveirajr.com.br\/","logo":{"@type":"ImageObject","inLanguage":"pt-BR","@id":"https:\/\/deputadotaveirajr.com.br\/#\/schema\/logo\/image\/","url":"https:\/\/deputadotaveirajr.com.br\/wp-content\/uploads\/2026\/01\/logolow2a.png","contentUrl":"https:\/\/deputadotaveirajr.com.br\/wp-content\/uploads\/2026\/01\/logolow2a.png","width":290,"height":80,"caption":"Taveira Jr"},"image":{"@id":"https:\/\/deputadotaveirajr.com.br\/#\/schema\/logo\/image\/"}}]}},"_links":{"self":[{"href":"https:\/\/deputadotaveirajr.com.br\/index.php\/wp-json\/wp\/v2\/pages\/8185","targetHints":{"allow":["GET"]}}],"collection":[{"href":"https:\/\/deputadotaveirajr.com.br\/index.php\/wp-json\/wp\/v2\/pages"}],"about":[{"href":"https:\/\/deputadotaveirajr.com.br\/index.php\/wp-json\/wp\/v2\/types\/page"}],"replies":[{"embeddable":true,"href":"https:\/\/deputadotaveirajr.com.br\/index.php\/wp-json\/wp\/v2\/comments?post=8185"}],"version-history":[{"count":1,"href":"https:\/\/deputadotaveirajr.com.br\/index.php\/wp-json\/wp\/v2\/pages\/8185\/revisions"}],"predecessor-version":[{"id":8193,"href":"https:\/\/deputadotaveirajr.com.br\/index.php\/wp-json\/wp\/v2\/pages\/8185\/revisions\/8193"}],"wp:featuredmedia":[{"embeddable":true,"href":"https:\/\/deputadotaveirajr.com.br\/index.php\/wp-json\/wp\/v2\/media\/8186"}],"wp:attachment":[{"href":"https:\/\/deputadotaveirajr.com.br\/index.php\/wp-json\/wp\/v2\/media?parent=8185"}],"curies":[{"name":"wp","href":"https:\/\/api.w.org\/{rel}","templated":true}]}}